Report for Setup-File-0.17

Back
From: metabase:user:320bfe00-2aae-11df-837a-5e0a49663a4f
Subject: FAIL Setup-File-0.17 v5.14.4 GNU/Linux
Date: 2014-03-07T10:21:20Z

This distribution has been tested as part of the CPAN Testers
project, supporting the Perl programming language.  See
http://wiki.cpantesters.org/ for more information or email
questions to cpan-testers-discuss@perl.org


--
Dear Steven Haryanto,

This is a computer-generated report for Setup-File-0.17
on perl 5.14.4, created by CPAN-Reporter-1.2010.

Thank you for uploading your work to CPAN.  However, there was a problem
testing your distribution.

If you think this report is invalid, please consult the CPAN Testers Wiki
for suggestions on how to avoid getting FAIL reports for missing library
or binary dependencies, unsupported operating systems, and so on:

http://wiki.cpantesters.org/wiki/CPANAuthorNotes

Sections of this report:

    * Tester comments
    * Program output
    * Prerequisites
    * Environment and other context

------------------------------
TESTER COMMENTS
------------------------------

Additional comments from tester:

this report is from an automated smoke testing program
and was not reviewed by a human for accuracy

------------------------------
PROGRAM OUTPUT
------------------------------

Output from './Build test':

t/00-compile.t ............ ok
        # No tests run!
    
    #   Failed test 'No tests run for subtest "before_undo"'
    #   at /home/sand/src/perl/repoperls/installed-perls/perl/v5.14.4/a2da/lib/site_perl/5.14.4/Test/Perinci/Tx/Manager.pm line 128.
    # Looks like you failed 1 test of 4.

#   Failed test 'mode changed before undo (w/o confirm)'
#   at /home/sand/src/perl/repoperls/installed-perls/perl/v5.14.4/a2da/lib/site_perl/5.14.4/Test/Perinci/Tx/Manager.pm line 503.
        # No tests run!
    
    #   Failed test 'No tests run for subtest "before_undo"'
    #   at /home/sand/src/perl/repoperls/installed-perls/perl/v5.14.4/a2da/lib/site_perl/5.14.4/Test/Perinci/Tx/Manager.pm line 128.
    # Looks like you failed 1 test of 4.

#   Failed test 'mode changed before undo (w/ confirm)'
#   at /home/sand/src/perl/repoperls/installed-perls/perl/v5.14.4/a2da/lib/site_perl/5.14.4/Test/Perinci/Tx/Manager.pm line 503.
            
            #   Failed test 'status is 304'
            #   at /home/sand/src/perl/repoperls/installed-perls/perl/v5.14.4/a2da/lib/site_perl/5.14.4/Test/Perinci/Tx/Manager.pm line 91.
            #          got: '400'
            #     expected: '304'
            # Child (==test_tx_action 01/11: normal action + commit==) exited without calling finalize()
            
            #   Failed test '==test_tx_action 01/11: normal action + commit=='
            #   at /home/sand/src/perl/repoperls/installed-perls/perl/v5.14.4/a2da/lib/site_perl/5.14.4/Test/Perinci/Tx/Manager.pm line 93.
            # Looks like you failed 2 tests of 3.
    
    #   Failed test '==test_tx_action 01/11: normal action + commit=='
    #   at /home/sand/src/perl/repoperls/installed-perls/perl/v5.14.4/a2da/lib/site_perl/5.14.4/Test/Perinci/Tx/Manager.pm line 503.
    # Looks like you failed 1 test of 2.

#   Failed test 'symlink tests'
#   at t/chmod.t line 109.
# there are failing tests, not deleting test data dir /tmp/dQrBy17HOb
# Looks like you failed 3 tests of 7.
t/chmod.t ................. 
Dubious, test returned 3 (wstat 768, 0x300)
Failed 3/7 subtests 
t/chown.t ................. skipped: This test requires running as superuser
t/mkdir.t ................. ok
t/mkfile.t ................ ok
t/release-pod-coverage.t .. skipped: these tests are for release candidate testing
t/release-pod-syntax.t .... skipped: these tests are for release candidate testing
t/rmdir.t ................. ok
t/rmfile.t ................ ok
t/setup_dir-chown.t ....... skipped: must run as root to test changing ownership/group
        
        #   Failed test 'status is 200'
        #   at /home/sand/src/perl/repoperls/installed-perls/perl/v5.14.4/a2da/lib/site_perl/5.14.4/Test/Perinci/Tx/Manager.pm line 91.
        #          got: '532'
        #     expected: '200'
        # Child (==test_tx_action 01/11: normal action + commit==) exited without calling finalize()
        
        #   Failed test '==test_tx_action 01/11: normal action + commit=='
        #   at /home/sand/src/perl/repoperls/installed-perls/perl/v5.14.4/a2da/lib/site_perl/5.14.4/Test/Perinci/Tx/Manager.pm line 93.
        # Looks like you failed 2 tests of 3.

#   Failed test '==test_tx_action 01/11: normal action + commit=='
#   at /home/sand/src/perl/repoperls/installed-perls/perl/v5.14.4/a2da/lib/site_perl/5.14.4/Test/Perinci/Tx/Manager.pm line 503.
        
        #   Failed test 'status is 200'
        #   at /home/sand/src/perl/repoperls/installed-perls/perl/v5.14.4/a2da/lib/site_perl/5.14.4/Test/Perinci/Tx/Manager.pm line 91.
        #          got: '400'
        #     expected: '200'
        # Child (==test_tx_action 01/11: normal action + commit==) exited without calling finalize()
        
        #   Failed test '==test_tx_action 01/11: normal action + commit=='
        #   at /home/sand/src/perl/repoperls/installed-perls/perl/v5.14.4/a2da/lib/site_perl/5.14.4/Test/Perinci/Tx/Manager.pm line 93.
        # Looks like you failed 2 tests of 3.

#   Failed test '==test_tx_action 01/11: normal action + commit=='
#   at /home/sand/src/perl/repoperls/installed-perls/perl/v5.14.4/a2da/lib/site_perl/5.14.4/Test/Perinci/Tx/Manager.pm line 503.
# there are failing tests, not deleting test data dir /tmp/tUfY21ZFS5
# Looks like you failed 2 tests of 7.
t/setup_dir.t ............. 
Dubious, test returned 2 (wstat 512, 0x200)
Failed 2/7 subtests 
t/setup_file-chown.t ...... skipped: must run as root to test changing ownership/group
        
        #   Failed test 'status is 200'
        #   at /home/sand/src/perl/repoperls/installed-perls/perl/v5.14.4/a2da/lib/site_perl/5.14.4/Test/Perinci/Tx/Manager.pm line 91.
        #          got: '532'
        #     expected: '200'
        # Child (==test_tx_action 01/11: normal action + commit==) exited without calling finalize()
        
        #   Failed test '==test_tx_action 01/11: normal action + commit=='
        #   at /home/sand/src/perl/repoperls/installed-perls/perl/v5.14.4/a2da/lib/site_perl/5.14.4/Test/Perinci/Tx/Manager.pm line 93.
        # Looks like you failed 2 tests of 3.

#   Failed test '==test_tx_action 01/11: normal action + commit=='
#   at /home/sand/src/perl/repoperls/installed-perls/perl/v5.14.4/a2da/lib/site_perl/5.14.4/Test/Perinci/Tx/Manager.pm line 503.
        
        #   Failed test 'status is 200'
        #   at /home/sand/src/perl/repoperls/installed-perls/perl/v5.14.4/a2da/lib/site_perl/5.14.4/Test/Perinci/Tx/Manager.pm line 91.
        #          got: '532'
        #     expected: '200'
        # Child (==test_tx_action 01/11: normal action + commit==) exited without calling finalize()
        
        #   Failed test '==test_tx_action 01/11: normal action + commit=='
        #   at /home/sand/src/perl/repoperls/installed-perls/perl/v5.14.4/a2da/lib/site_perl/5.14.4/Test/Perinci/Tx/Manager.pm line 93.
        # Looks like you failed 2 tests of 3.

#   Failed test '==test_tx_action 01/11: normal action + commit=='
#   at /home/sand/src/perl/repoperls/installed-perls/perl/v5.14.4/a2da/lib/site_perl/5.14.4/Test/Perinci/Tx/Manager.pm line 503.
# there are failing tests, not deleting test data dir /tmp/cB5lflINK1
# Looks like you failed 2 tests of 9.
t/setup_file.t ............ 
Dubious, test returned 2 (wstat 512, 0x200)
Failed 2/9 subtests 

Test Summary Report
-------------------
t/chmod.t               (Wstat: 768 Tests: 7 Failed: 3)
  Failed tests:  5-7
  Non-zero exit status: 3
t/setup_dir.t           (Wstat: 512 Tests: 7 Failed: 2)
  Failed tests:  6-7
  Non-zero exit status: 2
t/setup_file.t          (Wstat: 512 Tests: 9 Failed: 2)
  Failed tests:  7, 9
  Non-zero exit status: 2
Files=13, Tests=57, 138 wallclock secs ( 0.23 usr  0.04 sys +  8.65 cusr  2.05 csys = 10.97 CPU)
Result: FAIL
Failed 3/13 test programs. 7/57 subtests failed.

------------------------------
PREREQUISITES
------------------------------

Prerequisite modules loaded:

requires:

    Module                     Need     Have    
    -------------------------- -------- --------
    File::chmod                0        0.40    
    File::Slurp                0        9999.19 
    File::Trash::Undoable      0.06     0.10    
    Lchown                     0        1.01    
    Log::Any                   0        0.15    
    perl                       5.010000 5.014004
    Rinci                      v1.1.29  1.1.43  
    Setup                      v1.0.2   1.0.4   
    SHARYANTO::File::Util      0.27     0.56    

build_requires:

    Module                     Need     Have    
    -------------------------- -------- --------
    autodie                    0        2.23    
    File::chdir                0        0.1008  
    File::Path                 2.07     2.09    
    Module::Build              0.3601   0.4205  
    Test::More                 0.96     1.001002
    Test::Perinci::Tx::Manager 0.40     0.45    

configure_requires:

    Module                     Need     Have    
    -------------------------- -------- --------
    Module::Build              0.3601   0.4205  


------------------------------
ENVIRONMENT AND OTHER CONTEXT
------------------------------

Environment variables:

    AUTOMATED_TESTING = 1
    LANG = en_US.UTF-8
    LANGUAGE = en_US:en
    PATH = /usr/lib/ccache:/home/sand/bin:/usr/local/bin:/usr/bin:/bin:/usr/bin/X11:/usr/games:/usr/local/perl/bin:/usr/X11/bin:/sbin:/usr/sbin
    PERL5LIB = 
    PERL5OPT = 
    PERL5_CPANPLUS_IS_RUNNING = 1312
    PERL5_CPAN_IS_RUNNING = 1312
    PERL_MM_USE_DEFAULT = 1
    SHELL = /usr/bin/zsh
    TERM = screen

Perl special variables (and OS-specific diagnostics, for MSWin32):

    $^X = /home/sand/src/perl/repoperls/installed-perls/perl/v5.14.4/a2da/bin/perl
    $UID/$EUID = 1005 / 1005
    $GID = 1005 1005
    $EGID = 1005 1005

Perl module toolchain versions installed:

    Module              Have    
    ------------------- --------
    CPAN                2.00    
    CPAN::Meta          2.140640
    Cwd                 3.40    
    ExtUtils::CBuilder  0.280212
    ExtUtils::Command   1.17    
    ExtUtils::Install   1.56    
    ExtUtils::MakeMaker 6.91_01 
    ExtUtils::Manifest  1.60    
    ExtUtils::ParseXS   3.22    
    File::Spec          3.40    
    JSON                2.90    
    JSON::PP            2.27203 
    Module::Build       0.4205  
    Module::Signature   0.73    
    Parse::CPAN::Meta   1.4414  
    Test::Harness       3.30    
    Test::More          1.001002
    YAML                0.90    
    YAML::Syck          1.27    
    version             0.9908  


--

Summary of my perl5 (revision 5 version 14 subversion 4) configuration:
  Commit id: 26c5c13a4ece9084f310610bb17fb2f24c72a73e
  Platform:
    osname=linux, osvers=3.12-1-amd64, archname=x86_64-linux-thread-multi-ld
    uname='linux k83 3.12-1-amd64 #1 smp debian 3.12.6-2 (2013-12-29) x86_64 gnulinux '
    config_args='-Dprefix=/home/sand/src/perl/repoperls/installed-perls/perl/v5.14.4/a2da -Dmyhostname=k83 -Dinstallusrbinperl=n -Uversiononly -Dusedevel -des -Ui_db -Duseithreads -Duselongdouble -DDEBUGGING=-g'
    hint=recommended, useposix=true, d_sigaction=define
    useithreads=define, usemultiplicity=define
    useperlio=define, d_sfio=undef, uselargefiles=define, usesocks=undef
    use64bitint=define, use64bitall=define, uselongdouble=define
    usemymalloc=n, bincompat5005=undef
  Compiler:
    cc='cc', ccflags ='-D_REENTRANT -D_GNU_SOURCE -fno-strict-aliasing -pipe -fstack-protector -I/usr/local/include -D_LARGEFILE_SOURCE -D_FILE_OFFSET_BITS=64',
    optimize='-O2 -g',
    cppflags='-D_REENTRANT -D_GNU_SOURCE -fno-strict-aliasing -pipe -fstack-protector -I/usr/local/include'
    ccversion='', gccversion='4.8.2', gccosandvers=''
    intsize=4, longsize=8, ptrsize=8, doublesize=8, byteorder=12345678
    d_longlong=define, longlongsize=8, d_longdbl=define, longdblsize=16
    ivtype='long', ivsize=8, nvtype='long double', nvsize=16, Off_t='off_t', lseeksize=8
    alignbytes=16, prototype=define
  Linker and Libraries:
    ld='cc', ldflags =' -fstack-protector -L/usr/local/lib'
    libpth=/usr/local/lib /lib/x86_64-linux-gnu /lib/../lib /usr/lib/x86_64-linux-gnu /usr/lib/../lib /lib /usr/lib
    libs=-lnsl -lgdbm -ldb -ldl -lm -lcrypt -lutil -lpthread -lc -lgdbm_compat
    perllibs=-lnsl -ldl -lm -lcrypt -lutil -lpthread -lc
    libc=, so=so, useshrplib=false, libperl=libperl.a
    gnulibc_version='2.17'
  Dynamic Linking:
    dlsrc=dl_dlopen.xs, dlext=so, d_dlsymun=undef, ccdlflags='-Wl,-E'
    cccdlflags='-fPIC', lddlflags='-shared -O2 -g -L/usr/local/lib -fstack-protector'


Characteristics of this binary (from libperl): 
  Compile-time options: MULTIPLICITY PERL_DONT_CREATE_GVSV
                        PERL_IMPLICIT_CONTEXT PERL_MALLOC_WRAP
                        PERL_PRESERVE_IVUV PERL_USE_DEVEL USE_64_BIT_ALL
                        USE_64_BIT_INT USE_ITHREADS USE_LARGE_FILES
                        USE_LONG_DOUBLE USE_PERLIO USE_PERL_ATOF
                        USE_REENTRANT_API
  Built under linux
  Compiled at Jan 19 2014 15:55:26
  %ENV:
    PERL5LIB=""
    PERL5OPT=""
    PERL5_CPANPLUS_IS_RUNNING="1312"
    PERL5_CPAN_IS_RUNNING="1312"
    PERL_MM_USE_DEFAULT="1"
  @INC:
    /home/sand/src/perl/repoperls/installed-perls/perl/v5.14.4/a2da/lib/site_perl/5.14.4/x86_64-linux-thread-multi-ld
    /home/sand/src/perl/repoperls/installed-perls/perl/v5.14.4/a2da/lib/site_perl/5.14.4
    /home/sand/src/perl/repoperls/installed-perls/perl/v5.14.4/a2da/lib/5.14.4/x86_64-linux-thread-multi-ld
    /home/sand/src/perl/repoperls/installed-perls/perl/v5.14.4/a2da/lib/5.14.4
    .