Report for Google-AJAX-Library-0.022

Back
From: metabase:user:320bfe00-2aae-11df-837a-5e0a49663a4f
Subject: FAIL Google-AJAX-Library-0.022 v5.19.11 GNU/Linux
Date: 2014-03-26T19:17:08Z

This distribution has been tested as part of the CPAN Testers
project, supporting the Perl programming language.  See
http://wiki.cpantesters.org/ for more information or email
questions to cpan-testers-discuss@perl.org


--
Dear Robert Krimen,

This is a computer-generated report for Google-AJAX-Library-0.022
on perl 5.19.11, created by CPAN-Reporter-1.2011.

Thank you for uploading your work to CPAN.  However, there was a problem
testing your distribution.

If you think this report is invalid, please consult the CPAN Testers Wiki
for suggestions on how to avoid getting FAIL reports for missing library
or binary dependencies, unsupported operating systems, and so on:

http://wiki.cpantesters.org/wiki/CPANAuthorNotes

Sections of this report:

    * Tester comments
    * Program output
    * Prerequisites
    * Environment and other context

------------------------------
TESTER COMMENTS
------------------------------

Additional comments from tester:

this report is from an automated smoke testing program
and was not reviewed by a human for accuracy

------------------------------
PROGRAM OUTPUT
------------------------------

Output from '/usr/bin/make test':

PERL_DL_NONLAZY=1 /tmp/basesmoker-reloperl-JJgM/bin/perl "-MExtUtils::Command::MM" "-MTest::Harness" "-e" "undef *Test::Harness::Switches; test_harness(0, 'blib/lib', 'blib/arch')" t/*.t
You are overwriting a locally defined function (file) with an accessor at /home/sand/src/perl/repoperls/installed-perls/perl/v5.19.10-13-ge141190/a2da/lib/site_perl/5.19.11/x86_64-linux-thread-multi-ld/Moose/Meta/Attribute.pm line 1049.
	Moose::Meta::Attribute::_process_accessors(Moose::Meta::Attribute=HASH(0x1f057a8), "reader", "file", undef) called at /home/sand/src/perl/repoperls/installed-perls/perl/v5.19.10-13-ge141190/a2da/lib/site_perl/5.19.11/x86_64-linux-thread-multi-ld/Class/MOP/Attribute.pm line 455
	Class::MOP::Attribute::install_accessors(Moose::Meta::Attribute=HASH(0x1f057a8)) called at /home/sand/src/perl/repoperls/installed-perls/perl/v5.19.10-13-ge141190/a2da/lib/site_perl/5.19.11/x86_64-linux-thread-multi-ld/Moose/Meta/Attribute.pm line 996
	Moose::Meta::Attribute::install_accessors(Moose::Meta::Attribute=HASH(0x1f057a8)) called at /home/sand/src/perl/repoperls/installed-perls/perl/v5.19.10-13-ge141190/a2da/lib/site_perl/5.19.11/x86_64-linux-thread-multi-ld/Class/MOP/Class.pm line 900
	Class::MOP::Class::try {...} () called at /home/sand/src/perl/repoperls/installed-perls/perl/v5.19.10-13-ge141190/a2da/lib/site_perl/5.19.11/Try/Tiny.pm line 81
	eval {...} called at /home/sand/src/perl/repoperls/installed-perls/perl/v5.19.10-13-ge141190/a2da/lib/site_perl/5.19.11/Try/Tiny.pm line 72
	Try::Tiny::try(CODE(0x1f050b8), Try::Tiny::Catch=REF(0x1f05160)) called at /home/sand/src/perl/repoperls/installed-perls/perl/v5.19.10-13-ge141190/a2da/lib/site_perl/5.19.11/x86_64-linux-thread-multi-ld/Class/MOP/Class.pm line 905
	Class::MOP::Class::_post_add_attribute(Moose::Meta::Class=HASH(0x2c3fd90), Moose::Meta::Attribute=HASH(0x1f057a8)) called at /home/sand/src/perl/repoperls/installed-perls/perl/v5.19.10-13-ge141190/a2da/lib/site_perl/5.19.11/x86_64-linux-thread-multi-ld/Class/MOP/Mixin/HasAttributes.pm line 43
	Class::MOP::Mixin::HasAttributes::add_attribute(Moose::Meta::Class=HASH(0x2c3fd90), Moose::Meta::Attribute=HASH(0x1f057a8)) called at /home/sand/src/perl/repoperls/installed-perls/perl/v5.19.10-13-ge141190/a2da/lib/site_perl/5.19.11/x86_64-linux-thread-multi-ld/Moose/Meta/Class.pm line 577
	Moose::Meta::Class::add_attribute(Moose::Meta::Class=HASH(0x2c3fd90), "file", "definition_context", HASH(0x3509498), "is", "ro") called at /home/sand/src/perl/repoperls/installed-perls/perl/v5.19.10-13-ge141190/a2da/lib/site_perl/5.19.11/x86_64-linux-thread-multi-ld/Moose.pm line 77
	Moose::has(Moose::Meta::Class=HASH(0x2c3fd90), "file", "is", "ro") called at /home/sand/src/perl/repoperls/installed-perls/perl/v5.19.10-13-ge141190/a2da/lib/site_perl/5.19.11/x86_64-linux-thread-multi-ld/Moose/Exporter.pm line 405
	Moose::has("file", "is", "ro") called at /tmp/loop_over_bdir-22995-kEFEAB/Google-AJAX-Library-0.022-RlHXAp/blib/lib/Google/AJAX/Library.pm line 32
	require Google/AJAX/Library.pm called at t/01-basic.t line 5
	main::BEGIN() called at /tmp/loop_over_bdir-22995-kEFEAB/Google-AJAX-Library-0.022-RlHXAp/blib/lib/Google/AJAX/Library.pm line 0
	eval {...} called at /tmp/loop_over_bdir-22995-kEFEAB/Google-AJAX-Library-0.022-RlHXAp/blib/lib/Google/AJAX/Library.pm line 0

#   Failed test at t/01-basic.t line 13.
#          got: '<script type="text/javascript" src="http://ajax.googleapis.com/ajax/libs/jquery/1/jquery.min.js"></script>'
#     expected: '<script src="http://ajax.googleapis.com/ajax/libs/jquery/1/jquery.min.js" type="text/javascript"></script>'
# Looks like you failed 1 test of 25.
t/01-basic.t .... 
Dubious, test returned 1 (wstat 256, 0x100)
Failed 1/25 subtests 
You are overwriting a locally defined function (file) with an accessor at /home/sand/src/perl/repoperls/installed-perls/perl/v5.19.10-13-ge141190/a2da/lib/site_perl/5.19.11/x86_64-linux-thread-multi-ld/Moose/Meta/Attribute.pm line 1049.
	Moose::Meta::Attribute::_process_accessors(Moose::Meta::Attribute=HASH(0x15b4a58), "reader", "file", undef) called at /home/sand/src/perl/repoperls/installed-perls/perl/v5.19.10-13-ge141190/a2da/lib/site_perl/5.19.11/x86_64-linux-thread-multi-ld/Class/MOP/Attribute.pm line 455
	Class::MOP::Attribute::install_accessors(Moose::Meta::Attribute=HASH(0x15b4a58)) called at /home/sand/src/perl/repoperls/installed-perls/perl/v5.19.10-13-ge141190/a2da/lib/site_perl/5.19.11/x86_64-linux-thread-multi-ld/Moose/Meta/Attribute.pm line 996
	Moose::Meta::Attribute::install_accessors(Moose::Meta::Attribute=HASH(0x15b4a58)) called at /home/sand/src/perl/repoperls/installed-perls/perl/v5.19.10-13-ge141190/a2da/lib/site_perl/5.19.11/x86_64-linux-thread-multi-ld/Class/MOP/Class.pm line 900
	Class::MOP::Class::try {...} () called at /home/sand/src/perl/repoperls/installed-perls/perl/v5.19.10-13-ge141190/a2da/lib/site_perl/5.19.11/Try/Tiny.pm line 81
	eval {...} called at /home/sand/src/perl/repoperls/installed-perls/perl/v5.19.10-13-ge141190/a2da/lib/site_perl/5.19.11/Try/Tiny.pm line 72
	Try::Tiny::try(CODE(0x15b4338), Try::Tiny::Catch=REF(0x15b43e0)) called at /home/sand/src/perl/repoperls/installed-perls/perl/v5.19.10-13-ge141190/a2da/lib/site_perl/5.19.11/x86_64-linux-thread-multi-ld/Class/MOP/Class.pm line 905
	Class::MOP::Class::_post_add_attribute(Moose::Meta::Class=HASH(0x22efff8), Moose::Meta::Attribute=HASH(0x15b4a58)) called at /home/sand/src/perl/repoperls/installed-perls/perl/v5.19.10-13-ge141190/a2da/lib/site_perl/5.19.11/x86_64-linux-thread-multi-ld/Class/MOP/Mixin/HasAttributes.pm line 43
	Class::MOP::Mixin::HasAttributes::add_attribute(Moose::Meta::Class=HASH(0x22efff8), Moose::Meta::Attribute=HASH(0x15b4a58)) called at /home/sand/src/perl/repoperls/installed-perls/perl/v5.19.10-13-ge141190/a2da/lib/site_perl/5.19.11/x86_64-linux-thread-multi-ld/Moose/Meta/Class.pm line 577
	Moose::Meta::Class::add_attribute(Moose::Meta::Class=HASH(0x22efff8), "file", "definition_context", HASH(0x2bb8cb8), "is", "ro") called at /home/sand/src/perl/repoperls/installed-perls/perl/v5.19.10-13-ge141190/a2da/lib/site_perl/5.19.11/x86_64-linux-thread-multi-ld/Moose.pm line 77
	Moose::has(Moose::Meta::Class=HASH(0x22efff8), "file", "is", "ro") called at /home/sand/src/perl/repoperls/installed-perls/perl/v5.19.10-13-ge141190/a2da/lib/site_perl/5.19.11/x86_64-linux-thread-multi-ld/Moose/Exporter.pm line 405
	Moose::has("file", "is", "ro") called at /tmp/loop_over_bdir-22995-kEFEAB/Google-AJAX-Library-0.022-RlHXAp/blib/lib/Google/AJAX/Library.pm line 32
	require Google/AJAX/Library.pm called at t/02-library.t line 5
	main::BEGIN() called at /tmp/loop_over_bdir-22995-kEFEAB/Google-AJAX-Library-0.022-RlHXAp/blib/lib/Google/AJAX/Library.pm line 0
	eval {...} called at /tmp/loop_over_bdir-22995-kEFEAB/Google-AJAX-Library-0.022-RlHXAp/blib/lib/Google/AJAX/Library.pm line 0
t/02-library.t .. ok
You are overwriting a locally defined function (file) with an accessor at /home/sand/src/perl/repoperls/installed-perls/perl/v5.19.10-13-ge141190/a2da/lib/site_perl/5.19.11/x86_64-linux-thread-multi-ld/Moose/Meta/Attribute.pm line 1049.
	Moose::Meta::Attribute::_process_accessors(Moose::Meta::Attribute=HASH(0x2688480), "reader", "file", undef) called at /home/sand/src/perl/repoperls/installed-perls/perl/v5.19.10-13-ge141190/a2da/lib/site_perl/5.19.11/x86_64-linux-thread-multi-ld/Class/MOP/Attribute.pm line 455
	Class::MOP::Attribute::install_accessors(Moose::Meta::Attribute=HASH(0x2688480)) called at /home/sand/src/perl/repoperls/installed-perls/perl/v5.19.10-13-ge141190/a2da/lib/site_perl/5.19.11/x86_64-linux-thread-multi-ld/Moose/Meta/Attribute.pm line 996
	Moose::Meta::Attribute::install_accessors(Moose::Meta::Attribute=HASH(0x2688480)) called at /home/sand/src/perl/repoperls/installed-perls/perl/v5.19.10-13-ge141190/a2da/lib/site_perl/5.19.11/x86_64-linux-thread-multi-ld/Class/MOP/Class.pm line 900
	Class::MOP::Class::try {...} () called at /home/sand/src/perl/repoperls/installed-perls/perl/v5.19.10-13-ge141190/a2da/lib/site_perl/5.19.11/Try/Tiny.pm line 81
	eval {...} called at /home/sand/src/perl/repoperls/installed-perls/perl/v5.19.10-13-ge141190/a2da/lib/site_perl/5.19.11/Try/Tiny.pm line 72
	Try::Tiny::try(CODE(0x2687dd8), Try::Tiny::Catch=REF(0x2687f10)) called at /home/sand/src/perl/repoperls/installed-perls/perl/v5.19.10-13-ge141190/a2da/lib/site_perl/5.19.11/x86_64-linux-thread-multi-ld/Class/MOP/Class.pm line 905
	Class::MOP::Class::_post_add_attribute(Moose::Meta::Class=HASH(0x33c27f0), Moose::Meta::Attribute=HASH(0x2688480)) called at /home/sand/src/perl/repoperls/installed-perls/perl/v5.19.10-13-ge141190/a2da/lib/site_perl/5.19.11/x86_64-linux-thread-multi-ld/Class/MOP/Mixin/HasAttributes.pm line 43
	Class::MOP::Mixin::HasAttributes::add_attribute(Moose::Meta::Class=HASH(0x33c27f0), Moose::Meta::Attribute=HASH(0x2688480)) called at /home/sand/src/perl/repoperls/installed-perls/perl/v5.19.10-13-ge141190/a2da/lib/site_perl/5.19.11/x86_64-linux-thread-multi-ld/Moose/Meta/Class.pm line 577
	Moose::Meta::Class::add_attribute(Moose::Meta::Class=HASH(0x33c27f0), "file", "definition_context", HASH(0x3c8be18), "is", "ro") called at /home/sand/src/perl/repoperls/installed-perls/perl/v5.19.10-13-ge141190/a2da/lib/site_perl/5.19.11/x86_64-linux-thread-multi-ld/Moose.pm line 77
	Moose::has(Moose::Meta::Class=HASH(0x33c27f0), "file", "is", "ro") called at /home/sand/src/perl/repoperls/installed-perls/perl/v5.19.10-13-ge141190/a2da/lib/site_perl/5.19.11/x86_64-linux-thread-multi-ld/Moose/Exporter.pm line 405
	Moose::has("file", "is", "ro") called at /tmp/loop_over_bdir-22995-kEFEAB/Google-AJAX-Library-0.022-RlHXAp/blib/lib/Google/AJAX/Library.pm line 32
	require Google/AJAX/Library.pm called at t/03-fetch.t line 5
	main::BEGIN() called at /tmp/loop_over_bdir-22995-kEFEAB/Google-AJAX-Library-0.022-RlHXAp/blib/lib/Google/AJAX/Library.pm line 0
	eval {...} called at /tmp/loop_over_bdir-22995-kEFEAB/Google-AJAX-Library-0.022-RlHXAp/blib/lib/Google/AJAX/Library.pm line 0
t/03-fetch.t .... skipped: Not going out to http://ajax.googleapis.com to test fetching/writing

Test Summary Report
-------------------
t/01-basic.t  (Wstat: 256 Tests: 25 Failed: 1)
  Failed test:  4
  Non-zero exit status: 1
Files=3, Tests=61,  1 wallclock secs ( 0.03 usr  0.00 sys +  0.76 cusr  0.02 csys =  0.81 CPU)
Result: FAIL
Failed 1/3 test programs. 1/61 subtests failed.
make: *** [test_dynamic] Error 255

------------------------------
PREREQUISITES
------------------------------

Prerequisite modules loaded:

requires:

    Module              Need Have  
    ------------------- ---- ------
    Carp::Clan::Share   0    0.013 
    HTML::Declare       0    2.4   
    LWP::UserAgent      0    6.05  
    Moose               0    2.1204
    Path::Class         0    0.33  
    URI                 0    1.60  

build_requires:

    Module              Need Have  
    ------------------- ---- ------
    File::Temp          0    0.2304
    Test::Most          0    0.33  

configure_requires:

    Module              Need Have  
    ------------------- ---- ------
    ExtUtils::MakeMaker 6.31 6.94  


------------------------------
ENVIRONMENT AND OTHER CONTEXT
------------------------------

Environment variables:

    AUTOMATED_TESTING = 1
    LANG = en_US.UTF-8
    LANGUAGE = en_US:en
    PATH = /usr/lib/ccache:/home/sand/bin:/usr/local/bin:/usr/bin:/bin:/usr/games:/usr/local/perl/bin:/usr/X11/bin:/sbin:/usr/sbin
    PERL5LIB = 
    PERL5OPT = 
    PERL5_CPANPLUS_IS_RUNNING = 599
    PERL5_CPAN_IS_RUNNING = 599
    PERL_MM_USE_DEFAULT = 1
    SHELL = /usr/bin/zsh
    TERM = screen

Perl special variables (and OS-specific diagnostics, for MSWin32):

    $^X = /tmp/basesmoker-reloperl-JJgM/bin/perl
    $UID/$EUID = 1005 / 1005
    $GID = 1005 1005
    $EGID = 1005 1005

Perl module toolchain versions installed:

    Module              Have    
    ------------------- --------
    CPAN                2.00    
    CPAN::Meta          2.140640
    Cwd                 3.47    
    ExtUtils::CBuilder  0.280216
    ExtUtils::Command   1.18    
    ExtUtils::Install   1.64    
    ExtUtils::MakeMaker 6.94    
    ExtUtils::Manifest  1.63    
    ExtUtils::ParseXS   3.24    
    File::Spec          3.47    
    JSON                2.90    
    JSON::PP            2.27203 
    Module::Build       0.4205  
    Module::Signature   0.73    
    Parse::CPAN::Meta   1.4414  
    Test::Harness       3.30    
    Test::More          1.001003
    YAML                0.90    
    YAML::Syck          1.27    
    version             0.9908  


--

Summary of my perl5 (revision 5 version 19 subversion 11) configuration:
  Commit id: e14119056960dbe28537c9870667b5b920d9d731
  Platform:
    osname=linux, osvers=3.13-1-amd64, archname=x86_64-linux-thread-multi-ld
    uname='linux k83 3.13-1-amd64 #1 smp debian 3.13.6-1 (2014-03-19) x86_64 gnulinux '
    config_args='-Dprefix=/home/sand/src/perl/repoperls/installed-perls/perl/v5.19.10-13-ge141190/a2da -Dmyhostname=k83 -Dinstallusrbinperl=n -Uversiononly -Dusedevel -des -Ui_db -Duseithreads -Duselongdouble -DDEBUGGING=-g'
    hint=recommended, useposix=true, d_sigaction=define
    useithreads=define, usemultiplicity=define
    use64bitint=define, use64bitall=define, uselongdouble=define
    usemymalloc=n, bincompat5005=undef
  Compiler:
    cc='cc', ccflags ='-D_REENTRANT -D_GNU_SOURCE -fno-strict-aliasing -pipe -fstack-protector -I/usr/local/include -D_LARGEFILE_SOURCE -D_FILE_OFFSET_BITS=64',
    optimize='-O2 -g',
    cppflags='-D_REENTRANT -D_GNU_SOURCE -fno-strict-aliasing -pipe -fstack-protector -I/usr/local/include'
    ccversion='', gccversion='4.8.2', gccosandvers=''
    intsize=4, longsize=8, ptrsize=8, doublesize=8, byteorder=12345678
    d_longlong=define, longlongsize=8, d_longdbl=define, longdblsize=16
    ivtype='long', ivsize=8, nvtype='long double', nvsize=16, Off_t='off_t', lseeksize=8
    alignbytes=16, prototype=define
  Linker and Libraries:
    ld='cc', ldflags =' -fstack-protector -L/usr/local/lib'
    libpth=/usr/local/lib /usr/lib/gcc/x86_64-linux-gnu/4.8/include-fixed /usr/include/x86_64-linux-gnu /usr/lib /lib/x86_64-linux-gnu /lib/../lib /usr/lib/x86_64-linux-gnu /usr/lib/../lib /lib
    libs=-lnsl -lgdbm -ldb -ldl -lm -lcrypt -lutil -lpthread -lc -lgdbm_compat
    perllibs=-lnsl -ldl -lm -lcrypt -lutil -lpthread -lc
    libc=libc-2.18.so, so=so, useshrplib=false, libperl=libperl.a
    gnulibc_version='2.18'
  Dynamic Linking:
    dlsrc=dl_dlopen.xs, dlext=so, d_dlsymun=undef, ccdlflags='-Wl,-E'
    cccdlflags='-fPIC', lddlflags='-shared -O2 -g -L/usr/local/lib -fstack-protector'


Characteristics of this binary (from libperl): 
  Compile-time options: HAS_TIMES MULTIPLICITY PERLIO_LAYERS
                        PERL_DONT_CREATE_GVSV
                        PERL_HASH_FUNC_ONE_AT_A_TIME_HARD
                        PERL_IMPLICIT_CONTEXT PERL_MALLOC_WRAP
                        PERL_NEW_COPY_ON_WRITE PERL_PRESERVE_IVUV
                        PERL_USE_DEVEL USE_64_BIT_ALL USE_64_BIT_INT
                        USE_ITHREADS USE_LARGE_FILES USE_LOCALE
                        USE_LOCALE_COLLATE USE_LOCALE_CTYPE
                        USE_LOCALE_NUMERIC USE_LONG_DOUBLE USE_PERLIO
                        USE_PERL_ATOF USE_REENTRANT_API
  Built under linux
  Compiled at Mar 26 2014 04:57:15
  %ENV:
    PERL5LIB=""
    PERL5OPT=""
    PERL5_CPANPLUS_IS_RUNNING="599"
    PERL5_CPAN_IS_RUNNING="599"
    PERL_MM_USE_DEFAULT="1"
  @INC:
    /home/sand/src/perl/repoperls/installed-perls/perl/v5.19.10-13-ge141190/a2da/lib/site_perl/5.19.11/x86_64-linux-thread-multi-ld
    /home/sand/src/perl/repoperls/installed-perls/perl/v5.19.10-13-ge141190/a2da/lib/site_perl/5.19.11
    /home/sand/src/perl/repoperls/installed-perls/perl/v5.19.10-13-ge141190/a2da/lib/5.19.11/x86_64-linux-thread-multi-ld
    /home/sand/src/perl/repoperls/installed-perls/perl/v5.19.10-13-ge141190/a2da/lib/5.19.11
    .