Test-WWW-Mechanize v1.52 Perl 5 v5.20.0 amd64-freebsd

Status
Fail
From
Slaven Rezić (SREZIC)
Dist
Test-WWW-Mechanize v1.52
Platform
Perl 5 v5.20.0 amd64-freebsd
Date
2018-12-05 22:15:08
ID
39e87180-f8db-11e8-bf1e-d4a34105bda3
This distribution has been tested as part of the CPAN Testers
project, supporting the Perl programming language.  See
http://wiki.cpantesters.org/ for more information or email
questions to cpan-testers-discuss@perl.org


--
Dear Andy Lester,

This is a computer-generated report for Test-WWW-Mechanize-1.52
on perl 5.20.0, created by CPAN-Reporter-1.2018.

Thank you for uploading your work to CPAN.  However, there was a problem
testing your distribution.

If you think this report is invalid, please consult the CPAN Testers Wiki
for suggestions on how to avoid getting FAIL reports for missing library
or binary dependencies, unsupported operating systems, and so on:

http://wiki.cpantesters.org/wiki/CPANAuthorNotes

Sections of this report:

    * Tester comments
    * Program output
    * Prerequisites
    * Environment and other context

------------------------------
TESTER COMMENTS
------------------------------

Additional comments from tester:

none provided

------------------------------
PROGRAM OUTPUT
------------------------------

Output from '/usr/bin/make test':

PERL_DL_NONLAZY=1 "/usr/perl5.20.0/bin/perl" "-MExtUtils::Command::MM" "-MTest::Harness" "-e" "undef *Test::Harness::Switches; test_harness(0, 'blib/lib', 'blib/arch')" t/*.t
# Testing Test::WWW::Mechanize 1.52, with WWW::Mechanize 1.86, LWP 6.36, Test::More 1.302141, Perl 5.020000, /usr/perl5.20.0/bin/perl
# Found optional HTML::Lint 2.28
# Optional HTML::Tidy5 not found. Install it to use additional features.
t/00-load.t ................ ok
t/autolint.t ............... ok
t/autotidy.t ............... skipped: Optional HTML::Tidy5 1.00 is not installed, cannot test autotidy.
t/button_exists.t .......... ok
# Test server http://127.0.0.1:29397 as PID 21985
t/click_ok.t ............... ok
t/content_contains.t ....... ok
t/content_lacks.t .......... ok
# Test server http://127.0.0.1:26614 as PID 21991
t/delete_ok.t .............. ok
t/follow_link_ok.t ......... ok
t/followable_links.t ....... ok
t/get_ok-parms.t ........... ok
t/get_ok.t ................. ok
t/has_tag.t ................ ok
t/head_ok-parms.t .......... ok
t/head_ok.t ................ ok
# Test server http://127.0.0.1:22035 as PID 22012
t/headers.t ................ ok
t/html_lint_ok.t ........... ok
t/html_tidy_ok.t ........... skipped: Optional HTML::Tidy5 1.00 is not installed, cannot test html_tidy_ok
Undefined subroutine &Test::WWW::Mechanize::assert_arrayref called at /usr/home/eserte/.cpan/build/2018120517/Test-WWW-Mechanize-1.52-0/blib/lib/Test/WWW/Mechanize.pm line 1703.
# Looks like your test exited with 255 just after 4.
t/id_exists.t .............. 
Dubious, test returned 255 (wstat 65280, 0xff00)
Failed 19/23 subtests 
t/lacks_uncapped_inputs.t .. ok
t/link_content.t ........... ok
t/link_status.t ............ ok
t/links_ok.t ............... ok
t/new.t .................... ok
t/page_links_content.t ..... ok
t/page_links_ok.t .......... ok
t/pod-coverage.t ........... ok
t/pod.t .................... ok
# Test server http://127.0.0.1:25064 as PID 22038
t/put_ok.t ................. ok
t/scrape_text_by_id.t ...... ok
t/stuff_inputs.t ........... ok
# Test server http://127.0.0.1:34070 as PID 22045
t/submit_form_ok.t ......... ok
t/text_contains.t .......... ok
t/title_is.t ............... ok

Test Summary Report
-------------------
t/id_exists.t            (Wstat: 65280 Tests: 4 Failed: 0)
  Non-zero exit status: 255
  Parse errors: Bad plan.  You planned 23 tests but ran 4.
Files=34, Tests=300, 10 wallclock secs ( 0.03 usr  0.20 sys +  3.95 cusr  0.80 csys =  4.98 CPU)
Result: FAIL
Failed 1/34 test programs. 0/300 subtests failed.
*** [test_dynamic] Error code 255

Stop in /usr/home/eserte/.cpan/build/2018120517/Test-WWW-Mechanize-1.52-0.

------------------------------
PREREQUISITES
------------------------------

Prerequisite modules loaded:

requires:

    Module                    Need  Have    
    ------------------------- ----- --------
    Carp                      0     1.50    
    Carp::Assert::More        0     1.14    
    HTML::Form                0     6.03    
    HTML::TokeParser          0     3.69    
    HTTP::Server::Simple      0.42  0.52    
    HTTP::Server::Simple::CGI 0     0       
    LWP                       6.02  6.36    
    parent                    0     0.236   
    perl                      5.008 5.020000
    Test::Builder::Tester     1.09  1.302141
    Test::LongString          0.15  0.17    
    Test::More                0.96  1.302141
    URI::file                 0     4.21    
    WWW::Mechanize            1.68  1.86    

build_requires:

    Module                    Need  Have    
    ------------------------- ----- --------
    ExtUtils::MakeMaker       0     7.34    

configure_requires:

    Module                    Need  Have    
    ------------------------- ----- --------
    ExtUtils::MakeMaker       0     7.34    


------------------------------
ENVIRONMENT AND OTHER CONTEXT
------------------------------

Environment variables:

    LC_ALL = de_DE.ISO8859-1
    PATH = /usr/local/bin:/usr/bin:/bin:/usr/local/sbin:/usr/sbin:/sbin:/home/cpansand/bin/freebsd9.3:/home/cpansand/bin/sh:/home/cpansand/bin:/usr/games:/home/cpansand/devel:/usr/home/eserte/src/srezic-misc/scripts
    PERL5LIB = /home/eserte/.cpan/build/2018120517/URI-Fast-0.44-0/blib/arch:/home/eserte/.cpan/build/2018120517/URI-Fast-0.44-0/blib/lib
    PERL5OPT = 
    PERL5_CPANPLUS_IS_RUNNING = 21766
    PERL5_CPAN_IS_RUNNING = 21766
    PERL5_CPAN_IS_RUNNING_IN_RECURSION = 21714,21766
    PERLDOC = -MPod::Perldoc::ToTextOverstrike
    PERL_BATCH = yes
    PERL_CANARY_STABILITY_NOPROMPT = 1
    PERL_CPAN_REPORTER_CONFIG = /var/tmp/cpansmoker-1023/2018120517/cpanreporter_000_config.ini
    PERL_EXTUTILS_AUTOINSTALL = --defaultdeps
    SHELL = /usr/local/bin/zsh
    TERM = screen
    TMPDIR = /var/tmp/cpansmoker-1023/2018120517

Perl special variables (and OS-specific diagnostics, for MSWin32):

    $^X = /usr/perl5.20.0/bin/perl
    $UID/$EUID = 1023 / 1023
    $GID = 1023 1023
    $EGID = 1023 1023

Perl module toolchain versions installed:

    Module              Have    
    ------------------- --------
    CPAN                2.16    
    CPAN::Meta          2.150010
    Cwd                 3.74    
    ExtUtils::CBuilder  0.280230
    ExtUtils::Command   7.34    
    ExtUtils::Install   2.14    
    ExtUtils::MakeMaker 7.34    
    ExtUtils::Manifest  1.71    
    ExtUtils::ParseXS   3.35    
    File::Spec          3.74    
    JSON                2.97001 
    JSON::PP            2.97001 
    Module::Build       0.4224  
    Module::Signature   0.81    
    Parse::CPAN::Meta   2.150010
    Test::Harness       3.41    
    Test::More          1.302141
    YAML                1.27    
    YAML::Syck          1.31    
    version             0.9924  


--

Summary of my perl5 (revision 5 version 20 subversion 0) configuration:
   
  Platform:
    osname=freebsd, osvers=9.2-release-p4, archname=amd64-freebsd
    uname='freebsd cvrsnica-freebsd-92 9.2-release-p4 freebsd 9.2-release-p4 #0: tue apr 8 18:08:22 utc 2014 root@amd64-builder.daemonology.net:usrobjusrsrcsysgeneric amd64 '
    config_args='-ds -e -Dprefix=/usr/perl5.20.0'
    hint=recommended, useposix=true, d_sigaction=define
    useithreads=undef, usemultiplicity=undef
    use64bitint=define, use64bitall=define, uselongdouble=undef
    usemymalloc=n, bincompat5005=undef
  Compiler:
    cc='cc', ccflags ='-DHAS_FPSETMASK -DHAS_FLOATINGPOINT_H -fno-strict-aliasing -pipe -fstack-protector -I/usr/local/include',
    optimize='-O',
    cppflags='-DHAS_FPSETMASK -DHAS_FLOATINGPOINT_H -fno-strict-aliasing -pipe -fstack-protector -I/usr/local/include'
    ccversion='', gccversion='4.2.1 20070831 patched [FreeBSD]', gccosandvers=''
    intsize=4, longsize=8, ptrsize=8, doublesize=8, byteorder=12345678
    d_longlong=define, longlongsize=8, d_longdbl=define, longdblsize=16
    ivtype='long', ivsize=8, nvtype='double', nvsize=8, Off_t='off_t', lseeksize=8
    alignbytes=8, prototype=define
  Linker and Libraries:
    ld='cc', ldflags ='-Wl,-E  -fstack-protector -L/usr/local/lib'
    libpth=/usr/lib /usr/local/lib /usr/include/gcc/4.2 /usr/lib
    libs=-lgdbm -lm -lcrypt -lutil -lc
    perllibs=-lm -lcrypt -lutil -lc
    libc=, so=so, useshrplib=false, libperl=libperl.a
    gnulibc_version=''
  Dynamic Linking:
    dlsrc=dl_dlopen.xs, dlext=so, d_dlsymun=undef, ccdlflags=' '
    cccdlflags='-DPIC -fPIC', lddlflags='-shared  -L/usr/local/lib -fstack-protector'


Characteristics of this binary (from libperl): 
  Compile-time options: HAS_TIMES PERLIO_LAYERS PERL_DONT_CREATE_GVSV
                        PERL_HASH_FUNC_ONE_AT_A_TIME_HARD PERL_MALLOC_WRAP
                        PERL_NEW_COPY_ON_WRITE PERL_PRESERVE_IVUV
                        USE_64_BIT_ALL USE_64_BIT_INT USE_LARGE_FILES
                        USE_LOCALE USE_LOCALE_COLLATE USE_LOCALE_CTYPE
                        USE_LOCALE_NUMERIC USE_PERLIO USE_PERL_ATOF
  Built under freebsd
  Compiled at May 27 2014 13:55:26
  %ENV:
    PERL5LIB="/home/eserte/.cpan/build/2018120517/URI-Fast-0.44-0/blib/arch:/home/eserte/.cpan/build/2018120517/URI-Fast-0.44-0/blib/lib"
    PERL5OPT=""
    PERL5_CPANPLUS_IS_RUNNING="21766"
    PERL5_CPAN_IS_RUNNING="21766"
    PERL5_CPAN_IS_RUNNING_IN_RECURSION="21714,21766"
    PERLDOC="-MPod::Perldoc::ToTextOverstrike"
    PERL_BATCH="yes"
    PERL_CANARY_STABILITY_NOPROMPT="1"
    PERL_CPAN_REPORTER_CONFIG="/var/tmp/cpansmoker-1023/2018120517/cpanreporter_000_config.ini"
    PERL_EXTUTILS_AUTOINSTALL="--defaultdeps"
  @INC:
    /home/eserte/.cpan/build/2018120517/URI-Fast-0.44-0/blib/arch
    /home/eserte/.cpan/build/2018120517/URI-Fast-0.44-0/blib/lib
    /usr/perl5.20.0/lib/site_perl/5.20.0/amd64-freebsd
    /usr/perl5.20.0/lib/site_perl/5.20.0
    /usr/perl5.20.0/lib/5.20.0/amd64-freebsd
    /usr/perl5.20.0/lib/5.20.0
    .