Module-Build-Kwalitee v0.24 Perl 5 v5.27.11 x86_64-linux
- Status
- Fail
- From
- Slaven Rezić (SREZIC)
- Dist
-
Module-Build-Kwalitee v0.24
- Platform
- Perl 5 v5.27.11 x86_64-linux
- Date
- 2018-04-24 15:00:28
- ID
- 3a07dc3a-47d0-11e8-b51c-cb1aa64d2ee5
This distribution has been tested as part of the CPAN Testers
project, supporting the Perl programming language. See
http://wiki.cpantesters.org/ for more information or email
questions to cpan-testers-discuss@perl.org
--
Dear Fotango Ltd,
This is a computer-generated report for Module-Build-Kwalitee-0.24
on perl 5.27.11, created by CPAN-Reporter-1.2018.
Thank you for uploading your work to CPAN. However, there was a problem
testing your distribution.
If you think this report is invalid, please consult the CPAN Testers Wiki
for suggestions on how to avoid getting FAIL reports for missing library
or binary dependencies, unsupported operating systems, and so on:
http://wiki.cpantesters.org/wiki/CPANAuthorNotes
Sections of this report:
* Tester comments
* Program output
* Prerequisites
* Environment and other context
------------------------------
TESTER COMMENTS
------------------------------
Additional comments from tester:
none provided
------------------------------
PROGRAM OUTPUT
------------------------------
Output from './Build test':
main::path_to_pkg() called too early to check prototype at t/000compile.t line 16.
t/000compile.t .. ok
t/001pragmas.t .. ok
# Failed test 'lib/Module/Build/Kwalitee/Stub.pm has POD'
# at t/003pod.t line 65.
# Looks like you failed 1 test of 7.
t/003pod.t ......
Dubious, test returned 1 (wstat 256, 0x100)
Failed 1/7 subtests
(less 1 skipped subtest: 5 okay)
t/004uselib.t ... ok
No 'module_name' was provided and it could not be inferred
from other properties. This will prevent a packlist from
being written for this file. Please set either 'module_name'
or 'dist_version_from' in Build.PL.
Creating t/ dir for tests...
File 'MANIFEST.SKIP' does not exist: Creating a temporary 'MANIFEST.SKIP'
Added to MANIFEST: MANIFEST
Added to MANIFEST: t/000compile.t
Added to MANIFEST: t/001pragmas.t
Added to MANIFEST: t/003pod.t
Added to MANIFEST: t/004uselib.t
Module::Build was not found in configure_requires! Adding it now
automatically as: configure_requires => { 'Module::Build' => 0.42 }
t/build.t ....... ok
# Failed test 'passed t/000compile.t'
# at t/mbk.t line 25.
# main::path_to_pkg() called too early to check prototype at t/000compile.t line 16.
# 1..1
#
# # Failed test 'use MBKFail;'
# # at t/000compile.t line 64.
# # Tried to use 'MBKFail'.
# # Error: Can't locate MBKFail.pm in @INC (you may need to install the MBKFail module) (@INC contains: _build/lib /home/cpansand/.cpan/build/2018042412/Module-Build-Kwalitee-0.24-0/blib/lib /home/cpansand/.cpan/build/2018042412/Module-Build-Kwalitee-0.24-0/blib/arch /home/cpansand/.cpan/build/2018042412/Module-Build-Kwalitee-0.24-0/lib /home/cpansand/.cpan/build/2018042412/Module-Build-Kwalitee-0.24-0 /home/cpansand/.cpan/build/2018042412/Module-Build-Kwalitee-0.24-0/blib/lib /home/cpansand/.cpan/build/2018042412/Module-Build-Kwalitee-0.24-0/blib/arch /home/cpansand/.cpan/build/2018042412/Module-Build-Kwalitee-0.24-0/lib /home/cpansand/.cpan/build/2018042412/Module-Build-Kwalitee-0.24-0 /opt/perl-5.27.11/lib/site_perl/5.27.11/x86_64-linux /opt/perl-5.27.11/lib/site_perl/5.27.11 /opt/perl-5.27.11/lib/5.27.11/x86_64-linux /opt/perl-5.27.11/lib/5.27.11 .) at t/000compile.t line 64.
# # BEGIN failed--compilation aborted at t/000compile.t line 64.
# not ok 1 - use MBKFail
#
# # Failed test 'use MBKFail'
# # at t/000compile.t line 70.
# # Looks like you failed 1 test of 1.
# Failed test 'passed t/000compile.t'
# at t/mbk.t line 25.
# main::path_to_pkg() called too early to check prototype at t/000compile.t line 16.
# 1..1
#
# # Failed test 'use MBKFail;'
# # at t/000compile.t line 64.
# # Tried to use 'MBKFail'.
# # Error: Can't locate MBKFail.pm in @INC (you may need to install the MBKFail module) (@INC contains: _build/lib /home/cpansand/.cpan/build/2018042412/Module-Build-Kwalitee-0.24-0/blib/lib /home/cpansand/.cpan/build/2018042412/Module-Build-Kwalitee-0.24-0/blib/arch /home/cpansand/.cpan/build/2018042412/Module-Build-Kwalitee-0.24-0/lib /home/cpansand/.cpan/build/2018042412/Module-Build-Kwalitee-0.24-0 /home/cpansand/.cpan/build/2018042412/Module-Build-Kwalitee-0.24-0/blib/lib /home/cpansand/.cpan/build/2018042412/Module-Build-Kwalitee-0.24-0/blib/arch /home/cpansand/.cpan/build/2018042412/Module-Build-Kwalitee-0.24-0/lib /home/cpansand/.cpan/build/2018042412/Module-Build-Kwalitee-0.24-0 /opt/perl-5.27.11/lib/site_perl/5.27.11/x86_64-linux /opt/perl-5.27.11/lib/site_perl/5.27.11 /opt/perl-5.27.11/lib/5.27.11/x86_64-linux /opt/perl-5.27.11/lib/5.27.11 .) at t/000compile.t line 64.
# # BEGIN failed--compilation aborted at t/000compile.t line 64.
# not ok 1 - use MBKFail
#
# # Failed test 'use MBKFail'
# # at t/000compile.t line 70.
# # Looks like you failed 1 test of 1.
# Failed test 'failed t/003pod.t'
# at t/mbk.t line 25.
# 1..4
# ok 1 - POD test for lib/MBKFail.pm (no pod)
# ok 2 - lib/MBKFail.pm has POD
# ok 3 # skip lib/MBKFail.pm has no subs
# ok 4 # skip no files with pod
# Failed test 'passed t/000compile.t'
# at t/mbk.t line 25.
# main::path_to_pkg() called too early to check prototype at t/000compile.t line 16.
# 1..1
#
# # Failed test 'use MBKFail;'
# # at t/000compile.t line 64.
# # Tried to use 'MBKFail'.
# # Error: Can't locate MBKFail.pm in @INC (you may need to install the MBKFail module) (@INC contains: _build/lib /home/cpansand/.cpan/build/2018042412/Module-Build-Kwalitee-0.24-0/blib/lib /home/cpansand/.cpan/build/2018042412/Module-Build-Kwalitee-0.24-0/blib/arch /home/cpansand/.cpan/build/2018042412/Module-Build-Kwalitee-0.24-0/lib /home/cpansand/.cpan/build/2018042412/Module-Build-Kwalitee-0.24-0 /home/cpansand/.cpan/build/2018042412/Module-Build-Kwalitee-0.24-0/blib/lib /home/cpansand/.cpan/build/2018042412/Module-Build-Kwalitee-0.24-0/blib/arch /home/cpansand/.cpan/build/2018042412/Module-Build-Kwalitee-0.24-0/lib /home/cpansand/.cpan/build/2018042412/Module-Build-Kwalitee-0.24-0 /opt/perl-5.27.11/lib/site_perl/5.27.11/x86_64-linux /opt/perl-5.27.11/lib/site_perl/5.27.11 /opt/perl-5.27.11/lib/5.27.11/x86_64-linux /opt/perl-5.27.11/lib/5.27.11 .) at t/000compile.t line 64.
# # BEGIN failed--compilation aborted at t/000compile.t line 64.
# not ok 1 - use MBKFail
#
# # Failed test 'use MBKFail'
# # at t/000compile.t line 70.
# # Looks like you failed 1 test of 1.
# Looks like you failed 4 tests of 30.
t/mbk.t .........
Dubious, test returned 4 (wstat 1024, 0x400)
Failed 4/30 subtests
Test Summary Report
-------------------
t/003pod.t (Wstat: 256 Tests: 7 Failed: 1)
Failed test: 5
Non-zero exit status: 1
t/mbk.t (Wstat: 1024 Tests: 30 Failed: 4)
Failed tests: 15, 21, 23, 27
Non-zero exit status: 4
Files=6, Tests=59, 3 wallclock secs ( 0.02 usr 0.02 sys + 2.28 cusr 0.87 csys = 3.19 CPU)
Result: FAIL
Failed 2/6 test programs. 5/59 subtests failed.
------------------------------
PREREQUISITES
------------------------------
Prerequisite modules loaded:
requires:
Module Need Have
--------------------------- ------ --------
File::Find::Rule 0 0.34
Module::Build 0.2609 0.4224
perl v5.8.1 5.027011
Pod::Coverage::CountParents 0 0
Test::More 0 1.302136
Test::Pod 0 1.52
YAML 0 1.24
build_requires:
Module Need Have
--------------------------- ------ --------
IPC::Open3 0 1.20
------------------------------
ENVIRONMENT AND OTHER CONTEXT
------------------------------
Environment variables:
LANG = C
LC_ALL = de_DE.UTF-8
PATH = /usr/local/bin:/usr/bin:/bin:/usr/local/sbin:/usr/sbin:/sbin:/home/cpansand/bin/linux-gnu:/home/cpansand/bin/sh:/home/cpansand/bin:/usr/games:/home/cpansand/devel:/home/eserte/src/srezic-misc/scripts
PERL5LIB =
PERL5OPT =
PERL5_CPANPLUS_IS_RUNNING = 32189
PERL5_CPAN_IS_RUNNING = 32189
PERL5_CPAN_IS_RUNNING_IN_RECURSION = 7898,32189
PERLDOC = -MPod::Perldoc::ToTextOverstrike
PERL_BATCH = yes
PERL_CANARY_STABILITY_NOPROMPT = 1
PERL_CPAN_REPORTER_CONFIG = /var/tmp/cpansmoker-1023/2018042409/cpanreporter_000_config.ini
PERL_EXTUTILS_AUTOINSTALL = --defaultdeps
PERL_PARALLEL_SMOKER = yes
PERL_USE_UNSAFE_INC = 1
SHELL = /usr/bin/zsh
TERM = screen
TMPDIR = /var/tmp/cpansmoker-1023/2018042409
Perl special variables (and OS-specific diagnostics, for MSWin32):
$^X = /opt/perl-5.27.11/bin/perl5.27.11
$UID/$EUID = 1023 / 1023
$GID = 1023 1023
$EGID = 1023 1023
Perl module toolchain versions installed:
Module Have
------------------- --------
CPAN 2.20
CPAN::Meta 2.150010
Cwd 3.74
ExtUtils::CBuilder 0.280230
ExtUtils::Command 7.34
ExtUtils::Install 2.14
ExtUtils::MakeMaker 7.34
ExtUtils::Manifest 1.70
ExtUtils::ParseXS 3.39
File::Spec 3.74
JSON 2.97001
JSON::PP 2.97001
Module::Build 0.4224
Module::Signature 0.81
Parse::CPAN::Meta 2.150010
Test::Harness 3.42
Test::More 1.302136
YAML 1.24
YAML::Syck 1.30
version 0.9924
--
Summary of my perl5 (revision 5 version 27 subversion 11) configuration:
Platform:
osname=linux
osvers=4.9.0-3-amd64
archname=x86_64-linux
uname='linux debian9 4.9.0-3-amd64 #1 smp debian 4.9.30-2+deb9u5 (2017-09-19) x86_64 gnulinux '
config_args='-ds -e -Dprefix=/opt/perl-5.27.11 -Dusedevel -Dusemallocwrap=no -Dcf_email=srezic@cpan.org'
hint=recommended
useposix=true
d_sigaction=define
useithreads=undef
usemultiplicity=undef
use64bitint=define
use64bitall=define
uselongdouble=undef
usemymalloc=n
default_inc_excludes_dot=define
bincompat5005=undef
Compiler:
cc='cc'
ccflags ='-fwrapv -fno-strict-aliasing -pipe -fstack-protector-strong -I/usr/local/include -D_LARGEFILE_SOURCE -D_FILE_OFFSET_BITS=64 -D_FORTIFY_SOURCE=2'
optimize='-O2'
cppflags='-fwrapv -fno-strict-aliasing -pipe -fstack-protector-strong -I/usr/local/include'
ccversion=''
gccversion='6.3.0 20170516'
gccosandvers=''
intsize=4
longsize=8
ptrsize=8
doublesize=8
byteorder=12345678
doublekind=3
d_longlong=define
longlongsize=8
d_longdbl=define
longdblsize=16
longdblkind=3
ivtype='long'
ivsize=8
nvtype='double'
nvsize=8
Off_t='off_t'
lseeksize=8
alignbytes=8
prototype=define
Linker and Libraries:
ld='cc'
ldflags =' -fstack-protector-strong -L/usr/local/lib'
libpth=/usr/local/lib /usr/lib/gcc/x86_64-linux-gnu/6/include-fixed /usr/include/x86_64-linux-gnu /usr/lib /lib/x86_64-linux-gnu /lib/../lib /usr/lib/x86_64-linux-gnu /usr/lib/../lib /lib
libs=-lpthread -lnsl -lgdbm -ldb -ldl -lm -lcrypt -lutil -lc -lgdbm_compat
perllibs=-lpthread -lnsl -ldl -lm -lcrypt -lutil -lc
libc=libc-2.24.so
so=so
useshrplib=false
libperl=libperl.a
gnulibc_version='2.24'
Dynamic Linking:
dlsrc=dl_dlopen.xs
dlext=so
d_dlsymun=undef
ccdlflags='-Wl,-E'
cccdlflags='-fPIC'
lddlflags='-shared -O2 -L/usr/local/lib -fstack-protector-strong'
Characteristics of this binary (from libperl):
Compile-time options:
HAS_TIMES
PERLIO_LAYERS
PERL_COPY_ON_WRITE
PERL_DONT_CREATE_GVSV
PERL_OP_PARENT
PERL_PRESERVE_IVUV
PERL_USE_DEVEL
USE_64_BIT_ALL
USE_64_BIT_INT
USE_LARGE_FILES
USE_LOCALE
USE_LOCALE_COLLATE
USE_LOCALE_CTYPE
USE_LOCALE_NUMERIC
USE_LOCALE_TIME
USE_PERLIO
USE_PERL_ATOF
Built under linux
Compiled at Apr 20 2018 20:12:12
%ENV:
PERL5LIB=""
PERL5OPT=""
PERL5_CPANPLUS_IS_RUNNING="32189"
PERL5_CPAN_IS_RUNNING="32189"
PERL5_CPAN_IS_RUNNING_IN_RECURSION="7898,32189"
PERLDOC="-MPod::Perldoc::ToTextOverstrike"
PERL_BATCH="yes"
PERL_CANARY_STABILITY_NOPROMPT="1"
PERL_CPAN_REPORTER_CONFIG="/var/tmp/cpansmoker-1023/2018042409/cpanreporter_000_config.ini"
PERL_EXTUTILS_AUTOINSTALL="--defaultdeps"
PERL_PARALLEL_SMOKER="yes"
PERL_USE_UNSAFE_INC="1"
@INC:
/opt/perl-5.27.11/lib/site_perl/5.27.11/x86_64-linux
/opt/perl-5.27.11/lib/site_perl/5.27.11
/opt/perl-5.27.11/lib/5.27.11/x86_64-linux
/opt/perl-5.27.11/lib/5.27.11
.