Report for Catalyst-View-Email-0.33

Back
From: metabase:user:30ae4450-2aae-11df-837a-5e0a49663a4f
Subject: FAIL Catalyst-View-Email-0.33 v5.16.2 GNU/Linux
Date: 2013-06-16T20:42:14Z

This distribution has been tested as part of the CPAN Testers
project, supporting the Perl programming language.  See
http://wiki.cpantesters.org/ for more information or email
questions to cpan-testers-discuss@perl.org


--
Dear Devin Austin,

This is a computer-generated report for Catalyst-View-Email-0.33
on perl 5.16.2, created by CPAN-Reporter-1.2009.

Thank you for uploading your work to CPAN.  However, there was a problem
testing your distribution.

If you think this report is invalid, please consult the CPAN Testers Wiki
for suggestions on how to avoid getting FAIL reports for missing library
or binary dependencies, unsupported operating systems, and so on:

http://wiki.cpantesters.org/wiki/CPANAuthorNotes

Sections of this report:

    * Tester comments
    * Program output
    * Prerequisites
    * Environment and other context

------------------------------
TESTER COMMENTS
------------------------------

Additional comments from tester:

this report is from an automated smoke testing program
and was not reviewed by a human for accuracy

------------------------------
PROGRAM OUTPUT
------------------------------

Output from '/usr/bin/make test':

PERL_DL_NONLAZY=1 /home/c/perl5/perlbrew/perls/5.16.2i/bin/perl "-MExtUtils::Command::MM" "-e" "test_harness(0, 'inc', 'blib/lib', 'blib/arch')" t/01use.t t/02pod.t t/04basic.t t/05template.t t/06config.t t/07mason.t
t/01use.t ....... ok
t/02pod.t ....... skipped: set TEST_POD to enable this test
[error] Caught exception in TestApp::View::Email->process "You cannot overwrite a locally defined method (allow_partial_success) with a reader at /home/c/perl5/perlbrew/perls/5.16.2i/lib/site_perl/5.16.2/Method/Generate/Accessor.pm line 24.
Compilation failed in require at /home/c/.cpan/build/Catalyst-View-Email-0.33-8NACLu/blib/lib/Catalyst/View/Email.pm line 299."

#   Failed test 'request ok'
#   at t/04basic.t line 14.
Attempt to reload Email/Sender/Transport/Test.pm aborted.
Compilation failed in require at /home/c/perl5/perlbrew/perls/5.16.2i/lib/site_perl/5.16.2/Module/Runtime.pm line 317.
# Tests were run but no plan was declared and done_testing() was not seen.
t/04basic.t ..... 
Dubious, test returned 255 (wstat 65280, 0xff00)
Failed 1/2 subtests 
[error] Caught exception in TestApp::View::Email::Template->process "You cannot overwrite a locally defined method (allow_partial_success) with a reader at /home/c/perl5/perlbrew/perls/5.16.2i/lib/site_perl/5.16.2/Method/Generate/Accessor.pm line 24.
Compilation failed in require at /home/c/.cpan/build/Catalyst-View-Email-0.33-8NACLu/blib/lib/Catalyst/View/Email.pm line 299."

#   Failed test 'request ok'
#   at t/05template.t line 18.
Attempt to reload Email/Sender/Transport/Test.pm aborted.
Compilation failed in require at /home/c/perl5/perlbrew/perls/5.16.2i/lib/site_perl/5.16.2/Module/Runtime.pm line 317.
# Tests were run but no plan was declared and done_testing() was not seen.
t/05template.t .. 
Dubious, test returned 255 (wstat 65280, 0xff00)
Failed 1/2 subtests 
[error] Caught exception in TestApp::View::Email::AppConfig->process "You cannot overwrite a locally defined method (allow_partial_success) with a reader at /home/c/perl5/perlbrew/perls/5.16.2i/lib/site_perl/5.16.2/Method/Generate/Accessor.pm line 24.
Compilation failed in require at /home/c/.cpan/build/Catalyst-View-Email-0.33-8NACLu/blib/lib/Catalyst/View/Email.pm line 299."

#   Failed test 'request ok'
#   at t/06config.t line 21.
Attempt to reload Email/Sender/Transport/Test.pm aborted.
Compilation failed in require at /home/c/perl5/perlbrew/perls/5.16.2i/lib/site_perl/5.16.2/Module/Runtime.pm line 317.
# Tests were run but no plan was declared and done_testing() was not seen.
t/06config.t .... 
Dubious, test returned 255 (wstat 65280, 0xff00)
Failed 1/2 subtests 
[error] Caught exception in TestApp::View::Email::Template->process "You cannot overwrite a locally defined method (allow_partial_success) with a reader at /home/c/perl5/perlbrew/perls/5.16.2i/lib/site_perl/5.16.2/Method/Generate/Accessor.pm line 24.
Compilation failed in require at /home/c/.cpan/build/Catalyst-View-Email-0.33-8NACLu/blib/lib/Catalyst/View/Email.pm line 299."

#   Failed test 'request ok'
#   at t/07mason.t line 20.

#   Failed test 'controller says ok'
#   at t/07mason.t line 22.
#                   '<!DOCTYPE html PUBLIC "-//W3C//DTD XHTML 1.0 Transitional//EN"
#     "http://www.w3.org/TR/xhtml1/DTD/xhtml1-transitional.dtd">
# <html xmlns="http://www.w3.org/1999/xhtml" xml:lang="en" lang="en">
# <head>
#     <meta http-equiv="Content-Language" content="en" />
#     <meta http-equiv="Content-Type" content="text/html; charset=utf-8" />
#     <title>TestApp</title>
#     <script type="text/javascript">
#         <!--
#         function toggleDump (dumpElement) {
#             var e = document.getElementById( dumpElement );
#             if (e.style.display == "none") {
#                 e.style.display = "";
#             }
#             else {
#                 e.style.display = "none";
#             }
#         }
#         -->
#     </script>
#     <style type="text/css">
#         body {
#             font-family: "Bitstream Vera Sans", "Trebuchet MS", Verdana,
#                          Tahoma, Arial, helvetica, sans-serif;
#             color: #333;
#             background-color: #eee;
#             margin: 0px;
#             padding: 0px;
#         }
#         :link, :link:hover, :visited, :visited:hover {
#             color: #000;
#         }
#         div.box {
#             position: relative;
#             background-color: #ccc;
#             border: 1px solid #aaa;
#             padding: 4px;
#             margin: 10px;
#         }
#         div.error {
#             background-color: #cce;
#             border: 1px solid #755;
#             padding: 8px;
#             margin: 4px;
#             margin-bottom: 10px;
#         }
#         div.infos {
#             background-color: #eee;
#             border: 1px solid #575;
#             padding: 8px;
#             margin: 4px;
#             margin-bottom: 10px;
#         }
#         div.name {
#             background-color: #cce;
#             border: 1px solid #557;
#             padding: 8px;
#             margin: 4px;
#         }
#         code.error {
#             display: block;
#             margin: 1em 0;
#             overflow: auto;
#         }
#         div.name h1, div.error p {
#             margin: 0;
#         }
#         h2 {
#             margin-top: 0;
#             margin-bottom: 10px;
#             font-size: medium;
#             font-weight: bold;
#             text-decoration: underline;
#         }
#         h1 {
#             font-size: medium;
#             font-weight: normal;
#         }
#         /* from http://users.tkk.fi/~tkarvine/linux/doc/pre-wrap/pre-wrap-css3-mozilla-opera-ie.html */
#         /* Browser specific (not valid) styles to make preformatted text wrap */
#         pre {
#             white-space: pre-wrap;       /* css-3 */
#             white-space: -moz-pre-wrap;  /* Mozilla, since 1999 */
#             white-space: -pre-wrap;      /* Opera 4-6 */
#             white-space: -o-pre-wrap;    /* Opera 7 */
#             word-wrap: break-word;       /* Internet Explorer 5.5+ */
#         }
#     </style>
# </head>
# <body>
#     <div class="box">
#         <div class="error"></div>
#         <div class="infos"><pre>
# (en) Please come back later
# (fr) SVP veuillez revenir plus tard
# (de) Bitte versuchen sie es spaeter nocheinmal
# (at) Konnten's bitt'schoen spaeter nochmal reinschauen
# (no) Vennligst prov igjen senere
# (dk) Venligst prov igen senere
# (pl) Prosze sprobowac pozniej
# (pt) Por favor volte mais tarde
# (ru) Попробуйте еще раз позже
# (ua) Спробуйте ще раз пізніше
# </pre>
# </div>
#         <div class="name"></div>
#     </div>
# </body>
# </html>
#                                                                                                                                                                                                                                                                                                                                                                                                                                                                                                                                 '
#     doesn't match '(?^:Mason Email Ok)'
Attempt to reload Email/Sender/Transport/Test.pm aborted.
Compilation failed in require at /home/c/perl5/perlbrew/perls/5.16.2i/lib/site_perl/5.16.2/Module/Runtime.pm line 317.
# Tests were run but no plan was declared and done_testing() was not seen.
t/07mason.t ..... 
Dubious, test returned 255 (wstat 65280, 0xff00)
Failed 2/3 subtests 

Test Summary Report
-------------------
t/04basic.t   (Wstat: 65280 Tests: 2 Failed: 1)
  Failed test:  2
  Non-zero exit status: 255
  Parse errors: No plan found in TAP output
t/05template.t (Wstat: 65280 Tests: 2 Failed: 1)
  Failed test:  2
  Non-zero exit status: 255
  Parse errors: No plan found in TAP output
t/06config.t  (Wstat: 65280 Tests: 2 Failed: 1)
  Failed test:  2
  Non-zero exit status: 255
  Parse errors: No plan found in TAP output
t/07mason.t   (Wstat: 65280 Tests: 3 Failed: 2)
  Failed tests:  2-3
  Non-zero exit status: 255
  Parse errors: No plan found in TAP output
Files=6, Tests=10,  6 wallclock secs ( 0.02 usr  0.05 sys +  4.22 cusr  0.70 csys =  4.99 CPU)
Result: FAIL
Failed 4/6 test programs. 5/10 subtests failed.
make: *** [test_dynamic] Ошибка 255

------------------------------
PREREQUISITES
------------------------------

Prerequisite modules loaded:

requires:

    Module                Need     Have    
    --------------------- -------- --------
    Authen::SASL          2.13     2.16    
    Catalyst              5.7      5.90019 
    Email::MIME           1.859    1.911   
    Email::MIME::Creator  1.455    1.911   
    Email::Sender::Simple 0.100110 1.300005
    MIME::Base64          3.08     3.13    
    Moose                 0.93     2.0802  
    parent                0.223    0.225   
    Test::More            0.88     0.98    
    Test::Requires        0        0.06    

build_requires:

    Module                Need     Have    
    --------------------- -------- --------
    ExtUtils::MakeMaker   6.36     6.63_02 
    Test::More            0        0.98    
    Test::Requires        0        0.06    

configure_requires:

    Module                Need     Have    
    --------------------- -------- --------
    ExtUtils::MakeMaker   6.36     6.63_02 


------------------------------
ENVIRONMENT AND OTHER CONTEXT
------------------------------

Environment variables:

    AUTOMATED_TESTING = 1
    LANG = ru_RU.utf8
    PATH = /home/c/perl5/perlbrew/bin:/home/c/perl5/perlbrew/perls/5.16.2i/bin:/usr/local/bin:/usr/bin:/bin:/usr/local/games:/usr/games
    PERL5LIB = 
    PERL5OPT = 
    PERL5_CPANPLUS_IS_RUNNING = 377
    PERL5_CPAN_IS_RUNNING = 377
    PERL5_CPAN_IS_RUNNING_IN_RECURSION = 7515,377
    PERLBREW_MANPATH = /home/c/perl5/perlbrew/perls/5.16.2i/man
    PERLBREW_PATH = /home/c/perl5/perlbrew/bin:/home/c/perl5/perlbrew/perls/5.16.2i/bin
    PERLBREW_PERL = 5.16.2i
    PERLBREW_ROOT = /home/c/perl5/perlbrew
    PERLBREW_SKIP_INIT = 1
    PERLBREW_VERSION = 0.58
    PERL_EXTUTILS_AUTOINSTALL = --defaultdeps
    PERL_MM_USE_DEFAULT = 1
    SHELL = /bin/bash
    TERM = xterm

Perl special variables (and OS-specific diagnostics, for MSWin32):

    $^X = /home/c/perl5/perlbrew/perls/5.16.2i/bin/perl
    $UID/$EUID = 1000 / 1000
    $GID = 1000 24 25 27 29 30 44 46 108 109 115 1000 1001
    $EGID = 1000 24 25 27 29 30 44 46 108 109 115 1000 1001

Perl module toolchain versions installed:

    Module              Have    
    ------------------- --------
    CPAN                1.9800  
    CPAN::Meta          2.120921
    Cwd                 3.40    
    ExtUtils::CBuilder  0.280206
    ExtUtils::Command   1.17    
    ExtUtils::Install   1.58    
    ExtUtils::MakeMaker 6.63_02 
    ExtUtils::Manifest  1.61    
    ExtUtils::ParseXS   3.16    
    File::Spec          3.40    
    JSON                2.53    
    JSON::PP            2.27200 
    Module::Build       0.4005  
    Module::Signature   0.70    
    Parse::CPAN::Meta   1.4404  
    Test::Harness       3.23    
    Test::More          0.98    
    YAML                0.84    
    YAML::Syck          1.22    
    version             0.9901  


--

Summary of my perl5 (revision 5 version 16 subversion 2) configuration:
   
  Platform:
    osname=linux, osvers=2.6.32-5-686, archname=i686-linux-thread-multi
    uname='linux deb1 2.6.32-5-686 #1 smp sun sep 23 09:49:36 utc 2012 i686 gnulinux '
    config_args='-de -Dprefix=/home/c/perl5/perlbrew/perls/5.16.2i -Dusethreads -Aeval:scriptdir=/home/c/perl5/perlbrew/perls/5.16.2i/bin'
    hint=recommended, useposix=true, d_sigaction=define
    useithreads=define, usemultiplicity=define
    useperlio=define, d_sfio=undef, uselargefiles=define, usesocks=undef
    use64bitint=undef, use64bitall=undef, uselongdouble=undef
    usemymalloc=n, bincompat5005=undef
  Compiler:
    cc='cc', ccflags ='-D_REENTRANT -D_GNU_SOURCE -fno-strict-aliasing -pipe -fstack-protector -I/usr/local/include -D_LARGEFILE_SOURCE -D_FILE_OFFSET_BITS=64',
    optimize='-O2',
    cppflags='-D_REENTRANT -D_GNU_SOURCE -fno-strict-aliasing -pipe -fstack-protector -I/usr/local/include'
    ccversion='', gccversion='4.4.5', gccosandvers=''
    intsize=4, longsize=4, ptrsize=4, doublesize=8, byteorder=1234
    d_longlong=define, longlongsize=8, d_longdbl=define, longdblsize=12
    ivtype='long', ivsize=4, nvtype='double', nvsize=8, Off_t='off_t', lseeksize=8
    alignbytes=4, prototype=define
  Linker and Libraries:
    ld='cc', ldflags =' -fstack-protector -L/usr/local/lib'
    libpth=/usr/local/lib /lib/../lib /usr/lib/../lib /lib /usr/lib /usr/lib/i486-linux-gnu /usr/lib64
    libs=-lnsl -lgdbm -ldb -ldl -lm -lcrypt -lutil -lpthread -lc -lgdbm_compat
    perllibs=-lnsl -ldl -lm -lcrypt -lutil -lpthread -lc
    libc=/lib/libc-2.11.3.so, so=so, useshrplib=false, libperl=libperl.a
    gnulibc_version='2.11.3'
  Dynamic Linking:
    dlsrc=dl_dlopen.xs, dlext=so, d_dlsymun=undef, ccdlflags='-Wl,-E'
    cccdlflags='-fPIC', lddlflags='-shared -O2 -L/usr/local/lib -fstack-protector'


Characteristics of this binary (from libperl): 
  Compile-time options: HAS_TIMES MULTIPLICITY PERLIO_LAYERS
                        PERL_DONT_CREATE_GVSV PERL_IMPLICIT_CONTEXT
                        PERL_MALLOC_WRAP PERL_PRESERVE_IVUV USE_ITHREADS
                        USE_LARGE_FILES USE_LOCALE USE_LOCALE_COLLATE
                        USE_LOCALE_CTYPE USE_LOCALE_NUMERIC USE_PERLIO
                        USE_PERL_ATOF USE_REENTRANT_API
  Built under linux
  Compiled at Jan 26 2013 16:12:36
  %ENV:
    PERL5LIB=""
    PERL5OPT=""
    PERL5_CPANPLUS_IS_RUNNING="377"
    PERL5_CPAN_IS_RUNNING="377"
    PERL5_CPAN_IS_RUNNING_IN_RECURSION="7515,377"
    PERLBREW_MANPATH="/home/c/perl5/perlbrew/perls/5.16.2i/man"
    PERLBREW_PATH="/home/c/perl5/perlbrew/bin:/home/c/perl5/perlbrew/perls/5.16.2i/bin"
    PERLBREW_PERL="5.16.2i"
    PERLBREW_ROOT="/home/c/perl5/perlbrew"
    PERLBREW_SKIP_INIT="1"
    PERLBREW_VERSION="0.58"
    PERL_EXTUTILS_AUTOINSTALL="--defaultdeps"
    PERL_MM_USE_DEFAULT="1"
  @INC:
    /home/c/perl5/perlbrew/perls/5.16.2i/lib/site_perl/5.16.2/i686-linux-thread-multi
    /home/c/perl5/perlbrew/perls/5.16.2i/lib/site_perl/5.16.2
    /home/c/perl5/perlbrew/perls/5.16.2i/lib/5.16.2/i686-linux-thread-multi
    /home/c/perl5/perlbrew/perls/5.16.2i/lib/5.16.2
    .