Back
From: metabase:user:320bfe00-2aae-11df-837a-5e0a49663a4f
Subject: FAIL DBIx-QueryByName-0.18 v5.20.0 RC1 GNU/Linux
Date: 2014-05-20T08:32:07Z
This distribution has been tested as part of the CPAN Testers
project, supporting the Perl programming language. See
http://wiki.cpantesters.org/ for more information or email
questions to cpan-testers-discuss@perl.org
--
Dear Erwan Lemonnier,
This is a computer-generated report for DBIx-QueryByName-0.18
on perl 5.20.0, created by CPAN-Reporter-1.2011.
Thank you for uploading your work to CPAN. However, there was a problem
testing your distribution.
If you think this report is invalid, please consult the CPAN Testers Wiki
for suggestions on how to avoid getting FAIL reports for missing library
or binary dependencies, unsupported operating systems, and so on:
http://wiki.cpantesters.org/wiki/CPANAuthorNotes
Sections of this report:
* Tester comments
* Program output
* Prerequisites
* Environment and other context
------------------------------
TESTER COMMENTS
------------------------------
Additional comments from tester:
this report is from an automated smoke testing program
and was not reviewed by a human for accuracy
------------------------------
PROGRAM OUTPUT
------------------------------
Output from '/usr/bin/make test':
PERL_DL_NONLAZY=1 /tmp/basesmoker-reloperl-eeif/bin/perl "-MExtUtils::Command::MM" "-MTest::Harness" "-e" "undef *Test::Harness::Switches; test_harness(0, 'blib/lib', 'blib/arch')" t/*.t
Can't locate object method "DESTROY" via package "DBD::SQLite" at t/iterator.t line 214.
# Looks like your test exited with 2 just after 50.
t/iterator.t .......
Dubious, test returned 2 (wstat 512, 0x200)
All 50 subtests passed
t/load_from_xml.t .. ok
t/pod-coverage.t ... ok
t/pod.t ............ ok
Can't locate object method "DESTROY" via package "DBD::SQLite" at t/query.t line 235.
# Looks like your test exited with 2 just after 67.
t/query.t ..........
Dubious, test returned 2 (wstat 512, 0x200)
All 67 subtests passed
t/stress.t ......... skipped: test require missing module DBD::Pg
Test Summary Report
-------------------
t/iterator.t (Wstat: 512 Tests: 50 Failed: 0)
Non-zero exit status: 2
t/query.t (Wstat: 512 Tests: 67 Failed: 0)
Non-zero exit status: 2
Files=6, Tests=204, 0 wallclock secs ( 0.04 usr 0.00 sys + 0.45 cusr 0.03 csys = 0.52 CPU)
Result: FAIL
Failed 2/6 test programs. 0/204 subtests failed.
make: *** [test_dynamic] Error 255
------------------------------
PREREQUISITES
------------------------------
Prerequisite modules loaded:
requires:
Module Need Have
------------------- ---- ----
accessors::chained 1.01 1.01
XML::Parser 2.34 2.41
XML::SimpleObject 0.53 0.53
build_requires:
Module Need Have
------------------- ---- ----
ExtUtils::MakeMaker 0 6.98
------------------------------
ENVIRONMENT AND OTHER CONTEXT
------------------------------
Environment variables:
AUTOMATED_TESTING = 1
LANG = en_US.UTF-8
LANGUAGE = en_US:en
PATH = /usr/lib/ccache:/home/sand/bin:/usr/local/bin:/usr/bin:/bin:/usr/games:/usr/local/perl/bin:/usr/X11/bin:/sbin:/usr/sbin
PERL = /tmp/basesmoker-reloperl-eeif/bin/perl
PERL5LIB =
PERL5OPT =
PERL5_CPANPLUS_IS_RUNNING = 29961
PERL5_CPAN_IS_RUNNING = 29961
PERL_MM_USE_DEFAULT = 1
SHELL = /usr/bin/zsh
TERM = screen
Perl special variables (and OS-specific diagnostics, for MSWin32):
$^X = /tmp/basesmoker-reloperl-eeif/bin/perl
$UID/$EUID = 1005 / 1005
$GID = 1005 1005
$EGID = 1005 1005
Perl module toolchain versions installed:
Module Have
------------------- --------
CPAN 2.05
CPAN::Meta 2.141170
Cwd 3.47
ExtUtils::CBuilder 0.280216
ExtUtils::Command 1.18
ExtUtils::Install 1.67
ExtUtils::MakeMaker 6.98
ExtUtils::Manifest 1.63
ExtUtils::ParseXS 3.24
File::Spec 3.47
JSON 2.90
JSON::PP 2.27203
Module::Build 0.4205
Module::Signature 0.73
Parse::CPAN::Meta 1.4414
Test::Harness 3.30
Test::More 1.001003
YAML 0.90
YAML::Syck 1.27
version 0.9908
--
Summary of my perl5 (revision 5 version 20 subversion 0) configuration:
Commit id: 54ff0eaa0a8068c19c4e207390dfd6f0a6249cdd
Platform:
osname=linux, osvers=3.13-1-amd64, archname=x86_64-linux-ld
uname='linux k83 3.13-1-amd64 #1 smp debian 3.13.7-1 (2014-03-25) x86_64 gnulinux '
config_args='-Dprefix=/home/sand/src/perl/repoperls/installed-perls/perl/v5.20.0-RC1/127e -Dmyhostname=k83 -Dinstallusrbinperl=n -Uversiononly -Dusedevel -des -Ui_db -Uuseithreads -Duselongdouble -DDEBUGGING=-g'
hint=recommended, useposix=true, d_sigaction=define
useithreads=undef, usemultiplicity=undef
use64bitint=define, use64bitall=define, uselongdouble=define
usemymalloc=n, bincompat5005=undef
Compiler:
cc='cc', ccflags ='-fwrapv -fno-strict-aliasing -pipe -fstack-protector -I/usr/local/include -D_LARGEFILE_SOURCE -D_FILE_OFFSET_BITS=64',
optimize='-O2 -g',
cppflags='-fwrapv -fno-strict-aliasing -pipe -fstack-protector -I/usr/local/include'
ccversion='', gccversion='4.8.2', gccosandvers=''
intsize=4, longsize=8, ptrsize=8, doublesize=8, byteorder=12345678
d_longlong=define, longlongsize=8, d_longdbl=define, longdblsize=16
ivtype='long', ivsize=8, nvtype='long double', nvsize=16, Off_t='off_t', lseeksize=8
alignbytes=16, prototype=define
Linker and Libraries:
ld='cc', ldflags =' -fstack-protector -L/usr/local/lib'
libpth=/usr/local/lib /usr/lib/gcc/x86_64-linux-gnu/4.8/include-fixed /usr/include/x86_64-linux-gnu /usr/lib /lib/x86_64-linux-gnu /lib/../lib /usr/lib/x86_64-linux-gnu /usr/lib/../lib /lib
libs=-lnsl -lgdbm -ldb -ldl -lm -lcrypt -lutil -lc -lgdbm_compat
perllibs=-lnsl -ldl -lm -lcrypt -lutil -lc
libc=libc-2.18.so, so=so, useshrplib=false, libperl=libperl.a
gnulibc_version='2.18'
Dynamic Linking:
dlsrc=dl_dlopen.xs, dlext=so, d_dlsymun=undef, ccdlflags='-Wl,-E'
cccdlflags='-fPIC', lddlflags='-shared -O2 -g -L/usr/local/lib -fstack-protector'
Characteristics of this binary (from libperl):
Compile-time options: HAS_TIMES PERLIO_LAYERS PERL_DONT_CREATE_GVSV
PERL_HASH_FUNC_ONE_AT_A_TIME_HARD PERL_MALLOC_WRAP
PERL_NEW_COPY_ON_WRITE PERL_PRESERVE_IVUV
PERL_USE_DEVEL USE_64_BIT_ALL USE_64_BIT_INT
USE_LARGE_FILES USE_LOCALE USE_LOCALE_COLLATE
USE_LOCALE_CTYPE USE_LOCALE_NUMERIC USE_LONG_DOUBLE
USE_PERLIO USE_PERL_ATOF
Locally applied patches:
RC1
Built under linux
Compiled at May 17 2014 11:13:10
%ENV:
PERL="/tmp/basesmoker-reloperl-eeif/bin/perl"
PERL5LIB=""
PERL5OPT=""
PERL5_CPANPLUS_IS_RUNNING="29961"
PERL5_CPAN_IS_RUNNING="29961"
PERL_MM_USE_DEFAULT="1"
@INC:
/home/sand/src/perl/repoperls/installed-perls/perl/v5.20.0-RC1/127e/lib/site_perl/5.20.0/x86_64-linux-ld
/home/sand/src/perl/repoperls/installed-perls/perl/v5.20.0-RC1/127e/lib/site_perl/5.20.0
/home/sand/src/perl/repoperls/installed-perls/perl/v5.20.0-RC1/127e/lib/5.20.0/x86_64-linux-ld
/home/sand/src/perl/repoperls/installed-perls/perl/v5.20.0-RC1/127e/lib/5.20.0
.