Image-Scale v0.14 Perl 5 v5.24.3 x86_64-linux

Status
Fail
From
Nigel Horne
Dist
Image-Scale v0.14
Platform
Perl 5 v5.24.3 x86_64-linux
Date
2018-03-19 18:34:59
ID
3b048c66-2ba4-11e8-91ce-d3e3deac0b3f
This distribution has been tested as part of the CPAN Testers
project, supporting the Perl programming language.  See
http://wiki.cpantesters.org/ for more information or email
questions to cpan-testers-discuss@perl.org


--
Dear Andy Grundman,

This is a computer-generated report for Image-Scale-0.14
on perl 5.24.3, created by CPAN-Reporter-1.2018.

Thank you for uploading your work to CPAN.  However, there was a problem
testing your distribution.

If you think this report is invalid, please consult the CPAN Testers Wiki
for suggestions on how to avoid getting FAIL reports for missing library
or binary dependencies, unsupported operating systems, and so on:

http://wiki.cpantesters.org/wiki/CPANAuthorNotes

Sections of this report:

    * Tester comments
    * Program output
    * Prerequisites
    * Environment and other context

------------------------------
TESTER COMMENTS
------------------------------

Additional comments from tester:

this report is from an automated smoke testing program
and was not reviewed by a human for accuracy

------------------------------
PROGRAM OUTPUT
------------------------------

Output from '/usr/bin/make test':

"/home/njh/perl5/perlbrew/perls/perl-5.24.3/bin/perl5.24.3" -MExtUtils::Command::MM -e 'cp_nonempty' -- Scale.bs blib/arch/auto/Image/Scale/Scale.bs 644
PERL_DL_NONLAZY=1 "/home/njh/perl5/perlbrew/perls/perl-5.24.3/bin/perl5.24.3" "-MExtUtils::Command::MM" "-MTest::Harness" "-e" "undef *Test::Harness::Switches; test_harness(0, 'blib/lib', 'blib/arch')" t/*.t
t/01use.t .......... ok
t/04critic.t ....... skipped: Critic test only for developers.
t/02pod.t .......... skipped: set TEST_POD to enable this test
t/gif.t ............ skipped: Image::Scale not built with giflib support
Cannot open /tmp/build/Image-Scale-0.14-36/t/tmp/1bit_resize_gd_fixed_point_w127.png at t/bmp.t line 146.
# Looks like your test exited with 2 just after 16.
t/bmp.t ............ 
Dubious, test returned 2 (wstat 512, 0x200)
Failed 14/30 subtests 
Image::Scale cannot open /tmp/build/Image-Scale-0.14-36/t/tmp/rgb_resize_gd_fixed_point_w100.png for writing
# Looks like your test exited with 2 just after 18.
t/png.t ............ 
Dubious, test returned 2 (wstat 512, 0x200)
Failed 28/46 subtests 
Image::Scale cannot open /tmp/build/Image-Scale-0.14-36/t/tmp/truncated_50.jpg for writing
# Looks like your test exited with 2 just after 59.
t/jpeg.t ........... 
Dubious, test returned 2 (wstat 512, 0x200)
Failed 58/117 subtests 
	(less 44 skipped subtests: 15 okay)
t/stringify.t ...... ok
t/03podcoverage.t .. skipped: set TEST_POD to enable this test

Test Summary Report
-------------------
t/bmp.t          (Wstat: 512 Tests: 16 Failed: 0)
  Non-zero exit status: 2
  Parse errors: Bad plan.  You planned 30 tests but ran 16.
t/png.t          (Wstat: 512 Tests: 18 Failed: 0)
  Non-zero exit status: 2
  Parse errors: Bad plan.  You planned 46 tests but ran 18.
t/jpeg.t         (Wstat: 512 Tests: 59 Failed: 0)
  Non-zero exit status: 2
  Parse errors: Bad plan.  You planned 117 tests but ran 59.
Files=9, Tests=97,  0 wallclock secs ( 0.03 usr  0.01 sys +  0.42 cusr  0.16 csys =  0.62 CPU)
Result: FAIL
Failed 3/9 test programs. 0/97 subtests failed.
Makefile:1038: recipe for target 'test_dynamic' failed
make: *** [test_dynamic] Error 255

------------------------------
PREREQUISITES
------------------------------

Prerequisite modules loaded:

requires:

    Module              Need  Have    
    ------------------- ----- --------
    perl                5.008 5.024003
    Test::NoWarnings    0     1.04    

build_requires:

    Module              Need  Have    
    ------------------- ----- --------
    ExtUtils::MakeMaker 0     7.30    

configure_requires:

    Module              Need  Have    
    ------------------- ----- --------
    ExtUtils::MakeMaker 0     7.30    


------------------------------
ENVIRONMENT AND OTHER CONTEXT
------------------------------

Environment variables:

    AUTOMATED_TESTING = 1
    HARNESS_OPTIONS = j10
    LANG = en_GB.UTF-8
    PATH = /home/njh/perl5/perlbrew/bin:/home/njh/perl5/perlbrew/perls/perl-5.24.3/bin:src/njh/smoker/bin:/usr/bin:/bin
    PERL5LIB = /tmp/build/ExtUtils-PkgConfig-1.16-33/blib/arch:/tmp/build/ExtUtils-PkgConfig-1.16-33/blib/lib:/tmp/build/String-CRC32-1.6-35/blib/arch:/tmp/build/String-CRC32-1.6-35/blib/lib:/tmp/build/Digest-SHA1-2.13-35/blib/arch:/tmp/build/Digest-SHA1-2.13-35/blib/lib:/tmp/build/Inline-C-0.78-36/blib/arch:/tmp/build/Inline-C-0.78-36/blib/lib:/tmp/build/Pegex-0.64-36/blib/arch:/tmp/build/Pegex-0.64-36/blib/lib:/tmp/build/Inline-0.80-36/blib/arch:/tmp/build/Inline-0.80-36/blib/lib
    PERL5OPT = 
    PERL5_CPANPLUS_IS_RUNNING = 23286
    PERL5_CPAN_IS_RUNNING = 23286
    PERLBREW_HOME = /home/njh/.perlbrew
    PERLBREW_MANPATH = /home/njh/perl5/perlbrew/perls/perl-5.24.3/man
    PERLBREW_PATH = /home/njh/perl5/perlbrew/bin:/home/njh/perl5/perlbrew/perls/perl-5.24.3/bin
    PERLBREW_PERL = perl-5.24.3
    PERLBREW_ROOT = /home/njh/perl5/perlbrew
    PERLBREW_SHELLRC_VERSION = 0.82
    PERLBREW_VERSION = 0.82
    SHELL = /bin/sh

Perl special variables (and OS-specific diagnostics, for MSWin32):

    $^X = /home/njh/perl5/perlbrew/perls/perl-5.24.3/bin/perl5.24.3
    $UID/$EUID = 1000 / 1000
    $GID = 1000 4 24 25 29 30 44 46 107 112 118 1000
    $EGID = 1000 4 24 25 29 30 44 46 107 112 118 1000

Perl module toolchain versions installed:

    Module              Have      
    ------------------- ----------
    CPAN                2.16      
    CPAN::Meta          2.150005  
    Cwd                 3.63_01   
    ExtUtils::CBuilder  0.280225  
    ExtUtils::Command   7.30      
    ExtUtils::Install   2.06      
    ExtUtils::MakeMaker 7.30      
    ExtUtils::Manifest  1.70      
    ExtUtils::ParseXS   3.31      
    File::Spec          3.63_01   
    JSON                2.94      
    JSON::PP            2.27300_01
    Module::Build       0.4224    
    Module::Signature   n/a       
    Parse::CPAN::Meta   1.4417_001
    Test::Harness       3.36_01   
    Test::More          1.302103  
    YAML                1.24      
    YAML::Syck          1.30      
    version             0.9916    


--

Summary of my perl5 (revision 5 version 24 subversion 3) configuration:
   
  Platform:
    osname=linux, osvers=4.12.0-2-amd64, archname=x86_64-linux
    uname='linux microcenter 4.12.0-2-amd64 #1 smp debian 4.12.13-1 (2017-09-19) x86_64 gnulinux '
    config_args='-de -Dprefix=/home/njh/perl5/perlbrew/perls/perl-5.24.3 -Dusedevel -Accflags= -Aeval:scriptdir=/home/njh/perl5/perlbrew/perls/perl-5.24.3/bin'
    hint=recommended, useposix=true, d_sigaction=define
    useithreads=undef, usemultiplicity=undef
    use64bitint=define, use64bitall=define, uselongdouble=undef
    usemymalloc=n, bincompat5005=undef
  Compiler:
    cc='cc', ccflags ='-fwrapv -fno-strict-aliasing -pipe -fstack-protector-strong -I/usr/local/include -D_LARGEFILE_SOURCE -D_FILE_OFFSET_BITS=64 -D_FORTIFY_SOURCE=2',
    optimize='-O2',
    cppflags='-fwrapv -fno-strict-aliasing -pipe -fstack-protector-strong -I/usr/local/include'
    ccversion='', gccversion='7.2.0', gccosandvers=''
    intsize=4, longsize=8, ptrsize=8, doublesize=8, byteorder=12345678, doublekind=3
    d_longlong=define, longlongsize=8, d_longdbl=define, longdblsize=16, longdblkind=3
    ivtype='long', ivsize=8, nvtype='double', nvsize=8, Off_t='off_t', lseeksize=8
    alignbytes=8, prototype=define
  Linker and Libraries:
    ld='cc', ldflags =' -fstack-protector-strong -L/usr/local/lib'
    libpth=/usr/local/lib /usr/lib/gcc/x86_64-linux-gnu/7/include-fixed /usr/include/x86_64-linux-gnu /usr/lib /lib/x86_64-linux-gnu /lib/../lib /usr/lib/x86_64-linux-gnu /usr/lib/../lib /lib
    libs=-lpthread -lnsl -lgdbm -ldb -ldl -lm -lcrypt -lutil -lc -lgdbm_compat
    perllibs=-lpthread -lnsl -ldl -lm -lcrypt -lutil -lc
    libc=libc-2.24.so, so=so, useshrplib=false, libperl=libperl.a
    gnulibc_version='2.24'
  Dynamic Linking:
    dlsrc=dl_dlopen.xs, dlext=so, d_dlsymun=undef, ccdlflags='-Wl,-E'
    cccdlflags='-fPIC', lddlflags='-shared -O2 -L/usr/local/lib -fstack-protector-strong'


Characteristics of this binary (from libperl): 
  Compile-time options: HAS_TIMES PERLIO_LAYERS PERL_COPY_ON_WRITE
                        PERL_DONT_CREATE_GVSV
                        PERL_HASH_FUNC_ONE_AT_A_TIME_HARD PERL_MALLOC_WRAP
                        PERL_PRESERVE_IVUV PERL_USE_DEVEL USE_64_BIT_ALL
                        USE_64_BIT_INT USE_LARGE_FILES USE_LOCALE
                        USE_LOCALE_COLLATE USE_LOCALE_CTYPE
                        USE_LOCALE_NUMERIC USE_LOCALE_TIME USE_PERLIO
                        USE_PERL_ATOF
  Built under linux
  Compiled at Oct  4 2017 06:14:56
  %ENV:
    PERL5LIB="/tmp/build/ExtUtils-PkgConfig-1.16-33/blib/arch:/tmp/build/ExtUtils-PkgConfig-1.16-33/blib/lib:/tmp/build/String-CRC32-1.6-35/blib/arch:/tmp/build/String-CRC32-1.6-35/blib/lib:/tmp/build/Digest-SHA1-2.13-35/blib/arch:/tmp/build/Digest-SHA1-2.13-35/blib/lib:/tmp/build/Inline-C-0.78-36/blib/arch:/tmp/build/Inline-C-0.78-36/blib/lib:/tmp/build/Pegex-0.64-36/blib/arch:/tmp/build/Pegex-0.64-36/blib/lib:/tmp/build/Inline-0.80-36/blib/arch:/tmp/build/Inline-0.80-36/blib/lib"
    PERL5OPT=""
    PERL5_CPANPLUS_IS_RUNNING="23286"
    PERL5_CPAN_IS_RUNNING="23286"
    PERLBREW_HOME="/home/njh/.perlbrew"
    PERLBREW_MANPATH="/home/njh/perl5/perlbrew/perls/perl-5.24.3/man"
    PERLBREW_PATH="/home/njh/perl5/perlbrew/bin:/home/njh/perl5/perlbrew/perls/perl-5.24.3/bin"
    PERLBREW_PERL="perl-5.24.3"
    PERLBREW_ROOT="/home/njh/perl5/perlbrew"
    PERLBREW_SHELLRC_VERSION="0.82"
    PERLBREW_VERSION="0.82"
  @INC:
    /tmp/build/ExtUtils-PkgConfig-1.16-33/blib/arch
    /tmp/build/ExtUtils-PkgConfig-1.16-33/blib/lib
    /tmp/build/String-CRC32-1.6-35/blib/arch
    /tmp/build/String-CRC32-1.6-35/blib/lib
    /tmp/build/Digest-SHA1-2.13-35/blib/arch
    /tmp/build/Digest-SHA1-2.13-35/blib/lib
    /tmp/build/Inline-C-0.78-36/blib/arch
    /tmp/build/Inline-C-0.78-36/blib/lib
    /tmp/build/Pegex-0.64-36/blib/arch
    /tmp/build/Pegex-0.64-36/blib/lib
    /tmp/build/Inline-0.80-36/blib/arch
    /tmp/build/Inline-0.80-36/blib/lib
    /home/njh/perl5/perlbrew/perls/perl-5.24.3/lib/site_perl/5.24.3/x86_64-linux
    /home/njh/perl5/perlbrew/perls/perl-5.24.3/lib/site_perl/5.24.3
    /home/njh/perl5/perlbrew/perls/perl-5.24.3/lib/5.24.3/x86_64-linux
    /home/njh/perl5/perlbrew/perls/perl-5.24.3/lib/5.24.3
    .