App-oo_modulino_zsh_completion_helper v0.02 Perl 5 v5.14.4 x86_64-linux-thread-multi

Status
Fail
From
David Cantrell (DCANTRELL)
Dist
App-oo_modulino_zsh_completion_helper v0.02
Platform
Perl 5 v5.14.4 x86_64-linux-thread-multi
Date
2020-11-24 16:15:13
ID
3bd3c482-2e70-11eb-bc8f-0e82a1724e2f
This distribution has been tested as part of the CPAN Testers
project, supporting the Perl programming language.  See
http://wiki.cpantesters.org/ for more information or email
questions to cpan-testers-discuss@perl.org


--
Dear KOBAYASHI, Hiroaki,

This is a computer-generated report for App-oo_modulino_zsh_completion_helper-0.02
on perl 5.14.4, created by CPAN-Reporter-1.2018.

Thank you for uploading your work to CPAN.  However, there was a problem
testing your distribution.

If you think this report is invalid, please consult the CPAN Testers Wiki
for suggestions on how to avoid getting FAIL reports for missing library
or binary dependencies, unsupported operating systems, and so on:

http://wiki.cpantesters.org/wiki/CPANAuthorNotes

Sections of this report:

    * Tester comments
    * Program output
    * Prerequisites
    * Environment and other context

------------------------------
TESTER COMMENTS
------------------------------

Additional comments from tester:

this report is from an automated smoke testing program
and was not reviewed by a human for accuracy

------------------------------
PROGRAM OUTPUT
------------------------------

Output from './Build test':

t/00_compile.t ...... ok
Can't locate MOP4Import/Base/CLI_JSON.pm in @INC (you may need to install the MOP4Import::Base::CLI_JSON module) (@INC contains: /home/david/cpantesting/perl-5.14.4/.cpan/build/App-oo_modulino_zsh_completion_helper-0.02-kiNwEJ/script/../lib /home/david/cpantesting/perl-5.14.4/.cpan/build/App-oo_modulino_zsh_completion_helper-0.02-kiNwEJ/blib/lib /home/david/cpantesting/perl-5.14.4/.cpan/build/App-oo_modulino_zsh_completion_helper-0.02-kiNwEJ/blib/arch /home/david/cpantesting/perl-5.14.4/.cpan/build/App-oo_modulino_zsh_completion_helper-0.02-kiNwEJ/misc/cpan /etc/perl /usr/local/lib/x86_64-linux-gnu/perl/5.24.1 /usr/local/share/perl/5.24.1 /usr/lib/x86_64-linux-gnu/perl5/5.24 /usr/share/perl5 /usr/lib/x86_64-linux-gnu/perl/5.24 /usr/share/perl/5.24 /usr/local/lib/site_perl /usr/lib/x86_64-linux-gnu/perl-base) at /home/david/cpantesting/perl-5.14.4/.cpan/build/App-oo_modulino_zsh_completion_helper-0.02-kiNwEJ/script/../lib/App/oo_modulino_zsh_completion_helper.pm line 11.
BEGIN failed--compilation aborted at /home/david/cpantesting/perl-5.14.4/.cpan/build/App-oo_modulino_zsh_completion_helper-0.02-kiNwEJ/script/../lib/App/oo_modulino_zsh_completion_helper.pm line 11.
Compilation failed in require at /home/david/cpantesting/perl-5.14.4/.cpan/build/App-oo_modulino_zsh_completion_helper-0.02-kiNwEJ/t/../script/oo_modulino_zsh_completion_helper.pl line 9.
BEGIN failed--compilation aborted at /home/david/cpantesting/perl-5.14.4/.cpan/build/App-oo_modulino_zsh_completion_helper-0.02-kiNwEJ/t/../script/oo_modulino_zsh_completion_helper.pl line 9.

#   Failed test 'All methods'
#   at t/10_method_list.t line 16.
#          got: ''
#     expected: 'hello
# hi
# '
Can't locate MOP4Import/Base/CLI_JSON.pm in @INC (you may need to install the MOP4Import::Base::CLI_JSON module) (@INC contains: /home/david/cpantesting/perl-5.14.4/.cpan/build/App-oo_modulino_zsh_completion_helper-0.02-kiNwEJ/script/../lib /home/david/cpantesting/perl-5.14.4/.cpan/build/App-oo_modulino_zsh_completion_helper-0.02-kiNwEJ/blib/lib /home/david/cpantesting/perl-5.14.4/.cpan/build/App-oo_modulino_zsh_completion_helper-0.02-kiNwEJ/blib/arch /home/david/cpantesting/perl-5.14.4/.cpan/build/App-oo_modulino_zsh_completion_helper-0.02-kiNwEJ/misc/cpan /etc/perl /usr/local/lib/x86_64-linux-gnu/perl/5.24.1 /usr/local/share/perl/5.24.1 /usr/lib/x86_64-linux-gnu/perl5/5.24 /usr/share/perl5 /usr/lib/x86_64-linux-gnu/perl/5.24 /usr/share/perl/5.24 /usr/local/lib/site_perl /usr/lib/x86_64-linux-gnu/perl-base) at /home/david/cpantesting/perl-5.14.4/.cpan/build/App-oo_modulino_zsh_completion_helper-0.02-kiNwEJ/script/../lib/App/oo_modulino_zsh_completion_helper.pm line 11.
BEGIN failed--compilation aborted at /home/david/cpantesting/perl-5.14.4/.cpan/build/App-oo_modulino_zsh_completion_helper-0.02-kiNwEJ/script/../lib/App/oo_modulino_zsh_completion_helper.pm line 11.
Compilation failed in require at /home/david/cpantesting/perl-5.14.4/.cpan/build/App-oo_modulino_zsh_completion_helper-0.02-kiNwEJ/t/../script/oo_modulino_zsh_completion_helper.pl line 9.
BEGIN failed--compilation aborted at /home/david/cpantesting/perl-5.14.4/.cpan/build/App-oo_modulino_zsh_completion_helper-0.02-kiNwEJ/t/../script/oo_modulino_zsh_completion_helper.pl line 9.

#   Failed test 'Methods which match given prefix'
#   at t/10_method_list.t line 22.
#          got: ''
#     expected: 'hello
# '
Can't locate MOP4Import/Base/CLI_JSON.pm in @INC (you may need to install the MOP4Import::Base::CLI_JSON module) (@INC contains: /home/david/cpantesting/perl-5.14.4/.cpan/build/App-oo_modulino_zsh_completion_helper-0.02-kiNwEJ/script/../lib /home/david/cpantesting/perl-5.14.4/.cpan/build/App-oo_modulino_zsh_completion_helper-0.02-kiNwEJ/blib/lib /home/david/cpantesting/perl-5.14.4/.cpan/build/App-oo_modulino_zsh_completion_helper-0.02-kiNwEJ/blib/arch /home/david/cpantesting/perl-5.14.4/.cpan/build/App-oo_modulino_zsh_completion_helper-0.02-kiNwEJ/misc/cpan /etc/perl /usr/local/lib/x86_64-linux-gnu/perl/5.24.1 /usr/local/share/perl/5.24.1 /usr/lib/x86_64-linux-gnu/perl5/5.24 /usr/share/perl5 /usr/lib/x86_64-linux-gnu/perl/5.24 /usr/share/perl/5.24 /usr/local/lib/site_perl /usr/lib/x86_64-linux-gnu/perl-base) at /home/david/cpantesting/perl-5.14.4/.cpan/build/App-oo_modulino_zsh_completion_helper-0.02-kiNwEJ/script/../lib/App/oo_modulino_zsh_completion_helper.pm line 11.
BEGIN failed--compilation aborted at /home/david/cpantesting/perl-5.14.4/.cpan/build/App-oo_modulino_zsh_completion_helper-0.02-kiNwEJ/script/../lib/App/oo_modulino_zsh_completion_helper.pm line 11.
Compilation failed in require at /home/david/cpantesting/perl-5.14.4/.cpan/build/App-oo_modulino_zsh_completion_helper-0.02-kiNwEJ/t/../script/oo_modulino_zsh_completion_helper.pl line 9.
BEGIN failed--compilation aborted at /home/david/cpantesting/perl-5.14.4/.cpan/build/App-oo_modulino_zsh_completion_helper-0.02-kiNwEJ/t/../script/oo_modulino_zsh_completion_helper.pl line 9.

#   Failed test 'All methods except inherited ones'
#   at t/10_method_list.t line 33.
#          got: ''
#     expected: 'good_afternoon
# good_evening
# good_morning
# '
Can't locate MOP4Import/Base/CLI_JSON.pm in @INC (you may need to install the MOP4Import::Base::CLI_JSON module) (@INC contains: /home/david/cpantesting/perl-5.14.4/.cpan/build/App-oo_modulino_zsh_completion_helper-0.02-kiNwEJ/script/../lib /home/david/cpantesting/perl-5.14.4/.cpan/build/App-oo_modulino_zsh_completion_helper-0.02-kiNwEJ/blib/lib /home/david/cpantesting/perl-5.14.4/.cpan/build/App-oo_modulino_zsh_completion_helper-0.02-kiNwEJ/blib/arch /home/david/cpantesting/perl-5.14.4/.cpan/build/App-oo_modulino_zsh_completion_helper-0.02-kiNwEJ/misc/cpan /etc/perl /usr/local/lib/x86_64-linux-gnu/perl/5.24.1 /usr/local/share/perl/5.24.1 /usr/lib/x86_64-linux-gnu/perl5/5.24 /usr/share/perl5 /usr/lib/x86_64-linux-gnu/perl/5.24 /usr/share/perl/5.24 /usr/local/lib/site_perl /usr/lib/x86_64-linux-gnu/perl-base) at /home/david/cpantesting/perl-5.14.4/.cpan/build/App-oo_modulino_zsh_completion_helper-0.02-kiNwEJ/script/../lib/App/oo_modulino_zsh_completion_helper.pm line 11.
BEGIN failed--compilation aborted at /home/david/cpantesting/perl-5.14.4/.cpan/build/App-oo_modulino_zsh_completion_helper-0.02-kiNwEJ/script/../lib/App/oo_modulino_zsh_completion_helper.pm line 11.
Compilation failed in require at /home/david/cpantesting/perl-5.14.4/.cpan/build/App-oo_modulino_zsh_completion_helper-0.02-kiNwEJ/t/../script/oo_modulino_zsh_completion_helper.pl line 9.
BEGIN failed--compilation aborted at /home/david/cpantesting/perl-5.14.4/.cpan/build/App-oo_modulino_zsh_completion_helper-0.02-kiNwEJ/t/../script/oo_modulino_zsh_completion_helper.pl line 9.

#   Failed test 'All methods including inherited ones'
#   at t/10_method_list.t line 40.
#          got: ''
#     expected: 'good_afternoon
# good_evening
# good_morning
# hello
# hi
# '
# Looks like you failed 4 tests of 4.
t/10_method_list.t .. 
Dubious, test returned 4 (wstat 1024, 0x400)
Failed 4/4 subtests 
Can't locate MOP4Import/Base/CLI_JSON.pm in @INC (you may need to install the MOP4Import::Base::CLI_JSON module) (@INC contains: /home/david/cpantesting/perl-5.14.4/.cpan/build/App-oo_modulino_zsh_completion_helper-0.02-kiNwEJ/script/../lib /home/david/cpantesting/perl-5.14.4/.cpan/build/App-oo_modulino_zsh_completion_helper-0.02-kiNwEJ/blib/lib /home/david/cpantesting/perl-5.14.4/.cpan/build/App-oo_modulino_zsh_completion_helper-0.02-kiNwEJ/blib/arch /home/david/cpantesting/perl-5.14.4/.cpan/build/App-oo_modulino_zsh_completion_helper-0.02-kiNwEJ/misc/cpan /etc/perl /usr/local/lib/x86_64-linux-gnu/perl/5.24.1 /usr/local/share/perl/5.24.1 /usr/lib/x86_64-linux-gnu/perl5/5.24 /usr/share/perl5 /usr/lib/x86_64-linux-gnu/perl/5.24 /usr/share/perl/5.24 /usr/local/lib/site_perl /usr/lib/x86_64-linux-gnu/perl-base) at /home/david/cpantesting/perl-5.14.4/.cpan/build/App-oo_modulino_zsh_completion_helper-0.02-kiNwEJ/script/../lib/App/oo_modulino_zsh_completion_helper.pm line 11.
BEGIN failed--compilation aborted at /home/david/cpantesting/perl-5.14.4/.cpan/build/App-oo_modulino_zsh_completion_helper-0.02-kiNwEJ/script/../lib/App/oo_modulino_zsh_completion_helper.pm line 11.
Compilation failed in require at /home/david/cpantesting/perl-5.14.4/.cpan/build/App-oo_modulino_zsh_completion_helper-0.02-kiNwEJ/t/../script/oo_modulino_zsh_completion_helper.pl line 9.
BEGIN failed--compilation aborted at /home/david/cpantesting/perl-5.14.4/.cpan/build/App-oo_modulino_zsh_completion_helper-0.02-kiNwEJ/t/../script/oo_modulino_zsh_completion_helper.pl line 9.

#   Failed test 'All options (== fields)'
#   at t/20_option_list.t line 16.
#          got: ''
#     expected: '--name=-
# --no-thanx=-
# --x=-
# --y=-
# '
Can't locate MOP4Import/Base/CLI_JSON.pm in @INC (you may need to install the MOP4Import::Base::CLI_JSON module) (@INC contains: /home/david/cpantesting/perl-5.14.4/.cpan/build/App-oo_modulino_zsh_completion_helper-0.02-kiNwEJ/script/../lib /home/david/cpantesting/perl-5.14.4/.cpan/build/App-oo_modulino_zsh_completion_helper-0.02-kiNwEJ/blib/lib /home/david/cpantesting/perl-5.14.4/.cpan/build/App-oo_modulino_zsh_completion_helper-0.02-kiNwEJ/blib/arch /home/david/cpantesting/perl-5.14.4/.cpan/build/App-oo_modulino_zsh_completion_helper-0.02-kiNwEJ/misc/cpan /etc/perl /usr/local/lib/x86_64-linux-gnu/perl/5.24.1 /usr/local/share/perl/5.24.1 /usr/lib/x86_64-linux-gnu/perl5/5.24 /usr/share/perl5 /usr/lib/x86_64-linux-gnu/perl/5.24 /usr/share/perl/5.24 /usr/local/lib/site_perl /usr/lib/x86_64-linux-gnu/perl-base) at /home/david/cpantesting/perl-5.14.4/.cpan/build/App-oo_modulino_zsh_completion_helper-0.02-kiNwEJ/script/../lib/App/oo_modulino_zsh_completion_helper.pm line 11.
BEGIN failed--compilation aborted at /home/david/cpantesting/perl-5.14.4/.cpan/build/App-oo_modulino_zsh_completion_helper-0.02-kiNwEJ/script/../lib/App/oo_modulino_zsh_completion_helper.pm line 11.
Compilation failed in require at /home/david/cpantesting/perl-5.14.4/.cpan/build/App-oo_modulino_zsh_completion_helper-0.02-kiNwEJ/t/../script/oo_modulino_zsh_completion_helper.pl line 9.
BEGIN failed--compilation aborted at /home/david/cpantesting/perl-5.14.4/.cpan/build/App-oo_modulino_zsh_completion_helper-0.02-kiNwEJ/t/../script/oo_modulino_zsh_completion_helper.pl line 9.

#   Failed test 'Option leader(--) is ignored'
#   at t/20_option_list.t line 24.
#          got: ''
#     expected: '--name=-
# --no-thanx=-
# --x=-
# --y=-
# '
Can't locate MOP4Import/Base/CLI_JSON.pm in @INC (you may need to install the MOP4Import::Base::CLI_JSON module) (@INC contains: /home/david/cpantesting/perl-5.14.4/.cpan/build/App-oo_modulino_zsh_completion_helper-0.02-kiNwEJ/script/../lib /home/david/cpantesting/perl-5.14.4/.cpan/build/App-oo_modulino_zsh_completion_helper-0.02-kiNwEJ/blib/lib /home/david/cpantesting/perl-5.14.4/.cpan/build/App-oo_modulino_zsh_completion_helper-0.02-kiNwEJ/blib/arch /home/david/cpantesting/perl-5.14.4/.cpan/build/App-oo_modulino_zsh_completion_helper-0.02-kiNwEJ/misc/cpan /etc/perl /usr/local/lib/x86_64-linux-gnu/perl/5.24.1 /usr/local/share/perl/5.24.1 /usr/lib/x86_64-linux-gnu/perl5/5.24 /usr/share/perl5 /usr/lib/x86_64-linux-gnu/perl/5.24 /usr/share/perl/5.24 /usr/local/lib/site_perl /usr/lib/x86_64-linux-gnu/perl-base) at /home/david/cpantesting/perl-5.14.4/.cpan/build/App-oo_modulino_zsh_completion_helper-0.02-kiNwEJ/script/../lib/App/oo_modulino_zsh_completion_helper.pm line 11.
BEGIN failed--compilation aborted at /home/david/cpantesting/perl-5.14.4/.cpan/build/App-oo_modulino_zsh_completion_helper-0.02-kiNwEJ/script/../lib/App/oo_modulino_zsh_completion_helper.pm line 11.
Compilation failed in require at /home/david/cpantesting/perl-5.14.4/.cpan/build/App-oo_modulino_zsh_completion_helper-0.02-kiNwEJ/t/../script/oo_modulino_zsh_completion_helper.pl line 9.
BEGIN failed--compilation aborted at /home/david/cpantesting/perl-5.14.4/.cpan/build/App-oo_modulino_zsh_completion_helper-0.02-kiNwEJ/t/../script/oo_modulino_zsh_completion_helper.pl line 9.

#   Failed test 'Options which match given prefix'
#   at t/20_option_list.t line 32.
#          got: ''
#     expected: '--name=-
# --no-thanx=-
# '
Can't locate MOP4Import/Base/CLI_JSON.pm in @INC (you may need to install the MOP4Import::Base::CLI_JSON module) (@INC contains: /home/david/cpantesting/perl-5.14.4/.cpan/build/App-oo_modulino_zsh_completion_helper-0.02-kiNwEJ/script/../lib /home/david/cpantesting/perl-5.14.4/.cpan/build/App-oo_modulino_zsh_completion_helper-0.02-kiNwEJ/blib/lib /home/david/cpantesting/perl-5.14.4/.cpan/build/App-oo_modulino_zsh_completion_helper-0.02-kiNwEJ/blib/arch /home/david/cpantesting/perl-5.14.4/.cpan/build/App-oo_modulino_zsh_completion_helper-0.02-kiNwEJ/misc/cpan /etc/perl /usr/local/lib/x86_64-linux-gnu/perl/5.24.1 /usr/local/share/perl/5.24.1 /usr/lib/x86_64-linux-gnu/perl5/5.24 /usr/share/perl5 /usr/lib/x86_64-linux-gnu/perl/5.24 /usr/share/perl/5.24 /usr/local/lib/site_perl /usr/lib/x86_64-linux-gnu/perl-base) at /home/david/cpantesting/perl-5.14.4/.cpan/build/App-oo_modulino_zsh_completion_helper-0.02-kiNwEJ/script/../lib/App/oo_modulino_zsh_completion_helper.pm line 11.
BEGIN failed--compilation aborted at /home/david/cpantesting/perl-5.14.4/.cpan/build/App-oo_modulino_zsh_completion_helper-0.02-kiNwEJ/script/../lib/App/oo_modulino_zsh_completion_helper.pm line 11.
Compilation failed in require at /home/david/cpantesting/perl-5.14.4/.cpan/build/App-oo_modulino_zsh_completion_helper-0.02-kiNwEJ/t/../script/oo_modulino_zsh_completion_helper.pl line 9.
BEGIN failed--compilation aborted at /home/david/cpantesting/perl-5.14.4/.cpan/build/App-oo_modulino_zsh_completion_helper-0.02-kiNwEJ/t/../script/oo_modulino_zsh_completion_helper.pl line 9.

#   Failed test 'All options (== fields) including inherited ones'
#   at t/20_option_list.t line 44.
#          got: ''
#     expected: '--height=-
# --name=-
# --no-thanx=-
# --width=-
# --x=-
# --y=-
# '
# Looks like you failed 4 tests of 4.
t/20_option_list.t .. 
Dubious, test returned 4 (wstat 1024, 0x400)
Failed 4/4 subtests 
Can't locate MOP4Import/Base/CLI_JSON.pm in @INC (you may need to install the MOP4Import::Base::CLI_JSON module) (@INC contains: /home/david/cpantesting/perl-5.14.4/.cpan/build/App-oo_modulino_zsh_completion_helper-0.02-kiNwEJ/script/../lib /home/david/cpantesting/perl-5.14.4/.cpan/build/App-oo_modulino_zsh_completion_helper-0.02-kiNwEJ/blib/lib /home/david/cpantesting/perl-5.14.4/.cpan/build/App-oo_modulino_zsh_completion_helper-0.02-kiNwEJ/blib/arch /home/david/cpantesting/perl-5.14.4/.cpan/build/App-oo_modulino_zsh_completion_helper-0.02-kiNwEJ/misc/cpan /etc/perl /usr/local/lib/x86_64-linux-gnu/perl/5.24.1 /usr/local/share/perl/5.24.1 /usr/lib/x86_64-linux-gnu/perl5/5.24 /usr/share/perl5 /usr/lib/x86_64-linux-gnu/perl/5.24 /usr/share/perl/5.24 /usr/local/lib/site_perl /usr/lib/x86_64-linux-gnu/perl-base) at /home/david/cpantesting/perl-5.14.4/.cpan/build/App-oo_modulino_zsh_completion_helper-0.02-kiNwEJ/script/../lib/App/oo_modulino_zsh_completion_helper.pm line 11.
BEGIN failed--compilation aborted at /home/david/cpantesting/perl-5.14.4/.cpan/build/App-oo_modulino_zsh_completion_helper-0.02-kiNwEJ/script/../lib/App/oo_modulino_zsh_completion_helper.pm line 11.
Compilation failed in require at /home/david/cpantesting/perl-5.14.4/.cpan/build/App-oo_modulino_zsh_completion_helper-0.02-kiNwEJ/t/../script/oo_modulino_zsh_completion_helper.pl line 9.
BEGIN failed--compilation aborted at /home/david/cpantesting/perl-5.14.4/.cpan/build/App-oo_modulino_zsh_completion_helper-0.02-kiNwEJ/t/../script/oo_modulino_zsh_completion_helper.pl line 9.

#   Failed test 'All methods with :Doc()'
#   at t/30_m4i_d.t line 16.
#          got: ''
#     expected: 'hello:Say hello to someone
# hi:Say Hi to someone
# '
Can't locate MOP4Import/Base/CLI_JSON.pm in @INC (you may need to install the MOP4Import::Base::CLI_JSON module) (@INC contains: /home/david/cpantesting/perl-5.14.4/.cpan/build/App-oo_modulino_zsh_completion_helper-0.02-kiNwEJ/script/../lib /home/david/cpantesting/perl-5.14.4/.cpan/build/App-oo_modulino_zsh_completion_helper-0.02-kiNwEJ/blib/lib /home/david/cpantesting/perl-5.14.4/.cpan/build/App-oo_modulino_zsh_completion_helper-0.02-kiNwEJ/blib/arch /home/david/cpantesting/perl-5.14.4/.cpan/build/App-oo_modulino_zsh_completion_helper-0.02-kiNwEJ/misc/cpan /etc/perl /usr/local/lib/x86_64-linux-gnu/perl/5.24.1 /usr/local/share/perl/5.24.1 /usr/lib/x86_64-linux-gnu/perl5/5.24 /usr/share/perl5 /usr/lib/x86_64-linux-gnu/perl/5.24 /usr/share/perl/5.24 /usr/local/lib/site_perl /usr/lib/x86_64-linux-gnu/perl-base) at /home/david/cpantesting/perl-5.14.4/.cpan/build/App-oo_modulino_zsh_completion_helper-0.02-kiNwEJ/script/../lib/App/oo_modulino_zsh_completion_helper.pm line 11.
BEGIN failed--compilation aborted at /home/david/cpantesting/perl-5.14.4/.cpan/build/App-oo_modulino_zsh_completion_helper-0.02-kiNwEJ/script/../lib/App/oo_modulino_zsh_completion_helper.pm line 11.
Compilation failed in require at /home/david/cpantesting/perl-5.14.4/.cpan/build/App-oo_modulino_zsh_completion_helper-0.02-kiNwEJ/t/../script/oo_modulino_zsh_completion_helper.pl line 9.
BEGIN failed--compilation aborted at /home/david/cpantesting/perl-5.14.4/.cpan/build/App-oo_modulino_zsh_completion_helper-0.02-kiNwEJ/t/../script/oo_modulino_zsh_completion_helper.pl line 9.

#   Failed test 'All options with doc'
#   at t/30_m4i_d.t line 22.
#          got: ''
#     expected: '--name=-[Name of someone to be greeted]
# --no-thanx=-
# --x=-
# --y=-
# '
# Looks like you failed 2 tests of 2.
t/30_m4i_d.t ........ 
Dubious, test returned 2 (wstat 512, 0x200)
Failed 2/2 subtests 

Test Summary Report
-------------------
t/10_method_list.t (Wstat: 1024 Tests: 4 Failed: 4)
  Failed tests:  1-4
  Non-zero exit status: 4
t/20_option_list.t (Wstat: 1024 Tests: 4 Failed: 4)
  Failed tests:  1-4
  Non-zero exit status: 4
t/30_m4i_d.t      (Wstat: 512 Tests: 2 Failed: 2)
  Failed tests:  1-2
  Non-zero exit status: 2
Files=4, Tests=11,  5 wallclock secs ( 0.02 usr  0.01 sys +  0.47 cusr  0.08 csys =  0.58 CPU)
Result: FAIL
Failed 3/4 test programs. 10/11 subtests failed.

------------------------------
PREREQUISITES
------------------------------

Prerequisite modules loaded:

requires:

    Module              Need  Have    
    ------------------- ----- --------
    Module::Runtime     0     0.016   
    MOP4Import::Declare 0.050 0.052   
    perl                5.010 5.014004

build_requires:

    Module              Need  Have    
    ------------------- ----- --------
    File::AddInc        0     0.002   
    Test::More          0.98  1.302183

configure_requires:

    Module              Need  Have    
    ------------------- ----- --------
    Module::Build       0     0.4231  
    Module::CPANfile    0     1.1004  


------------------------------
ENVIRONMENT AND OTHER CONTEXT
------------------------------

Environment variables:

    AUTOMATED_TESTING = 1
    LANG = en_US.UTF-8
    NONINTERACTIVE_TESTING = 1
    PATH = /usr/local/bin:/usr/bin:/bin:/usr/local/games:/usr/games
    PERL = 5.14.4
    PERL5LIB = 
    PERL5OPT = 
    PERL5_CPANPLUS_IS_RUNNING = 7210
    PERL5_CPAN_IS_RUNNING = 7210
    PERLVER = 5.14.4
    PERL_INLINE_DIRECTORY = /home/david/.Inline-5.14.4
    PERL_MM_USE_DEFAULT = 1
    PERL_USE_UNSAFE_INC = 0
    SHELL = /bin/bash
    TERM = screen

Perl special variables (and OS-specific diagnostics, for MSWin32):

    $^X = /home/david/cpantesting/perl-5.14.4/bin/perl
    $UID/$EUID = 1000 / 1000
    $GID = 1000 27 1000
    $EGID = 1000 27 1000

Perl module toolchain versions installed:

    Module              Have     
    ------------------- ---------
    CPAN                1.9600_01
    CPAN::Meta          2.143240 
    Cwd                 3.36     
    ExtUtils::CBuilder  0.280203 
    ExtUtils::Command   7.34     
    ExtUtils::Install   2.06     
    ExtUtils::MakeMaker 7.34     
    ExtUtils::Manifest  1.70     
    ExtUtils::ParseXS   3.35     
    File::Spec          3.33     
    JSON                4.02     
    JSON::PP            4.02     
    Module::Build       0.4231   
    Module::Signature   n/a      
    Parse::CPAN::Meta   1.4414   
    Test::Harness       3.42     
    Test::More          1.302183 
    YAML                1.30     
    YAML::Syck          1.34     
    version             0.9928   


--

Summary of my perl5 (revision 5 version 14 subversion 4) configuration:
   
  Platform:
    osname=linux, osvers=4.9.0-8-amd64, archname=x86_64-linux-thread-multi
    uname='linux pigsty 4.9.0-8-amd64 #1 smp debian 4.9.144-3 (2019-02-02) x86_64 gnulinux '
    config_args='-de -Duse64bitall -Dusethreads -Dprefix=/home/david/cpantesting/perl-5.14.4 -A ccflags=-fwrapv'
    hint=previous, useposix=true, d_sigaction=define
    useithreads=define, usemultiplicity=define
    useperlio=define, d_sfio=undef, uselargefiles=define, usesocks=undef
    use64bitint=define, use64bitall=define, uselongdouble=undef
    usemymalloc=n, bincompat5005=undef
  Compiler:
    cc='cc', ccflags ='-D_REENTRANT -D_GNU_SOURCE -fwrapv -fno-strict-aliasing -pipe -fstack-protector -I/usr/local/include -D_LARGEFILE_SOURCE -D_FILE_OFFSET_BITS=64 -fwrapv -fwrapv',
    optimize='-O2',
    cppflags='-D_REENTRANT -D_GNU_SOURCE -fwrapv -fno-strict-aliasing -pipe -fstack-protector -I/usr/local/include -D_REENTRANT -D_GNU_SOURCE -fwrapv -fno-strict-aliasing -pipe -fstack-protector -I/usr/local/include -D_LARGEFILE_SOURCE -D_FILE_OFFSET_BITS=64 -fwrapv -D_REENTRANT -D_GNU_SOURCE -fwrapv -fno-strict-aliasing -pipe -fstack-protector -I/usr/local/include -D_LARGEFILE_SOURCE -D_FILE_OFFSET_BITS=64 -fwrapv -fwrapv'
    ccversion='', gccversion='6.3.0 20170516', gccosandvers=''
    intsize=4, longsize=8, ptrsize=8, doublesize=8, byteorder=12345678
    d_longlong=define, longlongsize=8, d_longdbl=define, longdblsize=16
    ivtype='long', ivsize=8, nvtype='double', nvsize=8, Off_t='off_t', lseeksize=8
    alignbytes=8, prototype=define
  Linker and Libraries:
    ld='cc', ldflags =' -fstack-protector -L/usr/local/lib'
    libpth=/usr/local/lib /lib/x86_64-linux-gnu /lib/../lib /usr/lib/x86_64-linux-gnu /usr/lib/../lib /lib /usr/lib
    libs=-lnsl -ldb -ldl -lm -lcrypt -lutil -lpthread -lc
    perllibs=-lnsl -ldl -lm -lcrypt -lutil -lpthread -lc
    libc=libc-2.24.so, so=so, useshrplib=false, libperl=libperl.a
    gnulibc_version='2.24'
  Dynamic Linking:
    dlsrc=dl_dlopen.xs, dlext=so, d_dlsymun=undef, ccdlflags='-Wl,-E'
    cccdlflags='-fPIC', lddlflags='-shared -O2 -L/usr/local/lib -fstack-protector'


Characteristics of this binary (from libperl): 
  Compile-time options: MULTIPLICITY PERL_DONT_CREATE_GVSV
                        PERL_IMPLICIT_CONTEXT PERL_MALLOC_WRAP
                        PERL_PRESERVE_IVUV USE_64_BIT_ALL USE_64_BIT_INT
                        USE_ITHREADS USE_LARGE_FILES USE_PERLIO USE_PERL_ATOF
                        USE_REENTRANT_API
  Locally applied patches:
	Devel::PatchPerl 1.56
  Built under linux
  Compiled at Apr 25 2019 22:16:53
  %ENV:
    PERL="5.14.4"
    PERL5LIB=""
    PERL5OPT=""
    PERL5_CPANPLUS_IS_RUNNING="7210"
    PERL5_CPAN_IS_RUNNING="7210"
    PERLVER="5.14.4"
    PERL_INLINE_DIRECTORY="/home/david/.Inline-5.14.4"
    PERL_MM_USE_DEFAULT="1"
    PERL_USE_UNSAFE_INC="0"
  @INC:
    /home/david/cpantesting/perl-5.14.4/lib/site_perl/5.14.4/x86_64-linux-thread-multi
    /home/david/cpantesting/perl-5.14.4/lib/site_perl/5.14.4
    /home/david/cpantesting/perl-5.14.4/lib/5.14.4/x86_64-linux-thread-multi
    /home/david/cpantesting/perl-5.14.4/lib/5.14.4
    .