Monitoring-GLPlugin v2.4.14.6 Perl 5 v5.14.4 x86_64-linux
- Status
- Fail
- From
- Slaven Rezić (SREZIC)
- Dist
-
Monitoring-GLPlugin v2.4.14.6
- Platform
- Perl 5 v5.14.4 x86_64-linux
- Date
- 2017-11-26 18:04:23
- ID
- 3c02b648-d2d4-11e7-9f8f-fbf1f6009a9c
This distribution has been tested as part of the CPAN Testers
project, supporting the Perl programming language. See
http://wiki.cpantesters.org/ for more information or email
questions to cpan-testers-discuss@perl.org
--
Dear Gerhard Lausser,
This is a computer-generated report for Monitoring-GLPlugin-2.4.14.6
on perl 5.14.4, created by CPAN-Reporter-1.2018.
Thank you for uploading your work to CPAN. However, there was a problem
testing your distribution.
If you think this report is invalid, please consult the CPAN Testers Wiki
for suggestions on how to avoid getting FAIL reports for missing library
or binary dependencies, unsupported operating systems, and so on:
http://wiki.cpantesters.org/wiki/CPANAuthorNotes
Sections of this report:
* Tester comments
* Program output
* Prerequisites
* Environment and other context
------------------------------
TESTER COMMENTS
------------------------------
Additional comments from tester:
none provided
------------------------------
PROGRAM OUTPUT
------------------------------
Output from '/usr/bin/make test':
PERL_DL_NONLAZY=1 "/bbbike/perl-5.14.4/bin/perl5.14.4" "-MExtUtils::Command::MM" "-MTest::Harness" "-e" "undef *Test::Harness::Switches; test_harness(0, 'blib/lib', 'blib/arch')" t/*.t
# 01-new.t
# /tmp
# /tmp/device::uptime
# 01-new.t
# undef
# /device::uptime
t/01-new.t .......... ok
# statefile is /tmp/device::uptime_test
# now test ever growing metrics. shrinking means overrun
# now test growing and shrinking metrics
# delta -5
# now test growing and shrinking metrics, compare to a value in the past
# suddenly count is only 5
# delta -5 must be the result for the next 10 seconds
# after 12s delta is 0
# now test growing and shrinking metrics
# now test growing and shrinking lists
# delta -2
# delta 0
# now test growing and shrinking metrics, compare to a value in the past
# now test growing and shrinking lists, compare to a list in the past
# state change, ELEM4 and ELEM5 lost
# should still be the same
# after 12s delta is 0
t/02-valdiff.t ...... ok
Use of uninitialized value $ENV{"TZ"} in concatenation (.) or string at t/03-environment.t line 18.
t/03-environment.t .. ok
# Looks like your test exited with 3 just after 1.
t/04-extra-opts.t ...
Dubious, test returned 3 (wstat 768, 0x300)
Failed 6/7 subtests
Name "Monitoring::GLPlugin::pluginname" used only once: possible typo at t/10-snmp.t line 55.
# 10-snmp.t
# /tmp
# /tmp/device::uptime
t/10-snmp.t ......... ok
t/manifest.t ........ skipped: Author tests not required for installation
t/pod-coverage.t .... skipped: Author tests not required for installation
t/pod.t ............. skipped: Author tests not required for installation
Test Summary Report
-------------------
t/04-extra-opts.t (Wstat: 768 Tests: 1 Failed: 0)
Non-zero exit status: 3
Parse errors: Bad plan. You planned 7 tests but ran 1.
Files=8, Tests=67, 41 wallclock secs ( 0.02 usr 0.03 sys + 0.34 cusr 0.11 csys = 0.50 CPU)
Result: FAIL
Failed 1/8 test programs. 0/67 subtests failed.
Makefile:1031: recipe for target 'test_dynamic' failed
make: *** [test_dynamic] Error 255
------------------------------
PREREQUISITES
------------------------------
Prerequisite modules loaded:
requires:
Module Need Have
------------------- ----- --------
perl 5.006 5.014004
build_requires:
Module Need Have
------------------- ----- --------
Test::More 0 1.302106
configure_requires:
Module Need Have
------------------- ----- --------
ExtUtils::MakeMaker 0 7.24
------------------------------
ENVIRONMENT AND OTHER CONTEXT
------------------------------
Environment variables:
LANG = C
LC_ALL = de_DE.UTF-8
PATH = /usr/local/bin:/usr/bin:/bin:/usr/local/sbin:/usr/sbin:/sbin:/home/cpansand/bin/linux-gnu:/home/cpansand/bin/sh:/home/cpansand/bin:/usr/games:/home/cpansand/devel:/home/eserte/src/srezic-misc/scripts
PERL5LIB =
PERL5OPT =
PERL5_CPANPLUS_IS_RUNNING = 24665
PERL5_CPAN_IS_RUNNING = 24665
PERL5_CPAN_IS_RUNNING_IN_RECURSION = 24607,24665
PERLDOC = -MPod::Perldoc::ToTextOverstrike
PERL_BATCH = yes
PERL_CANARY_STABILITY_NOPROMPT = 1
PERL_CPAN_REPORTER_CONFIG = /var/tmp/cpansmoker-1023/2017112615/cpanreporter_000_config.ini
PERL_EXTUTILS_AUTOINSTALL = --defaultdeps
PERL_PARALLEL_SMOKER = yes
PERL_USE_UNSAFE_INC = 1
SHELL = /bin/zsh
TERM = screen
TMPDIR = /var/tmp/cpansmoker-1023/2017112615
Perl special variables (and OS-specific diagnostics, for MSWin32):
$^X = /bbbike/perl-5.14.4/bin/perl5.14.4
$UID/$EUID = 1023 / 1023
$GID = 1023 1023
$EGID = 1023 1023
Perl module toolchain versions installed:
Module Have
------------------- --------
CPAN 2.16
CPAN::Meta 2.150010
Cwd 3.62
ExtUtils::CBuilder 0.280230
ExtUtils::Command 7.24
ExtUtils::Install 2.14
ExtUtils::MakeMaker 7.24
ExtUtils::Manifest 1.70
ExtUtils::ParseXS 3.30
File::Spec 3.62
JSON 2.94
JSON::PP 2.94
Module::Build 0.4224
Module::Signature 0.81
Parse::CPAN::Meta 2.150010
Test::Harness 3.39
Test::More 1.302106
YAML 1.23
YAML::Syck 1.30
version 0.9916
--
Summary of my perl5 (revision 5 version 14 subversion 4) configuration:
Platform:
osname=linux, osvers=3.16.0-4-amd64, archname=x86_64-linux
uname='linux eserte 3.16.0-4-amd64 #1 smp debian 3.16.7-ckt25-2 (2016-04-08) x86_64 gnulinux '
config_args='-ds -e -Dprefix=/opt/perl-5.14.4 -Dcf_email=srezic@cpan.org'
hint=recommended, useposix=true, d_sigaction=define
useithreads=undef, usemultiplicity=undef
useperlio=define, d_sfio=undef, uselargefiles=define, usesocks=undef
use64bitint=define, use64bitall=define, uselongdouble=undef
usemymalloc=n, bincompat5005=undef
Compiler:
cc='cc', ccflags ='-fno-strict-aliasing -pipe -fstack-protector -I/usr/local/include -D_LARGEFILE_SOURCE -D_FILE_OFFSET_BITS=64',
optimize='-O2',
cppflags='-fno-strict-aliasing -pipe -fstack-protector -I/usr/local/include'
ccversion='', gccversion='4.9.2', gccosandvers=''
intsize=4, longsize=8, ptrsize=8, doublesize=8, byteorder=12345678
d_longlong=define, longlongsize=8, d_longdbl=define, longdblsize=16
ivtype='long', ivsize=8, nvtype='double', nvsize=8, Off_t='off_t', lseeksize=8
alignbytes=8, prototype=define
Linker and Libraries:
ld='cc', ldflags =' -fstack-protector -L/usr/local/lib'
libpth=/usr/local/lib /lib/x86_64-linux-gnu /lib/../lib /usr/lib/x86_64-linux-gnu /usr/lib/../lib /lib /usr/lib
libs=-lnsl -lgdbm -ldb -ldl -lm -lcrypt -lutil -lc -lgdbm_compat
perllibs=-lnsl -ldl -lm -lcrypt -lutil -lc
libc=libc-2.19.so, so=so, useshrplib=false, libperl=libperl.a
gnulibc_version='2.19'
Dynamic Linking:
dlsrc=dl_dlopen.xs, dlext=so, d_dlsymun=undef, ccdlflags='-Wl,-E'
cccdlflags='-fPIC', lddlflags='-shared -O2 -L/usr/local/lib -fstack-protector'
Characteristics of this binary (from libperl):
Compile-time options: PERL_DONT_CREATE_GVSV PERL_MALLOC_WRAP
PERL_PRESERVE_IVUV USE_64_BIT_ALL USE_64_BIT_INT
USE_LARGE_FILES USE_PERLIO USE_PERL_ATOF
Locally applied patches:
Devel::PatchPerl 1.42
Built under linux
Compiled at May 7 2016 10:35:43
%ENV:
PERL5LIB=""
PERL5OPT=""
PERL5_CPANPLUS_IS_RUNNING="24665"
PERL5_CPAN_IS_RUNNING="24665"
PERL5_CPAN_IS_RUNNING_IN_RECURSION="24607,24665"
PERLDOC="-MPod::Perldoc::ToTextOverstrike"
PERL_BATCH="yes"
PERL_CANARY_STABILITY_NOPROMPT="1"
PERL_CPAN_REPORTER_CONFIG="/var/tmp/cpansmoker-1023/2017112615/cpanreporter_000_config.ini"
PERL_EXTUTILS_AUTOINSTALL="--defaultdeps"
PERL_PARALLEL_SMOKER="yes"
PERL_USE_UNSAFE_INC="1"
@INC:
/opt/perl-5.14.4/lib/site_perl/5.14.4/x86_64-linux
/opt/perl-5.14.4/lib/site_perl/5.14.4
/opt/perl-5.14.4/lib/5.14.4/x86_64-linux
/opt/perl-5.14.4/lib/5.14.4
.