Net-HTTP v6.18 Perl 5 v5.12.5 i686-linux-multi

Status
Fail
From
Serguei Trouchelle (STRO)
Dist
Net-HTTP v6.18
Platform
Perl 5 v5.12.5 i686-linux-multi
Date
2018-08-20 18:38:30
ID
3c20ea40-a4a8-11e8-a9cf-977e408fcf69
This distribution has been tested as part of the CPAN Testers
project, supporting the Perl programming language.  See
http://wiki.cpantesters.org/ for more information or email
questions to cpan-testers-discuss@perl.org


--
Dear Olaf Alders,

This is a computer-generated report for Net-HTTP-6.18
on perl 5.12.5, created by CPAN-Reporter-1.2018.

Thank you for uploading your work to CPAN.  However, there was a problem
testing your distribution.

If you think this report is invalid, please consult the CPAN Testers Wiki
for suggestions on how to avoid getting FAIL reports for missing library
or binary dependencies, unsupported operating systems, and so on:

http://wiki.cpantesters.org/wiki/CPANAuthorNotes

Sections of this report:

    * Tester comments
    * Program output
    * Prerequisites
    * Environment and other context

------------------------------
TESTER COMMENTS
------------------------------

Additional comments from tester:

none provided

------------------------------
PROGRAM OUTPUT
------------------------------

Output from '/usr/bin/make test':

PERL_DL_NONLAZY=1 "/home/cpantester/perl/5.12.5m/bin/perl" "-MExtUtils::Command::MM" "-MTest::Harness" "-e" "undef *Test::Harness::Switches; test_harness(0, 'blib/lib', 'blib/arch')" t/*.t
# 
# Versions for all modules listed in MYMETA.json (including optional ones):
# 
# === Configure Requires ===
# 
#     Module              Want Have
#     ------------------- ---- ----
#     ExtUtils::MakeMaker  any 7.34
# 
# === Configure Suggests ===
# 
#     Module      Want    Have
#     -------- ------- -------
#     JSON::PP 2.27300 2.97001
# 
# === Build Requires ===
# 
#     Module              Want Have
#     ------------------- ---- ----
#     ExtUtils::MakeMaker  any 7.34
# 
# === Test Requires ===
# 
#     Module              Want     Have
#     ------------------- ---- --------
#     Data::Dumper         any    2.125
#     ExtUtils::MakeMaker  any     7.34
#     File::Spec           any  3.31_01
#     IO::Select           any     1.17
#     Socket               any  1.87_01
#     Test::More           any 1.302138
# 
# === Test Recommends ===
# 
#     Module         Want     Have
#     ---------- -------- --------
#     CPAN::Meta 2.120900 2.143240
# 
# === Runtime Requires ===
# 
#     Module                 Want  Have
#     ---------------------- ---- -----
#     Carp                    any  1.17
#     Compress::Raw::Zlib     any 2.024
#     IO::Socket::INET        any  1.31
#     IO::Uncompress::Gunzip  any 2.024
#     URI                     any  1.74
#     base                    any  2.15
#     strict                  any  1.04
#     vars                    any  1.01
#     warnings                any  1.09
# 
# === Runtime Suggests ===
# 
#     Module             Want    Have
#     ----------------- ----- -------
#     IO::Socket          any    1.31
#     IO::Socket::INET6   any missing
#     IO::Socket::IP      any missing
#     IO::Socket::SSL   2.012 missing
#     Symbol              any    1.07
# 
t/00-report-prereqs.t .. ok

#   Failed test at t/http-nb.t line 28.
#          got: ''
#     expected: 'Net::HTTP::NB'

#   Failed test at t/http-nb.t line 29.
#          got: undef
#     expected: '1'
Can't call method "write_request" on an undefined value at t/http-nb.t line 31.
# Looks like your test exited with 115 just after 3.
t/http-nb.t ............ 
Dubious, test returned 115 (wstat 29440, 0x7300)
Failed 13/14 subtests 
t/http.t ............... ok
t/live-https.t ......... skipped: Can't connect to www.cpan.org:443
t/live.t ............... skipped: Can't connect to www.neverssl.com

Test Summary Report
-------------------
t/http-nb.t          (Wstat: 29440 Tests: 3 Failed: 2)
  Failed tests:  2-3
  Non-zero exit status: 115
  Parse errors: Bad plan.  You planned 14 tests but ran 3.
Files=5, Tests=41,  2 wallclock secs ( 0.05 usr  0.03 sys +  1.08 cusr  0.04 csys =  1.20 CPU)
Result: FAIL
Failed 1/5 test programs. 2/41 subtests failed.
Makefile:876: recipe for target 'test_dynamic' failed
make: *** [test_dynamic] Error 255

------------------------------
PREREQUISITES
------------------------------

Prerequisite modules loaded:

requires:

    Module                 Need     Have    
    ---------------------- -------- --------
    base                   0        2.15    
    Carp                   0        1.17    
    Compress::Raw::Zlib    0        2.024   
    IO::Socket::INET       0        1.31    
    IO::Uncompress::Gunzip 0        2.024   
    perl                   5.006002 5.012005
    strict                 0        1.04    
    URI                    0        1.74    
    vars                   0        1.01    
    warnings               0        1.09    

build_requires:

    Module                 Need     Have    
    ---------------------- -------- --------
    Data::Dumper           0        2.125   
    ExtUtils::MakeMaker    0        7.34    
    File::Spec             0        3.31_01 
    IO::Select             0        1.17    
    Socket                 0        1.87_01 
    Test::More             0        1.302138

configure_requires:

    Module                 Need     Have    
    ---------------------- -------- --------
    ExtUtils::MakeMaker    0        7.34    


------------------------------
ENVIRONMENT AND OTHER CONTEXT
------------------------------

Environment variables:

    LANG = en_US.UTF-8
    PATH = /usr/local/bin:/usr/bin:/bin:/usr/local/games:/usr/games
    PERL5LIB = 
    PERL5OPT = 
    PERL5_CPANPLUS_IS_RUNNING = 26888
    PERL5_CPAN_IS_RUNNING = 26888
    SHELL = /bin/bash
    TERM = xterm

Perl special variables (and OS-specific diagnostics, for MSWin32):

    $^X = /home/cpantester/perl/5.12.5m/bin/perl
    $UID/$EUID = 1006 / 1006
    $GID = 1006 1006
    $EGID = 1006 1006

Perl module toolchain versions installed:

    Module              Have    
    ------------------- --------
    CPAN                2.16    
    CPAN::Meta          2.143240
    Cwd                 3.31    
    ExtUtils::CBuilder  0.27    
    ExtUtils::Command   7.34    
    ExtUtils::Install   2.06    
    ExtUtils::MakeMaker 7.34    
    ExtUtils::Manifest  1.70    
    ExtUtils::ParseXS   2.21    
    File::Spec          3.31_01 
    JSON                n/a     
    JSON::PP            2.97001 
    Module::Build       0.3603  
    Module::Signature   n/a     
    Parse::CPAN::Meta   1.4414  
    Test::Harness       3.17    
    Test::More          1.302138
    YAML                1.26    
    YAML::Syck          1.30    
    version             0.9924  


--

Summary of my perl5 (revision 5 version 12 subversion 5) configuration:
   
  Platform:
    osname=linux, osvers=4.9.0-7-686-pae, archname=i686-linux-multi
    uname='linux cthugha 4.9.0-7-686-pae #1 smp debian 4.9.110-1 (2018-07-05) i686 gnulinux '
    config_args=''
    hint=recommended, useposix=true, d_sigaction=define
    useithreads=undef, usemultiplicity=define
    useperlio=define, d_sfio=undef, uselargefiles=define, usesocks=undef
    use64bitint=undef, use64bitall=undef, uselongdouble=undef
    usemymalloc=n, bincompat5005=undef
  Compiler:
    cc='cc', ccflags ='-fno-strict-aliasing -pipe -fstack-protector -I/usr/local/include -D_LARGEFILE_SOURCE -D_FILE_OFFSET_BITS=64',
    optimize='-O2',
    cppflags='-fno-strict-aliasing -pipe -fstack-protector -I/usr/local/include'
    ccversion='', gccversion='6.3.0 20170516', gccosandvers=''
    intsize=4, longsize=4, ptrsize=4, doublesize=8, byteorder=1234
    d_longlong=define, longlongsize=8, d_longdbl=define, longdblsize=12
    ivtype='long', ivsize=4, nvtype='double', nvsize=8, Off_t='off_t', lseeksize=8
    alignbytes=4, prototype=define
  Linker and Libraries:
    ld='cc', ldflags =' -fstack-protector -L/usr/local/lib'
    libpth=/usr/local/lib /lib/i386-linux-gnu /lib/../lib /usr/lib/i386-linux-gnu /usr/lib/../lib /lib /usr/lib
    libs=-lnsl -ldl -lm -lcrypt -lutil -lc
    perllibs=-lnsl -ldl -lm -lcrypt -lutil -lc
    libc=, so=so, useshrplib=false, libperl=libperl.a
    gnulibc_version='2.24'
  Dynamic Linking:
    dlsrc=dl_dlopen.xs, dlext=so, d_dlsymun=undef, ccdlflags='-Wl,-E'
    cccdlflags='-fPIC', lddlflags='-shared -O2 -L/usr/local/lib -fstack-protector'


Characteristics of this binary (from libperl): 
  Compile-time options: MULTIPLICITY PERL_DONT_CREATE_GVSV
                        PERL_IMPLICIT_CONTEXT PERL_MALLOC_WRAP
                        USE_LARGE_FILES USE_PERLIO USE_PERL_ATOF
  Built under linux
  Compiled at Aug 16 2018 16:13:01
  %ENV:
    PERL5LIB=""
    PERL5OPT=""
    PERL5_CPANPLUS_IS_RUNNING="26888"
    PERL5_CPAN_IS_RUNNING="26888"
  @INC:
    /home/cpantester/perl/5.12.5m/lib/site_perl/5.12.5/i686-linux-multi
    /home/cpantester/perl/5.12.5m/lib/site_perl/5.12.5
    /home/cpantester/perl/5.12.5m/lib/5.12.5/i686-linux-multi
    /home/cpantester/perl/5.12.5m/lib/5.12.5
    .