Report for Regexp-Optimizer-0.16_001

Back
From: metabase:user:322078bc-2aae-11df-837a-5e0a49663a4f
Subject: FAIL Regexp-Optimizer-0.16_001 v5.8.7 Mac OS X
Date: 2011-12-16T06:43:17Z

This distribution has been tested as part of the CPAN Testers
project, supporting the Perl programming language.  See
http://wiki.cpantesters.org/ for more information or email
questions to cpan-testers-discuss@perl.org


--

Dear KZYS,

This is a computer-generated error report created automatically by
CPANPLUS, version 0.9113. Testers personal comments may appear
at the end of this report.


Thank you for uploading your work to CPAN.  However, it appears that
there were some problems testing your distribution.

TEST RESULTS:

Below is the error stack from stage 'make test':

[MSG] [Fri Dec 16 06:52:00 2011] cp README.pod blib/lib/Regexp/README.pod
cp lib/Regexp/List.pm blib/lib/Regexp/List.pm
cp lib/Regexp/Optimizer.pm blib/lib/Regexp/Optimizer.pm
Manifying blib/man3/Regexp::README.3
Manifying blib/man3/Regexp::List.3
Manifying blib/man3/Regexp::Optimizer.3

[ERROR] [Fri Dec 16 06:52:04 2011] MAKE TEST failed: PERL_DL_NONLAZY=1 /Volumes/Media/smoke/rel/perl-5.8.7/bin/perl "-MExtUtils::Command::MM" "-e" "test_harness(0, 'blib/lib', 'blib/arch')" t/*.t
t/01-use.t ......... ok
t/02-list.t ........ ok

#   Failed test 'o->o(\N{SNOWMAN}) eq (?^u:\x{2603})'
#   at t/03-utf8.t line 62.
#          got: '(?-xism:\x{2603})'
#     expected: '(?^u:\x{2603})'

#   Failed test 'o->o(\N{DIGIT ONE}|\N{DIGIT TWO}) eq (?^:[\x{31}\x{32}])'
#   at t/03-utf8.t line 62.
#          got: '(?-xism:[\x{31}\x{32}])'
#     expected: '(?^:[\x{31}\x{32}])'
t/03-utf8.t ........ 
Dubious, test returned 2 (wstat 512, 0x200)
Failed 2/21 subtests 
# Looks like you failed 2 tests of 21.
t/04-quantifier.t .. ok

Test Summary Report
-------------------
t/03-utf8.t      (Wstat: 512 Tests: 21 Failed: 2)
  Failed tests:  9, 18
  Non-zero exit status: 2
Files=4, Tests=48,  3 wallclock secs ( 0.27 usr  0.12 sys +  2.55 cusr  0.30 csys =  3.24 CPU)
Result: FAIL
Failed 1/4 test programs. 2/48 subtests failed.
make: *** [test_dynamic] Error 255

[MSG] [Fri Dec 16 06:52:04 2011] DEFAULT 'proceed_on_test_failure' HANDLER RETURNING 'sub return value'

PREREQUISITES:

Here is a list of prerequisites you specified and versions we
managed to load:

	  Module Name                        Have     Want
	  ExtUtils::MakeMaker                6.62        0

Perl module toolchain versions installed:
	Module Name                        Have
	CPANPLUS                         0.9113
	CPANPLUS::Dist::Build              0.60
	Cwd                                3.33
	ExtUtils::CBuilder             0.280202
	ExtUtils::Command                  1.16
	ExtUtils::Install                  1.54
	ExtUtils::MakeMaker                6.62
	ExtUtils::Manifest                 1.60
	ExtUtils::ParseXS                  3.07
	File::Spec                         3.33
	Module::Build                    0.3800
	Test::Harness                      3.23
	Test::More                         0.98
	version                            0.95

******************************** NOTE ********************************
The comments above are created mechanically, possibly without manual
checking by the sender.  As there are many people performing automatic
tests on each upload to CPAN, it is likely that you will receive
identical messages about the same problem.

If you believe that the message is mistaken, please reply to the first
one with correction and/or additional informations, and do not take
it personally.  We appreciate your patience. :)
**********************************************************************

Additional comments:


This report was machine-generated by CPANPLUS::Dist::YACSmoke 0.66.
Powered by minismokebox version 0.54

------------------------------
ENVIRONMENT AND OTHER CONTEXT
------------------------------

Environment variables:

    AUTOMATED_TESTING = 1
    PATH = /bin:/sbin:/usr/bin:/usr/sbin:/usr/local/bin:/usr/local/sbin
    PERL5LIB = :/Volumes/Media/smoke/rel/conf/perl-5.8.7/.cpanplus/5.8.7/build/Regexp-Optimizer-0.16_001/blib/lib:/Volumes/Media/smoke/rel/conf/perl-5.8.7/.cpanplus/5.8.7/build/Regexp-Optimizer-0.16_001/blib/arch
    PERL5_CPANPLUS_IS_RUNNING = 9372
    PERL5_CPANPLUS_IS_VERSION = 0.9113
    PERL5_MINISMOKEBOX = 0.54
    PERL5_YACSMOKE_BASE = /Volumes/Media/smoke/rel/conf/perl-5.8.7
    PERL_EXTUTILS_AUTOINSTALL = --defaultdeps
    PERL_MM_USE_DEFAULT = 1
    SHELL = /bin/bash
    TERM = screen

Perl special variables (and OS-specific diagnostics, for MSWin32):

    Perl: $^X = /Volumes/Media/smoke/rel/perl-5.8.7/bin/perl
    UID:  $<  = 502
    EUID: $>  = 502
    GID:  $(  = 502 502
    EGID: $)  = 502 502


-------------------------------


--

Summary of my perl5 (revision 5 version 8 subversion 7) configuration:
  Platform:
    osname=darwin, osvers=8.11.0, archname=darwin-thread-multi-64int-2level
    uname='darwin afalglas.bingosnet.co.uk 8.11.0 darwin kernel version 8.11.0: wed oct 10 18:26:00 pdt 2007; root:xnu-792.24.17~1release_ppc power macintosh powerpc '
    config_args='-de -Dprefix=/Volumes/Media/smoke/rel/perl-5.8.7 -Dusethreads -Duse64bitint'
    hint=recommended, useposix=true, d_sigaction=define
    usethreads=define use5005threads=undef useithreads=define usemultiplicity=define
    useperlio=define d_sfio=undef uselargefiles=define usesocks=undef
    use64bitint=define use64bitall=undef uselongdouble=undef
    usemymalloc=n, bincompat5005=undef
  Compiler:
    cc='cc', ccflags ='-fno-common -DPERL_DARWIN -no-cpp-precomp -fno-strict-aliasing -pipe -I/usr/local/include',
    optimize='-O3',
    cppflags='-no-cpp-precomp -fno-common -DPERL_DARWIN -no-cpp-precomp -fno-strict-aliasing -pipe -I/usr/local/include'
    ccversion='', gccversion='4.0.1 (Apple Computer, Inc. build 5367)', gccosandvers=''
    intsize=4, longsize=4, ptrsize=4, doublesize=8, byteorder=87654321
    d_longlong=define, longlongsize=8, d_longdbl=define, longdblsize=16
    ivtype='long long', ivsize=8, nvtype='double', nvsize=8, Off_t='off_t', lseeksize=8
    alignbytes=8, prototype=define
  Linker and Libraries:
    ld='env MACOSX_DEPLOYMENT_TARGET=10.3 cc', ldflags =' -L/usr/local/lib'
    libpth=/usr/local/lib /usr/lib
    libs=-ldbm -ldl -lm -lc
    perllibs=-ldl -lm -lc
    libc=/usr/lib/libc.dylib, so=dylib, useshrplib=false, libperl=libperl.a
    gnulibc_version=''
  Dynamic Linking:
    dlsrc=dl_dlopen.xs, dlext=bundle, d_dlsymun=undef, ccdlflags=' '
    cccdlflags=' ', lddlflags=' -bundle -undefined dynamic_lookup -L/usr/local/lib'


Characteristics of this binary (from libperl): 
  Compile-time options: MULTIPLICITY USE_ITHREADS USE_64_BIT_INT
                        USE_LARGE_FILES PERL_IMPLICIT_CONTEXT
  Built under darwin
  Compiled at Jun 18 2009 21:07:01
  %ENV:
    PERL5LIB=":/Volumes/Media/smoke/rel/conf/perl-5.8.7/.cpanplus/5.8.7/build/Regexp-Optimizer-0.16_001/blib/lib:/Volumes/Media/smoke/rel/conf/perl-5.8.7/.cpanplus/5.8.7/build/Regexp-Optimizer-0.16_001/blib/arch"
    PERL5_CPANPLUS_IS_RUNNING="9372"
    PERL5_CPANPLUS_IS_VERSION="0.9113"
    PERL5_MINISMOKEBOX="0.54"
    PERL5_YACSMOKE_BASE="/Volumes/Media/smoke/rel/conf/perl-5.8.7"
    PERL_EXTUTILS_AUTOINSTALL="--defaultdeps"
    PERL_MM_USE_DEFAULT="1"
  @INC:
    /Volumes/Media/smoke/rel/conf/perl-5.8.7/.cpanplus/5.8.7/build/Regexp-Optimizer-0.16_001/blib/lib
    /Volumes/Media/smoke/rel/conf/perl-5.8.7/.cpanplus/5.8.7/build/Regexp-Optimizer-0.16_001/blib/arch
    /Volumes/Media/smoke/rel/perl-5.8.7/lib/5.8.7/darwin-thread-multi-64int-2level
    /Volumes/Media/smoke/rel/perl-5.8.7/lib/5.8.7
    /Volumes/Media/smoke/rel/perl-5.8.7/lib/site_perl/5.8.7/darwin-thread-multi-64int-2level
    /Volumes/Media/smoke/rel/perl-5.8.7/lib/site_perl/5.8.7
    /Volumes/Media/smoke/rel/perl-5.8.7/lib/site_perl
    .