Report for Regexp-Optimizer-0.16

Back
From: metabase:user:d4d7c3de-2458-11e2-906a-e1860846da88
Subject: FAIL Regexp-Optimizer-0.16 v5.14.3 GNU/Linux
Date: 2013-02-23T02:17:56Z

This distribution has been tested as part of the CPAN Testers
project, supporting the Perl programming language.  See
http://wiki.cpantesters.org/ for more information or email
questions to cpan-testers-discuss@perl.org


--
Dear Dan Kogai,

This is a computer-generated report for Regexp-Optimizer-0.16
on perl 5.14.3, created by CPAN-Reporter-1.2009.

Thank you for uploading your work to CPAN.  However, there was a problem
testing your distribution.

If you think this report is invalid, please consult the CPAN Testers Wiki
for suggestions on how to avoid getting FAIL reports for missing library
or binary dependencies, unsupported operating systems, and so on:

http://wiki.cpantesters.org/wiki/CPANAuthorNotes

Sections of this report:

    * Tester comments
    * Program output
    * Prerequisites
    * Environment and other context

------------------------------
TESTER COMMENTS
------------------------------

Additional comments from tester:

this report is from an automated smoke testing program
and was not reviewed by a human for accuracy

------------------------------
PROGRAM OUTPUT
------------------------------

Output from '/usr/bin/make test':

PERL_DL_NONLAZY=1 /users/cpanbuilder/localperl/5.14/bin/perl5.14.3 "-MExtUtils::Command::MM" "-e" "test_harness(0, 'blib/lib', 'blib/arch')" t/*.t
t/01-use.t ... ok
Global symbol "$RE_PAREN" requires explicit package name at (re_eval 10) line 2.
Compilation failed in regexp at /users/cpanbuilder/.cpan/build/Regexp-Optimizer-0.16-SKfYfK/blib/lib/Regexp/List.pm line 253.
# Looks like you planned 24 tests but ran 1.
# Looks like your test exited with 255 just after 1.
t/02-list.t .. 
Dubious, test returned 255 (wstat 65280, 0xff00)
Failed 23/24 subtests 
Global symbol "$RE_PAREN" requires explicit package name at (re_eval 12) line 2.
Compilation failed in regexp at /users/cpanbuilder/.cpan/build/Regexp-Optimizer-0.16-SKfYfK/blib/lib/Regexp/List.pm line 253.
# Looks like you planned 18 tests but ran 1.
# Looks like your test exited with 255 just after 1.
t/03-utf8.t .. 
Dubious, test returned 255 (wstat 65280, 0xff00)
Failed 17/18 subtests 

Test Summary Report
-------------------
t/02-list.t (Wstat: 65280 Tests: 1 Failed: 0)
  Non-zero exit status: 255
  Parse errors: Bad plan.  You planned 24 tests but ran 1.
t/03-utf8.t (Wstat: 65280 Tests: 1 Failed: 0)
  Non-zero exit status: 255
  Parse errors: Bad plan.  You planned 18 tests but ran 1.
Files=3, Tests=4,  1 wallclock secs ( 0.02 usr  0.00 sys +  0.12 cusr  0.01 csys =  0.15 CPU)
Result: FAIL
Failed 2/3 test programs. 0/4 subtests failed.
make: *** [test_dynamic] Error 255

------------------------------
PREREQUISITES
------------------------------

Prerequisite modules loaded:

build_requires:

    Module              Need Have
    ------------------- ---- ----
    ExtUtils::MakeMaker 0    6.64

configure_requires:

    Module              Need Have
    ------------------- ---- ----
    ExtUtils::MakeMaker 0    6.64


------------------------------
ENVIRONMENT AND OTHER CONTEXT
------------------------------

Environment variables:

    AUTOMATED_TESTING = 1
    LANG = en_GB.UTF-8
    LANGUAGE = en_GB:en
    PATH = /usr/local/bin:/usr/bin:/bin:/usr/local/games:/usr/games
    PERL5LIB = 
    PERL5OPT = 
    PERL5_CPANPLUS_IS_RUNNING = 3284
    PERL5_CPAN_IS_RUNNING = 3284
    PERL5_MINISMOKEBOX = 0.54
    PERL_EXTUTILS_AUTOINSTALL = --defaultdeps
    PERL_MM_USE_DEFAULT = 1
    SHELL = /bin/bash
    TERM = screen

Perl special variables (and OS-specific diagnostics, for MSWin32):

    $^X = /users/cpanbuilder/localperl/5.14/bin/perl5.14.3
    $UID/$EUID = 1001 / 1001
    $GID = 1001 1001
    $EGID = 1001 1001

Perl module toolchain versions installed:

    Module              Have     
    ------------------- ---------
    CPAN                1.9600_01
    CPAN::Meta          2.112621 
    Cwd                 3.36     
    ExtUtils::CBuilder  0.280203 
    ExtUtils::Command   1.17     
    ExtUtils::Install   1.56     
    ExtUtils::MakeMaker 6.64     
    ExtUtils::Manifest  1.60     
    ExtUtils::ParseXS   2.2210   
    File::Spec          3.33     
    JSON                2.53     
    JSON::PP            2.27200  
    Module::Build       0.3800   
    Module::Signature   n/a      
    Parse::CPAN::Meta   1.4401   
    Test::Harness       3.23     
    Test::More          0.98     
    YAML                0.84     
    YAML::Syck          n/a      
    version             0.88     


--

Summary of my perl5 (revision 5 version 14 subversion 3) configuration:
   
  Platform:
    osname=linux, osvers=2.6.32-5-686-bigmem, archname=i686-linux-thread-multi
    uname='linux s1 2.6.32-5-686-bigmem #1 smp mon mar 26 06:12:49 utc 2012 i686 gnulinux '
    config_args=''
    hint=recommended, useposix=true, d_sigaction=define
    useithreads=define, usemultiplicity=define
    useperlio=define, d_sfio=undef, uselargefiles=define, usesocks=undef
    use64bitint=undef, use64bitall=undef, uselongdouble=undef
    usemymalloc=n, bincompat5005=undef
  Compiler:
    cc='cc', ccflags ='-D_REENTRANT -D_GNU_SOURCE -fno-strict-aliasing -pipe -fstack-protector -I/usr/local/include -D_LARGEFILE_SOURCE -D_FILE_OFFSET_BITS=64',
    optimize='-O2',
    cppflags='-D_REENTRANT -D_GNU_SOURCE -fno-strict-aliasing -pipe -fstack-protector -I/usr/local/include'
    ccversion='', gccversion='4.4.5', gccosandvers=''
    intsize=4, longsize=4, ptrsize=4, doublesize=8, byteorder=1234
    d_longlong=define, longlongsize=8, d_longdbl=define, longdblsize=12
    ivtype='long', ivsize=4, nvtype='double', nvsize=8, Off_t='off_t', lseeksize=8
    alignbytes=4, prototype=define
  Linker and Libraries:
    ld='cc', ldflags =' -fstack-protector -L/usr/local/lib'
    libpth=/usr/local/lib /lib/../lib /usr/lib/../lib /lib /usr/lib
    libs=-lnsl -ldl -lm -lcrypt -lutil -lpthread -lc
    perllibs=-lnsl -ldl -lm -lcrypt -lutil -lpthread -lc
    libc=/lib/libc-2.11.3.so, so=so, useshrplib=false, libperl=libperl.a
    gnulibc_version='2.11.3'
  Dynamic Linking:
    dlsrc=dl_dlopen.xs, dlext=so, d_dlsymun=undef, ccdlflags='-Wl,-E'
    cccdlflags='-fPIC', lddlflags='-shared -O2 -L/usr/local/lib -fstack-protector'


Characteristics of this binary (from libperl): 
  Compile-time options: MULTIPLICITY PERL_DONT_CREATE_GVSV
                        PERL_IMPLICIT_CONTEXT PERL_MALLOC_WRAP
                        PERL_PRESERVE_IVUV USE_ITHREADS USE_LARGE_FILES
                        USE_PERLIO USE_PERL_ATOF USE_REENTRANT_API
  Built under linux
  Compiled at Dec 28 2012 20:59:25
  %ENV:
    PERL5LIB=""
    PERL5OPT=""
    PERL5_CPANPLUS_IS_RUNNING="3284"
    PERL5_CPAN_IS_RUNNING="3284"
    PERL5_MINISMOKEBOX="0.54"
    PERL_EXTUTILS_AUTOINSTALL="--defaultdeps"
    PERL_MM_USE_DEFAULT="1"
  @INC:
    /home/cpanbuilder/localperl/5.14/lib/site_perl/5.14.3/i686-linux-thread-multi
    /home/cpanbuilder/localperl/5.14/lib/site_perl/5.14.3
    /home/cpanbuilder/localperl/5.14/lib/5.14.3/i686-linux-thread-multi
    /home/cpanbuilder/localperl/5.14/lib/5.14.3
    .