Catalyst-Controller-Atompub v0.5.6 Perl 5 v5.26.0 x86_64-linux

Status
Fail
From
Slaven Rezić (SREZIC)
Dist
Catalyst-Controller-Atompub v0.5.6
Platform
Perl 5 v5.26.0 x86_64-linux
Date
2018-03-03 08:59:53
ID
3cdfb5f0-1ec1-11e8-9b61-ca0b8b93089c
This distribution has been tested as part of the CPAN Testers
project, supporting the Perl programming language.  See
http://wiki.cpantesters.org/ for more information or email
questions to cpan-testers-discuss@perl.org


--
Dear Takeru INOUE,

This is a computer-generated report for Catalyst-Controller-Atompub-0.5.6
on perl 5.26.0, created by CPAN-Reporter-1.2018.

Thank you for uploading your work to CPAN.  However, there was a problem
testing your distribution.

If you think this report is invalid, please consult the CPAN Testers Wiki
for suggestions on how to avoid getting FAIL reports for missing library
or binary dependencies, unsupported operating systems, and so on:

http://wiki.cpantesters.org/wiki/CPANAuthorNotes

Sections of this report:

    * Tester comments
    * Program output
    * Prerequisites
    * Environment and other context

------------------------------
TESTER COMMENTS
------------------------------

Additional comments from tester:

none provided

------------------------------
PROGRAM OUTPUT
------------------------------

Output from '/usr/bin/make test':

PERL_DL_NONLAZY=1 "/opt/perl-5.26.0/bin/perl" "-MExtUtils::Command::MM" "-MTest::Harness" "-e" "undef *Test::Harness::Switches; test_harness(0, 'inc', 'blib/lib', 'blib/arch')" t/00.load.t t/01.service-default.t t/02.service.t t/03.collection.t t/perlcritic.t t/pod-coverage.t t/pod.t
# Testing Catalyst::Controller::Atompub 0.5.6
t/00.load.t ............. ok
Class::MOP::is_class_loaded is deprecated at /opt/perl-5.26.0/lib/site_perl/5.26.0/x86_64-linux/Class/MOP.pm line 87.
	Class::MOP::is_class_loaded("TestAtompub") called at /home/cpansand/.cpan/build/2018030306/Catalyst-Controller-Atompub-0.5.6-0/inc/Test/WWW/Mechanize/Catalyst.pm line 244
	Test::WWW::Mechanize::Catalyst::import("Test::WWW::Mechanize::Catalyst", "TestAtompub") called at t/01.service-default.t line 9
	main::BEGIN() called at t/01.service-default.t line 9
	eval {...} called at t/01.service-default.t line 9
Class::MOP::load_class is deprecated at /opt/perl-5.26.0/lib/site_perl/5.26.0/x86_64-linux/Class/MOP.pm line 69.
	Class::MOP::load_class("TestAtompub") called at /home/cpansand/.cpan/build/2018030306/Catalyst-Controller-Atompub-0.5.6-0/inc/Test/WWW/Mechanize/Catalyst.pm line 244
	Test::WWW::Mechanize::Catalyst::import("Test::WWW::Mechanize::Catalyst", "TestAtompub") called at t/01.service-default.t line 9
	main::BEGIN() called at t/01.service-default.t line 9
	eval {...} called at t/01.service-default.t line 9
[debug] Debug messages enabled
[debug] Statistics enabled
Catalyst::Controller::Atompub::Base uses NEXT, which is deprecated. Please see the Class::C3::Adopt::NEXT documentation for details. NEXT used  at /home/cpansand/.cpan/build/2018030306/Catalyst-Controller-Atompub-0.5.6-0/blib/lib/Catalyst/Controller/Atompub/Base.pm line 18.
Cannot determine desired terminal width, using default of 80 columns
[debug] Loaded plugins:
.----------------------------------------------------------------------------.
| Catalyst::Plugin::ConfigLoader  0.34                                       |
'----------------------------------------------------------------------------'

[debug] Loaded PSGI Middleware:
.----------------------------------------------------------------------------.
| Catalyst::Middleware::Stash                                                |
| Plack::Middleware::HTTPExceptions                                          |
| Plack::Middleware::RemoveRedundantBody  0.04                               |
| Plack::Middleware::FixMissingBodyInRedirect  0.12                          |
| Plack::Middleware::ContentLength                                           |
| Plack::Middleware::MethodOverride  0.15                                    |
| Plack::Middleware::Head                                                    |
'----------------------------------------------------------------------------'

[debug] Loaded Request Data Handlers:
.----------------------------------------------------------------------------.
| application/json                                                           |
| application/x-www-form-urlencoded                                          |
'----------------------------------------------------------------------------'

[debug] Loaded dispatcher "Catalyst::Dispatcher"
[debug] Loaded engine "Catalyst::Engine"
[debug] Found home "/home/cpansand/.cpan/build/2018030306/Catalyst-Controller-Atompub-0.5.6-0/t/lib/TestAtompub"
[debug] Loaded components:
.-----------------------------------------------------------------+----------.
| Class                                                           | Type     |
+-----------------------------------------------------------------+----------+
| TestAtompub::Controller::Collection                             | instance |
| TestAtompub::Controller::Service                                | instance |
'-----------------------------------------------------------------+----------'

Use of uninitialized value in lc at /home/cpansand/.cpan/build/2018030306/Catalyst-Controller-Atompub-0.5.6-0/blib/lib/Catalyst/Controller/Atompub/Collection.pm line 457.
Catalyst::Controller::Atompub::Collection uses NEXT, which is deprecated. Please see the Class::C3::Adopt::NEXT documentation for details. NEXT used  at /home/cpansand/.cpan/build/2018030306/Catalyst-Controller-Atompub-0.5.6-0/blib/lib/Catalyst/Controller/Atompub/Collection.pm line 467.
Use of uninitialized value in lc at /home/cpansand/.cpan/build/2018030306/Catalyst-Controller-Atompub-0.5.6-0/blib/lib/Catalyst/Controller/Atompub/Collection.pm line 457.
Use of uninitialized value in lc at /home/cpansand/.cpan/build/2018030306/Catalyst-Controller-Atompub-0.5.6-0/blib/lib/Catalyst/Controller/Atompub/Collection.pm line 457.
Use of uninitialized value in lc at /home/cpansand/.cpan/build/2018030306/Catalyst-Controller-Atompub-0.5.6-0/blib/lib/Catalyst/Controller/Atompub/Collection.pm line 457.
Use of uninitialized value in lc at /home/cpansand/.cpan/build/2018030306/Catalyst-Controller-Atompub-0.5.6-0/blib/lib/Catalyst/Controller/Atompub/Collection.pm line 457.
Use of uninitialized value in lc at /home/cpansand/.cpan/build/2018030306/Catalyst-Controller-Atompub-0.5.6-0/blib/lib/Catalyst/Controller/Atompub/Collection.pm line 457.
Use of uninitialized value in lc at /home/cpansand/.cpan/build/2018030306/Catalyst-Controller-Atompub-0.5.6-0/blib/lib/Catalyst/Controller/Atompub/Collection.pm line 457.
Use of uninitialized value in lc at /home/cpansand/.cpan/build/2018030306/Catalyst-Controller-Atompub-0.5.6-0/blib/lib/Catalyst/Controller/Atompub/Collection.pm line 457.
Attempt to use deprecated LocalRegex dispatch type.
  Use Chained methods or install the standalone
  Catalyst::DispatchType::Regex if necessary.
[debug] Loaded Private actions:
.----------------------+--------------------------------------+--------------.
| Private              | Class                                | Method       |
+----------------------+--------------------------------------+--------------+
| /collection/edit_uri | TestAtompub::Controller::Collection  | edit_uri     |
| /collection/auto     | TestAtompub::Controller::Collection  | auto         |
| /collection/get_res- | TestAtompub::Controller::Collection  | get_resource |
| ource                |                                      |              |
| /collection/default  | TestAtompub::Controller::Collection  | default      |
| /collection/get_feed | TestAtompub::Controller::Collection  | get_feed     |
| /service/default     | TestAtompub::Controller::Service     | default      |
'----------------------+--------------------------------------+--------------'

[info] AtompubServer powered by Catalyst 5.90115
[info] *** Request 1 (1.000/s) [9557] [Sat Mar  3 08:50:59 2018] ***
[debug] Arguments are "service"
[debug] "GET" request for "service" from "127.0.0.1"
[error] Caught exception in engine "Not an ARRAY reference at /opt/perl-5.26.0/lib/site_perl/5.26.0/HTTP/Headers.pm line 360."
Can't call method "request" on an undefined value at /opt/perl-5.26.0/lib/site_perl/5.26.0/Plack/Test/MockHTTP.pm line 29.
# Looks like your test exited with 2 before it could output anything.
t/01.service-default.t .. 
Dubious, test returned 2 (wstat 512, 0x200)
Failed 8/8 subtests 
Class::MOP::is_class_loaded is deprecated at /opt/perl-5.26.0/lib/site_perl/5.26.0/x86_64-linux/Class/MOP.pm line 87.
	Class::MOP::is_class_loaded("TestAtompub") called at /home/cpansand/.cpan/build/2018030306/Catalyst-Controller-Atompub-0.5.6-0/inc/Test/WWW/Mechanize/Catalyst.pm line 244
	Test::WWW::Mechanize::Catalyst::import("Test::WWW::Mechanize::Catalyst", "TestAtompub") called at t/02.service.t line 9
	main::BEGIN() called at t/02.service.t line 9
	eval {...} called at t/02.service.t line 9
Class::MOP::load_class is deprecated at /opt/perl-5.26.0/lib/site_perl/5.26.0/x86_64-linux/Class/MOP.pm line 69.
	Class::MOP::load_class("TestAtompub") called at /home/cpansand/.cpan/build/2018030306/Catalyst-Controller-Atompub-0.5.6-0/inc/Test/WWW/Mechanize/Catalyst.pm line 244
	Test::WWW::Mechanize::Catalyst::import("Test::WWW::Mechanize::Catalyst", "TestAtompub") called at t/02.service.t line 9
	main::BEGIN() called at t/02.service.t line 9
	eval {...} called at t/02.service.t line 9
[debug] Debug messages enabled
[debug] Statistics enabled
Catalyst::Controller::Atompub::Base uses NEXT, which is deprecated. Please see the Class::C3::Adopt::NEXT documentation for details. NEXT used  at /home/cpansand/.cpan/build/2018030306/Catalyst-Controller-Atompub-0.5.6-0/blib/lib/Catalyst/Controller/Atompub/Base.pm line 18.
Cannot determine desired terminal width, using default of 80 columns
[debug] Loaded plugins:
.----------------------------------------------------------------------------.
| Catalyst::Plugin::ConfigLoader  0.34                                       |
'----------------------------------------------------------------------------'

[debug] Loaded PSGI Middleware:
.----------------------------------------------------------------------------.
| Catalyst::Middleware::Stash                                                |
| Plack::Middleware::HTTPExceptions                                          |
| Plack::Middleware::RemoveRedundantBody  0.04                               |
| Plack::Middleware::FixMissingBodyInRedirect  0.12                          |
| Plack::Middleware::ContentLength                                           |
| Plack::Middleware::MethodOverride  0.15                                    |
| Plack::Middleware::Head                                                    |
'----------------------------------------------------------------------------'

[debug] Loaded Request Data Handlers:
.----------------------------------------------------------------------------.
| application/x-www-form-urlencoded                                          |
| application/json                                                           |
'----------------------------------------------------------------------------'

[debug] Loaded dispatcher "Catalyst::Dispatcher"
[debug] Loaded engine "Catalyst::Engine"
[debug] Found home "/home/cpansand/.cpan/build/2018030306/Catalyst-Controller-Atompub-0.5.6-0/t/lib/TestAtompub"
[debug] Loaded components:
.-----------------------------------------------------------------+----------.
| Class                                                           | Type     |
+-----------------------------------------------------------------+----------+
| TestAtompub::Controller::Collection                             | instance |
| TestAtompub::Controller::Service                                | instance |
'-----------------------------------------------------------------+----------'

Use of uninitialized value in lc at /home/cpansand/.cpan/build/2018030306/Catalyst-Controller-Atompub-0.5.6-0/blib/lib/Catalyst/Controller/Atompub/Collection.pm line 457.
Catalyst::Controller::Atompub::Collection uses NEXT, which is deprecated. Please see the Class::C3::Adopt::NEXT documentation for details. NEXT used  at /home/cpansand/.cpan/build/2018030306/Catalyst-Controller-Atompub-0.5.6-0/blib/lib/Catalyst/Controller/Atompub/Collection.pm line 467.
Use of uninitialized value in lc at /home/cpansand/.cpan/build/2018030306/Catalyst-Controller-Atompub-0.5.6-0/blib/lib/Catalyst/Controller/Atompub/Collection.pm line 457.
Use of uninitialized value in lc at /home/cpansand/.cpan/build/2018030306/Catalyst-Controller-Atompub-0.5.6-0/blib/lib/Catalyst/Controller/Atompub/Collection.pm line 457.
Use of uninitialized value in lc at /home/cpansand/.cpan/build/2018030306/Catalyst-Controller-Atompub-0.5.6-0/blib/lib/Catalyst/Controller/Atompub/Collection.pm line 457.
Use of uninitialized value in lc at /home/cpansand/.cpan/build/2018030306/Catalyst-Controller-Atompub-0.5.6-0/blib/lib/Catalyst/Controller/Atompub/Collection.pm line 457.
Use of uninitialized value in lc at /home/cpansand/.cpan/build/2018030306/Catalyst-Controller-Atompub-0.5.6-0/blib/lib/Catalyst/Controller/Atompub/Collection.pm line 457.
Use of uninitialized value in lc at /home/cpansand/.cpan/build/2018030306/Catalyst-Controller-Atompub-0.5.6-0/blib/lib/Catalyst/Controller/Atompub/Collection.pm line 457.
Use of uninitialized value in lc at /home/cpansand/.cpan/build/2018030306/Catalyst-Controller-Atompub-0.5.6-0/blib/lib/Catalyst/Controller/Atompub/Collection.pm line 457.
Attempt to use deprecated LocalRegex dispatch type.
  Use Chained methods or install the standalone
  Catalyst::DispatchType::Regex if necessary.
[debug] Loaded Private actions:
.----------------------+--------------------------------------+--------------.
| Private              | Class                                | Method       |
+----------------------+--------------------------------------+--------------+
| /collection/edit_uri | TestAtompub::Controller::Collection  | edit_uri     |
| /collection/get_res- | TestAtompub::Controller::Collection  | get_resource |
| ource                |                                      |              |
| /collection/default  | TestAtompub::Controller::Collection  | default      |
| /collection/get_feed | TestAtompub::Controller::Collection  | get_feed     |
| /collection/auto     | TestAtompub::Controller::Collection  | auto         |
| /service/default     | TestAtompub::Controller::Service     | default      |
'----------------------+--------------------------------------+--------------'

[info] AtompubServer powered by Catalyst 5.90115
[info] *** Request 1 (1.000/s) [9558] [Sat Mar  3 08:50:59 2018] ***
[debug] Arguments are "service"
[debug] "GET" request for "service" from "127.0.0.1"
[error] Caught exception in engine "Not an ARRAY reference at /opt/perl-5.26.0/lib/site_perl/5.26.0/HTTP/Headers.pm line 360."
Can't call method "request" on an undefined value at /opt/perl-5.26.0/lib/site_perl/5.26.0/Plack/Test/MockHTTP.pm line 29.
# Looks like your test exited with 2 before it could output anything.
t/02.service.t .......... 
Dubious, test returned 2 (wstat 512, 0x200)
Failed 18/18 subtests 
Class::MOP::is_class_loaded is deprecated at /opt/perl-5.26.0/lib/site_perl/5.26.0/x86_64-linux/Class/MOP.pm line 87.
	Class::MOP::is_class_loaded("TestAtompub") called at /home/cpansand/.cpan/build/2018030306/Catalyst-Controller-Atompub-0.5.6-0/inc/Test/WWW/Mechanize/Catalyst.pm line 244
	Test::WWW::Mechanize::Catalyst::import("Test::WWW::Mechanize::Catalyst", "TestAtompub") called at t/03.collection.t line 9
	main::BEGIN() called at t/03.collection.t line 9
	eval {...} called at t/03.collection.t line 9
Class::MOP::load_class is deprecated at /opt/perl-5.26.0/lib/site_perl/5.26.0/x86_64-linux/Class/MOP.pm line 69.
	Class::MOP::load_class("TestAtompub") called at /home/cpansand/.cpan/build/2018030306/Catalyst-Controller-Atompub-0.5.6-0/inc/Test/WWW/Mechanize/Catalyst.pm line 244
	Test::WWW::Mechanize::Catalyst::import("Test::WWW::Mechanize::Catalyst", "TestAtompub") called at t/03.collection.t line 9
	main::BEGIN() called at t/03.collection.t line 9
	eval {...} called at t/03.collection.t line 9
[debug] Debug messages enabled
[debug] Statistics enabled
Catalyst::Controller::Atompub::Base uses NEXT, which is deprecated. Please see the Class::C3::Adopt::NEXT documentation for details. NEXT used  at /home/cpansand/.cpan/build/2018030306/Catalyst-Controller-Atompub-0.5.6-0/blib/lib/Catalyst/Controller/Atompub/Base.pm line 18.
Cannot determine desired terminal width, using default of 80 columns
[debug] Loaded plugins:
.----------------------------------------------------------------------------.
| Catalyst::Plugin::ConfigLoader  0.34                                       |
'----------------------------------------------------------------------------'

[debug] Loaded PSGI Middleware:
.----------------------------------------------------------------------------.
| Catalyst::Middleware::Stash                                                |
| Plack::Middleware::HTTPExceptions                                          |
| Plack::Middleware::RemoveRedundantBody  0.04                               |
| Plack::Middleware::FixMissingBodyInRedirect  0.12                          |
| Plack::Middleware::ContentLength                                           |
| Plack::Middleware::MethodOverride  0.15                                    |
| Plack::Middleware::Head                                                    |
'----------------------------------------------------------------------------'

[debug] Loaded Request Data Handlers:
.----------------------------------------------------------------------------.
| application/json                                                           |
| application/x-www-form-urlencoded                                          |
'----------------------------------------------------------------------------'

[debug] Loaded dispatcher "Catalyst::Dispatcher"
[debug] Loaded engine "Catalyst::Engine"
[debug] Found home "/home/cpansand/.cpan/build/2018030306/Catalyst-Controller-Atompub-0.5.6-0/t/lib/TestAtompub"
[debug] Loaded components:
.-----------------------------------------------------------------+----------.
| Class                                                           | Type     |
+-----------------------------------------------------------------+----------+
| TestAtompub::Controller::Collection                             | instance |
| TestAtompub::Controller::Service                                | instance |
'-----------------------------------------------------------------+----------'

Use of uninitialized value in lc at /home/cpansand/.cpan/build/2018030306/Catalyst-Controller-Atompub-0.5.6-0/blib/lib/Catalyst/Controller/Atompub/Collection.pm line 457.
Catalyst::Controller::Atompub::Collection uses NEXT, which is deprecated. Please see the Class::C3::Adopt::NEXT documentation for details. NEXT used  at /home/cpansand/.cpan/build/2018030306/Catalyst-Controller-Atompub-0.5.6-0/blib/lib/Catalyst/Controller/Atompub/Collection.pm line 467.
Use of uninitialized value in lc at /home/cpansand/.cpan/build/2018030306/Catalyst-Controller-Atompub-0.5.6-0/blib/lib/Catalyst/Controller/Atompub/Collection.pm line 457.
Use of uninitialized value in lc at /home/cpansand/.cpan/build/2018030306/Catalyst-Controller-Atompub-0.5.6-0/blib/lib/Catalyst/Controller/Atompub/Collection.pm line 457.
Use of uninitialized value in lc at /home/cpansand/.cpan/build/2018030306/Catalyst-Controller-Atompub-0.5.6-0/blib/lib/Catalyst/Controller/Atompub/Collection.pm line 457.
Use of uninitialized value in lc at /home/cpansand/.cpan/build/2018030306/Catalyst-Controller-Atompub-0.5.6-0/blib/lib/Catalyst/Controller/Atompub/Collection.pm line 457.
Use of uninitialized value in lc at /home/cpansand/.cpan/build/2018030306/Catalyst-Controller-Atompub-0.5.6-0/blib/lib/Catalyst/Controller/Atompub/Collection.pm line 457.
Use of uninitialized value in lc at /home/cpansand/.cpan/build/2018030306/Catalyst-Controller-Atompub-0.5.6-0/blib/lib/Catalyst/Controller/Atompub/Collection.pm line 457.
Use of uninitialized value in lc at /home/cpansand/.cpan/build/2018030306/Catalyst-Controller-Atompub-0.5.6-0/blib/lib/Catalyst/Controller/Atompub/Collection.pm line 457.
Attempt to use deprecated LocalRegex dispatch type.
  Use Chained methods or install the standalone
  Catalyst::DispatchType::Regex if necessary.
[debug] Loaded Private actions:
.----------------------+--------------------------------------+--------------.
| Private              | Class                                | Method       |
+----------------------+--------------------------------------+--------------+
| /collection/get_res- | TestAtompub::Controller::Collection  | get_resource |
| ource                |                                      |              |
| /collection/edit_uri | TestAtompub::Controller::Collection  | edit_uri     |
| /collection/auto     | TestAtompub::Controller::Collection  | auto         |
| /collection/default  | TestAtompub::Controller::Collection  | default      |
| /collection/get_feed | TestAtompub::Controller::Collection  | get_feed     |
| /service/default     | TestAtompub::Controller::Service     | default      |
'----------------------+--------------------------------------+--------------'

[info] AtompubServer powered by Catalyst 5.90115
[info] *** Request 1 (1.000/s) [9559] [Sat Mar  3 08:51:00 2018] ***
[debug] Arguments are "collection"
[debug] "GET" request for "collection" from "127.0.0.1"
[error] Caught exception in engine "Not an ARRAY reference at /opt/perl-5.26.0/lib/site_perl/5.26.0/HTTP/Headers.pm line 360."
Can't call method "request" on an undefined value at /opt/perl-5.26.0/lib/site_perl/5.26.0/Plack/Test/MockHTTP.pm line 29.
# Looks like your test exited with 255 before it could output anything.
t/03.collection.t ....... 
Dubious, test returned 255 (wstat 65280, 0xff00)
Failed 14/14 subtests 
t/perlcritic.t .......... skipped: $ENV{TEST_CRITIC} must be set to enable this test
t/pod-coverage.t ........ ok
t/pod.t ................. ok

Test Summary Report
-------------------
t/01.service-default.t (Wstat: 512 Tests: 0 Failed: 0)
  Non-zero exit status: 2
  Parse errors: Bad plan.  You planned 8 tests but ran 0.
t/02.service.t        (Wstat: 512 Tests: 0 Failed: 0)
  Non-zero exit status: 2
  Parse errors: Bad plan.  You planned 18 tests but ran 0.
t/03.collection.t     (Wstat: 65280 Tests: 0 Failed: 0)
  Non-zero exit status: 255
  Parse errors: Bad plan.  You planned 14 tests but ran 0.
Files=7, Tests=9,  4 wallclock secs ( 0.02 usr  0.03 sys +  2.64 cusr  0.38 csys =  3.07 CPU)
Result: FAIL
Failed 3/7 test programs. 0/9 subtests failed.
Makefile:790: recipe for target 'test_dynamic' failed
make: *** [test_dynamic] Error 255

------------------------------
PREREQUISITES
------------------------------

Prerequisite modules loaded:

requires:

    Module                         Need  Have    
    ------------------------------ ----- --------
    Atompub                        0.003 0.3.7   
    Catalyst::Devel                0     1.39    
    Catalyst::Plugin::ConfigLoader 0     0.34    
    Catalyst::Runtime              5.7   5.90115 
    English                        0     1.10    
    File::Slurp                    0     9999.19 
    FindBin                        0     1.51    
    HTTP::Status                   0     6.13    
    MIME::Base64                   0     3.15    
    Test::More                     0     1.302122
    Test::Perl::Critic             0     1.03    
    Test::WWW::Mechanize::Catalyst 0     0.60    
    Text::CSV                      0     1.95    
    Time::HiRes                    0     1.9751  
    URI::Escape                    0     3.31    
    version                        0.74  0.9917  

build_requires:

    Module                         Need  Have    
    ------------------------------ ----- --------
    ExtUtils::MakeMaker            6.36  7.32    
    Test::More                     0     1.302122
    Test::Perl::Critic             0     1.03    
    Test::WWW::Mechanize::Catalyst 0     0.60    

configure_requires:

    Module                         Need  Have    
    ------------------------------ ----- --------
    ExtUtils::MakeMaker            6.36  7.32    


------------------------------
ENVIRONMENT AND OTHER CONTEXT
------------------------------

Environment variables:

    LANG = C
    PATH = /usr/local/bin:/usr/bin:/bin:/usr/local/sbin:/usr/sbin:/sbin:/home/cpansand/bin/linux-gnu:/home/cpansand/bin/sh:/home/cpansand/bin:/usr/games:/home/cpansand/devel:/home/eserte/src/srezic-misc/scripts
    PERL5LIB = /home/cpansand/.cpan/build/2018030306/Atompub-0.3.7-0/blib/arch:/home/cpansand/.cpan/build/2018030306/Atompub-0.3.7-0/blib/lib:/home/cpansand/.cpan/build/2018030306/XML-Atom-Service-v0.16.2-0/blib/arch:/home/cpansand/.cpan/build/2018030306/XML-Atom-Service-v0.16.2-0/blib/lib:/home/cpansand/.cpan/build/2018030306/Perl6-Export-Attrs-0.000006-1/blib/arch:/home/cpansand/.cpan/build/2018030306/Perl6-Export-Attrs-0.000006-1/blib/lib
    PERL5OPT = 
    PERL5_CPANPLUS_IS_RUNNING = 8998
    PERL5_CPAN_IS_RUNNING = 8998
    PERL5_CPAN_IS_RUNNING_IN_RECURSION = 8983,8998
    PERLDOC = -MPod::Perldoc::ToTextOverstrike
    PERL_BATCH = yes
    PERL_CANARY_STABILITY_NOPROMPT = 1
    PERL_CPAN_REPORTER_CONFIG = /var/tmp/cpansmoker-1023/2018030306/cpanreporter_000_config.ini
    PERL_EXTUTILS_AUTOINSTALL = --defaultdeps
    PERL_USE_UNSAFE_INC = 1
    SHELL = /usr/bin/zsh
    TERM = screen
    TMPDIR = /var/tmp/cpansmoker-1023/2018030306

Perl special variables (and OS-specific diagnostics, for MSWin32):

    $^X = /opt/perl-5.26.0/bin/perl
    $UID/$EUID = 1023 / 1023
    $GID = 1023 1023
    $EGID = 1023 1023

Perl module toolchain versions installed:

    Module              Have    
    ------------------- --------
    CPAN                2.18    
    CPAN::Meta          2.150010
    Cwd                 3.67    
    ExtUtils::CBuilder  0.280230
    ExtUtils::Command   7.32    
    ExtUtils::Install   2.06    
    ExtUtils::MakeMaker 7.32    
    ExtUtils::Manifest  1.70    
    ExtUtils::ParseXS   3.34    
    File::Spec          3.67    
    JSON                2.97001 
    JSON::PP            2.95    
    Module::Build       0.4224  
    Module::Signature   0.81    
    Parse::CPAN::Meta   2.150010
    Test::Harness       3.39    
    Test::More          1.302122
    YAML                1.24    
    YAML::Syck          1.30    
    version             0.9917  


--

Summary of my perl5 (revision 5 version 26 subversion 0) configuration:
   
  Platform:
    osname=linux
    osvers=4.9.0-3-amd64
    archname=x86_64-linux
    uname='linux debian9 4.9.0-3-amd64 #1 smp debian 4.9.30-2+deb9u1 (2017-06-18) x86_64 gnulinux '
    config_args='-ds -e -Dprefix=/opt/perl-5.26.0 -Dcf_email=srezic@cpan.org'
    hint=recommended
    useposix=true
    d_sigaction=define
    useithreads=undef
    usemultiplicity=undef
    use64bitint=define
    use64bitall=define
    uselongdouble=undef
    usemymalloc=n
    default_inc_excludes_dot=define
    bincompat5005=undef
  Compiler:
    cc='cc'
    ccflags ='-fwrapv -fno-strict-aliasing -pipe -fstack-protector-strong -I/usr/local/include -D_LARGEFILE_SOURCE -D_FILE_OFFSET_BITS=64'
    optimize='-O2'
    cppflags='-fwrapv -fno-strict-aliasing -pipe -fstack-protector-strong -I/usr/local/include'
    ccversion=''
    gccversion='6.3.0 20170516'
    gccosandvers=''
    intsize=4
    longsize=8
    ptrsize=8
    doublesize=8
    byteorder=12345678
    doublekind=3
    d_longlong=define
    longlongsize=8
    d_longdbl=define
    longdblsize=16
    longdblkind=3
    ivtype='long'
    ivsize=8
    nvtype='double'
    nvsize=8
    Off_t='off_t'
    lseeksize=8
    alignbytes=8
    prototype=define
  Linker and Libraries:
    ld='cc'
    ldflags =' -fstack-protector-strong -L/usr/local/lib'
    libpth=/usr/local/lib /usr/lib/gcc/x86_64-linux-gnu/6/include-fixed /usr/include/x86_64-linux-gnu /usr/lib /lib/x86_64-linux-gnu /lib/../lib /usr/lib/x86_64-linux-gnu /usr/lib/../lib /lib
    libs=-lpthread -lnsl -lgdbm -ldb -ldl -lm -lcrypt -lutil -lc -lgdbm_compat
    perllibs=-lpthread -lnsl -ldl -lm -lcrypt -lutil -lc
    libc=libc-2.24.so
    so=so
    useshrplib=false
    libperl=libperl.a
    gnulibc_version='2.24'
  Dynamic Linking:
    dlsrc=dl_dlopen.xs
    dlext=so
    d_dlsymun=undef
    ccdlflags='-Wl,-E'
    cccdlflags='-fPIC'
    lddlflags='-shared -O2 -L/usr/local/lib -fstack-protector-strong'


Characteristics of this binary (from libperl): 
  Compile-time options:
    HAS_TIMES
    PERLIO_LAYERS
    PERL_COPY_ON_WRITE
    PERL_DONT_CREATE_GVSV
    PERL_MALLOC_WRAP
    PERL_OP_PARENT
    PERL_PRESERVE_IVUV
    USE_64_BIT_ALL
    USE_64_BIT_INT
    USE_LARGE_FILES
    USE_LOCALE
    USE_LOCALE_COLLATE
    USE_LOCALE_CTYPE
    USE_LOCALE_NUMERIC
    USE_LOCALE_TIME
    USE_PERLIO
    USE_PERL_ATOF
  Built under linux
  Compiled at Jun 23 2017 06:17:13
  %ENV:
    PERL5LIB="/home/cpansand/.cpan/build/2018030306/Atompub-0.3.7-0/blib/arch:/home/cpansand/.cpan/build/2018030306/Atompub-0.3.7-0/blib/lib:/home/cpansand/.cpan/build/2018030306/XML-Atom-Service-v0.16.2-0/blib/arch:/home/cpansand/.cpan/build/2018030306/XML-Atom-Service-v0.16.2-0/blib/lib:/home/cpansand/.cpan/build/2018030306/Perl6-Export-Attrs-0.000006-1/blib/arch:/home/cpansand/.cpan/build/2018030306/Perl6-Export-Attrs-0.000006-1/blib/lib"
    PERL5OPT=""
    PERL5_CPANPLUS_IS_RUNNING="8998"
    PERL5_CPAN_IS_RUNNING="8998"
    PERL5_CPAN_IS_RUNNING_IN_RECURSION="8983,8998"
    PERLDOC="-MPod::Perldoc::ToTextOverstrike"
    PERL_BATCH="yes"
    PERL_CANARY_STABILITY_NOPROMPT="1"
    PERL_CPAN_REPORTER_CONFIG="/var/tmp/cpansmoker-1023/2018030306/cpanreporter_000_config.ini"
    PERL_EXTUTILS_AUTOINSTALL="--defaultdeps"
    PERL_USE_UNSAFE_INC="1"
  @INC:
    /home/cpansand/.cpan/build/2018030306/Atompub-0.3.7-0/blib/arch
    /home/cpansand/.cpan/build/2018030306/Atompub-0.3.7-0/blib/lib
    /home/cpansand/.cpan/build/2018030306/XML-Atom-Service-v0.16.2-0/blib/arch
    /home/cpansand/.cpan/build/2018030306/XML-Atom-Service-v0.16.2-0/blib/lib
    /home/cpansand/.cpan/build/2018030306/Perl6-Export-Attrs-0.000006-1/blib/arch
    /home/cpansand/.cpan/build/2018030306/Perl6-Export-Attrs-0.000006-1/blib/lib
    /opt/perl-5.26.0/lib/site_perl/5.26.0/x86_64-linux
    /opt/perl-5.26.0/lib/site_perl/5.26.0
    /opt/perl-5.26.0/lib/5.26.0/x86_64-linux
    /opt/perl-5.26.0/lib/5.26.0
    .