Test-CGI-Multipart vv0.0.3 Perl 5 v5.31.3 x86_64-linux-thread-multi-ld
- Status
- Fail
- From
- Andreas J. König (ANDK)
- Dist
-
Test-CGI-Multipart vv0.0.3
- Platform
- Perl 5 v5.31.3 x86_64-linux-thread-multi-ld
- Date
- 2019-08-24 21:58:00
- ID
- 3d0ff8bc-c6ba-11e9-aeb2-3c08f8bb5c7c
This distribution has been tested as part of the CPAN Testers
project, supporting the Perl programming language. See
http://wiki.cpantesters.org/ for more information or email
questions to cpan-testers-discuss@perl.org
--
Dear Nicholas Bamber,
This is a computer-generated report for Test-CGI-Multipart-v0.0.3
on perl 5.31.3, created by CPAN-Reporter-1.2018.
Thank you for uploading your work to CPAN. However, there was a problem
testing your distribution.
If you think this report is invalid, please consult the CPAN Testers Wiki
for suggestions on how to avoid getting FAIL reports for missing library
or binary dependencies, unsupported operating systems, and so on:
http://wiki.cpantesters.org/wiki/CPANAuthorNotes
Sections of this report:
* Tester comments
* Program output
* Prerequisites
* Environment and other context
------------------------------
TESTER COMMENTS
------------------------------
Additional comments from tester:
this report is from an automated smoke testing program
and was not reviewed by a human for accuracy
------------------------------
PROGRAM OUTPUT
------------------------------
Output from '/usr/bin/make test':
PERL_DL_NONLAZY=1 "/tmp/basesmoker-reloperl-GWPD/bin/perl" "-MExtUtils::Command::MM" "-MTest::Harness" "-e" "undef *Test::Harness::Switches; test_harness(0, 'blib/lib', 'blib/arch')" t/*.t
# Testing Test::CGI::Multipart 0.0.3
t/00.load.t ............ ok
# Testing with CGI
# Testing with CGI::Minimal
# Testing with CGI::Simple
t/01.basic.t ........... ok
# Testing with CGI
# Testing with CGI::Minimal
# Testing with CGI::Simple
t/01.data_structure.t .. ok
CGI::param called in list context from t/02.param.t line 52, this can lead to vulnerabilities. See the warning in "Fetching the value or values of a single named parameter" at /home/sand/src/perl/repoperls/installed-perls/host/k93bionic/v5.31.3/ebf1/lib/site_perl/5.31.3/CGI.pm line 412.
# Testing with CGI
# Testing with CGI::Minimal
# Testing with CGI::Simple
t/02.param.t ........... ok
CGI::param called in list context from t/03.upload.t line 75, this can lead to vulnerabilities. See the warning in "Fetching the value or values of a single named parameter" at /home/sand/src/perl/repoperls/installed-perls/host/k93bionic/v5.31.3/ebf1/lib/site_perl/5.31.3/CGI.pm line 412.
# Testing with CGI
# Testing with CGI::Minimal
# Testing with CGI::Simple
t/03.upload.t .......... ok
# Failed test 'files'
# at t/04.multiple.t line 90.
# Structures begin differing at:
# $got->[0]{value} = 'Blah, Blah, Blah,....'
# $expected->[0]{value} = 'Nah, Nah, Nah,....'
CGI::param called in list context from t/04.multiple.t line 86, this can lead to vulnerabilities. See the warning in "Fetching the value or values of a single named parameter" at /home/sand/src/perl/repoperls/installed-perls/host/k93bionic/v5.31.3/ebf1/lib/site_perl/5.31.3/CGI.pm line 412.
# Testing with CGI
# Testing with CGI::Minimal
# Looks like you failed 1 test of 32.
t/04.multiple.t ........
Dubious, test returned 1 (wstat 256, 0x100)
Failed 1/32 subtests
(less 5 skipped subtests: 26 okay)
CGI::param called in list context from t/04.separate.t line 80, this can lead to vulnerabilities. See the warning in "Fetching the value or values of a single named parameter" at /home/sand/src/perl/repoperls/installed-perls/host/k93bionic/v5.31.3/ebf1/lib/site_perl/5.31.3/CGI.pm line 412.
# Testing with CGI
# Testing with CGI::Minimal
# Testing with CGI::Simple
t/04.separate.t ........ ok
# Failed test 'files'
# at t/05.callbacks.t line 83.
# Structures begin differing at:
# $got->[0]{file} = 'doo_doo.blah'
# $expected->[0]{file} = 'nah_nah.blah'
CGI::param called in list context from t/05.callbacks.t line 79, this can lead to vulnerabilities. See the warning in "Fetching the value or values of a single named parameter" at /home/sand/src/perl/repoperls/installed-perls/host/k93bionic/v5.31.3/ebf1/lib/site_perl/5.31.3/CGI.pm line 412.
# Testing with CGI
# Failed test 'files'
# at t/05.callbacks.t line 83.
# Structures begin differing at:
# $got->[0]{file} = 'doo_doo.blah'
# $expected->[0]{file} = 'nah_nah.blah'
# Testing with CGI::Minimal
# Looks like you failed 2 tests of 37.
t/05.callbacks.t .......
Dubious, test returned 2 (wstat 512, 0x200)
Failed 2/37 subtests
(less 6 skipped subtests: 29 okay)
CGI::param called in list context from t/10.text.t line 139, this can lead to vulnerabilities. See the warning in "Fetching the value or values of a single named parameter" at /home/sand/src/perl/repoperls/installed-perls/host/k93bionic/v5.31.3/ebf1/lib/site_perl/5.31.3/CGI.pm line 412.
# Testing with CGI
# Testing with CGI::Minimal
# Testing with CGI::Simple
t/10.text.t ............ ok
CGI::param called in list context from t/11.reset.t line 44, this can lead to vulnerabilities. See the warning in "Fetching the value or values of a single named parameter" at /home/sand/src/perl/repoperls/installed-perls/host/k93bionic/v5.31.3/ebf1/lib/site_perl/5.31.3/CGI.pm line 412.
# Testing with CGI
# Testing with CGI::Minimal
# Testing with CGI::Simple
# Testing with CGI
# Testing with CGI::Minimal
# Testing with CGI::Simple
t/11.reset.t ........... ok
CGI::param called in list context from t/20.image.t line 84, this can lead to vulnerabilities. See the warning in "Fetching the value or values of a single named parameter" at /home/sand/src/perl/repoperls/installed-perls/host/k93bionic/v5.31.3/ebf1/lib/site_perl/5.31.3/CGI.pm line 412.
# Testing with CGI
# Testing with CGI::Minimal
# Testing with CGI::Simple
t/20.image.t ........... ok
t/changes.t ............ skipped: Author test. Set $ENV{TEST_AUTHOR} to a true value to run.
t/manifest.t ........... skipped: Author test. Set $ENV{TEST_AUTHOR} to a true value to run.
t/perlcritic.t ......... skipped: Author test. Set $ENV{TEST_AUTHOR} to a true value to run.
t/pod-coverage.t ....... ok
t/pod.t ................ ok
t/podspell.t ........... skipped: Author test. Set $ENV{TEST_AUTHOR} to a true value to run.
t/prereq.t ............. skipped: Author test. Set $ENV{TEST_PREREQ} to a true value to run.
Test Summary Report
-------------------
t/04.multiple.t (Wstat: 256 Tests: 32 Failed: 1)
Failed test: 15
Non-zero exit status: 1
t/05.callbacks.t (Wstat: 512 Tests: 37 Failed: 2)
Failed tests: 16, 22
Non-zero exit status: 2
Files=18, Tests=288, 3 wallclock secs ( 0.06 usr 0.09 sys + 2.51 cusr 0.79 csys = 3.45 CPU)
Result: FAIL
Failed 2/18 test programs. 3/288 subtests failed.
Makefile:867: recipe for target 'test_dynamic' failed
make: *** [test_dynamic] Error 255
------------------------------
PREREQUISITES
------------------------------
Prerequisite modules loaded:
requires:
Module Need Have
------------------- ---- --------
autodie 0 2.29
CGI 3.41 4.44
MIME::Entity 0 5.509
Params::Validate 0 1.29
Perl6::Slurp 0 0.051005
Readonly 0 2.05
Test::Exception 0 0.43
Test::More 0 1.302166
UNIVERSAL::require 0 0.18
version 0 0.9924
build_requires:
Module Need Have
------------------- ---- --------
ExtUtils::MakeMaker 0 7.36
configure_requires:
Module Need Have
------------------- ---- --------
Module::Build 0.36 0.4229
opt_requires:
Module Need Have
------------------- ---- --------
GD 0 2.71
Text::Lorem 0 0.3
------------------------------
ENVIRONMENT AND OTHER CONTEXT
------------------------------
Environment variables:
AUTOMATED_TESTING = 1
LANG = en_US.UTF-8
PATH = /home/sand/bin:/usr/local/bin:/usr/local/sbin:/usr/sbin:/usr/bin:/sbin:/bin:/usr/games:/usr/local/games:/usr/local/perl/bin:/usr/X11/bin
PERL = /tmp/basesmoker-reloperl-GWPD/bin/perl
PERL5LIB = /tmp/loop_over_bdir-3749-SI4vBF/ppt-0.14-0/blib/arch:/tmp/loop_over_bdir-3749-SI4vBF/ppt-0.14-0/blib/lib:/tmp/loop_over_bdir-3749-SI4vBF/Lingua-YaTeA-0.626-0/blib/arch:/tmp/loop_over_bdir-3749-SI4vBF/Lingua-YaTeA-0.626-0/blib/lib:/tmp/loop_over_bdir-3749-SI4vBF/Business-Shipping-DataFiles-1.02-0/blib/arch:/tmp/loop_over_bdir-3749-SI4vBF/Business-Shipping-DataFiles-1.02-0/blib/lib:/tmp/loop_over_bdir-3749-SI4vBF/dta-tokwrap-0.90-0/blib/arch:/tmp/loop_over_bdir-3749-SI4vBF/dta-tokwrap-0.90-0/blib/lib:/tmp/loop_over_bdir-3749-SI4vBF/EJBCA-CrlPublish-0.60-0/blib/arch:/tmp/loop_over_bdir-3749-SI4vBF/EJBCA-CrlPublish-0.60-0/blib/lib:/tmp/loop_over_bdir-3749-SI4vBF/Sysync-0.35-0/blib/arch:/tmp/loop_over_bdir-3749-SI4vBF/Sysync-0.35-0/blib/lib:/tmp/loop_over_bdir-3749-SI4vBF/Dpkg-1.19.7-0/blib/arch:/tmp/loop_over_bdir-3749-SI4vBF/Dpkg-1.19.7-0/blib/lib
PERL5OPT =
PERL5_CPANPLUS_IS_RUNNING = 3757
PERL5_CPAN_IS_RUNNING = 3757
PERL_CANARY_STABILITY_NOPROMPT = 1
PERL_MM_USE_DEFAULT = 1
PERL_USE_UNSAFE_INC = 1
SHELL = /usr/bin/zsh
TERM = screen
Perl special variables (and OS-specific diagnostics, for MSWin32):
$^X = /tmp/basesmoker-reloperl-GWPD/bin/perl
$UID/$EUID = 1005 / 1005
$GID = 1005 1005
$EGID = 1005 1005
Perl module toolchain versions installed:
Module Have
------------------- --------
CPAN 2.27
CPAN::Meta 2.150010
Cwd 3.78
ExtUtils::CBuilder 0.280232
ExtUtils::Command 7.36
ExtUtils::Install 2.14
ExtUtils::MakeMaker 7.36
ExtUtils::Manifest 1.72
ExtUtils::ParseXS 3.40
File::Spec 3.78
JSON 4.02
JSON::PP 4.04
Module::Build 0.4229
Module::Signature 0.83
Parse::CPAN::Meta 2.150010
Test::Harness 3.42
Test::More 1.302166
YAML 1.29
YAML::Syck 1.31
version 0.9924
--
Summary of my perl5 (revision 5 version 31 subversion 3) configuration:
Commit id: 1f6c9461cb3775550f70cd0c579d874dc80c5038
Platform:
osname=linux
osvers=4.15.0-55-generic
archname=x86_64-linux-thread-multi-ld
uname='linux k93bionic 4.15.0-55-generic #60-ubuntu smp tue jul 2 18:22:20 utc 2019 x86_64 x86_64 x86_64 gnulinux '
config_args='-Dprefix=/home/sand/src/perl/repoperls/installed-perls/host/k93bionic/v5.31.3/ebf1 -Dmyhostname=k93bionic -Dinstallusrbinperl=n -Uversiononly -Dusedevel -des -Ui_db -Dlibswanted=cl pthread socket inet nsl gdbm dbm malloc dl ld sun m crypt sec util c cposix posix ucb BSD gdbm_compat -Duseithreads -Duselongdouble -DEBUGGING=-g'
hint=recommended
useposix=true
d_sigaction=define
useithreads=define
usemultiplicity=define
use64bitint=define
use64bitall=define
uselongdouble=define
usemymalloc=n
default_inc_excludes_dot=define
bincompat5005=undef
Compiler:
cc='cc'
ccflags ='-D_REENTRANT -D_GNU_SOURCE -fwrapv -fno-strict-aliasing -pipe -fstack-protector-strong -I/usr/local/include -D_LARGEFILE_SOURCE -D_FILE_OFFSET_BITS=64'
optimize='-O2 -g'
cppflags='-D_REENTRANT -D_GNU_SOURCE -fwrapv -fno-strict-aliasing -pipe -fstack-protector-strong -I/usr/local/include'
ccversion=''
gccversion='7.4.0'
gccosandvers=''
intsize=4
longsize=8
ptrsize=8
doublesize=8
byteorder=12345678
doublekind=3
d_longlong=define
longlongsize=8
d_longdbl=define
longdblsize=16
longdblkind=3
ivtype='long'
ivsize=8
nvtype='long double'
nvsize=16
Off_t='off_t'
lseeksize=8
alignbytes=16
prototype=define
Linker and Libraries:
ld='cc'
ldflags =' -fstack-protector-strong -L/usr/local/lib'
libpth=/usr/local/lib /usr/lib/gcc/x86_64-linux-gnu/7/include-fixed /usr/include/x86_64-linux-gnu /usr/lib /lib/x86_64-linux-gnu /lib/../lib /usr/lib/x86_64-linux-gnu /usr/lib/../lib /lib
libs=-lpthread -lnsl -ldl -lm -lcrypt -lutil -lc
perllibs=-lpthread -lnsl -ldl -lm -lcrypt -lutil -lc
libc=libc-2.27.so
so=so
useshrplib=false
libperl=libperl.a
gnulibc_version='2.27'
Dynamic Linking:
dlsrc=dl_dlopen.xs
dlext=so
d_dlsymun=undef
ccdlflags='-Wl,-E'
cccdlflags='-fPIC'
lddlflags='-shared -O2 -g -L/usr/local/lib -fstack-protector-strong'
Characteristics of this binary (from libperl):
Compile-time options:
HAS_TIMES
MULTIPLICITY
PERLIO_LAYERS
PERL_COPY_ON_WRITE
PERL_DONT_CREATE_GVSV
PERL_IMPLICIT_CONTEXT
PERL_MALLOC_WRAP
PERL_OP_PARENT
PERL_PRESERVE_IVUV
PERL_USE_DEVEL
USE_64_BIT_ALL
USE_64_BIT_INT
USE_ITHREADS
USE_LARGE_FILES
USE_LOCALE
USE_LOCALE_COLLATE
USE_LOCALE_CTYPE
USE_LOCALE_NUMERIC
USE_LOCALE_TIME
USE_LONG_DOUBLE
USE_PERLIO
USE_PERL_ATOF
USE_REENTRANT_API
USE_THREAD_SAFE_LOCALE
Built under linux
Compiled at Aug 20 2019 17:22:17
%ENV:
PERL="/tmp/basesmoker-reloperl-GWPD/bin/perl"
PERL5LIB="/tmp/loop_over_bdir-3749-SI4vBF/ppt-0.14-0/blib/arch:/tmp/loop_over_bdir-3749-SI4vBF/ppt-0.14-0/blib/lib:/tmp/loop_over_bdir-3749-SI4vBF/Lingua-YaTeA-0.626-0/blib/arch:/tmp/loop_over_bdir-3749-SI4vBF/Lingua-YaTeA-0.626-0/blib/lib:/tmp/loop_over_bdir-3749-SI4vBF/Business-Shipping-DataFiles-1.02-0/blib/arch:/tmp/loop_over_bdir-3749-SI4vBF/Business-Shipping-DataFiles-1.02-0/blib/lib:/tmp/loop_over_bdir-3749-SI4vBF/dta-tokwrap-0.90-0/blib/arch:/tmp/loop_over_bdir-3749-SI4vBF/dta-tokwrap-0.90-0/blib/lib:/tmp/loop_over_bdir-3749-SI4vBF/EJBCA-CrlPublish-0.60-0/blib/arch:/tmp/loop_over_bdir-3749-SI4vBF/EJBCA-CrlPublish-0.60-0/blib/lib:/tmp/loop_over_bdir-3749-SI4vBF/Sysync-0.35-0/blib/arch:/tmp/loop_over_bdir-3749-SI4vBF/Sysync-0.35-0/blib/lib:/tmp/loop_over_bdir-3749-SI4vBF/Dpkg-1.19.7-0/blib/arch:/tmp/loop_over_bdir-3749-SI4vBF/Dpkg-1.19.7-0/blib/lib"
PERL5OPT=""
PERL5_CPANPLUS_IS_RUNNING="3757"
PERL5_CPAN_IS_RUNNING="3757"
PERL_CANARY_STABILITY_NOPROMPT="1"
PERL_MM_USE_DEFAULT="1"
PERL_USE_UNSAFE_INC="1"
@INC:
/tmp/loop_over_bdir-3749-SI4vBF/ppt-0.14-0/blib/arch
/tmp/loop_over_bdir-3749-SI4vBF/ppt-0.14-0/blib/lib
/tmp/loop_over_bdir-3749-SI4vBF/Lingua-YaTeA-0.626-0/blib/arch
/tmp/loop_over_bdir-3749-SI4vBF/Lingua-YaTeA-0.626-0/blib/lib
/tmp/loop_over_bdir-3749-SI4vBF/Business-Shipping-DataFiles-1.02-0/blib/arch
/tmp/loop_over_bdir-3749-SI4vBF/Business-Shipping-DataFiles-1.02-0/blib/lib
/tmp/loop_over_bdir-3749-SI4vBF/dta-tokwrap-0.90-0/blib/arch
/tmp/loop_over_bdir-3749-SI4vBF/dta-tokwrap-0.90-0/blib/lib
/tmp/loop_over_bdir-3749-SI4vBF/EJBCA-CrlPublish-0.60-0/blib/arch
/tmp/loop_over_bdir-3749-SI4vBF/EJBCA-CrlPublish-0.60-0/blib/lib
/tmp/loop_over_bdir-3749-SI4vBF/Sysync-0.35-0/blib/arch
/tmp/loop_over_bdir-3749-SI4vBF/Sysync-0.35-0/blib/lib
/tmp/loop_over_bdir-3749-SI4vBF/Dpkg-1.19.7-0/blib/arch
/tmp/loop_over_bdir-3749-SI4vBF/Dpkg-1.19.7-0/blib/lib
/home/sand/src/perl/repoperls/installed-perls/host/k93bionic/v5.31.3/ebf1/lib/site_perl/5.31.3/x86_64-linux-thread-multi-ld
/home/sand/src/perl/repoperls/installed-perls/host/k93bionic/v5.31.3/ebf1/lib/site_perl/5.31.3
/home/sand/src/perl/repoperls/installed-perls/host/k93bionic/v5.31.3/ebf1/lib/5.31.3/x86_64-linux-thread-multi-ld
/home/sand/src/perl/repoperls/installed-perls/host/k93bionic/v5.31.3/ebf1/lib/5.31.3
.