Back
From: metabase:user:320bfe00-2aae-11df-837a-5e0a49663a4f
Subject: FAIL Net-Statsd-Server-0.20 v5.16.3 GNU/Linux
Date: 2016-06-01T15:05:13Z
This distribution has been tested as part of the CPAN Testers
project, supporting the Perl programming language. See
http://wiki.cpantesters.org/ for more information or email
questions to cpan-testers-discuss@perl.org
--
Dear Cosimo Streppone,
This is a computer-generated report for Net-Statsd-Server-0.20
on perl 5.16.3, created by CPAN-Reporter-1.2015.
Thank you for uploading your work to CPAN. However, there was a problem
testing your distribution.
If you think this report is invalid, please consult the CPAN Testers Wiki
for suggestions on how to avoid getting FAIL reports for missing library
or binary dependencies, unsupported operating systems, and so on:
http://wiki.cpantesters.org/wiki/CPANAuthorNotes
Sections of this report:
* Tester comments
* Program output
* Prerequisites
* Environment and other context
------------------------------
TESTER COMMENTS
------------------------------
Additional comments from tester:
this report is from an automated smoke testing program
and was not reviewed by a human for accuracy
------------------------------
PROGRAM OUTPUT
------------------------------
Output from '/usr/bin/make test':
PERL_DL_NONLAZY=1 "/home/sand/src/perl/repoperls/installed-perls/perl/v5.16.3/79cc/bin/perl" "-MExtUtils::Command::MM" "-MTest::Harness" "-e" "undef *Test::Harness::Switches; test_harness(0, 'blib/lib', 'blib/arch')" t/*.t t/integration-tests/*.t
t/000-sanity.t ............................. ok
t/config.t ................................. ok
t/graphite.t ............................... ok
2016-06-01 17:04:57.000000 +0200 note Net::Statsd::Server: Initializing Net::Statsd::Server::Backend::Console backend
2016-06-01 17:04:57.000000 +0200 note Net::Statsd::Server: Initializing Net::Statsd::Server::Backend::Graphite backend
2016-06-01 17:04:57.000000 +0200 info AnyEvent: Autoloaded model 'AnyEvent::Impl::EV', using it.
bind: Address already in use at /tmp/loop_over_bdir-12339-wSSS6r/Net-Statsd-Server-0.20-0/bin/../lib/Net/Statsd/Server.pm line 734.
Failed to stop statsd (pid: 12548). Please do something manually (No such process) at /tmp/loop_over_bdir-12339-wSSS6r/Net-Statsd-Server-0.20-0/blib/lib/Test/Statsd.pm line 119.
t/integration-tests/bad-message.t ..........
Dubious, test returned 3 (wstat 768, 0x300)
No subtests run
2016-06-01 17:04:58.000000 +0200 note Net::Statsd::Server: Initializing Net::Statsd::Server::Backend::Console backend
2016-06-01 17:04:58.000000 +0200 note Net::Statsd::Server: Initializing Net::Statsd::Server::Backend::Graphite backend
2016-06-01 17:04:58.000000 +0200 info AnyEvent: Autoloaded model 'AnyEvent::Impl::EV', using it.
bind: Address already in use at /tmp/loop_over_bdir-12339-wSSS6r/Net-Statsd-Server-0.20-0/bin/../lib/Net/Statsd/Server.pm line 734.
# stats.counters.a_test_value,category=web,severity=high.rate 0.000000 1464793499
# stats.counters.a_test_value,category=web,severity=high.count 0 1464793499
# stats.counters.statsd.bad_lines_seen.rate 0.000000 1464793499
# stats.counters.statsd.bad_lines_seen.count 0 1464793499
# stats.counters.statsd.packets_received.rate 1.000000 1464793499
# stats.counters.statsd.packets_received.count 1 1464793499
# stats.counters.a_test_value.rate 100.000000 1464793499
# stats.counters.a_test_value.count 100 1464793499
# stats.timers.a_test_value.count 0.000000 1464793499
# stats.timers.a_test_value.count_ps 0.000000 1464793499
# stats.timers.read_latency.count_ps 0.000000 1464793499
# stats.timers.read_latency.count 0.000000 1464793499
# stats.gauges.a_test_gauge 100.000000 1464793499
# stats.statsd.numStats 7 1464793499
# stats.statsd.graphiteStats.calculationtime 0.082000 1464793499
# stats.statsd.processing_time 0.025 1464793499
# stats.statsd.graphiteStats.last_exception 28555552 1464793499
# stats.statsd.graphiteStats.last_flush 28555432 1464793499
Failed to stop statsd (pid: 12557). Please do something manually (No such process) at /tmp/loop_over_bdir-12339-wSSS6r/Net-Statsd-Server-0.20-0/blib/lib/Test/Statsd.pm line 119.
# Looks like your test exited with 3 just after 1.
t/integration-tests/counts-are-valid.t .....
Dubious, test returned 3 (wstat 768, 0x300)
Failed 3/4 subtests
2016-06-01 17:04:59.000000 +0200 note Net::Statsd::Server: Initializing Net::Statsd::Server::Backend::Graphite backend
2016-06-01 17:04:59.000000 +0200 info AnyEvent: Autoloaded model 'AnyEvent::Impl::EV', using it.
bind: Address already in use at /tmp/loop_over_bdir-12339-wSSS6r/Net-Statsd-Server-0.20-0/bin/../lib/Net/Statsd/Server.pm line 734.
# First flush. Test gauge should be there.
# Second flush. deleteGauges=false should keep the test gauge.
Failed to stop statsd (pid: 12559). Please do something manually (No such process) at /tmp/loop_over_bdir-12339-wSSS6r/Net-Statsd-Server-0.20-0/blib/lib/Test/Statsd.pm line 119.
# Looks like your test exited with 3 just after 4.
t/integration-tests/delete-gauges-false.t ..
Dubious, test returned 3 (wstat 768, 0x300)
All 4 subtests passed
2016-06-01 17:05:01.000000 +0200 note Net::Statsd::Server: Initializing Net::Statsd::Server::Backend::Graphite backend
2016-06-01 17:05:01.000000 +0200 info AnyEvent: Autoloaded model 'AnyEvent::Impl::EV', using it.
bind: Address already in use at /tmp/loop_over_bdir-12339-wSSS6r/Net-Statsd-Server-0.20-0/bin/../lib/Net/Statsd/Server.pm line 734.
# First flush. Test gauge should be there.
# Second flush. deleteIdleStats should have cleared the test gauge.
# Failed test 'Test gauge should have been cleared by deleteIdleStats config directive'
# at t/integration-tests/delete-idle-stats.t line 50.
Failed to stop statsd (pid: 12561). Please do something manually (No such process) at /tmp/loop_over_bdir-12339-wSSS6r/Net-Statsd-Server-0.20-0/blib/lib/Test/Statsd.pm line 119.
# Looks like your test exited with 3 just after 4.
t/integration-tests/delete-idle-stats.t ....
Dubious, test returned 3 (wstat 768, 0x300)
Failed 1/4 subtests
2016-06-01 17:05:03.000000 +0200 note Net::Statsd::Server: Initializing Net::Statsd::Server::Backend::Console backend
2016-06-01 17:05:03.000000 +0200 note Net::Statsd::Server: Initializing Net::Statsd::Server::Backend::Graphite backend
2016-06-01 17:05:03.000000 +0200 info AnyEvent: Autoloaded model 'AnyEvent::Impl::EV', using it.
bind: Address already in use at /tmp/loop_over_bdir-12339-wSSS6r/Net-Statsd-Server-0.20-0/bin/../lib/Net/Statsd/Server.pm line 734.
# stats.counters.a_test_value,category=web,severity=high.rate 100.000000 1464793504
# stats.counters.a_test_value,category=web,severity=high.count 100 1464793504
# stats.counters.statsd.bad_lines_seen.rate 0.000000 1464793504
# stats.counters.statsd.bad_lines_seen.count 0 1464793504
# stats.counters.statsd.packets_received.rate 1.000000 1464793504
# stats.counters.statsd.packets_received.count 1 1464793504
# stats.counters.a_test_value.rate 0.000000 1464793504
# stats.counters.a_test_value.count 0 1464793504
# stats.timers.a_test_value.count_ps 0.000000 1464793504
# stats.timers.a_test_value.count 0.000000 1464793504
# stats.timers.read_latency.count_ps 0.000000 1464793504
# stats.timers.read_latency.count 0.000000 1464793504
# stats.gauges.a_test_gauge 100.000000 1464793504
# stats.statsd.numStats 7 1464793504
# stats.statsd.graphiteStats.calculationtime 0.083000 1464793504
# stats.statsd.processing_time 0.027 1464793504
# stats.statsd.graphiteStats.last_exception 28555552 1464793504
# stats.statsd.graphiteStats.last_flush 19888032 1464793504
Failed to stop statsd (pid: 12627). Please do something manually (No such process) at /tmp/loop_over_bdir-12339-wSSS6r/Net-Statsd-Server-0.20-0/blib/lib/Test/Statsd.pm line 119.
# Looks like your test exited with 3 just after 1.
t/integration-tests/keys-with-tags.t .......
Dubious, test returned 3 (wstat 768, 0x300)
Failed 1/2 subtests
2016-06-01 17:05:04.000000 +0200 note Net::Statsd::Server: Initializing Net::Statsd::Server::Backend::Graphite backend
2016-06-01 17:05:04.000000 +0200 info AnyEvent: Autoloaded model 'AnyEvent::Impl::EV', using it.
bind: Address already in use at /tmp/loop_over_bdir-12339-wSSS6r/Net-Statsd-Server-0.20-0/bin/../lib/Net/Statsd/Server.pm line 734.
# Expected mean value is 2094.23
# stats.counters.a_test_value,category=web,severity=high.rate 0.000000 1464793505
# stats.counters.a_test_value,category=web,severity=high.count 0 1464793505
# stats.counters.statsd.bad_lines_seen.rate 0.000000 1464793505
# stats.counters.statsd.bad_lines_seen.count 0 1464793505
# stats.counters.statsd.packets_received.rate 100.000000 1464793505
# stats.counters.statsd.packets_received.count 100 1464793505
# stats.counters.a_test_value.rate 0.000000 1464793505
# stats.counters.a_test_value.count 0 1464793505
# stats.timers.a_test_value.count_ps 0.000000 1464793505
# stats.timers.a_test_value.count 0.000000 1464793505
# stats.timers.read_latency.count 100.000000 1464793505
# stats.timers.read_latency.upper_90 2846.000000 1464793505
# stats.timers.read_latency.sum_squares_90 385703439.000000 1464793505
# stats.timers.read_latency.count_90 90.000000 1464793505
# stats.timers.read_latency.lower 1094.000000 1464793505
# stats.timers.read_latency.count_ps 100.000000 1464793505
# stats.timers.read_latency.sum_90 180321.000000 1464793505
# stats.timers.read_latency.mean 2094.230000 1464793505
# stats.timers.read_latency.sum 209423.000000 1464793505
# stats.timers.read_latency.sum_squares 470417335.000000 1464793505
# stats.timers.read_latency.mean_90 2003.566667 1464793505
# stats.timers.read_latency.upper 2996.000000 1464793505
# stats.timers.read_latency.median 2144.500000 1464793505
# stats.timers.read_latency.std 564.246451 1464793505
# stats.gauges.a_test_gauge 100.000000 1464793505
# stats.statsd.numStats 7 1464793505
# stats.statsd.graphiteStats.calculationtime 0.119000 1464793505
# stats.statsd.processing_time 0.231 1464793505
# stats.statsd.graphiteStats.last_exception 28555552 1464793505
# stats.statsd.graphiteStats.last_flush 28549824 1464793505
Failed to stop statsd (pid: 12665). Please do something manually (No such process) at /tmp/loop_over_bdir-12339-wSSS6r/Net-Statsd-Server-0.20-0/blib/lib/Test/Statsd.pm line 119.
# Looks like your test exited with 3 just after 1.
t/integration-tests/percent-threshold.t ....
Dubious, test returned 3 (wstat 768, 0x300)
Failed 7/8 subtests
2016-06-01 17:05:05.000000 +0200 note Net::Statsd::Server: Initializing Net::Statsd::Server::Backend::Console backend
2016-06-01 17:05:05.000000 +0200 note Net::Statsd::Server: Initializing Net::Statsd::Server::Backend::Graphite backend
2016-06-01 17:05:05.000000 +0200 info AnyEvent: Autoloaded model 'AnyEvent::Impl::EV', using it.
bind: Address already in use at /tmp/loop_over_bdir-12339-wSSS6r/Net-Statsd-Server-0.20-0/bin/../lib/Net/Statsd/Server.pm line 734.
# stats.counters.a_test_value,category=web,severity=high.rate 0.000000 1464793506
# stats.counters.a_test_value,category=web,severity=high.count 0 1464793506
# stats.counters.statsd.bad_lines_seen.rate 0.000000 1464793506
# stats.counters.statsd.bad_lines_seen.count 0 1464793506
# stats.counters.statsd.packets_received.rate 1.000000 1464793506
# stats.counters.statsd.packets_received.count 1 1464793506
# stats.counters.a_test_value.rate 0.000000 1464793506
# stats.counters.a_test_value.count 0 1464793506
# stats.timers.a_test_value.sum_90 100.000000 1464793506
# stats.timers.a_test_value.count_ps 1.000000 1464793506
# stats.timers.a_test_value.mean 100.000000 1464793506
# stats.timers.a_test_value.count 1.000000 1464793506
# stats.timers.a_test_value.sum_squares_90 10000.000000 1464793506
# stats.timers.a_test_value.count_90 1.000000 1464793506
# stats.timers.a_test_value.upper_90 100.000000 1464793506
# stats.timers.a_test_value.lower 100.000000 1464793506
# stats.timers.a_test_value.upper 100.000000 1464793506
# stats.timers.a_test_value.std 0.000000 1464793506
# stats.timers.a_test_value.median 100.000000 1464793506
# stats.timers.a_test_value.sum 100.000000 1464793506
# stats.timers.a_test_value.mean_90 100.000000 1464793506
# stats.timers.a_test_value.sum_squares 10000.000000 1464793506
# stats.timers.read_latency.count_ps 0.000000 1464793506
# stats.timers.read_latency.count 0.000000 1464793506
# stats.gauges.a_test_gauge 100.000000 1464793506
# stats.statsd.numStats 7 1464793506
# stats.statsd.graphiteStats.calculationtime 0.122000 1464793506
# stats.statsd.processing_time 0.062 1464793506
# stats.statsd.graphiteStats.last_exception 28555552 1464793506
# stats.statsd.graphiteStats.last_flush 28564744 1464793506
Failed to stop statsd (pid: 12756). Please do something manually (No such process) at /tmp/loop_over_bdir-12339-wSSS6r/Net-Statsd-Server-0.20-0/blib/lib/Test/Statsd.pm line 119.
# Looks like your test exited with 3 just after 1.
t/integration-tests/timers-are-valid.t .....
Dubious, test returned 3 (wstat 768, 0x300)
Failed 4/5 subtests
t/process-metrics.t ........................ ok
t/trim.t ................................... ok
Test Summary Report
-------------------
t/integration-tests/bad-message.t (Wstat: 768 Tests: 0 Failed: 0)
Non-zero exit status: 3
Parse errors: No plan found in TAP output
t/integration-tests/counts-are-valid.t (Wstat: 768 Tests: 1 Failed: 0)
Non-zero exit status: 3
Parse errors: Bad plan. You planned 4 tests but ran 1.
t/integration-tests/delete-gauges-false.t (Wstat: 768 Tests: 4 Failed: 0)
Non-zero exit status: 3
t/integration-tests/delete-idle-stats.t (Wstat: 768 Tests: 4 Failed: 1)
Failed test: 4
Non-zero exit status: 3
t/integration-tests/keys-with-tags.t (Wstat: 768 Tests: 1 Failed: 0)
Non-zero exit status: 3
Parse errors: Bad plan. You planned 2 tests but ran 1.
t/integration-tests/percent-threshold.t (Wstat: 768 Tests: 1 Failed: 0)
Non-zero exit status: 3
Parse errors: Bad plan. You planned 8 tests but ran 1.
t/integration-tests/timers-are-valid.t (Wstat: 768 Tests: 1 Failed: 0)
Non-zero exit status: 3
Parse errors: Bad plan. You planned 5 tests but ran 1.
Files=12, Tests=73, 10 wallclock secs ( 0.07 usr 0.05 sys + 1.97 cusr 0.41 csys = 2.50 CPU)
Result: FAIL
Failed 7/12 test programs. 1/73 subtests failed.
Makefile:915: recipe for target 'test_dynamic' failed
make: *** [test_dynamic] Error 255
------------------------------
PREREQUISITES
------------------------------
Prerequisite modules loaded:
requires:
Module Need Have
--------------------- ---- --------
AnyEvent::Handle::UDP 0 0.043
IO::Socket::INET 0 1.35
JSON::XS 0 3.02
build_requires:
Module Need Have
--------------------- ---- --------
ExtUtils::MakeMaker 0 7.18
Test::More 0 1.302022
configure_requires:
Module Need Have
--------------------- ---- --------
ExtUtils::MakeMaker 0 7.18
------------------------------
ENVIRONMENT AND OTHER CONTEXT
------------------------------
Environment variables:
AUTOMATED_TESTING = 1
LANG = en_US.UTF-8
LANGUAGE = en_US:en
PATH = /usr/lib/ccache:/home/sand/bin:/usr/local/bin:/usr/bin:/bin:/usr/games:/usr/local/perl/bin:/usr/X11/bin:/sbin:/usr/sbin
PERL5LIB =
PERL5OPT =
PERL5_CPANPLUS_IS_RUNNING = 12340
PERL5_CPAN_IS_RUNNING = 12340
PERL_CANARY_STABILITY_NOPROMPT = 1
PERL_MM_USE_DEFAULT = 1
SHELL = /usr/bin/zsh
TERM = screen
Perl special variables (and OS-specific diagnostics, for MSWin32):
$^X = /home/sand/src/perl/repoperls/installed-perls/perl/v5.16.3/79cc/bin/perl
$UID/$EUID = 1005 / 1005
$GID = 1005 1005
$EGID = 1005 1005
Perl module toolchain versions installed:
Module Have
------------------- --------
CPAN 2.13
CPAN::Meta 2.150005
Cwd 3.62
ExtUtils::CBuilder 0.280224
ExtUtils::Command 7.18
ExtUtils::Install 1.58
ExtUtils::MakeMaker 7.18
ExtUtils::Manifest 1.70
ExtUtils::ParseXS 3.30
File::Spec 3.62
JSON 2.90
JSON::PP 2.27400
Module::Build 0.4218
Module::Signature 0.79
Parse::CPAN::Meta 1.4419
Test::Harness 3.36
Test::More 1.302022
YAML 1.15
YAML::Syck 1.29
version 0.9917
--
Summary of my perl5 (revision 5 version 16 subversion 3) configuration:
Derived from: fd04d42d38f4751b981eb6e9213ee1ab8ef11ea6
Platform:
osname=linux, osvers=4.3.0-1-amd64, archname=x86_64-linux
uname='linux k83 4.3.0-1-amd64 #1 smp debian 4.3.3-7 (2016-01-19) x86_64 gnulinux '
config_args='-Dprefix=/home/sand/src/perl/repoperls/installed-perls/perl/v5.16.3/79cc -Dmyhostname=k83 -Dinstallusrbinperl=n -Uversiononly -Dusedevel -des -Ui_db -Dlibswanted=cl pthread socket inet nsl gdbm dbm malloc dl ld sun m crypt sec util c cposix posix ucb BSD gdbm_compat -Uuseithreads -Uuselongdouble -DDEBUGGING=-g'
hint=recommended, useposix=true, d_sigaction=define
useithreads=undef, usemultiplicity=undef
useperlio=define, d_sfio=undef, uselargefiles=define, usesocks=undef
use64bitint=define, use64bitall=define, uselongdouble=undef
usemymalloc=n, bincompat5005=undef
Compiler:
cc='cc', ccflags ='-fno-strict-aliasing -pipe -fstack-protector -I/usr/local/include -D_LARGEFILE_SOURCE -D_FILE_OFFSET_BITS=64',
optimize='-O2 -g',
cppflags='-fno-strict-aliasing -pipe -fstack-protector -I/usr/local/include'
ccversion='', gccversion='5.3.1 20160121', gccosandvers=''
intsize=4, longsize=8, ptrsize=8, doublesize=8, byteorder=12345678
d_longlong=define, longlongsize=8, d_longdbl=define, longdblsize=16
ivtype='long', ivsize=8, nvtype='double', nvsize=8, Off_t='off_t', lseeksize=8
alignbytes=8, prototype=define
Linker and Libraries:
ld='cc', ldflags =' -fstack-protector -L/usr/local/lib'
libpth=/usr/local/lib /lib/x86_64-linux-gnu /lib/../lib /usr/lib/x86_64-linux-gnu /usr/lib/../lib /lib /usr/lib
libs=-lpthread -lnsl -lgdbm -ldl -lm -lcrypt -lutil -lc -lgdbm_compat
perllibs=-lpthread -lnsl -ldl -lm -lcrypt -lutil -lc
libc=libc-2.21.so, so=so, useshrplib=false, libperl=libperl.a
gnulibc_version='2.21'
Dynamic Linking:
dlsrc=dl_dlopen.xs, dlext=so, d_dlsymun=undef, ccdlflags='-Wl,-E'
cccdlflags='-fPIC', lddlflags='-shared -O2 -g -L/usr/local/lib -fstack-protector'
Characteristics of this binary (from libperl):
Compile-time options: HAS_TIMES PERLIO_LAYERS PERL_DONT_CREATE_GVSV
PERL_MALLOC_WRAP PERL_PRESERVE_IVUV PERL_USE_DEVEL
USE_64_BIT_ALL USE_64_BIT_INT USE_LARGE_FILES
USE_LOCALE USE_LOCALE_COLLATE USE_LOCALE_CTYPE
USE_LOCALE_NUMERIC USE_PERLIO USE_PERL_ATOF
Locally applied patches:
uncommitted-changes
Devel::PatchPerl 1.40
Built under linux
Compiled at Feb 17 2016 08:19:44
%ENV:
PERL5LIB=""
PERL5OPT=""
PERL5_CPANPLUS_IS_RUNNING="12340"
PERL5_CPAN_IS_RUNNING="12340"
PERL_CANARY_STABILITY_NOPROMPT="1"
PERL_MM_USE_DEFAULT="1"
@INC:
/home/sand/src/perl/repoperls/installed-perls/perl/v5.16.3/79cc/lib/site_perl/5.16.3/x86_64-linux
/home/sand/src/perl/repoperls/installed-perls/perl/v5.16.3/79cc/lib/site_perl/5.16.3
/home/sand/src/perl/repoperls/installed-perls/perl/v5.16.3/79cc/lib/5.16.3/x86_64-linux
/home/sand/src/perl/repoperls/installed-perls/perl/v5.16.3/79cc/lib/5.16.3
.