DateTime-Event-NameDay v0.02 Perl 5 v5.20.2 x86_64-linux
- Status
- Fail
- From
- Andreas J. König (ANDK)
- Dist
-
DateTime-Event-NameDay v0.02
- Platform
- Perl 5 v5.20.2 x86_64-linux
- Date
- 2017-11-28 02:24:20
- ID
- 3dc86e04-d3e3-11e7-a54b-2fe42b10b04a
This distribution has been tested as part of the CPAN Testers
project, supporting the Perl programming language. See
http://wiki.cpantesters.org/ for more information or email
questions to cpan-testers-discuss@perl.org
--
Dear Benjamin Bennett,
This is a computer-generated report for DateTime-Event-NameDay-0.02
on perl 5.20.2, created by CPAN-Reporter-1.2018.
Thank you for uploading your work to CPAN. However, there was a problem
testing your distribution.
If you think this report is invalid, please consult the CPAN Testers Wiki
for suggestions on how to avoid getting FAIL reports for missing library
or binary dependencies, unsupported operating systems, and so on:
http://wiki.cpantesters.org/wiki/CPANAuthorNotes
Sections of this report:
* Tester comments
* Program output
* Prerequisites
* Environment and other context
------------------------------
TESTER COMMENTS
------------------------------
Additional comments from tester:
this report is from an automated smoke testing program
and was not reviewed by a human for accuracy
------------------------------
PROGRAM OUTPUT
------------------------------
Output from '/usr/bin/make test':
/home/sand/src/perl/repoperls/installed-perls/host/k93msid/v5.20.2/d2d1/bin/perl Build --makefile_env_macros 1 test
t/00load.t ......... ok
t/01names.t ........ ok
Validation failed for type named Hour declared in package DateTime::Types (/home/sand/src/perl/repoperls/installed-perls/host/k93msid/v5.20.2/d2d1/lib/site_perl/5.20.2/x86_64-linux/DateTime/Types.pm) at line 101 in sub named (eval) with value inf
Trace begun at Specio::Exception->new line 57
Specio::Exception::throw('Specio::Exception', 'message', 'Validation failed for type named Hour declared in package DateTime::Types (/home/sand/src/perl/repoperls/installed-perls/host/k93msid/v5.20.2/d2d1/lib/site_perl/5.20.2/x86_64-linux/DateTime/Types.pm) at line 101 in sub named (eval) with value inf', 'type', 'Specio::Constraint::Simple=HASH(0x55a31d6e2340)', 'value', 'inf') called at (eval 203) line 137
DateTime::_check_new_params('hour', 'inf', 'minute', 'inf', 'nanosecond', 'inf', 'locale', 'FakeLocale=HASH(0x55a31da89178)', 'year', 'inf', 'time_zone', 'DateTime::TimeZone::Floating=HASH(0x55a31da91178)', 'day', 3, 'second', 'inf', 'month', 1) called at /home/sand/src/perl/repoperls/installed-perls/host/k93msid/v5.20.2/d2d1/lib/site_perl/5.20.2/x86_64-linux/DateTime.pm line 166
DateTime::new('DateTime::Calendar::Julian', 'hour', 'inf', 'minute', 'inf', 'nanosecond', 'inf', 'locale', 'FakeLocale=HASH(0x55a31da89178)', 'year', 'inf', 'time_zone', 'DateTime::TimeZone::Floating=HASH(0x55a31da91178)', 'day', 3, 'second', 'inf', 'month', 1) called at /tmp/loop_over_bdir-6058-d6ui_O/DateTime-Calendar-Christian-0.06-0/blib/lib/DateTime/Calendar/Christian.pm line 119
DateTime::Calendar::Christian::new('DateTime::Calendar::Christian', 'time_zone', 'DateTime::TimeZone::Floating=HASH(0x55a31da91178)', 'day', 'inf', 'year', 'inf', 'month', 'inf', 'second', 'inf', 'hour', 'inf', 'minute', 'inf', 'nanosecond', 'inf', 'locale', 'FakeLocale=HASH(0x55a31da89178)', 'reform_date', 'DateTime=HASH(0x55a31df4f9b8)', 'month', 1, 'day', 3) called at /tmp/loop_over_bdir-6058-d6ui_O/DateTime-Calendar-Christian-0.06-0/blib/lib/DateTime/Calendar/Christian.pm line 429
DateTime::Calendar::Christian::set('DateTime::Calendar::Christian=HASH(0x55a31ded7b78)', 'month', 1, 'day', 3) called at /tmp/loop_over_bdir-6058-d6ui_O/DateTime-Event-NameDay-0.02-0/blib/lib/DateTime/Event/NameDay.pm line 189
DateTime::Event::NameDay::_make_recurrence('DateTime::Infinite::Future=HASH(0x55a31df4f6a0)', 'DateTime=HASH(0x55a31deba8f0)', 1, 3, -1, 'HASH(0x55a31df40948)') called at /tmp/loop_over_bdir-6058-d6ui_O/DateTime-Event-NameDay-0.02-0/blib/lib/DateTime/Event/NameDay.pm line 171
DateTime::Event::NameDay::__ANON__('DateTime::Infinite::Future=HASH(0x55a31df4f6a0)') called at /home/sand/src/perl/repoperls/installed-perls/host/k93msid/v5.20.2/d2d1/lib/site_perl/5.20.2/DateTime/Set.pm line 222
DateTime::Set::__ANON__('DateTime::Infinite::Future=HASH(0x55a31da891d8)') called at /home/sand/src/perl/repoperls/installed-perls/host/k93msid/v5.20.2/d2d1/lib/site_perl/5.20.2/DateTime/Set.pm line 244
DateTime::Set::from_recurrence('DateTime::Set', 'next', 'CODE(0x55a31deba290)', 'previous', 'CODE(0x55a31df4f3a0)') called at /tmp/loop_over_bdir-6058-d6ui_O/DateTime-Event-NameDay-0.02-0/blib/lib/DateTime/Event/NameDay.pm line 174
DateTime::Event::NameDay::get_namedays(undef, 'country', 'sweden', 'name', 'Alfred') called at t/02set.t line 27
# Looks like your test exited with 255 before it could output anything.
t/02set.t ..........
Dubious, test returned 255 (wstat 65280, 0xff00)
Failed 2/2 subtests
t/03countries.t .... ok
t/04constructor.t .. ok
Test Summary Report
-------------------
t/02set.t (Wstat: 65280 Tests: 0 Failed: 0)
Non-zero exit status: 255
Parse errors: Bad plan. You planned 2 tests but ran 0.
Files=5, Tests=9, 4 wallclock secs ( 0.02 usr 0.05 sys + 1.48 cusr 0.26 csys = 1.81 CPU)
Result: FAIL
Failed 1/5 test programs. 0/9 subtests failed.
Makefile:103: recipe for target 'test' failed
make: *** [test] Error 255
------------------------------
PREREQUISITES
------------------------------
Prerequisite modules loaded:
requires:
Module Need Have
----------------------------- ---- --------
Carp 0 1.38
DateTime 0 1.44
DateTime::Calendar::Christian 0 0.06
DateTime::Set 0 0.3900
Params::Validate 0.52 1.29
Test::More 0 1.302115
------------------------------
ENVIRONMENT AND OTHER CONTEXT
------------------------------
Environment variables:
AUTOMATED_TESTING = 1
LANG = en_US.UTF-8
PATH = /home/sand/bin:/usr/local/bin:/usr/bin:/bin:/usr/games:/usr/local/perl/bin:/usr/X11/bin:/sbin:/usr/sbin
PERL5LIB = /tmp/loop_over_bdir-6058-d6ui_O/DateTime-Calendar-Christian-0.06-0/blib/arch:/tmp/loop_over_bdir-6058-d6ui_O/DateTime-Calendar-Christian-0.06-0/blib/lib:/tmp/loop_over_bdir-6058-d6ui_O/DateTime-Calendar-Julian-0.04-0/blib/arch:/tmp/loop_over_bdir-6058-d6ui_O/DateTime-Calendar-Julian-0.04-0/blib/lib
PERL5OPT =
PERL5_CPANPLUS_IS_RUNNING = 6105
PERL5_CPAN_IS_RUNNING = 6105
PERL5_CPAN_IS_RUNNING_IN_RECURSION = 17456,6105
PERL_CANARY_STABILITY_NOPROMPT = 1
PERL_MM_USE_DEFAULT = 1
PERL_USE_UNSAFE_INC = 1
SHELL = /usr/bin/zsh
TERM = screen
Perl special variables (and OS-specific diagnostics, for MSWin32):
$^X = /home/sand/src/perl/repoperls/installed-perls/host/k93msid/v5.20.2/d2d1/bin/perl
$UID/$EUID = 1005 / 1005
$GID = 1005 1005
$EGID = 1005 1005
Perl module toolchain versions installed:
Module Have
------------------- --------
CPAN 2.20
CPAN::Meta 2.150010
Cwd 3.62
ExtUtils::CBuilder 0.280229
ExtUtils::Command 7.30
ExtUtils::Install 2.06
ExtUtils::MakeMaker 7.30
ExtUtils::Manifest 1.70
ExtUtils::ParseXS 3.35
File::Spec 3.62
JSON 2.97000
JSON::PP 2.95
Module::Build 0.4224
Module::Signature 0.81
Parse::CPAN::Meta 2.150010
Test::Harness 3.39
Test::More 1.302115
YAML 1.23_003
YAML::Syck 1.30
version 0.9918
--
Summary of my perl5 (revision 5 version 20 subversion 2) configuration:
Derived from: c05ce579b6dae0f955ff8922469d49f95f4bf6fd
Platform:
osname=linux, osvers=4.12.0-2-amd64, archname=x86_64-linux
uname='linux k93msid 4.12.0-2-amd64 #1 smp debian 4.12.13-1 (2017-09-19) x86_64 gnulinux '
config_args='-Dprefix=/home/sand/src/perl/repoperls/installed-perls/host/k93msid/v5.20.2/d2d1 -Dmyhostname=k93msid -Dinstallusrbinperl=n -Uversiononly -Dusedevel -des -Ui_db -Dlibswanted=cl pthread socket inet nsl gdbm dbm malloc dl ld sun m crypt sec util c cposix posix ucb BSD gdbm_compat -Uuseithreads -Uuselongdouble -DDEBUGGING=both'
hint=recommended, useposix=true, d_sigaction=define
useithreads=undef, usemultiplicity=undef
use64bitint=define, use64bitall=define, uselongdouble=undef
usemymalloc=n, bincompat5005=undef
Compiler:
cc='cc', ccflags ='-fwrapv -DDEBUGGING -fno-strict-aliasing -pipe -fstack-protector -I/usr/local/include -D_LARGEFILE_SOURCE -D_FILE_OFFSET_BITS=64',
optimize='-O2 -g',
cppflags='-fwrapv -DDEBUGGING -fno-strict-aliasing -pipe -fstack-protector -I/usr/local/include'
ccversion='', gccversion='7.2.0', gccosandvers=''
intsize=4, longsize=8, ptrsize=8, doublesize=8, byteorder=12345678
d_longlong=define, longlongsize=8, d_longdbl=define, longdblsize=16
ivtype='long', ivsize=8, nvtype='double', nvsize=8, Off_t='off_t', lseeksize=8
alignbytes=8, prototype=define
Linker and Libraries:
ld='cc', ldflags =' -fstack-protector -L/usr/local/lib'
libpth=/usr/local/lib /usr/lib/gcc/x86_64-linux-gnu/7/include-fixed /usr/include/x86_64-linux-gnu /usr/lib /lib/x86_64-linux-gnu /lib/../lib /usr/lib/x86_64-linux-gnu /usr/lib/../lib /lib
libs=-lpthread -lnsl -ldl -lm -lcrypt -lutil -lc
perllibs=-lpthread -lnsl -ldl -lm -lcrypt -lutil -lc
libc=libc-2.24.so, so=so, useshrplib=false, libperl=libperl.a
gnulibc_version='2.24'
Dynamic Linking:
dlsrc=dl_dlopen.xs, dlext=so, d_dlsymun=undef, ccdlflags='-Wl,-E'
cccdlflags='-fPIC', lddlflags='-shared -O2 -g -L/usr/local/lib -fstack-protector'
Characteristics of this binary (from libperl):
Compile-time options: DEBUGGING HAS_TIMES PERLIO_LAYERS
PERL_DONT_CREATE_GVSV
PERL_HASH_FUNC_ONE_AT_A_TIME_HARD PERL_MALLOC_WRAP
PERL_NEW_COPY_ON_WRITE PERL_PRESERVE_IVUV
PERL_USE_DEVEL USE_64_BIT_ALL USE_64_BIT_INT
USE_LARGE_FILES USE_LOCALE USE_LOCALE_COLLATE
USE_LOCALE_CTYPE USE_LOCALE_NUMERIC USE_PERLIO
USE_PERL_ATOF
Locally applied patches:
uncommitted-changes
Built under linux
Compiled at Oct 4 2017 05:18:23
%ENV:
PERL5LIB="/tmp/loop_over_bdir-6058-d6ui_O/DateTime-Calendar-Christian-0.06-0/blib/arch:/tmp/loop_over_bdir-6058-d6ui_O/DateTime-Calendar-Christian-0.06-0/blib/lib:/tmp/loop_over_bdir-6058-d6ui_O/DateTime-Calendar-Julian-0.04-0/blib/arch:/tmp/loop_over_bdir-6058-d6ui_O/DateTime-Calendar-Julian-0.04-0/blib/lib"
PERL5OPT=""
PERL5_CPANPLUS_IS_RUNNING="6105"
PERL5_CPAN_IS_RUNNING="6105"
PERL5_CPAN_IS_RUNNING_IN_RECURSION="17456,6105"
PERL_CANARY_STABILITY_NOPROMPT="1"
PERL_MM_USE_DEFAULT="1"
PERL_USE_UNSAFE_INC="1"
@INC:
/tmp/loop_over_bdir-6058-d6ui_O/DateTime-Calendar-Christian-0.06-0/blib/arch
/tmp/loop_over_bdir-6058-d6ui_O/DateTime-Calendar-Christian-0.06-0/blib/lib
/tmp/loop_over_bdir-6058-d6ui_O/DateTime-Calendar-Julian-0.04-0/blib/arch
/tmp/loop_over_bdir-6058-d6ui_O/DateTime-Calendar-Julian-0.04-0/blib/lib
/home/sand/src/perl/repoperls/installed-perls/host/k93msid/v5.20.2/d2d1/lib/site_perl/5.20.2/x86_64-linux
/home/sand/src/perl/repoperls/installed-perls/host/k93msid/v5.20.2/d2d1/lib/site_perl/5.20.2
/home/sand/src/perl/repoperls/installed-perls/host/k93msid/v5.20.2/d2d1/lib/5.20.2/x86_64-linux
/home/sand/src/perl/repoperls/installed-perls/host/k93msid/v5.20.2/d2d1/lib/5.20.2
.