WebService-IPStack v0.01 Perl 5 v5.30.0 amd64-freebsd

Status
Fail
From
Slaven Rezić (SREZIC)
Dist
WebService-IPStack v0.01
Platform
Perl 5 v5.30.0 amd64-freebsd
Date
2020-01-12 16:19:00
ID
3dd185ca-3557-11ea-aded-8e7a1f24ea8f
This distribution has been tested as part of the CPAN Testers
project, supporting the Perl programming language.  See
http://wiki.cpantesters.org/ for more information or email
questions to cpan-testers-discuss@perl.org


--
Dear Kian Meng, Ang,

This is a computer-generated report for WebService-IPStack-0.01
on perl 5.30.0, created by CPAN-Reporter-1.2018.

Thank you for uploading your work to CPAN.  However, there was a problem
testing your distribution.

If you think this report is invalid, please consult the CPAN Testers Wiki
for suggestions on how to avoid getting FAIL reports for missing library
or binary dependencies, unsupported operating systems, and so on:

http://wiki.cpantesters.org/wiki/CPANAuthorNotes

Sections of this report:

    * Tester comments
    * Program output
    * Prerequisites
    * Environment and other context

------------------------------
TESTER COMMENTS
------------------------------

Additional comments from tester:

none provided

------------------------------
PROGRAM OUTPUT
------------------------------

Output from './Build test':


#   Failed test 'WebService/IPStack.pm loaded ok'
#   at t/00-compile.t line 43.
#          got: '65280'
#     expected: '0'
WebService::IPStack doesn't have a `has` function at /usr/home/cpansand/.cpan/build/2020011207/WebService-IPStack-0.01-0/blib/lib/WebService/IPStack.pm line 11.
BEGIN failed--compilation aborted at /usr/home/cpansand/.cpan/build/2020011207/WebService-IPStack-0.01-0/blib/lib/WebService/IPStack.pm line 11.
Compilation failed in require at -e line 1.
# Looks like you failed 1 test of 1.
t/00-compile.t .............. 
Dubious, test returned 1 (wstat 256, 0x100)
Failed 1/1 subtests 
# Testing with Perl 5.030000, /usr/perl5.30.0p/bin/perl
#     File::Spec version is 3.78
#     IO::Handle version is 1.40
#     IPC::Open3 version is 1.20
#     JSON version is 4.02
#     Module::Build::Tiny version is 0.039
#     Moo version is 2.003006
#     MooX::Enumeration version is 0.007
#     Pod::Coverage::TrustPod version is 0.100005
#     REST::Client version is 273
#     Role::REST::Client version is 0.23
#     Test::CPAN::Meta version is 0.25
#     Test::DistManifest version is 1.014
#     Test::Exception version is 0.43
#     Test::HasVersion version is 0.014
#     Test::More version is 1.302170
#     Test::Warn version is 0.36
#     Types::Standard version is 1.008001
#     namespace::clean version is 0.27
#     strictures version is 2.000006
t/000-report-versions.t ..... ok

#   Failed test 'use WebService::IPStack;'
#   at t/00_compile.t line 7.
#     Tried to use 'WebService::IPStack'.
#     Error:  WebService::IPStack doesn't have a `has` function at /usr/home/cpansand/.cpan/build/2020011207/WebService-IPStack-0.01-0/blib/lib/WebService/IPStack.pm line 11.
# BEGIN failed--compilation aborted at /usr/home/cpansand/.cpan/build/2020011207/WebService-IPStack-0.01-0/blib/lib/WebService/IPStack.pm line 11.
# Compilation failed in require at t/00_compile.t line 7.
# BEGIN failed--compilation aborted at t/00_compile.t line 7.
# Looks like you failed 1 test of 1.
t/00_compile.t .............. 
Dubious, test returned 1 (wstat 256, 0x100)
Failed 1/1 subtests 
WebService::IPStack doesn't have a `has` function at /usr/home/cpansand/.cpan/build/2020011207/WebService-IPStack-0.01-0/blib/lib/WebService/IPStack.pm line 11.
BEGIN failed--compilation aborted at /usr/home/cpansand/.cpan/build/2020011207/WebService-IPStack-0.01-0/blib/lib/WebService/IPStack.pm line 11.
Compilation failed in require at t/01_instantiation.t line 8.
BEGIN failed--compilation aborted at t/01_instantiation.t line 8.
t/01_instantiation.t ........ 
Dubious, test returned 2 (wstat 512, 0x200)
No subtests run 
WebService::IPStack doesn't have a `has` function at /usr/home/cpansand/.cpan/build/2020011207/WebService-IPStack-0.01-0/blib/lib/WebService/IPStack.pm line 11.
BEGIN failed--compilation aborted at /usr/home/cpansand/.cpan/build/2020011207/WebService-IPStack-0.01-0/blib/lib/WebService/IPStack.pm line 11.
Compilation failed in require at t/02_lookup.t line 8.
BEGIN failed--compilation aborted at t/02_lookup.t line 8.
t/02_lookup.t ............... 
Dubious, test returned 2 (wstat 512, 0x200)
No subtests run 
WebService::IPStack doesn't have a `has` function at /usr/home/cpansand/.cpan/build/2020011207/WebService-IPStack-0.01-0/blib/lib/WebService/IPStack.pm line 11.
BEGIN failed--compilation aborted at /usr/home/cpansand/.cpan/build/2020011207/WebService-IPStack-0.01-0/blib/lib/WebService/IPStack.pm line 11.
Compilation failed in require at t/03_bulk_lookup.t line 8.
BEGIN failed--compilation aborted at t/03_bulk_lookup.t line 8.
t/03_bulk_lookup.t .......... 
Dubious, test returned 2 (wstat 512, 0x200)
No subtests run 
WebService::IPStack doesn't have a `has` function at /usr/home/cpansand/.cpan/build/2020011207/WebService-IPStack-0.01-0/blib/lib/WebService/IPStack.pm line 11.
BEGIN failed--compilation aborted at /usr/home/cpansand/.cpan/build/2020011207/WebService-IPStack-0.01-0/blib/lib/WebService/IPStack.pm line 11.
Compilation failed in require at t/04_check.t line 8.
BEGIN failed--compilation aborted at t/04_check.t line 8.
t/04_check.t ................ 
Dubious, test returned 2 (wstat 512, 0x200)
No subtests run 
t/author-eol.t .............. skipped: these tests are for testing by the author
t/author-minimum-version.t .. skipped: these tests are for testing by the author
t/author-pod-coverage.t ..... skipped: these tests are for testing by the author
t/author-pod-syntax.t ....... skipped: these tests are for testing by the author
t/release-distmeta.t ........ skipped: these tests are for release candidate testing
t/release-has-version.t ..... skipped: these tests are for release candidate testing
t/release-kwalitee.t ........ skipped: these tests are for release candidate testing
t/release-unused-vars.t ..... skipped: these tests are for release candidate testing

Test Summary Report
-------------------
t/00-compile.t            (Wstat: 256 Tests: 1 Failed: 1)
  Failed test:  1
  Non-zero exit status: 1
t/00_compile.t            (Wstat: 256 Tests: 1 Failed: 1)
  Failed test:  1
  Non-zero exit status: 1
t/01_instantiation.t      (Wstat: 512 Tests: 0 Failed: 0)
  Non-zero exit status: 2
  Parse errors: No plan found in TAP output
t/02_lookup.t             (Wstat: 512 Tests: 0 Failed: 0)
  Non-zero exit status: 2
  Parse errors: No plan found in TAP output
t/03_bulk_lookup.t        (Wstat: 512 Tests: 0 Failed: 0)
  Non-zero exit status: 2
  Parse errors: No plan found in TAP output
t/04_check.t              (Wstat: 512 Tests: 0 Failed: 0)
  Non-zero exit status: 2
  Parse errors: No plan found in TAP output
Files=15, Tests=21,  2 wallclock secs ( 0.05 usr  0.06 sys +  0.91 cusr  0.38 csys =  1.41 CPU)
Result: FAIL

------------------------------
PREREQUISITES
------------------------------

Prerequisite modules loaded:

requires:

    Module                  Need  Have    
    ----------------------- ----- --------
    JSON                    0     4.02    
    Moo                     0     2.003006
    MooX::Enumeration       0     0.007   
    namespace::clean        0     0.27    
    perl                    5.010 5.030000
    REST::Client            0     273     
    Role::REST::Client      0     0.23    
    strictures              2     2.000006
    Types::Standard         0     1.008001

build_requires:

    Module                  Need  Have    
    ----------------------- ----- --------
    File::Spec              0     3.78    
    IO::Handle              0     1.40    
    IPC::Open3              0     1.20    
    Pod::Coverage::TrustPod 0     0.100005
    Test::CPAN::Meta        0     0.25    
    Test::DistManifest      0     1.014   
    Test::Exception         0     0.43    
    Test::HasVersion        0     0.014   
    Test::Kwalitee          0     1.28    
    Test::More              0     1.302170
    Test::Pod::Coverage     0     1.10    
    Test::Warn              0     0.36    

configure_requires:

    Module                  Need  Have    
    ----------------------- ----- --------
    Module::Build::Tiny     0.034 0.039   


------------------------------
ENVIRONMENT AND OTHER CONTEXT
------------------------------

Environment variables:

    PATH = /usr/local/bin:/usr/bin:/bin:/usr/local/sbin:/usr/sbin:/sbin:/home/cpansand/bin/freebsd12.0:/home/cpansand/bin/sh:/home/cpansand/bin:/usr/games:/home/cpansand/devel:/usr/home/eserte/src/srezic-misc/scripts
    PERL5LIB = /home/cpansand/.cpan/build/2020011207/WebService-Mocean-0.05-0/blib/arch:/home/cpansand/.cpan/build/2020011207/WebService-Mocean-0.05-0/blib/lib:/home/cpansand/.cpan/build/2020011207/WebService-RESTCountries-0.3-0/blib/arch:/home/cpansand/.cpan/build/2020011207/WebService-RESTCountries-0.3-0/blib/lib:/home/cpansand/.cpan/build/2020011207/HTTP-Cookies-6.08-3/blib/arch:/home/cpansand/.cpan/build/2020011207/HTTP-Cookies-6.08-3/blib/lib
    PERL5OPT = 
    PERL5_CPANPLUS_IS_RUNNING = 26806
    PERL5_CPAN_IS_RUNNING = 26806
    PERL5_CPAN_IS_RUNNING_IN_RECURSION = 86966,26806
    PERLDOC = -MPod::Perldoc::ToTextOverstrike
    PERL_BATCH = yes
    PERL_CANARY_STABILITY_NOPROMPT = 1
    PERL_CPAN_REPORTER_CONFIG = /var/tmp/cpansmoker-1023/2020011109/cpanreporter_002_config.ini
    PERL_EXTUTILS_AUTOINSTALL = --defaultdeps
    PERL_USE_UNSAFE_INC = 1
    SHELL = /usr/local/bin/zsh
    TERM = screen
    TMPDIR = /var/tmp/cpansmoker-1023/2020011109

Perl special variables (and OS-specific diagnostics, for MSWin32):

    $^X = /usr/perl5.30.0p/bin/perl
    $UID/$EUID = 1023 / 1023
    $GID = 1023 1023
    $EGID = 1023 1023

Perl module toolchain versions installed:

    Module              Have    
    ------------------- --------
    CPAN                2.27    
    CPAN::Meta          2.150010
    Cwd                 3.78    
    ExtUtils::CBuilder  0.280231
    ExtUtils::Command   7.42    
    ExtUtils::Install   2.14    
    ExtUtils::MakeMaker 7.42    
    ExtUtils::Manifest  1.72    
    ExtUtils::ParseXS   3.40    
    File::Spec          3.78    
    JSON                4.02    
    JSON::PP            4.04    
    Module::Build       0.4229  
    Module::Signature   0.83    
    Parse::CPAN::Meta   2.150010
    Test::Harness       3.42    
    Test::More          1.302170
    YAML                1.29    
    YAML::Syck          1.31    
    version             0.9924  


--

Summary of my perl5 (revision 5 version 30 subversion 0) configuration:
   
  Platform:
    osname=freebsd
    osvers=12.0-stable
    archname=amd64-freebsd
    uname='freebsd cloud1.bbbike.org 12.0-stable freebsd 12.0-stable 5f6d693b936(stable12) generic amd64 '
    config_args='-ds -e -Dprefix=/usr/perl5.30.0p -Dcf_email=srezic@cpan.org -Doptimize=-O2 -pipe'
    hint=recommended
    useposix=true
    d_sigaction=define
    useithreads=undef
    usemultiplicity=undef
    use64bitint=define
    use64bitall=define
    uselongdouble=undef
    usemymalloc=n
    default_inc_excludes_dot=define
    bincompat5005=undef
  Compiler:
    cc='cc'
    ccflags ='-DHAS_FPSETMASK -DHAS_FLOATINGPOINT_H -fno-strict-aliasing -pipe -fstack-protector-strong -I/usr/local/include -D_FORTIFY_SOURCE=2'
    optimize='-O2 -pipe'
    cppflags='-DHAS_FPSETMASK -DHAS_FLOATINGPOINT_H -fno-strict-aliasing -pipe -fstack-protector-strong -I/usr/local/include'
    ccversion=''
    gccversion='4.2.1 Compatible FreeBSD Clang 8.0.0 (tags/RELEASE_800/final 356365)'
    gccosandvers=''
    intsize=4
    longsize=8
    ptrsize=8
    doublesize=8
    byteorder=12345678
    doublekind=3
    d_longlong=define
    longlongsize=8
    d_longdbl=define
    longdblsize=16
    longdblkind=3
    ivtype='long'
    ivsize=8
    nvtype='double'
    nvsize=8
    Off_t='off_t'
    lseeksize=8
    alignbytes=8
    prototype=define
  Linker and Libraries:
    ld='cc'
    ldflags ='-pthread -Wl,-E  -fstack-protector-strong -L/usr/local/lib'
    libpth=/usr/lib /usr/local/lib /usr/lib/clang/8.0.0/lib /usr/lib
    libs=-lpthread -lgdbm -ldl -lm -lcrypt -lutil -lc
    perllibs=-lpthread -ldl -lm -lcrypt -lutil -lc
    libc=
    so=so
    useshrplib=false
    libperl=libperl.a
    gnulibc_version=''
  Dynamic Linking:
    dlsrc=dl_dlopen.xs
    dlext=so
    d_dlsymun=undef
    ccdlflags=' '
    cccdlflags='-DPIC -fPIC'
    lddlflags='-shared  -L/usr/local/lib -fstack-protector-strong'


Characteristics of this binary (from libperl): 
  Compile-time options:
    HAS_TIMES
    PERLIO_LAYERS
    PERL_COPY_ON_WRITE
    PERL_DONT_CREATE_GVSV
    PERL_MALLOC_WRAP
    PERL_OP_PARENT
    PERL_PRESERVE_IVUV
    USE_64_BIT_ALL
    USE_64_BIT_INT
    USE_LARGE_FILES
    USE_LOCALE
    USE_LOCALE_COLLATE
    USE_LOCALE_CTYPE
    USE_LOCALE_NUMERIC
    USE_LOCALE_TIME
    USE_PERLIO
    USE_PERL_ATOF
  Built under freebsd
  Compiled at May 22 2019 20:12:17
  %ENV:
    PERL5LIB="/home/cpansand/.cpan/build/2020011207/WebService-Mocean-0.05-0/blib/arch:/home/cpansand/.cpan/build/2020011207/WebService-Mocean-0.05-0/blib/lib:/home/cpansand/.cpan/build/2020011207/WebService-RESTCountries-0.3-0/blib/arch:/home/cpansand/.cpan/build/2020011207/WebService-RESTCountries-0.3-0/blib/lib:/home/cpansand/.cpan/build/2020011207/HTTP-Cookies-6.08-3/blib/arch:/home/cpansand/.cpan/build/2020011207/HTTP-Cookies-6.08-3/blib/lib"
    PERL5OPT=""
    PERL5_CPANPLUS_IS_RUNNING="26806"
    PERL5_CPAN_IS_RUNNING="26806"
    PERL5_CPAN_IS_RUNNING_IN_RECURSION="86966,26806"
    PERLDOC="-MPod::Perldoc::ToTextOverstrike"
    PERL_BATCH="yes"
    PERL_CANARY_STABILITY_NOPROMPT="1"
    PERL_CPAN_REPORTER_CONFIG="/var/tmp/cpansmoker-1023/2020011109/cpanreporter_002_config.ini"
    PERL_EXTUTILS_AUTOINSTALL="--defaultdeps"
    PERL_USE_UNSAFE_INC="1"
  @INC:
    /home/cpansand/.cpan/build/2020011207/WebService-Mocean-0.05-0/blib/arch
    /home/cpansand/.cpan/build/2020011207/WebService-Mocean-0.05-0/blib/lib
    /home/cpansand/.cpan/build/2020011207/WebService-RESTCountries-0.3-0/blib/arch
    /home/cpansand/.cpan/build/2020011207/WebService-RESTCountries-0.3-0/blib/lib
    /home/cpansand/.cpan/build/2020011207/HTTP-Cookies-6.08-3/blib/arch
    /home/cpansand/.cpan/build/2020011207/HTTP-Cookies-6.08-3/blib/lib
    /usr/perl5.30.0p/lib/site_perl/5.30.0/amd64-freebsd
    /usr/perl5.30.0p/lib/site_perl/5.30.0
    /usr/perl5.30.0p/lib/5.30.0/amd64-freebsd
    /usr/perl5.30.0p/lib/5.30.0
    .