Report for Dist-Zilla-Plugin-Chrome-ExtraPrompt-0.014

Back
From: metabase:user:314402c4-2aae-11df-837a-5e0a49663a4f
Subject: FAIL Dist-Zilla-Plugin-Chrome-ExtraPrompt-0.014 v5.24.0 GNU/Linux
Date: 2017-04-23T20:27:16Z

This distribution has been tested as part of the CPAN Testers
project, supporting the Perl programming language.  See
http://wiki.cpantesters.org/ for more information or email
questions to cpan-testers-discuss@perl.org


--
Dear Karen Etheridge,

This is a computer-generated report for Dist-Zilla-Plugin-Chrome-ExtraPrompt-0.014
on perl 5.24.0, created by CPAN-Reporter-1.2018.

Thank you for uploading your work to CPAN.  However, there was a problem
testing your distribution.

If you think this report is invalid, please consult the CPAN Testers Wiki
for suggestions on how to avoid getting FAIL reports for missing library
or binary dependencies, unsupported operating systems, and so on:

http://wiki.cpantesters.org/wiki/CPANAuthorNotes

Sections of this report:

    * Tester comments
    * Program output
    * Prerequisites
    * Environment and other context

------------------------------
TESTER COMMENTS
------------------------------

Additional comments from tester:

none provided

------------------------------
PROGRAM OUTPUT
------------------------------

Output from './Build test':

# 
# Versions for all modules listed in MYMETA.json (including optional ones):
# 
# === Configure Requires ===
# 
#     Module               Want  Have
#     ------------------- ----- -----
#     Module::Build::Tiny 0.039 0.039
# 
# === Test Requires ===
# 
#     Module                                     Want     Have
#     ----------------------------------------- ----- --------
#     Dist::Zilla::Chrome::Test                   any    6.008
#     Dist::Zilla::MVP::Assembler::GlobalConfig   any    6.008
#     Dist::Zilla::MVP::Reader::Finder            any    6.008
#     Dist::Zilla::MVP::Section                   any    6.008
#     Dist::Zilla::Role::BeforeBuild              any    6.008
#     ExtUtils::MakeMaker                         any     7.24
#     File::Spec                                  any     3.63
#     Path::Tiny                                  any    0.104
#     Test::DZil                                  any    6.008
#     Test::Deep                                  any    1.126
#     Test::Fatal                                 any    0.014
#     Test::More                                 0.88 1.302083
#     Test::Warnings                            0.009    0.026
#     if                                          any   0.0606
#     lib                                         any     0.63
# 
# === Test Recommends ===
# 
#     Module         Want     Have
#     ---------- -------- --------
#     CPAN::Meta 2.120900 2.150005
# 
# === Runtime Requires ===
# 
#     Module                    Want   Have
#     ------------------------- ---- ------
#     Dist::Zilla::Role::Plugin  any  6.008
#     File::Spec                 any   3.63
#     IPC::Open3                 any   1.20
#     Moose                      any 2.2004
#     Moose::Role                any 2.2004
#     POSIX                      any   1.65
#     namespace::autoclean       any   0.28
#     strict                     any   1.11
#     warnings                   any   1.36
# 
# === Other Modules ===
# 
#     Module        Have
#     ------------- ----
#     Pod::Coverage 0.23
# 
t/00-report-prereqs.t .. ok
t/01-basic.t ........... ok
t/02-no-distini.t ...... ok
t/03-repeat-prompt.t ... ok
t/04-error.t ........... ok

#   Failed test 'the command was aborted before it ran to completion'
#   at t/05-kill.t line 69.
#     '3'
#         <=
#     '2'
# got log messages: [
#   '[DZ] beginning to build DZT-Sample',
#   '[DZ] writing DZT-Sample in /home/cpansand/.cpan/build/2017042321/Dist-Zilla-Plugin-Chrome-ExtraPrompt-0.014-4/tmp/0hb00GRCmy/build'
# ]
# Looks like you failed 1 test of 1.
t/05-kill.t ............ 
Dubious, test returned 1 (wstat 256, 0x100)
Failed 1/1 subtests 
t/zzz-check-breaks.t ... ok

Test Summary Report
-------------------
t/05-kill.t          (Wstat: 256 Tests: 1 Failed: 1)
  Failed test:  1
  Non-zero exit status: 1
Files=7, Tests=10, 20 wallclock secs ( 0.05 usr  0.01 sys +  9.94 cusr  0.80 csys = 10.80 CPU)
Result: FAIL

------------------------------
PREREQUISITES
------------------------------

Prerequisite modules loaded:

requires:

    Module                                    Need  Have    
    ----------------------------------------- ----- --------
    Dist::Zilla::Role::Plugin                 0     6.008   
    File::Spec                                0     3.63    
    IPC::Open3                                0     1.20    
    Moose                                     0     2.2004  
    Moose::Role                               0     2.2004  
    namespace::autoclean                      0     0.28    
    perl                                      5.006 5.024000
    POSIX                                     0     1.65    
    strict                                    0     1.11    
    warnings                                  0     1.36    

build_requires:

    Module                                    Need  Have    
    ----------------------------------------- ----- --------
    Dist::Zilla::Chrome::Test                 0     6.008   
    Dist::Zilla::MVP::Assembler::GlobalConfig 0     6.008   
    Dist::Zilla::MVP::Reader::Finder          0     6.008   
    Dist::Zilla::MVP::Section                 0     6.008   
    Dist::Zilla::Role::BeforeBuild            0     6.008   
    ExtUtils::MakeMaker                       0     7.24    
    File::Spec                                0     3.63    
    if                                        0     0.0606  
    lib                                       0     0.63    
    Path::Tiny                                0     0.104   
    perl                                      5.006 5.024000
    Test::Deep                                0     1.126   
    Test::DZil                                0     6.008   
    Test::Fatal                               0     0.014   
    Test::More                                0.88  1.302083
    Test::Warnings                            0.009 0.026   

configure_requires:

    Module                                    Need  Have    
    ----------------------------------------- ----- --------
    Module::Build::Tiny                       0.039 0.039   
    perl                                      5.006 5.024000


------------------------------
ENVIRONMENT AND OTHER CONTEXT
------------------------------

Environment variables:

    LANG = en_US.UTF-8
    PATH = /usr/local/bin:/usr/bin:/bin:/usr/local/sbin:/usr/sbin:/sbin:/home/cpansand/bin/linux-gnu:/home/cpansand/bin/sh:/home/cpansand/bin:/usr/games:/home/cpansand/devel:/home/eserte/src/srezic-misc/scripts
    PERL5LIB = 
    PERL5OPT = 
    PERL5_CPANPLUS_IS_RUNNING = 24782
    PERL5_CPAN_IS_RUNNING = 24782
    PERL5_CPAN_IS_RUNNING_IN_RECURSION = 23680,24782
    PERLDOC = -MPod::Perldoc::ToTextOverstrike
    PERL_BATCH = yes
    PERL_CANARY_STABILITY_NOPROMPT = 1
    PERL_CPAN_REPORTER_CONFIG = /var/tmp/cpansmoker-1002/2017042321/cpanreporter_000_config.ini
    PERL_EXTUTILS_AUTOINSTALL = --defaultdeps
    SHELL = /bin/zsh
    TERM = screen
    TMPDIR = /var/tmp/cpansmoker-1002/2017042321

Perl special variables (and OS-specific diagnostics, for MSWin32):

    $^X = /opt/perl-5.24.0t/bin/perl
    $UID/$EUID = 1002 / 1002
    $GID = 1002 1002
    $EGID = 1002 1002

Perl module toolchain versions installed:

    Module              Have    
    ------------------- --------
    CPAN                2.16    
    CPAN::Meta          2.150005
    Cwd                 3.63    
    ExtUtils::CBuilder  0.280225
    ExtUtils::Command   7.24    
    ExtUtils::Install   2.04    
    ExtUtils::MakeMaker 7.24    
    ExtUtils::Manifest  1.70    
    ExtUtils::ParseXS   3.31    
    File::Spec          3.63    
    JSON                2.90    
    JSON::PP            2.27400 
    Module::Build       0.4220  
    Module::Signature   0.81    
    Parse::CPAN::Meta   1.4417  
    Test::Harness       3.36    
    Test::More          1.302083
    YAML                1.23    
    YAML::Syck          1.30    
    version             0.9916  


--

Summary of my perl5 (revision 5 version 24 subversion 0) configuration:
   
  Platform:
    osname=linux, osvers=3.10.0-514.6.2.el7.x86_64, archname=x86_64-linux-thread-multi
    uname='linux prod5 3.10.0-514.6.2.el7.x86_64 #1 smp thu feb 23 03:04:39 utc 2017 x86_64 x86_64 x86_64 gnulinux '
    config_args='-ds -e -Dprefix=/opt/perl-5.24.0t -Dusethreads -Dcf_email=srezic@cpan.org'
    hint=recommended, useposix=true, d_sigaction=define
    useithreads=define, usemultiplicity=define
    use64bitint=define, use64bitall=define, uselongdouble=undef
    usemymalloc=n, bincompat5005=undef
  Compiler:
    cc='cc', ccflags ='-D_REENTRANT -D_GNU_SOURCE -fwrapv -fno-strict-aliasing -pipe -fstack-protector-strong -I/usr/local/include -D_LARGEFILE_SOURCE -D_FILE_OFFSET_BITS=64 -D_FORTIFY_SOURCE=2',
    optimize='-O2',
    cppflags='-D_REENTRANT -D_GNU_SOURCE -fwrapv -fno-strict-aliasing -pipe -fstack-protector-strong -I/usr/local/include'
    ccversion='', gccversion='4.8.5 20150623 (Red Hat 4.8.5-11)', gccosandvers=''
    intsize=4, longsize=8, ptrsize=8, doublesize=8, byteorder=12345678, doublekind=3
    d_longlong=define, longlongsize=8, d_longdbl=define, longdblsize=16, longdblkind=3
    ivtype='long', ivsize=8, nvtype='double', nvsize=8, Off_t='off_t', lseeksize=8
    alignbytes=8, prototype=define
  Linker and Libraries:
    ld='cc', ldflags =' -fstack-protector-strong -L/usr/local/lib'
    libpth=/usr/local/lib /usr/lib /lib/../lib64 /usr/lib/../lib64 /lib /lib64 /usr/lib64 /usr/local/lib64
    libs=-lpthread -lnsl -lgdbm -ldb -ldl -lm -lcrypt -lutil -lc -lgdbm_compat
    perllibs=-lpthread -lnsl -ldl -lm -lcrypt -lutil -lc
    libc=libc-2.17.so, so=so, useshrplib=false, libperl=libperl.a
    gnulibc_version='2.17'
  Dynamic Linking:
    dlsrc=dl_dlopen.xs, dlext=so, d_dlsymun=undef, ccdlflags='-Wl,-E'
    cccdlflags='-fPIC', lddlflags='-shared -O2 -L/usr/local/lib -fstack-protector-strong'


Characteristics of this binary (from libperl): 
  Compile-time options: HAS_TIMES MULTIPLICITY PERLIO_LAYERS
                        PERL_COPY_ON_WRITE PERL_DONT_CREATE_GVSV
                        PERL_HASH_FUNC_ONE_AT_A_TIME_HARD
                        PERL_IMPLICIT_CONTEXT PERL_MALLOC_WRAP
                        PERL_PRESERVE_IVUV USE_64_BIT_ALL USE_64_BIT_INT
                        USE_ITHREADS USE_LARGE_FILES USE_LOCALE
                        USE_LOCALE_COLLATE USE_LOCALE_CTYPE
                        USE_LOCALE_NUMERIC USE_LOCALE_TIME USE_PERLIO
                        USE_PERL_ATOF USE_REENTRANT_API
  Built under linux
  Compiled at Feb 23 2017 20:32:11
  %ENV:
    PERL5LIB=""
    PERL5OPT=""
    PERL5_CPANPLUS_IS_RUNNING="24782"
    PERL5_CPAN_IS_RUNNING="24782"
    PERL5_CPAN_IS_RUNNING_IN_RECURSION="23680,24782"
    PERLDOC="-MPod::Perldoc::ToTextOverstrike"
    PERL_BATCH="yes"
    PERL_CANARY_STABILITY_NOPROMPT="1"
    PERL_CPAN_REPORTER_CONFIG="/var/tmp/cpansmoker-1002/2017042321/cpanreporter_000_config.ini"
    PERL_EXTUTILS_AUTOINSTALL="--defaultdeps"
  @INC:
    /opt/perl-5.24.0t/lib/site_perl/5.24.0/x86_64-linux-thread-multi
    /opt/perl-5.24.0t/lib/site_perl/5.24.0
    /opt/perl-5.24.0t/lib/5.24.0/x86_64-linux-thread-multi
    /opt/perl-5.24.0t/lib/5.24.0
    .