Test-MockCommand v0.05 Perl 5 v5.30.0 armv7l-linux-64int

Status
Fail
From
Nigel Horne
Dist
Test-MockCommand v0.05
Platform
Perl 5 v5.30.0 armv7l-linux-64int
Date
2019-07-16 21:47:01
ID
3e0e71e6-a813-11e9-8fa9-99a29f1e7dde
This distribution has been tested as part of the CPAN Testers
project, supporting the Perl programming language.  See
http://wiki.cpantesters.org/ for more information or email
questions to cpan-testers-discuss@perl.org


--
Dear Stuart Caie,

This is a computer-generated report for Test-MockCommand-0.05
on perl 5.30.0, created by CPAN-Reporter-1.2018.

Thank you for uploading your work to CPAN.  However, there was a problem
testing your distribution.

If you think this report is invalid, please consult the CPAN Testers Wiki
for suggestions on how to avoid getting FAIL reports for missing library
or binary dependencies, unsupported operating systems, and so on:

http://wiki.cpantesters.org/wiki/CPANAuthorNotes

Sections of this report:

    * Tester comments
    * Program output
    * Prerequisites
    * Environment and other context

------------------------------
TESTER COMMENTS
------------------------------

Additional comments from tester:

this report is from an automated smoke testing program
and was not reviewed by a human for accuracy

------------------------------
PROGRAM OUTPUT
------------------------------

Output from '/usr/bin/make test':

PERL_DL_NONLAZY=1 "/mnt/nas/home/pi2/njh/perl5/perlbrew/perls/perl-5.30.0-64int/bin/perl5.30.0" "-MExtUtils::Command::MM" "-MTest::Harness" "-e" "undef *Test::Harness::Switches; test_harness(0, 'blib/lib', 'blib/arch')" t/*.t

#   Failed test 'check that auto-save actually wrote a file'
#   at t/auto-save2.t line 8.
# Looks like you failed 1 test of 1.
t/auto-save2.t ........ 
Dubious, test returned 1 (wstat 256, 0x100)
Failed 1/1 subtests 
t/auto-save3.t ........ ok
t/auto-save1.t ........ ok
t/add-recorder.t ...... ok

#   Failed test 'check that no file got written when autosave disabled'
#   at t/auto-save4.t line 8.
# Looks like you failed 1 test of 1.
t/auto-save4.t ........ 
Dubious, test returned 1 (wstat 256, 0x100)
Failed 1/1 subtests 

#   Failed test 'use Test::MockCommand;'
#   at t/import-playback2.t line 8.
#     Tried to use 'Test::MockCommand'.
#     Error:  can't open testdb.dat: No such file or directory at t/import-playback2.t line 8.
# BEGIN failed--compilation aborted at t/import-playback2.t line 8.

#   Failed test 'testdb.dat was loaded'
#   at t/import-playback2.t line 11.
#          got: '0'
#     expected: '1'
# Looks like you failed 2 tests of 4.
t/import-playback2.t .. 
Dubious, test returned 2 (wstat 512, 0x200)
Failed 2/4 subtests 
t/import-playback1.t .. ok
t/find.t .............. ok
t/import-record.t ..... ok
t/open-handler.t ...... ok
t/load-save.t ......... ok
t/open-normal.t ....... ok
opening file: No such file or directory at t/playback-lines.t line 36.
# Looks like your test exited with 2 just after 7.
# 
t/playback-lines.t .... 
Dubious, test returned 2 (wstat 512, 0x200)
Failed 29/36 subtests 
t/playback-nomock.t ... ok
t/playback.t .......... ok
t/pod-coverage.t ...... skipped: only run for author tests
t/pod.t ............... skipped: only run for author tests
t/recording-exec1.t ... ok
t/recording-exec2.t ... ok
t/recording-v595.t .... ok
t/scalar-readline.t ... ok
t/recording.t ......... ok
t/status-funcs.t ...... ok

Test Summary Report
-------------------
t/auto-save2.t      (Wstat: 256 Tests: 1 Failed: 1)
  Failed test:  1
  Non-zero exit status: 1
t/auto-save4.t      (Wstat: 256 Tests: 1 Failed: 1)
  Failed test:  1
  Non-zero exit status: 1
t/import-playback2.t (Wstat: 512 Tests: 4 Failed: 2)
  Failed tests:  1, 4
  Non-zero exit status: 2
t/playback-lines.t  (Wstat: 512 Tests: 7 Failed: 0)
  Non-zero exit status: 2
  Parse errors: Bad plan.  You planned 36 tests but ran 7.
Files=23, Tests=220,  7 wallclock secs ( 0.80 usr  0.15 sys + 19.97 cusr  3.74 csys = 24.66 CPU)
Result: FAIL
Failed 4/23 test programs. 4/220 subtests failed.
Makefile:867: recipe for target 'test_dynamic' failed
make: *** [test_dynamic] Error 255

------------------------------
PREREQUISITES
------------------------------

Prerequisite modules loaded:

requires:

    Module              Need Have 
    ------------------- ---- -----
    Carp                0    1.50 
    Data::Dumper        0    2.174
    Errno               0    1.30 
    POSIX               0    1.88 
    Symbol              0    1.08 
    Tie::Handle         0    4.2  

build_requires:

    Module              Need Have 
    ------------------- ---- -----
    ExtUtils::MakeMaker 0    7.36 

configure_requires:

    Module              Need Have 
    ------------------- ---- -----
    ExtUtils::MakeMaker 0    7.36 


------------------------------
ENVIRONMENT AND OTHER CONTEXT
------------------------------

Environment variables:

    AUTOMATED_TESTING = 1
    HARNESS_OPTIONS = j4
    LANG = en_GB.UTF-8
    PATH = /home/njh/perl5/perlbrew/bin:/home/njh/perl5/perlbrew/perls/perl-5.30.0-64int/bin:/home/njh/src/njh/smoker/bin:/usr/bin:/bin
    PERL5LIB = 
    PERL5OPT = 
    PERL5_CPANPLUS_IS_RUNNING = 13355
    PERL5_CPAN_IS_RUNNING = 13355
    PERL5_CPAN_IS_RUNNING_IN_RECURSION = 13239,13355
    PERLBREW_HOME = /home/njh/.perlbrew
    PERLBREW_MANPATH = /home/njh/perl5/perlbrew/perls/perl-5.30.0-64int/man
    PERLBREW_PATH = /home/njh/perl5/perlbrew/bin:/home/njh/perl5/perlbrew/perls/perl-5.30.0-64int/bin
    PERLBREW_PERL = perl-5.30.0-64int
    PERLBREW_ROOT = /home/njh/perl5/perlbrew
    PERLBREW_SHELLRC_VERSION = 0.84
    PERLBREW_VERSION = 0.84
    PERL_USE_UNSAFE_INC = 1
    SHELL = /bin/sh
    TEMP = /tmp/user/1000
    TMPDIR = /tmp/user/1000/testwrapper.13339

Perl special variables (and OS-specific diagnostics, for MSWin32):

    $^X = /mnt/nas/home/pi2/njh/perl5/perlbrew/perls/perl-5.30.0-64int/bin/perl5.30.0
    $UID/$EUID = 1000 / 1000
    $GID = 1000 4 20 24 25 27 29 30 44 46 60 100 101 108 995 997 998 999 1000
    $EGID = 1000 4 20 24 25 27 29 30 44 46 60 100 101 108 995 997 998 999 1000

Perl module toolchain versions installed:

    Module              Have    
    ------------------- --------
    CPAN                2.27    
    CPAN::Meta          2.150010
    Cwd                 3.78    
    ExtUtils::CBuilder  0.280231
    ExtUtils::Command   7.36    
    ExtUtils::Install   2.14    
    ExtUtils::MakeMaker 7.36    
    ExtUtils::Manifest  1.72    
    ExtUtils::ParseXS   3.40    
    File::Spec          3.78    
    JSON                4.02    
    JSON::PP            4.04    
    Module::Build       0.4229  
    Module::Signature   n/a     
    Parse::CPAN::Meta   2.150010
    Test::Harness       3.42    
    Test::More          1.302162
    YAML                1.29    
    YAML::Syck          1.31    
    version             0.9924  


--

Summary of my perl5 (revision 5 version 30 subversion 0) configuration:
   
  Platform:
    osname=linux
    osvers=4.19.42-v7+
    archname=armv7l-linux-64int
    uname='linux pi2 4.19.42-v7+ #1219 smp tue may 14 21:20:58 bst 2019 armv7l gnulinux '
    config_args='-de -Dprefix=/home/njh/perl5/perlbrew/perls/perl-5.30.0-64int -Dusedevel -Duse64bitint -Accflags=-O2 -W -Wformat=2 -Wswitch -Wshadow -Wwrite-strings -Wuninitialized -Wall -pipe -fomit-frame-pointer -D_FORTIFY_SOURCE=2 -Wpointer-arith -Wstrict-prototypes -fstack-protector -Wstack-protector -Wextra -Wbad-function-cast -Wcast-align -Wcast-qual -Wdisabled-optimization -Wendif-labels -Wfloat-equal -Wformat-nonliteral -Winline -Wmissing-declarations -Wmissing-prototypes -Wnested-externs -Wpointer-arith -Wundef -Wformat-security -mfpu=neon-vfpv4 -mfloat-abi=hard -mtune=cortex-a7 -fdiagnostics-color=auto -mtune=native -march=native -Aeval:scriptdir=/home/njh/perl5/perlbrew/perls/perl-5.30.0-64int/bin'
    hint=recommended
    useposix=true
    d_sigaction=define
    useithreads=undef
    usemultiplicity=undef
    use64bitint=define
    use64bitall=undef
    uselongdouble=undef
    usemymalloc=n
    default_inc_excludes_dot=define
    bincompat5005=undef
  Compiler:
    cc='cc'
    ccflags ='-O2 -W -Wformat=2 -Wswitch -Wshadow -Wwrite-strings -Wuninitialized -Wall -pipe -fomit-frame-pointer -D_FORTIFY_SOURCE=2 -Wpointer-arith -Wstrict-prototypes -fstack-protector -Wstack-protector -Wextra -Wbad-function-cast -Wcast-align -Wcast-qual -Wdisabled-optimization -Wendif-labels -Wfloat-equal -Wformat-nonliteral -Winline -Wmissing-declarations -Wmissing-prototypes -Wnested-externs -Wpointer-arith -Wundef -Wformat-security -mfpu=neon-vfpv4 -mfloat-abi=hard -mtune=cortex-a7 -fdiagnostics-color=auto -mtune=native -march=native -fwrapv -fno-strict-aliasing -fstack-protector-strong -I/usr/local/include -D_LARGEFILE_SOURCE -D_FILE_OFFSET_BITS=64'
    optimize='-O2'
    cppflags='-O2 -W -Wformat=2 -Wswitch -Wshadow -Wwrite-strings -Wuninitialized -Wall -pipe -fomit-frame-pointer -D_FORTIFY_SOURCE=2 -Wpointer-arith -Wstrict-prototypes -fstack-protector -Wstack-protector -Wextra -Wbad-function-cast -Wcast-align -Wcast-qual -Wdisabled-optimization -Wendif-labels -Wfloat-equal -Wformat-nonliteral -Winline -Wmissing-declarations -Wmissing-prototypes -Wnested-externs -Wpointer-arith -Wundef -Wformat-security -mfpu=neon-vfpv4 -mfloat-abi=hard -mtune=cortex-a7 -fdiagnostics-color=auto -mtune=native -march=native -fwrapv -fno-strict-aliasing -fstack-protector-strong -I/usr/local/include'
    ccversion=''
    gccversion='6.3.0 20170516'
    gccosandvers=''
    intsize=4
    longsize=4
    ptrsize=4
    doublesize=8
    byteorder=12345678
    doublekind=3
    d_longlong=define
    longlongsize=8
    d_longdbl=define
    longdblsize=8
    longdblkind=0
    ivtype='long long'
    ivsize=8
    nvtype='double'
    nvsize=8
    Off_t='off_t'
    lseeksize=8
    alignbytes=8
    prototype=define
  Linker and Libraries:
    ld='cc'
    ldflags =' -fstack-protector-strong -L/usr/local/lib'
    libpth=/usr/local/lib /usr/lib/gcc/arm-linux-gnueabihf/6/include-fixed /usr/include/arm-linux-gnueabihf /usr/lib /lib/arm-linux-gnueabihf /lib /usr/lib/arm-linux-gnueabihf
    libs=-lpthread -lnsl -lgdbm -ldb -ldl -lm -lcrypt -lutil -lc -lgdbm_compat
    perllibs=-lpthread -lnsl -ldl -lm -lcrypt -lutil -lc
    libc=libc-2.24.so
    so=so
    useshrplib=false
    libperl=libperl.a
    gnulibc_version='2.24'
  Dynamic Linking:
    dlsrc=dl_dlopen.xs
    dlext=so
    d_dlsymun=undef
    ccdlflags='-Wl,-E'
    cccdlflags='-fPIC'
    lddlflags='-shared -O2 -L/usr/local/lib -fstack-protector-strong'


Characteristics of this binary (from libperl): 
  Compile-time options:
    HAS_TIMES
    PERLIO_LAYERS
    PERL_COPY_ON_WRITE
    PERL_DONT_CREATE_GVSV
    PERL_MALLOC_WRAP
    PERL_OP_PARENT
    PERL_PRESERVE_IVUV
    PERL_USE_DEVEL
    USE_64_BIT_INT
    USE_LARGE_FILES
    USE_LOCALE
    USE_LOCALE_COLLATE
    USE_LOCALE_CTYPE
    USE_LOCALE_NUMERIC
    USE_LOCALE_TIME
    USE_PERLIO
    USE_PERL_ATOF
  Built under linux
  Compiled at May 27 2019 12:16:18
  %ENV:
    PERL5LIB=""
    PERL5OPT=""
    PERL5_CPANPLUS_IS_RUNNING="13355"
    PERL5_CPAN_IS_RUNNING="13355"
    PERL5_CPAN_IS_RUNNING_IN_RECURSION="13239,13355"
    PERLBREW_HOME="/home/njh/.perlbrew"
    PERLBREW_MANPATH="/home/njh/perl5/perlbrew/perls/perl-5.30.0-64int/man"
    PERLBREW_PATH="/home/njh/perl5/perlbrew/bin:/home/njh/perl5/perlbrew/perls/perl-5.30.0-64int/bin"
    PERLBREW_PERL="perl-5.30.0-64int"
    PERLBREW_ROOT="/home/njh/perl5/perlbrew"
    PERLBREW_SHELLRC_VERSION="0.84"
    PERLBREW_VERSION="0.84"
    PERL_USE_UNSAFE_INC="1"
  @INC:
    /home/njh/perl5/perlbrew/perls/perl-5.30.0-64int/lib/site_perl/5.30.0/armv7l-linux-64int
    /home/njh/perl5/perlbrew/perls/perl-5.30.0-64int/lib/site_perl/5.30.0
    /home/njh/perl5/perlbrew/perls/perl-5.30.0-64int/lib/5.30.0/armv7l-linux-64int
    /home/njh/perl5/perlbrew/perls/perl-5.30.0-64int/lib/5.30.0
    .