Back
From: metabase:user:320bfe00-2aae-11df-837a-5e0a49663a4f
Subject: FAIL POE-Component-Client-BigBrother-1.00 v5.19.4 GNU/Linux
Date: 2013-09-07T13:48:57Z
This distribution has been tested as part of the CPAN Testers
project, supporting the Perl programming language. See
http://wiki.cpantesters.org/ for more information or email
questions to cpan-testers-discuss@perl.org
--
Dear Sebastien Aperghis-Tramoni,
This is a computer-generated report for POE-Component-Client-BigBrother-1.00
on perl 5.19.4, created by CPAN-Reporter-1.2010.
Thank you for uploading your work to CPAN. However, there was a problem
testing your distribution.
If you think this report is invalid, please consult the CPAN Testers Wiki
for suggestions on how to avoid getting FAIL reports for missing library
or binary dependencies, unsupported operating systems, and so on:
http://wiki.cpantesters.org/wiki/CPANAuthorNotes
Sections of this report:
* Tester comments
* Program output
* Prerequisites
* Environment and other context
------------------------------
TESTER COMMENTS
------------------------------
Additional comments from tester:
this report is from an automated smoke testing program
and was not reviewed by a human for accuracy
------------------------------
PROGRAM OUTPUT
------------------------------
Output from './Build test':
# Testing POE::Component::Client::BigBrother 1.00, Perl 5.019004, /tmp/basesmoker-reloperl-oAF1/bin/perl
t/00-load.t .............. ok
t/01-api.t ............... ok
# Failed test 'received[0] == results[0]{message}'
# at t/10-check-by-pocotcp.t line 138.
# got: 'page+10 front02,domain,net.sync red files not synchronised'
# expected: 'status front01,domain,net.cpu red load average is 105.45'
# Failed test 'received[0] == expected[0]'
# at t/10-check-by-pocotcp.t line 141.
# got: 'page+10 front02,domain,net.sync red files not synchronised'
# expected: 'status front01,domain,net.cpu red load average is 105.45'
# Failed test 'received[1] == results[1]{message}'
# at t/10-check-by-pocotcp.t line 138.
# got: 'status front01,domain,net.cpu red load average is 105.45'
# expected: 'page+10 front02,domain,net.sync red files not synchronised'
# Failed test 'received[1] == expected[1]'
# at t/10-check-by-pocotcp.t line 141.
# got: 'status front01,domain,net.cpu red load average is 105.45'
# expected: 'page+10 front02,domain,net.sync red files not synchronised'
# Looks like you failed 4 tests of 17.
t/10-check-by-pocotcp.t ..
Dubious, test returned 4 (wstat 1024, 0x400)
Failed 4/17 subtests
t/pod-coverage.t ......... ok
t/pod.t .................. ok
Test Summary Report
-------------------
t/10-check-by-pocotcp.t (Wstat: 1024 Tests: 17 Failed: 4)
Failed tests: 7-8, 10-11
Non-zero exit status: 4
Files=5, Tests=22, 2 wallclock secs ( 0.03 usr 0.01 sys + 0.41 cusr 0.06 csys = 0.51 CPU)
Result: FAIL
Failed 1/5 test programs. 4/22 subtests failed.
------------------------------
PREREQUISITES
------------------------------
Prerequisite modules loaded:
requires:
Module Need Have
------------- ---- ------
POE 0 1.356
build_requires:
Module Need Have
------------- ---- ------
Test::More 0 0.98
configure_requires:
Module Need Have
------------- ---- ------
Module::Build 0.36 0.4007
------------------------------
ENVIRONMENT AND OTHER CONTEXT
------------------------------
Environment variables:
AUTOMATED_TESTING = 1
LANG = en_US.UTF-8
LANGUAGE = en_US:en
PATH = /usr/lib/ccache:/home/sand/bin:/usr/local/bin:/usr/bin:/bin:/usr/bin/X11:/usr/games:/usr/local/perl/bin:/usr/X11/bin:/sbin:/usr/sbin
PERL5LIB = /tmp/loop_over_bdir-25615-MtT6Nq/Helios-2.60-9P0TcN/blib/arch:/tmp/loop_over_bdir-25615-MtT6Nq/Helios-2.60-9P0TcN/blib/lib
PERL5OPT =
PERL5_CPANPLUS_IS_RUNNING = 24756
PERL5_CPAN_IS_RUNNING = 24756
PERL_MM_USE_DEFAULT = 1
SHELL = /usr/bin/zsh
TERM = screen
Perl special variables (and OS-specific diagnostics, for MSWin32):
$^X = /tmp/basesmoker-reloperl-oAF1/bin/perl
$UID/$EUID = 1005 / 1005
$GID = 1005 1005
$EGID = 1005 1005
Perl module toolchain versions installed:
Module Have
------------------- --------
CPAN 2.00
CPAN::Meta 2.132140
Cwd 3.44
ExtUtils::CBuilder 0.280210
ExtUtils::Command 1.17
ExtUtils::Install 1.60
ExtUtils::MakeMaker 6.76
ExtUtils::Manifest 1.63
ExtUtils::ParseXS 3.22
File::Spec 3.44
JSON 2.59
JSON::PP 2.27202
Module::Build 0.4007
Module::Signature 0.73
Parse::CPAN::Meta 1.4405
Test::Harness 3.28
Test::More 0.98
YAML 0.84
YAML::Syck 1.27
version 0.9904
--
Summary of my perl5 (revision 5 version 19 subversion 4) configuration:
Commit id: 7d1d69cb1e59690060fc6368ef3969a206c87c50
Platform:
osname=linux, osvers=3.10-2-amd64, archname=x86_64-linux
uname='linux k83 3.10-2-amd64 #1 smp debian 3.10.7-1 (2013-08-17) x86_64 gnulinux '
config_args='-Dprefix=/home/sand/src/perl/repoperls/installed-perls/perl/v5.19.3-355-g7d1d69c/165a -Dmyhostname=k83 -Dinstallusrbinperl=n -Uversiononly -Dusedevel -des -Ui_db -Uuseithreads -Uuselongdouble -DDEBUGGING=-g'
hint=recommended, useposix=true, d_sigaction=define
useithreads=undef, usemultiplicity=undef
useperlio=define, d_sfio=undef, uselargefiles=define, usesocks=undef
use64bitint=define, use64bitall=define, uselongdouble=undef
usemymalloc=n, bincompat5005=undef
Compiler:
cc='cc', ccflags ='-fno-strict-aliasing -pipe -fstack-protector -I/usr/local/include -D_LARGEFILE_SOURCE -D_FILE_OFFSET_BITS=64',
optimize='-O2 -g',
cppflags='-fno-strict-aliasing -pipe -fstack-protector -I/usr/local/include'
ccversion='', gccversion='4.8.1', gccosandvers=''
intsize=4, longsize=8, ptrsize=8, doublesize=8, byteorder=12345678
d_longlong=define, longlongsize=8, d_longdbl=define, longdblsize=16
ivtype='long', ivsize=8, nvtype='double', nvsize=8, Off_t='off_t', lseeksize=8
alignbytes=8, prototype=define
Linker and Libraries:
ld='cc', ldflags =' -fstack-protector -L/usr/local/lib'
libpth=/usr/local/lib /lib/x86_64-linux-gnu /lib/../lib /usr/lib/x86_64-linux-gnu /usr/lib/../lib /lib /usr/lib
libs=-lnsl -lgdbm -ldb -ldl -lm -lcrypt -lutil -lc -lgdbm_compat
perllibs=-lnsl -ldl -lm -lcrypt -lutil -lc
libc=, so=so, useshrplib=false, libperl=libperl.a
gnulibc_version='2.17'
Dynamic Linking:
dlsrc=dl_dlopen.xs, dlext=so, d_dlsymun=undef, ccdlflags='-Wl,-E'
cccdlflags='-fPIC', lddlflags='-shared -O2 -g -L/usr/local/lib -fstack-protector'
Characteristics of this binary (from libperl):
Compile-time options: HAS_TIMES PERLIO_LAYERS PERL_DONT_CREATE_GVSV
PERL_HASH_FUNC_ONE_AT_A_TIME_HARD PERL_MALLOC_WRAP
PERL_NEW_COPY_ON_WRITE PERL_PRESERVE_IVUV
PERL_USE_DEVEL USE_64_BIT_ALL USE_64_BIT_INT
USE_LARGE_FILES USE_LOCALE USE_LOCALE_COLLATE
USE_LOCALE_CTYPE USE_LOCALE_NUMERIC USE_PERLIO
USE_PERL_ATOF
Built under linux
Compiled at Sep 6 2013 17:42:55
%ENV:
PERL5LIB="/tmp/loop_over_bdir-25615-MtT6Nq/Helios-2.60-9P0TcN/blib/arch:/tmp/loop_over_bdir-25615-MtT6Nq/Helios-2.60-9P0TcN/blib/lib"
PERL5OPT=""
PERL5_CPANPLUS_IS_RUNNING="24756"
PERL5_CPAN_IS_RUNNING="24756"
PERL_MM_USE_DEFAULT="1"
@INC:
/tmp/loop_over_bdir-25615-MtT6Nq/Helios-2.60-9P0TcN/blib/arch
/tmp/loop_over_bdir-25615-MtT6Nq/Helios-2.60-9P0TcN/blib/lib
/home/sand/src/perl/repoperls/installed-perls/perl/v5.19.3-355-g7d1d69c/165a/lib/site_perl/5.19.4/x86_64-linux
/home/sand/src/perl/repoperls/installed-perls/perl/v5.19.3-355-g7d1d69c/165a/lib/site_perl/5.19.4
/home/sand/src/perl/repoperls/installed-perls/perl/v5.19.3-355-g7d1d69c/165a/lib/5.19.4/x86_64-linux
/home/sand/src/perl/repoperls/installed-perls/perl/v5.19.3-355-g7d1d69c/165a/lib/5.19.4
.