Report for PEF-Front-WebSocket-0.04

Back
From: metabase:user:314402c4-2aae-11df-837a-5e0a49663a4f
Subject: FAIL PEF-Front-WebSocket-0.04 v5.22.3 GNU/Linux
Date: 2017-01-15T17:08:32Z

This distribution has been tested as part of the CPAN Testers
project, supporting the Perl programming language.  See
http://wiki.cpantesters.org/ for more information or email
questions to cpan-testers-discuss@perl.org


--
Dear Anton Petrusevich,

This is a computer-generated report for PEF-Front-WebSocket-0.04
on perl 5.22.3, created by CPAN-Reporter-1.2018.

Thank you for uploading your work to CPAN.  However, there was a problem
testing your distribution.

If you think this report is invalid, please consult the CPAN Testers Wiki
for suggestions on how to avoid getting FAIL reports for missing library
or binary dependencies, unsupported operating systems, and so on:

http://wiki.cpantesters.org/wiki/CPANAuthorNotes

Sections of this report:

    * Tester comments
    * Program output
    * Prerequisites
    * Environment and other context

------------------------------
TESTER COMMENTS
------------------------------

Additional comments from tester:

none provided

------------------------------
PROGRAM OUTPUT
------------------------------

Output from '/usr/bin/make test':

PERL_DL_NONLAZY=1 "/bbbike/perl-5.22.3/bin/perl5.22.3" "-MExtUtils::Command::MM" "-MTest::Harness" "-e" "undef *Test::Harness::Switches; test_harness(0, 'blib/lib', 'blib/arch')" t/*.t
t/01_ok.t ............ ok
Can't locate EV.pm in @INC (you may need to install the EV module) (@INC contains: /tmpfs/.cpan-build-cpansand/2017011515/PEF-Front-WebSocket-0.04-8X4tsc/t/../lib /tmpfs/.cpan-build-cpansand/2017011515/PEF-Front-WebSocket-0.04-8X4tsc/blib/lib /tmpfs/.cpan-build-cpansand/2017011515/PEF-Front-WebSocket-0.04-8X4tsc/blib/arch /opt/perl-5.22.3/lib/site_perl/5.22.3/x86_64-linux /opt/perl-5.22.3/lib/site_perl/5.22.3 /opt/perl-5.22.3/lib/5.22.3/x86_64-linux /opt/perl-5.22.3/lib/5.22.3 .) at /tmpfs/.cpan-build-cpansand/2017011515/PEF-Front-WebSocket-0.04-8X4tsc/t/../lib/PEF/Front/WebSocket/QueueServer.pm line 144.
BEGIN failed--compilation aborted at /tmpfs/.cpan-build-cpansand/2017011515/PEF-Front-WebSocket-0.04-8X4tsc/t/../lib/PEF/Front/WebSocket/QueueServer.pm line 144.
Compilation failed in require at t/02_queue.t line 33.
BEGIN failed--compilation aborted at t/02_queue.t line 33.
t/02_queue.t ......... 
Dubious, test returned 2 (wstat 512, 0x200)
No subtests run 
Can't locate CBOR/XS.pm in @INC (you may need to install the CBOR::XS module) (@INC contains: /tmpfs/.cpan-build-cpansand/2017011515/PEF-Front-WebSocket-0.04-8X4tsc/t/../lib /tmpfs/.cpan-build-cpansand/2017011515/PEF-Front-WebSocket-0.04-8X4tsc/blib/lib /tmpfs/.cpan-build-cpansand/2017011515/PEF-Front-WebSocket-0.04-8X4tsc/blib/arch /opt/perl-5.22.3/lib/site_perl/5.22.3/x86_64-linux /opt/perl-5.22.3/lib/site_perl/5.22.3 /opt/perl-5.22.3/lib/5.22.3/x86_64-linux /opt/perl-5.22.3/lib/5.22.3 .) at /tmpfs/.cpan-build-cpansand/2017011515/PEF-Front-WebSocket-0.04-8X4tsc/t/../lib/PEF/Front/WebSocket/QueueClient.pm line 8.
BEGIN failed--compilation aborted at /tmpfs/.cpan-build-cpansand/2017011515/PEF-Front-WebSocket-0.04-8X4tsc/t/../lib/PEF/Front/WebSocket/QueueClient.pm line 8.
Compilation failed in require at t/03_queue_server.t line 33.
BEGIN failed--compilation aborted at t/03_queue_server.t line 33.
t/03_queue_server.t .. 
Dubious, test returned 2 (wstat 512, 0x200)
No subtests run 

Test Summary Report
-------------------
t/02_queue.t       (Wstat: 512 Tests: 0 Failed: 0)
  Non-zero exit status: 2
  Parse errors: No plan found in TAP output
t/03_queue_server.t (Wstat: 512 Tests: 0 Failed: 0)
  Non-zero exit status: 2
  Parse errors: No plan found in TAP output
Files=3, Tests=1,  0 wallclock secs ( 0.02 usr  0.01 sys +  0.12 cusr  0.02 csys =  0.17 CPU)
Result: FAIL
Failed 2/3 test programs. 0/1 subtests failed.
Makefile:899: recipe for target 'test_dynamic' failed
make: *** [test_dynamic] Error 2

------------------------------
PREREQUISITES
------------------------------

Prerequisite modules loaded:

requires:

    Module                Need     Have    
    --------------------- -------- --------
    AnyEvent              0        7.13    
    AnyEvent::Handle      0        7.13    
    Compress::Raw::Zlib   0        2.068   
    Coro                  0        6.511   
    Coro::AnyEvent        0        6.511   
    Data::Dumper          0        2.158   
    Errno                 0        1.23    
    PEF::Front            0.09     0.13    
    perl                  5.014000 5.022003
    Protocol::WebSocket   0.2      0.20    

build_requires:

    Module                Need     Have    
    --------------------- -------- --------
    Clone                 0        0.38    
    Data::Structure::Util 0        0.16    
    ExtUtils::MakeMaker   0        7.04_02 
    Test::More            0        1.302075

configure_requires:

    Module                Need     Have    
    --------------------- -------- --------
    ExtUtils::MakeMaker   0        7.04_02 


------------------------------
ENVIRONMENT AND OTHER CONTEXT
------------------------------

Environment variables:

    LANG = C
    LC_ALL = de_DE.UTF-8
    PATH = /usr/local/bin:/usr/bin:/bin:/usr/local/sbin:/usr/sbin:/sbin:/home/cpansand/bin/linux-gnu:/home/cpansand/bin/sh:/home/cpansand/bin:/usr/games:/home/cpansand/devel:/home/eserte/src/srezic-misc/scripts
    PERL5LIB = 
    PERL5OPT = 
    PERL5_CPANPLUS_IS_RUNNING = 12614
    PERL5_CPAN_IS_RUNNING = 12614
    PERL5_CPAN_IS_RUNNING_IN_RECURSION = 16370,12614
    PERLDOC = -MPod::Perldoc::ToTextOverstrike
    PERL_BATCH = yes
    PERL_CANARY_STABILITY_NOPROMPT = 1
    PERL_CPAN_REPORTER_CONFIG = /var/tmp/cpansmoker-1023/2017011515/cpanreporter_001_config.ini
    PERL_EXTUTILS_AUTOINSTALL = --defaultdeps
    PERL_PARALLEL_SMOKER = yes
    PERL_USE_UNSAFE_INC = 1
    SHELL = /bin/zsh
    TERM = screen
    TMPDIR = /var/tmp/cpansmoker-1023/2017011515

Perl special variables (and OS-specific diagnostics, for MSWin32):

    $^X = /bbbike/perl-5.22.3/bin/perl5.22.3
    $UID/$EUID = 1023 / 1023
    $GID = 1023 1023
    $EGID = 1023 1023

Perl module toolchain versions installed:

    Module              Have      
    ------------------- ----------
    CPAN                2.11_01   
    CPAN::Meta          2.150001  
    Cwd                 3.56_02   
    ExtUtils::CBuilder  0.280221  
    ExtUtils::Command   1.20_01   
    ExtUtils::Install   2.04      
    ExtUtils::MakeMaker 7.04_02   
    ExtUtils::Manifest  1.70      
    ExtUtils::ParseXS   3.28      
    File::Spec          3.56_02   
    JSON                2.90      
    JSON::PP            2.27300_01
    Module::Build       0.4220    
    Module::Signature   n/a       
    Parse::CPAN::Meta   1.4414_001
    Test::Harness       3.35_01   
    Test::More          1.302075  
    YAML                1.21      
    YAML::Syck          1.29      
    version             0.9909    


--

Summary of my perl5 (revision 5 version 22 subversion 3) configuration:
   
  Platform:
    osname=linux, osvers=3.16.0-4-amd64, archname=x86_64-linux
    uname='linux eserte 3.16.0-4-amd64 #1 smp debian 3.16.39-1 (2016-12-30) x86_64 gnulinux '
    config_args='-ds -e -Dprefix=/opt/perl-5.22.3 -Dcf_email=srezic@cpan.org'
    hint=recommended, useposix=true, d_sigaction=define
    useithreads=undef, usemultiplicity=undef
    use64bitint=define, use64bitall=define, uselongdouble=undef
    usemymalloc=n, bincompat5005=undef
  Compiler:
    cc='cc', ccflags ='-fwrapv -fno-strict-aliasing -pipe -fstack-protector-strong -I/usr/local/include -D_LARGEFILE_SOURCE -D_FILE_OFFSET_BITS=64 -D_FORTIFY_SOURCE=2',
    optimize='-O2',
    cppflags='-fwrapv -fno-strict-aliasing -pipe -fstack-protector-strong -I/usr/local/include'
    ccversion='', gccversion='4.9.2', gccosandvers=''
    intsize=4, longsize=8, ptrsize=8, doublesize=8, byteorder=12345678, doublekind=3
    d_longlong=define, longlongsize=8, d_longdbl=define, longdblsize=16, longdblkind=3
    ivtype='long', ivsize=8, nvtype='double', nvsize=8, Off_t='off_t', lseeksize=8
    alignbytes=8, prototype=define
  Linker and Libraries:
    ld='cc', ldflags =' -fstack-protector-strong -L/usr/local/lib'
    libpth=/usr/local/lib /usr/lib/gcc/x86_64-linux-gnu/4.9/include-fixed /usr/include/x86_64-linux-gnu /usr/lib /lib/x86_64-linux-gnu /lib/../lib /usr/lib/x86_64-linux-gnu /usr/lib/../lib /lib
    libs=-lpthread -lnsl -lgdbm -ldb -ldl -lm -lcrypt -lutil -lc -lgdbm_compat
    perllibs=-lpthread -lnsl -ldl -lm -lcrypt -lutil -lc
    libc=libc-2.19.so, so=so, useshrplib=false, libperl=libperl.a
    gnulibc_version='2.19'
  Dynamic Linking:
    dlsrc=dl_dlopen.xs, dlext=so, d_dlsymun=undef, ccdlflags='-Wl,-E'
    cccdlflags='-fPIC', lddlflags='-shared -O2 -L/usr/local/lib -fstack-protector-strong'


Characteristics of this binary (from libperl): 
  Compile-time options: HAS_TIMES PERLIO_LAYERS PERL_DONT_CREATE_GVSV
                        PERL_HASH_FUNC_ONE_AT_A_TIME_HARD PERL_MALLOC_WRAP
                        PERL_NEW_COPY_ON_WRITE PERL_PRESERVE_IVUV
                        USE_64_BIT_ALL USE_64_BIT_INT USE_LARGE_FILES
                        USE_LOCALE USE_LOCALE_COLLATE USE_LOCALE_CTYPE
                        USE_LOCALE_NUMERIC USE_LOCALE_TIME USE_PERLIO
                        USE_PERL_ATOF
  Built under linux
  Compiled at Jan 14 2017 21:21:45
  %ENV:
    PERL5LIB=""
    PERL5OPT=""
    PERL5_CPANPLUS_IS_RUNNING="12614"
    PERL5_CPAN_IS_RUNNING="12614"
    PERL5_CPAN_IS_RUNNING_IN_RECURSION="16370,12614"
    PERLDOC="-MPod::Perldoc::ToTextOverstrike"
    PERL_BATCH="yes"
    PERL_CANARY_STABILITY_NOPROMPT="1"
    PERL_CPAN_REPORTER_CONFIG="/var/tmp/cpansmoker-1023/2017011515/cpanreporter_001_config.ini"
    PERL_EXTUTILS_AUTOINSTALL="--defaultdeps"
    PERL_PARALLEL_SMOKER="yes"
    PERL_USE_UNSAFE_INC="1"
  @INC:
    /opt/perl-5.22.3/lib/site_perl/5.22.3/x86_64-linux
    /opt/perl-5.22.3/lib/site_perl/5.22.3
    /opt/perl-5.22.3/lib/5.22.3/x86_64-linux
    /opt/perl-5.22.3/lib/5.22.3
    .