Report for DBICx-Modeler-Generator-0.02

Back
From: metabase:user:314402c4-2aae-11df-837a-5e0a49663a4f
Subject: FAIL DBICx-Modeler-Generator-0.02 v5.13.5 FreeBSD
Date: 2010-09-26T11:57:31Z

This distribution has been tested as part of the CPAN Testers
project, supporting the Perl programming language.  See
http://wiki.cpantesters.org/ for more information or email
questions to cpan-testers-discuss@perl.org


--
Dear Moriya Masaki,

This is a computer-generated report for DBICx-Modeler-Generator-0.02
on perl 5.13.5, created by CPAN-Reporter-1.1801.

Thank you for uploading your work to CPAN.  However, there was a problem
testing your distribution.

If you think this report is invalid, please consult the CPAN Testers Wiki
for suggestions on how to avoid getting FAIL reports for missing library
or binary dependencies, unsupported operating systems, and so on:

http://wiki.cpantesters.org/wiki/CPANAuthorNotes

Sections of this report:

    * Tester comments
    * Program output
    * Prerequisites
    * Environment and other context

------------------------------
TESTER COMMENTS
------------------------------

Additional comments from tester:

none provided

------------------------------
PROGRAM OUTPUT
------------------------------

Output from '/usr/bin/make test':

PERL_DL_NONLAZY=1 /usr/home/cpansand/var/ctps/sprout_77810/install/perl-5.13.5/bin/perl "-MExtUtils::Command::MM" "-e" "test_harness(0, 'inc', 'blib/lib', 'blib/arch')" t/*.t
The old Moose::Util::MetaRole API (before version 0.94) has been deprecated at /home/cpansand/var/ctps/sprout_77810/install/perl-5.13.5/lib/site_perl/5.13.5/i386-freebsd/Moose/Util/MetaRole.pm line 16
	Moose::Util::MetaRole::apply_metaclass_roles('for_class', 'DBICx::Modeler::Generator', 'metaclass', undef, 'metaclass_roles', 'ARRAY(0x2776d1a0)') called at /home/cpansand/var/ctps/sprout_77810/install/perl-5.13.5/lib/site_perl/5.13.5/MooseX/Orochi.pm line 23
	MooseX::Orochi::init_meta('MooseX::Orochi', 'for_class', 'DBICx::Modeler::Generator', 'metaclass', undef) called at /home/cpansand/var/ctps/sprout_77810/install/perl-5.13.5/lib/site_perl/5.13.5/i386-freebsd/Moose/Exporter.pm line 355
	Moose::Exporter::__ANON__('MooseX::Orochi') called at /var/tmp/CPAN-build/DBICx-Modeler-Generator-0.02-nOegzC/blib/lib/DBICx/Modeler/Generator.pm line 27
	DBICx::Modeler::Generator::BEGIN() called at /home/cpansand/var/ctps/sprout_77810/install/perl-5.13.5/lib/site_perl/5.13.5/MooseX/Orochi.pm line 27
	eval {...} called at /home/cpansand/var/ctps/sprout_77810/install/perl-5.13.5/lib/site_perl/5.13.5/MooseX/Orochi.pm line 27
	require DBICx/Modeler/Generator.pm called at /home/cpansand/var/ctps/sprout_77810/install/perl-5.13.5/lib/site_perl/5.13.5/i386-freebsd/Class/MOP.pm line 113
	Class::MOP::__ANON__() called at /home/cpansand/var/ctps/sprout_77810/install/perl-5.13.5/lib/site_perl/5.13.5/Try/Tiny.pm line 71
	eval {...} called at /home/cpansand/var/ctps/sprout_77810/install/perl-5.13.5/lib/site_perl/5.13.5/Try/Tiny.pm line 67
	Try::Tiny::try('CODE(0x27764ca0)', 'Try::Tiny::Catch=REF(0x280db9c0)') called at /home/cpansand/var/ctps/sprout_77810/install/perl-5.13.5/lib/site_perl/5.13.5/i386-freebsd/Class/MOP.pm line 124
	Class::MOP::load_first_existing_class('DBICx::Modeler::Generator') called at /home/cpansand/var/ctps/sprout_77810/install/perl-5.13.5/lib/site_perl/5.13.5/i386-freebsd/Class/MOP.pm line 136
	Class::MOP::load_class('DBICx::Modeler::Generator') called at /home/cpansand/var/ctps/sprout_77810/install/perl-5.13.5/lib/site_perl/5.13.5/Orochi.pm line 213
	Orochi::inject_class('Orochi=HASH(0x27764940)', 'DBICx::Modeler::Generator') called at t/lib/Test/DBICx/Modeler/Generator/Manual.pm line 57
	Test::DBICx::Modeler::Generator::Manual::_inject_classes('Test::DBICx::Modeler::Generator::Manual::SQLite=HASH(0x282f9740)') called at t/lib/Test/DBICx/Modeler/Generator/Manual.pm line 29
	Test::DBICx::Modeler::Generator::Manual::_get_generator('Test::DBICx::Modeler::Generator::Manual::SQLite=HASH(0x282f9740)') called at t/lib/Test/DBICx/Modeler/Generator.pm line 44
	Test::DBICx::Modeler::Generator::startup('Test::DBICx::Modeler::Generator::Manual::SQLite=HASH(0x282f9740)') called at /var/tmp/CPAN-build/DBICx-Modeler-Generator-0.02-nOegzC/inc/Test/Class.pm line 257
	eval {...} called at /var/tmp/CPAN-build/DBICx-Modeler-Generator-0.02-nOegzC/inc/Test/Class.pm line 257
	Test::Class::_run_method('Test::DBICx::Modeler::Generator::Manual::SQLite=HASH(0x282f9740)', 'startup', 'ARRAY(0x28050950)') called at /var/tmp/CPAN-build/DBICx-Modeler-Generator-0.02-nOegzC/inc/Test/Class.pm line 337
	Test::Class::runtests('Test::DBICx::Modeler::Generator::Manual::SQLite') called at t/00_sqlite_manual.t line 11

#   Failed test 'no exception to update_schemata'
#   at t/lib/Test/DBICx/Modeler/Generator.pm line 273.
#   (in Test::DBICx::Modeler::Generator::Manual::SQLite->test_as_blackbox)
# died: Failed to reload class MyApp::Schema::Result::Artist: Can't locate object method "INC" via package "Path::Class::Dir" at (eval 678) line 2.

#   Failed test 'schema module was generated: examples/MyApp/Schema/Artist.pm'
#   at t/lib/Test/DBICx/Modeler/Generator.pm line 298.
#   (in Test::DBICx::Modeler::Generator::Manual::SQLite->test_as_blackbox)

#   Failed test 'schema module was generated: examples/lib/MyApp/Schema/Cd.pm'
#   at t/lib/Test/DBICx/Modeler/Generator.pm line 300.
#   (in Test::DBICx::Modeler::Generator::Manual::SQLite->test_as_blackbox)

#   Failed test 'schema module was generated: examples/lib/MyApp/Schema/Track.pm'
#   at t/lib/Test/DBICx/Modeler/Generator.pm line 302.
#   (in Test::DBICx::Modeler::Generator::Manual::SQLite->test_as_blackbox)

#   Failed test 'use MyApp::Schema::Artist;'
#   at t/lib/Test/DBICx/Modeler/Generator.pm line 321.
#   (in Test::DBICx::Modeler::Generator::Manual::SQLite->test_as_blackbox)
#     Tried to use 'MyApp::Schema::Artist'.
#     Error:  Can't locate object method "INC" via package "Path::Class::Dir" at (eval 680) line 2.
# BEGIN failed--compilation aborted at (eval 680) line 2.

#   Failed test 'The class isa DBIx::Class'
#   at t/lib/Test/DBICx/Modeler/Generator.pm line 322.
#   (in Test::DBICx::Modeler::Generator::Manual::SQLite->test_as_blackbox)
#     The class isn't a 'DBIx::Class' it's a ''

#   Failed test 'use MyApp::Schema::Cd;'
#   at t/lib/Test/DBICx/Modeler/Generator.pm line 321.
#   (in Test::DBICx::Modeler::Generator::Manual::SQLite->test_as_blackbox)
#     Tried to use 'MyApp::Schema::Cd'.
#     Error:  Can't locate object method "INC" via package "Path::Class::Dir" at (eval 681) line 2.
# BEGIN failed--compilation aborted at (eval 681) line 2.

#   Failed test 'The class isa DBIx::Class'
#   at t/lib/Test/DBICx/Modeler/Generator.pm line 322.
#   (in Test::DBICx::Modeler::Generator::Manual::SQLite->test_as_blackbox)
#     The class isn't a 'DBIx::Class' it's a ''

#   Failed test 'use MyApp::Schema::Track;'
#   at t/lib/Test/DBICx/Modeler/Generator.pm line 321.
#   (in Test::DBICx::Modeler::Generator::Manual::SQLite->test_as_blackbox)
#     Tried to use 'MyApp::Schema::Track'.
#     Error:  Can't locate object method "INC" via package "Path::Class::Dir" at (eval 682) line 2.
# BEGIN failed--compilation aborted at (eval 682) line 2.

#   Failed test 'The class isa DBIx::Class'
#   at t/lib/Test/DBICx/Modeler/Generator.pm line 322.
#   (in Test::DBICx::Modeler::Generator::Manual::SQLite->test_as_blackbox)
#     The class isn't a 'DBIx::Class' it's a ''

#   Failed test 'MyApp::Schema::Artist->can('birthday')'
#   at t/lib/Test/DBICx/Modeler/Generator.pm line 325.
#   (in Test::DBICx::Modeler::Generator::Manual::SQLite->test_as_blackbox)
#     MyApp::Schema::Artist->can('birthday') failed

#   Failed test 'MyApp::Schema::Track->can('recording_time')'
#   at t/lib/Test/DBICx/Modeler/Generator.pm line 326.
#   (in Test::DBICx::Modeler::Generator::Manual::SQLite->test_as_blackbox)
#     MyApp::Schema::Track->can('recording_time') failed

#   Failed test 'no exception to update_models'
#   at t/lib/Test/DBICx/Modeler/Generator.pm line 282.
#   (in Test::DBICx::Modeler::Generator::Manual::SQLite->test_as_blackbox)
# died: Can't locate object method "basename" via package "Path::Class::Dir" at /var/tmp/CPAN-build/DBICx-Modeler-Generator-0.02-nOegzC/blib/lib/DBICx/Modeler/Generator/Model.pm line 119.

#   Failed test 'model module was generated: examples/lib/MyApp/Model/Artist.pm'
#   at t/lib/Test/DBICx/Modeler/Generator.pm line 339.
#   (in Test::DBICx::Modeler::Generator::Manual::SQLite->test_as_blackbox)

#   Failed test 'model sub directory was generated: examples/lib/MyApp/Model/Artist'
#   at t/lib/Test/DBICx/Modeler/Generator.pm line 341.
#   (in Test::DBICx::Modeler::Generator::Manual::SQLite->test_as_blackbox)

#   Failed test 'model module was generated: examples/MyApp/Model/Artist/Rock.pm'
#   at t/lib/Test/DBICx/Modeler/Generator.pm line 343.
#   (in Test::DBICx::Modeler::Generator::Manual::SQLite->test_as_blackbox)

#   Failed test 'model module was generated: examples/lib/MyApp/Model/Cd.pm'
#   at t/lib/Test/DBICx/Modeler/Generator.pm line 345.
#   (in Test::DBICx::Modeler::Generator::Manual::SQLite->test_as_blackbox)

#   Failed test 'model module was generated: examples/lib/MyApp/Model/Track.pm'
#   at t/lib/Test/DBICx/Modeler/Generator.pm line 347.
#   (in Test::DBICx::Modeler::Generator::Manual::SQLite->test_as_blackbox)

#   Failed test 'use MyApp::Model::Artist;'
#   at t/lib/Test/DBICx/Modeler/Generator.pm line 364.
#   (in Test::DBICx::Modeler::Generator::Manual::SQLite->test_as_blackbox)
#     Tried to use 'MyApp::Model::Artist'.
#     Error:  Can't locate object method "INC" via package "Path::Class::Dir" at (eval 683) line 2.
# BEGIN failed--compilation aborted at (eval 683) line 2.

#   Failed test 'test_as_blackbox died (Can't locate object method "INC" via package "Path::Class::Dir" at /home/cpansand/var/ctps/sprout_77810/install/perl-5.13.5/lib/5.13.5/Module/Load.pm line 27.
# Can't locate object method "INC" via package "Path::Class::Dir" at /home/cpansand/var/ctps/sprout_77810/install/perl-5.13.5/lib/5.13.5/Module/Load.pm line 27.)'
#   at t/00_sqlite_manual.t line 11.
#   (in Test::DBICx::Modeler::Generator::Manual::SQLite->test_as_blackbox)
Dumping manual schema for MyApp::Schema to directory examples/lib ...
Deleting existing file 'examples/lib/MyApp/Schema.pm' due to 'really_erase_my_files' setting
Deleting existing file 'examples/lib/MyApp/Schema/Result/Artist.pm' due to 'really_erase_my_files' setting
Deleting existing file 'examples/lib/MyApp/Schema/Result/Cd.pm' due to 'really_erase_my_files' setting
Deleting existing file 'examples/lib/MyApp/Schema/Result/Track.pm' due to 'really_erase_my_files' setting
Schema dump completed.

#   Failed test 'shutdown died (Failed to reload class MyApp::Schema::Result::Artist: Can't locate object method "INC" via package "Path::Class::Dir" at (eval 745) line 2.)'
#   at t/00_sqlite_manual.t line 11.
#   (in Test::DBICx::Modeler::Generator::Manual::SQLite->shutdown)
# Looks like you failed 21 tests of 86.
t/00_sqlite_manual.t ...... 
Dubious, test returned 21 (wstat 5376, 0x1500)
Failed 21/86 subtests 
The old Moose::Util::MetaRole API (before version 0.94) has been deprecated at /home/cpansand/var/ctps/sprout_77810/install/perl-5.13.5/lib/site_perl/5.13.5/i386-freebsd/Moose/Util/MetaRole.pm line 16
	Moose::Util::MetaRole::apply_metaclass_roles('for_class', 'DBICx::Modeler::Generator::Class', 'metaclass', undef, 'metaclass_roles', 'ARRAY(0x284b06d0)') called at /home/cpansand/var/ctps/sprout_77810/install/perl-5.13.5/lib/site_perl/5.13.5/MooseX/Orochi.pm line 23
	MooseX::Orochi::init_meta('MooseX::Orochi', 'for_class', 'DBICx::Modeler::Generator::Class', 'metaclass', undef) called at /home/cpansand/var/ctps/sprout_77810/install/perl-5.13.5/lib/site_perl/5.13.5/i386-freebsd/Moose/Exporter.pm line 355
	Moose::Exporter::__ANON__('MooseX::Orochi') called at /var/tmp/CPAN-build/DBICx-Modeler-Generator-0.02-nOegzC/blib/lib/DBICx/Modeler/Generator/Class.pm line 20
	DBICx::Modeler::Generator::Class::BEGIN() called at /home/cpansand/var/ctps/sprout_77810/install/perl-5.13.5/lib/site_perl/5.13.5/MooseX/Orochi.pm line 20
	eval {...} called at /home/cpansand/var/ctps/sprout_77810/install/perl-5.13.5/lib/site_perl/5.13.5/MooseX/Orochi.pm line 20
	require DBICx/Modeler/Generator/Class.pm called at /home/cpansand/var/ctps/sprout_77810/install/perl-5.13.5/lib/site_perl/5.13.5/i386-freebsd/Class/MOP.pm line 113
	Class::MOP::__ANON__() called at /home/cpansand/var/ctps/sprout_77810/install/perl-5.13.5/lib/site_perl/5.13.5/Try/Tiny.pm line 71
	eval {...} called at /home/cpansand/var/ctps/sprout_77810/install/perl-5.13.5/lib/site_perl/5.13.5/Try/Tiny.pm line 67
	Try::Tiny::try('CODE(0x284ae6e0)', 'Try::Tiny::Catch=REF(0x28320d20)') called at /home/cpansand/var/ctps/sprout_77810/install/perl-5.13.5/lib/site_perl/5.13.5/i386-freebsd/Class/MOP.pm line 124
	Class::MOP::load_first_existing_class('DBICx::Modeler::Generator::Class') called at /home/cpansand/var/ctps/sprout_77810/install/perl-5.13.5/lib/site_perl/5.13.5/i386-freebsd/Class/MOP.pm line 136
	Class::MOP::load_class('DBICx::Modeler::Generator::Class') called at /home/cpansand/var/ctps/sprout_77810/install/perl-5.13.5/lib/site_perl/5.13.5/Orochi.pm line 213
	Orochi::inject_class('Orochi=HASH(0x284b3230)', 'DBICx::Modeler::Generator::Class') called at /var/tmp/CPAN-build/DBICx-Modeler-Generator-0.02-nOegzC/blib/lib/DBICx/Modeler/Generator/CLI.pm line 255
	DBICx::Modeler::Generator::CLI::_inject_classes('DBICx::Modeler::Generator::CLI=HASH(0x284b30f0)') called at /var/tmp/CPAN-build/DBICx-Modeler-Generator-0.02-nOegzC/blib/lib/DBICx/Modeler/Generator/CLI.pm line 220
	DBICx::Modeler::Generator::CLI::BUILD('DBICx::Modeler::Generator::CLI=HASH(0x284b30f0)', 'HASH(0x284b3150)') called at generated method (unknown origin) line 112
	DBICx::Modeler::Generator::CLI::new('DBICx::Modeler::Generator::CLI', 'ARGV', 'ARRAY(0x284ae500)', 'extra_argv', 'ARRAY(0x284aee70)', 'usage', 'Getopt::Long::Descriptive::Usage=HASH(0x2801f290)', 'literal', 'HASH(0x284ae3e0)', ...) called at /home/cpansand/var/ctps/sprout_77810/install/perl-5.13.5/lib/site_perl/5.13.5/MooseX/Getopt/Basic.pm line 78
	MooseX::Getopt::Basic::new_with_options('DBICx::Modeler::Generator::CLI') called at t/lib/Test/DBICx/Modeler/Generator/CLI.pm line 56
	Test::DBICx::Modeler::Generator::CLI::_get_generator('Test::DBICx::Modeler::Generator::CLI::SQLite=HASH(0x2849cc30)') called at t/lib/Test/DBICx/Modeler/Generator.pm line 44
	Test::DBICx::Modeler::Generator::startup('Test::DBICx::Modeler::Generator::CLI::SQLite=HASH(0x2849cc30)') called at /var/tmp/CPAN-build/DBICx-Modeler-Generator-0.02-nOegzC/inc/Test/Class.pm line 257
	eval {...} called at /var/tmp/CPAN-build/DBICx-Modeler-Generator-0.02-nOegzC/inc/Test/Class.pm line 257
	Test::Class::_run_method('Test::DBICx::Modeler::Generator::CLI::SQLite=HASH(0x2849cc30)', 'startup', 'ARRAY(0x2829f860)') called at /var/tmp/CPAN-build/DBICx-Modeler-Generator-0.02-nOegzC/inc/Test/Class.pm line 337
	Test::Class::runtests('Test::DBICx::Modeler::Generator::CLI::SQLite') called at t/01_sqlite_longname.t line 12
t/01_sqlite_longname.t .... ok
The old Moose::Util::MetaRole API (before version 0.94) has been deprecated at /home/cpansand/var/ctps/sprout_77810/install/perl-5.13.5/lib/site_perl/5.13.5/i386-freebsd/Moose/Util/MetaRole.pm line 16
	Moose::Util::MetaRole::apply_metaclass_roles('for_class', 'DBICx::Modeler::Generator::Class', 'metaclass', undef, 'metaclass_roles', 'ARRAY(0x284b06d0)') called at /home/cpansand/var/ctps/sprout_77810/install/perl-5.13.5/lib/site_perl/5.13.5/MooseX/Orochi.pm line 23
	MooseX::Orochi::init_meta('MooseX::Orochi', 'for_class', 'DBICx::Modeler::Generator::Class', 'metaclass', undef) called at /home/cpansand/var/ctps/sprout_77810/install/perl-5.13.5/lib/site_perl/5.13.5/i386-freebsd/Moose/Exporter.pm line 355
	Moose::Exporter::__ANON__('MooseX::Orochi') called at /var/tmp/CPAN-build/DBICx-Modeler-Generator-0.02-nOegzC/blib/lib/DBICx/Modeler/Generator/Class.pm line 20
	DBICx::Modeler::Generator::Class::BEGIN() called at /home/cpansand/var/ctps/sprout_77810/install/perl-5.13.5/lib/site_perl/5.13.5/MooseX/Orochi.pm line 20
	eval {...} called at /home/cpansand/var/ctps/sprout_77810/install/perl-5.13.5/lib/site_perl/5.13.5/MooseX/Orochi.pm line 20
	require DBICx/Modeler/Generator/Class.pm called at /home/cpansand/var/ctps/sprout_77810/install/perl-5.13.5/lib/site_perl/5.13.5/i386-freebsd/Class/MOP.pm line 113
	Class::MOP::__ANON__() called at /home/cpansand/var/ctps/sprout_77810/install/perl-5.13.5/lib/site_perl/5.13.5/Try/Tiny.pm line 71
	eval {...} called at /home/cpansand/var/ctps/sprout_77810/install/perl-5.13.5/lib/site_perl/5.13.5/Try/Tiny.pm line 67
	Try::Tiny::try('CODE(0x284ae6e0)', 'Try::Tiny::Catch=REF(0x28320d20)') called at /home/cpansand/var/ctps/sprout_77810/install/perl-5.13.5/lib/site_perl/5.13.5/i386-freebsd/Class/MOP.pm line 124
	Class::MOP::load_first_existing_class('DBICx::Modeler::Generator::Class') called at /home/cpansand/var/ctps/sprout_77810/install/perl-5.13.5/lib/site_perl/5.13.5/i386-freebsd/Class/MOP.pm line 136
	Class::MOP::load_class('DBICx::Modeler::Generator::Class') called at /home/cpansand/var/ctps/sprout_77810/install/perl-5.13.5/lib/site_perl/5.13.5/Orochi.pm line 213
	Orochi::inject_class('Orochi=HASH(0x284b3230)', 'DBICx::Modeler::Generator::Class') called at /var/tmp/CPAN-build/DBICx-Modeler-Generator-0.02-nOegzC/blib/lib/DBICx/Modeler/Generator/CLI.pm line 255
	DBICx::Modeler::Generator::CLI::_inject_classes('DBICx::Modeler::Generator::CLI=HASH(0x284b30f0)') called at /var/tmp/CPAN-build/DBICx-Modeler-Generator-0.02-nOegzC/blib/lib/DBICx/Modeler/Generator/CLI.pm line 220
	DBICx::Modeler::Generator::CLI::BUILD('DBICx::Modeler::Generator::CLI=HASH(0x284b30f0)', 'HASH(0x284b3150)') called at generated method (unknown origin) line 112
	DBICx::Modeler::Generator::CLI::new('DBICx::Modeler::Generator::CLI', 'ARGV', 'ARRAY(0x284ae500)', 'extra_argv', 'ARRAY(0x284aee70)', 'usage', 'Getopt::Long::Descriptive::Usage=HASH(0x2801f290)', 'literal', 'HASH(0x284ae3e0)', ...) called at /home/cpansand/var/ctps/sprout_77810/install/perl-5.13.5/lib/site_perl/5.13.5/MooseX/Getopt/Basic.pm line 78
	MooseX::Getopt::Basic::new_with_options('DBICx::Modeler::Generator::CLI') called at t/lib/Test/DBICx/Modeler/Generator/CLI.pm line 56
	Test::DBICx::Modeler::Generator::CLI::_get_generator('Test::DBICx::Modeler::Generator::CLI::SQLite=HASH(0x2849cc30)') called at t/lib/Test/DBICx/Modeler/Generator.pm line 44
	Test::DBICx::Modeler::Generator::startup('Test::DBICx::Modeler::Generator::CLI::SQLite=HASH(0x2849cc30)') called at /var/tmp/CPAN-build/DBICx-Modeler-Generator-0.02-nOegzC/inc/Test/Class.pm line 257
	eval {...} called at /var/tmp/CPAN-build/DBICx-Modeler-Generator-0.02-nOegzC/inc/Test/Class.pm line 257
	Test::Class::_run_method('Test::DBICx::Modeler::Generator::CLI::SQLite=HASH(0x2849cc30)', 'startup', 'ARRAY(0x2829f860)') called at /var/tmp/CPAN-build/DBICx-Modeler-Generator-0.02-nOegzC/inc/Test/Class.pm line 337
	Test::Class::runtests('Test::DBICx::Modeler::Generator::CLI::SQLite') called at t/02_sqlite_shortname.t line 12

#   Failed test 'no exception to update_schemata'
#   at t/lib/Test/DBICx/Modeler/Generator.pm line 273.
#   (in Test::DBICx::Modeler::Generator::CLI::SQLite->test_as_blackbox)
# died: Failed to reload class MyApp::Schema::Result::Artist: Can't locate object method "INC" via package "Path::Class::Dir" at (eval 745) line 2.

#   Failed test 'schema module was generated: examples/MyApp/Schema/Artist.pm'
#   at t/lib/Test/DBICx/Modeler/Generator.pm line 298.
#   (in Test::DBICx::Modeler::Generator::CLI::SQLite->test_as_blackbox)

#   Failed test 'schema module was generated: examples/lib/MyApp/Schema/Cd.pm'
#   at t/lib/Test/DBICx/Modeler/Generator.pm line 300.
#   (in Test::DBICx::Modeler::Generator::CLI::SQLite->test_as_blackbox)

#   Failed test 'schema module was generated: examples/lib/MyApp/Schema/Track.pm'
#   at t/lib/Test/DBICx/Modeler/Generator.pm line 302.
#   (in Test::DBICx::Modeler::Generator::CLI::SQLite->test_as_blackbox)

#   Failed test 'use MyApp::Schema::Artist;'
#   at t/lib/Test/DBICx/Modeler/Generator.pm line 321.
#   (in Test::DBICx::Modeler::Generator::CLI::SQLite->test_as_blackbox)
#     Tried to use 'MyApp::Schema::Artist'.
#     Error:  Can't locate object method "INC" via package "Path::Class::Dir" at (eval 747) line 2.
# BEGIN failed--compilation aborted at (eval 747) line 2.

#   Failed test 'The class isa DBIx::Class'
#   at t/lib/Test/DBICx/Modeler/Generator.pm line 322.
#   (in Test::DBICx::Modeler::Generator::CLI::SQLite->test_as_blackbox)
#     The class isn't a 'DBIx::Class' it's a ''

#   Failed test 'use MyApp::Schema::Cd;'
#   at t/lib/Test/DBICx/Modeler/Generator.pm line 321.
#   (in Test::DBICx::Modeler::Generator::CLI::SQLite->test_as_blackbox)
#     Tried to use 'MyApp::Schema::Cd'.
#     Error:  Can't locate object method "INC" via package "Path::Class::Dir" at (eval 748) line 2.
# BEGIN failed--compilation aborted at (eval 748) line 2.

#   Failed test 'The class isa DBIx::Class'
#   at t/lib/Test/DBICx/Modeler/Generator.pm line 322.
#   (in Test::DBICx::Modeler::Generator::CLI::SQLite->test_as_blackbox)
#     The class isn't a 'DBIx::Class' it's a ''

#   Failed test 'use MyApp::Schema::Track;'
#   at t/lib/Test/DBICx/Modeler/Generator.pm line 321.
#   (in Test::DBICx::Modeler::Generator::CLI::SQLite->test_as_blackbox)
#     Tried to use 'MyApp::Schema::Track'.
#     Error:  Can't locate object method "INC" via package "Path::Class::Dir" at (eval 749) line 2.
# BEGIN failed--compilation aborted at (eval 749) line 2.

#   Failed test 'The class isa DBIx::Class'
#   at t/lib/Test/DBICx/Modeler/Generator.pm line 322.
#   (in Test::DBICx::Modeler::Generator::CLI::SQLite->test_as_blackbox)
#     The class isn't a 'DBIx::Class' it's a ''

#   Failed test 'MyApp::Schema::Artist->can('birthday')'
#   at t/lib/Test/DBICx/Modeler/Generator.pm line 325.
#   (in Test::DBICx::Modeler::Generator::CLI::SQLite->test_as_blackbox)
#     MyApp::Schema::Artist->can('birthday') failed

#   Failed test 'MyApp::Schema::Track->can('recording_time')'
#   at t/lib/Test/DBICx/Modeler/Generator.pm line 326.
#   (in Test::DBICx::Modeler::Generator::CLI::SQLite->test_as_blackbox)
#     MyApp::Schema::Track->can('recording_time') failed

#   Failed test 'no exception to update_models'
#   at t/lib/Test/DBICx/Modeler/Generator.pm line 282.
#   (in Test::DBICx::Modeler::Generator::CLI::SQLite->test_as_blackbox)
# died: Can't locate object method "basename" via package "Path::Class::Dir" at /var/tmp/CPAN-build/DBICx-Modeler-Generator-0.02-nOegzC/blib/lib/DBICx/Modeler/Generator/Model.pm line 119.

#   Failed test 'model module was generated: examples/lib/MyApp/Model/Artist.pm'
#   at t/lib/Test/DBICx/Modeler/Generator.pm line 339.
#   (in Test::DBICx::Modeler::Generator::CLI::SQLite->test_as_blackbox)

#   Failed test 'model sub directory was generated: examples/lib/MyApp/Model/Artist'
#   at t/lib/Test/DBICx/Modeler/Generator.pm line 341.
#   (in Test::DBICx::Modeler::Generator::CLI::SQLite->test_as_blackbox)

#   Failed test 'model module was generated: examples/MyApp/Model/Artist/Rock.pm'
#   at t/lib/Test/DBICx/Modeler/Generator.pm line 343.
#   (in Test::DBICx::Modeler::Generator::CLI::SQLite->test_as_blackbox)

#   Failed test 'model module was generated: examples/lib/MyApp/Model/Cd.pm'
#   at t/lib/Test/DBICx/Modeler/Generator.pm line 345.
#   (in Test::DBICx::Modeler::Generator::CLI::SQLite->test_as_blackbox)

#   Failed test 'model module was generated: examples/lib/MyApp/Model/Track.pm'
#   at t/lib/Test/DBICx/Modeler/Generator.pm line 347.
#   (in Test::DBICx::Modeler::Generator::CLI::SQLite->test_as_blackbox)

#   Failed test 'use MyApp::Model::Artist;'
#   at t/lib/Test/DBICx/Modeler/Generator.pm line 364.
#   (in Test::DBICx::Modeler::Generator::CLI::SQLite->test_as_blackbox)
#     Tried to use 'MyApp::Model::Artist'.
#     Error:  Can't locate object method "INC" via package "Path::Class::Dir" at (eval 750) line 2.
# BEGIN failed--compilation aborted at (eval 750) line 2.

#   Failed test 'test_as_blackbox died (Can't locate object method "INC" via package "Path::Class::Dir" at /home/cpansand/var/ctps/sprout_77810/install/perl-5.13.5/lib/5.13.5/Module/Load.pm line 27.
# Can't locate object method "INC" via package "Path::Class::Dir" at /home/cpansand/var/ctps/sprout_77810/install/perl-5.13.5/lib/5.13.5/Module/Load.pm line 27.)'
#   at t/02_sqlite_shortname.t line 12.
#   (in Test::DBICx::Modeler::Generator::CLI::SQLite->test_as_blackbox)
Dumping manual schema for MyApp::Schema to directory examples/lib ...
Deleting existing file 'examples/lib/MyApp/Schema.pm' due to 'really_erase_my_files' setting
Deleting existing file 'examples/lib/MyApp/Schema/Result/Artist.pm' due to 'really_erase_my_files' setting
Deleting existing file 'examples/lib/MyApp/Schema/Result/Cd.pm' due to 'really_erase_my_files' setting
Deleting existing file 'examples/lib/MyApp/Schema/Result/Track.pm' due to 'really_erase_my_files' setting
Schema dump completed.

#   Failed test 'shutdown died (Failed to reload class MyApp::Schema::Result::Artist: Can't locate object method "INC" via package "Path::Class::Dir" at (eval 812) line 2.)'
#   at t/02_sqlite_shortname.t line 12.
#   (in Test::DBICx::Modeler::Generator::CLI::SQLite->shutdown)
# Looks like you failed 21 tests of 86.
t/02_sqlite_shortname.t ... 
Dubious, test returned 21 (wstat 5376, 0x1500)
Failed 21/86 subtests 
The old Moose::Util::MetaRole API (before version 0.94) has been deprecated at /home/cpansand/var/ctps/sprout_77810/install/perl-5.13.5/lib/site_perl/5.13.5/i386-freebsd/Moose/Util/MetaRole.pm line 16
	Moose::Util::MetaRole::apply_metaclass_roles('for_class', 'DBICx::Modeler::Generator::Class', 'metaclass', undef, 'metaclass_roles', 'ARRAY(0x284f71e0)') called at /home/cpansand/var/ctps/sprout_77810/install/perl-5.13.5/lib/site_perl/5.13.5/MooseX/Orochi.pm line 23
	MooseX::Orochi::init_meta('MooseX::Orochi', 'for_class', 'DBICx::Modeler::Generator::Class', 'metaclass', undef) called at /home/cpansand/var/ctps/sprout_77810/install/perl-5.13.5/lib/site_perl/5.13.5/i386-freebsd/Moose/Exporter.pm line 355
	Moose::Exporter::__ANON__('MooseX::Orochi') called at /var/tmp/CPAN-build/DBICx-Modeler-Generator-0.02-nOegzC/blib/lib/DBICx/Modeler/Generator/Class.pm line 20
	DBICx::Modeler::Generator::Class::BEGIN() called at /home/cpansand/var/ctps/sprout_77810/install/perl-5.13.5/lib/site_perl/5.13.5/MooseX/Orochi.pm line 20
	eval {...} called at /home/cpansand/var/ctps/sprout_77810/install/perl-5.13.5/lib/site_perl/5.13.5/MooseX/Orochi.pm line 20
	require DBICx/Modeler/Generator/Class.pm called at /home/cpansand/var/ctps/sprout_77810/install/perl-5.13.5/lib/site_perl/5.13.5/i386-freebsd/Class/MOP.pm line 113
	Class::MOP::__ANON__() called at /home/cpansand/var/ctps/sprout_77810/install/perl-5.13.5/lib/site_perl/5.13.5/Try/Tiny.pm line 71
	eval {...} called at /home/cpansand/var/ctps/sprout_77810/install/perl-5.13.5/lib/site_perl/5.13.5/Try/Tiny.pm line 67
	Try::Tiny::try('CODE(0x27e461d0)', 'Try::Tiny::Catch=REF(0x28320d20)') called at /home/cpansand/var/ctps/sprout_77810/install/perl-5.13.5/lib/site_perl/5.13.5/i386-freebsd/Class/MOP.pm line 124
	Class::MOP::load_first_existing_class('DBICx::Modeler::Generator::Class') called at /home/cpansand/var/ctps/sprout_77810/install/perl-5.13.5/lib/site_perl/5.13.5/i386-freebsd/Class/MOP.pm line 136
	Class::MOP::load_class('DBICx::Modeler::Generator::Class') called at /home/cpansand/var/ctps/sprout_77810/install/perl-5.13.5/lib/site_perl/5.13.5/Orochi.pm line 213
	Orochi::inject_class('Orochi=HASH(0x284f7d00)', 'DBICx::Modeler::Generator::Class') called at /var/tmp/CPAN-build/DBICx-Modeler-Generator-0.02-nOegzC/blib/lib/DBICx/Modeler/Generator/CLI.pm line 255
	DBICx::Modeler::Generator::CLI::_inject_classes('DBICx::Modeler::Generator::CLI=HASH(0x284f7bb0)') called at /var/tmp/CPAN-build/DBICx-Modeler-Generator-0.02-nOegzC/blib/lib/DBICx/Modeler/Generator/CLI.pm line 220
	DBICx::Modeler::Generator::CLI::BUILD('DBICx::Modeler::Generator::CLI=HASH(0x284f7bb0)', 'HASH(0x2776e3f0)') called at generated method (unknown origin) line 112
	DBICx::Modeler::Generator::CLI::new('DBICx::Modeler::Generator::CLI', 'ARGV', 'ARRAY(0x2776e4b0)', 'extra_argv', 'ARRAY(0x289c6a70)', 'usage', 'Getopt::Long::Descriptive::Usage=HASH(0x2801f290)', 'configfile', 't/sqlite.yml', ...) called at /home/cpansand/var/ctps/sprout_77810/install/perl-5.13.5/lib/site_perl/5.13.5/MooseX/Getopt/Basic.pm line 78
	MooseX::Getopt::Basic::new_with_options('DBICx::Modeler::Generator::CLI') called at t/lib/Test/DBICx/Modeler/Generator/CLI.pm line 56
	Test::DBICx::Modeler::Generator::CLI::_get_generator('Test::DBICx::Modeler::Generator::CLI::SQLite=HASH(0x2849dc70)') called at t/lib/Test/DBICx/Modeler/Generator.pm line 44
	Test::DBICx::Modeler::Generator::startup('Test::DBICx::Modeler::Generator::CLI::SQLite=HASH(0x2849dc70)') called at /var/tmp/CPAN-build/DBICx-Modeler-Generator-0.02-nOegzC/inc/Test/Class.pm line 257
	eval {...} called at /var/tmp/CPAN-build/DBICx-Modeler-Generator-0.02-nOegzC/inc/Test/Class.pm line 257
	Test::Class::_run_method('Test::DBICx::Modeler::Generator::CLI::SQLite=HASH(0x2849dc70)', 'startup', 'ARRAY(0x2829f860)') called at /var/tmp/CPAN-build/DBICx-Modeler-Generator-0.02-nOegzC/inc/Test/Class.pm line 337
	Test::Class::runtests('Test::DBICx::Modeler::Generator::CLI::SQLite') called at t/03_sqlite_configfile.t line 13
t/03_sqlite_configfile.t .. ok
The old Moose::Util::MetaRole API (before version 0.94) has been deprecated at /home/cpansand/var/ctps/sprout_77810/install/perl-5.13.5/lib/site_perl/5.13.5/i386-freebsd/Moose/Util/MetaRole.pm line 16
	Moose::Util::MetaRole::apply_metaclass_roles('for_class', 'DBICx::Modeler::Generator', 'metaclass', undef, 'metaclass_roles', 'ARRAY(0x28323ef0)') called at /home/cpansand/var/ctps/sprout_77810/install/perl-5.13.5/lib/site_perl/5.13.5/MooseX/Orochi.pm line 23
	MooseX::Orochi::init_meta('MooseX::Orochi', 'for_class', 'DBICx::Modeler::Generator', 'metaclass', undef) called at /home/cpansand/var/ctps/sprout_77810/install/perl-5.13.5/lib/site_perl/5.13.5/i386-freebsd/Moose/Exporter.pm line 355
	Moose::Exporter::__ANON__('MooseX::Orochi') called at /var/tmp/CPAN-build/DBICx-Modeler-Generator-0.02-nOegzC/blib/lib/DBICx/Modeler/Generator.pm line 27
	DBICx::Modeler::Generator::BEGIN() called at /home/cpansand/var/ctps/sprout_77810/install/perl-5.13.5/lib/site_perl/5.13.5/MooseX/Orochi.pm line 27
	eval {...} called at /home/cpansand/var/ctps/sprout_77810/install/perl-5.13.5/lib/site_perl/5.13.5/MooseX/Orochi.pm line 27
	require DBICx/Modeler/Generator.pm called at /home/cpansand/var/ctps/sprout_77810/install/perl-5.13.5/lib/site_perl/5.13.5/i386-freebsd/Class/MOP.pm line 113
	Class::MOP::__ANON__() called at /home/cpansand/var/ctps/sprout_77810/install/perl-5.13.5/lib/site_perl/5.13.5/Try/Tiny.pm line 71
	eval {...} called at /home/cpansand/var/ctps/sprout_77810/install/perl-5.13.5/lib/site_perl/5.13.5/Try/Tiny.pm line 67
	Try::Tiny::try('CODE(0x282dcc90)', 'Try::Tiny::Catch=REF(0x280db9c0)') called at /home/cpansand/var/ctps/sprout_77810/install/perl-5.13.5/lib/site_perl/5.13.5/i386-freebsd/Class/MOP.pm line 124
	Class::MOP::load_first_existing_class('DBICx::Modeler::Generator') called at /home/cpansand/var/ctps/sprout_77810/install/perl-5.13.5/lib/site_perl/5.13.5/i386-freebsd/Class/MOP.pm line 136
	Class::MOP::load_class('DBICx::Modeler::Generator') called at /home/cpansand/var/ctps/sprout_77810/install/perl-5.13.5/lib/site_perl/5.13.5/Orochi.pm line 213
	Orochi::inject_class('Orochi=HASH(0x282dc700)', 'DBICx::Modeler::Generator') called at t/lib/Test/DBICx/Modeler/Generator/Manual.pm line 57
	Test::DBICx::Modeler::Generator::Manual::_inject_classes('Test::DBICx::Modeler::Generator::Manual::MySQL=HASH(0x282ec070)') called at t/lib/Test/DBICx/Modeler/Generator/Manual.pm line 29
	Test::DBICx::Modeler::Generator::Manual::_get_generator('Test::DBICx::Modeler::Generator::Manual::MySQL=HASH(0x282ec070)') called at t/lib/Test/DBICx/Modeler/Generator.pm line 44
	Test::DBICx::Modeler::Generator::startup('Test::DBICx::Modeler::Generator::Manual::MySQL=HASH(0x282ec070)') called at /var/tmp/CPAN-build/DBICx-Modeler-Generator-0.02-nOegzC/inc/Test/Class.pm line 257
	eval {...} called at /var/tmp/CPAN-build/DBICx-Modeler-Generator-0.02-nOegzC/inc/Test/Class.pm line 257
	Test::Class::_run_method('Test::DBICx::Modeler::Generator::Manual::MySQL=HASH(0x282ec070)', 'startup', 'ARRAY(0x28050950)') called at /var/tmp/CPAN-build/DBICx-Modeler-Generator-0.02-nOegzC/inc/Test/Class.pm line 337
	Test::Class::runtests('Test::DBICx::Modeler::Generator::Manual::MySQL') called at t/10_mysql_manual.t line 11
t/10_mysql_manual.t ....... ok
The old Moose::Util::MetaRole API (before version 0.94) has been deprecated at /home/cpansand/var/ctps/sprout_77810/install/perl-5.13.5/lib/site_perl/5.13.5/i386-freebsd/Moose/Util/MetaRole.pm line 16
	Moose::Util::MetaRole::apply_metaclass_roles('for_class', 'DBICx::Modeler::Generator::Class', 'metaclass', undef, 'metaclass_roles', 'ARRAY(0x284cb010)') called at /home/cpansand/var/ctps/sprout_77810/install/perl-5.13.5/lib/site_perl/5.13.5/MooseX/Orochi.pm line 23
	MooseX::Orochi::init_meta('MooseX::Orochi', 'for_class', 'DBICx::Modeler::Generator::Class', 'metaclass', undef) called at /home/cpansand/var/ctps/sprout_77810/install/perl-5.13.5/lib/site_perl/5.13.5/i386-freebsd/Moose/Exporter.pm line 355
	Moose::Exporter::__ANON__('MooseX::Orochi') called at /var/tmp/CPAN-build/DBICx-Modeler-Generator-0.02-nOegzC/blib/lib/DBICx/Modeler/Generator/Class.pm line 20
	DBICx::Modeler::Generator::Class::BEGIN() called at /home/cpansand/var/ctps/sprout_77810/install/perl-5.13.5/lib/site_perl/5.13.5/MooseX/Orochi.pm line 20
	eval {...} called at /home/cpansand/var/ctps/sprout_77810/install/perl-5.13.5/lib/site_perl/5.13.5/MooseX/Orochi.pm line 20
	require DBICx/Modeler/Generator/Class.pm called at /home/cpansand/var/ctps/sprout_77810/install/perl-5.13.5/lib/site_perl/5.13.5/i386-freebsd/Class/MOP.pm line 113
	Class::MOP::__ANON__() called at /home/cpansand/var/ctps/sprout_77810/install/perl-5.13.5/lib/site_perl/5.13.5/Try/Tiny.pm line 71
	eval {...} called at /home/cpansand/var/ctps/sprout_77810/install/perl-5.13.5/lib/site_perl/5.13.5/Try/Tiny.pm line 67
	Try::Tiny::try('CODE(0x277674d0)', 'Try::Tiny::Catch=REF(0x28320d20)') called at /home/cpansand/var/ctps/sprout_77810/install/perl-5.13.5/lib/site_perl/5.13.5/i386-freebsd/Class/MOP.pm line 124
	Class::MOP::load_first_existing_class('DBICx::Modeler::Generator::Class') called at /home/cpansand/var/ctps/sprout_77810/install/perl-5.13.5/lib/site_perl/5.13.5/i386-freebsd/Class/MOP.pm line 136
	Class::MOP::load_class('DBICx::Modeler::Generator::Class') called at /home/cpansand/var/ctps/sprout_77810/install/perl-5.13.5/lib/site_perl/5.13.5/Orochi.pm line 213
	Orochi::inject_class('Orochi=HASH(0x277674e0)', 'DBICx::Modeler::Generator::Class') called at /var/tmp/CPAN-build/DBICx-Modeler-Generator-0.02-nOegzC/blib/lib/DBICx/Modeler/Generator/CLI.pm line 255
	DBICx::Modeler::Generator::CLI::_inject_classes('DBICx::Modeler::Generator::CLI=HASH(0x284cbda0)') called at /var/tmp/CPAN-build/DBICx-Modeler-Generator-0.02-nOegzC/blib/lib/DBICx/Modeler/Generator/CLI.pm line 220
	DBICx::Modeler::Generator::CLI::BUILD('DBICx::Modeler::Generator::CLI=HASH(0x284cbda0)', 'HASH(0x284cbd30)') called at generated method (unknown origin) line 112
	DBICx::Modeler::Generator::CLI::new('DBICx::Modeler::Generator::CLI', 'ARGV', 'ARRAY(0x27767500)', 'extra_argv', 'ARRAY(0x27767c10)', 'usage', 'Getopt::Long::Descriptive::Usage=HASH(0x2801f290)', 'application', 'MyApp', ...) called at /home/cpansand/var/ctps/sprout_77810/install/perl-5.13.5/lib/site_perl/5.13.5/MooseX/Getopt/Basic.pm line 78
	MooseX::Getopt::Basic::new_with_options('DBICx::Modeler::Generator::CLI') called at t/lib/Test/DBICx/Modeler/Generator/CLI.pm line 56
	Test::DBICx::Modeler::Generator::CLI::_get_generator('Test::DBICx::Modeler::Generator::CLI::MySQL=HASH(0x28489c30)') called at t/lib/Test/DBICx/Modeler/Generator.pm line 44
	Test::DBICx::Modeler::Generator::startup('Test::DBICx::Modeler::Generator::CLI::MySQL=HASH(0x28489c30)') called at /var/tmp/CPAN-build/DBICx-Modeler-Generator-0.02-nOegzC/inc/Test/Class.pm line 257
	eval {...} called at /var/tmp/CPAN-build/DBICx-Modeler-Generator-0.02-nOegzC/inc/Test/Class.pm line 257
	Test::Class::_run_method('Test::DBICx::Modeler::Generator::CLI::MySQL=HASH(0x28489c30)', 'startup', 'ARRAY(0x2829f860)') called at /var/tmp/CPAN-build/DBICx-Modeler-Generator-0.02-nOegzC/inc/Test/Class.pm line 337
	Test::Class::runtests('Test::DBICx::Modeler::Generator::CLI::MySQL') called at t/11_mysql_longname.t line 12
t/11_mysql_longname.t ..... ok
The old Moose::Util::MetaRole API (before version 0.94) has been deprecated at /home/cpansand/var/ctps/sprout_77810/install/perl-5.13.5/lib/site_perl/5.13.5/i386-freebsd/Moose/Util/MetaRole.pm line 16
	Moose::Util::MetaRole::apply_metaclass_roles('for_class', 'DBICx::Modeler::Generator::Class', 'metaclass', undef, 'metaclass_roles', 'ARRAY(0x27767f80)') called at /home/cpansand/var/ctps/sprout_77810/install/perl-5.13.5/lib/site_perl/5.13.5/MooseX/Orochi.pm line 23
	MooseX::Orochi::init_meta('MooseX::Orochi', 'for_class', 'DBICx::Modeler::Generator::Class', 'metaclass', undef) called at /home/cpansand/var/ctps/sprout_77810/install/perl-5.13.5/lib/site_perl/5.13.5/i386-freebsd/Moose/Exporter.pm line 355
	Moose::Exporter::__ANON__('MooseX::Orochi') called at /var/tmp/CPAN-build/DBICx-Modeler-Generator-0.02-nOegzC/blib/lib/DBICx/Modeler/Generator/Class.pm line 20
	DBICx::Modeler::Generator::Class::BEGIN() called at /home/cpansand/var/ctps/sprout_77810/install/perl-5.13.5/lib/site_perl/5.13.5/MooseX/Orochi.pm line 20
	eval {...} called at /home/cpansand/var/ctps/sprout_77810/install/perl-5.13.5/lib/site_perl/5.13.5/MooseX/Orochi.pm line 20
	require DBICx/Modeler/Generator/Class.pm called at /home/cpansand/var/ctps/sprout_77810/install/perl-5.13.5/lib/site_perl/5.13.5/i386-freebsd/Class/MOP.pm line 113
	Class::MOP::__ANON__() called at /home/cpansand/var/ctps/sprout_77810/install/perl-5.13.5/lib/site_perl/5.13.5/Try/Tiny.pm line 71
	eval {...} called at /home/cpansand/var/ctps/sprout_77810/install/perl-5.13.5/lib/site_perl/5.13.5/Try/Tiny.pm line 67
	Try::Tiny::try('CODE(0x284cce70)', 'Try::Tiny::Catch=REF(0x28320d20)') called at /home/cpansand/var/ctps/sprout_77810/install/perl-5.13.5/lib/site_perl/5.13.5/i386-freebsd/Class/MOP.pm line 124
	Class::MOP::load_first_existing_class('DBICx::Modeler::Generator::Class') called at /home/cpansand/var/ctps/sprout_77810/install/perl-5.13.5/lib/site_perl/5.13.5/i386-freebsd/Class/MOP.pm line 136
	Class::MOP::load_class('DBICx::Modeler::Generator::Class') called at /home/cpansand/var/ctps/sprout_77810/install/perl-5.13.5/lib/site_perl/5.13.5/Orochi.pm line 213
	Orochi::inject_class('Orochi=HASH(0x284ccc20)', 'DBICx::Modeler::Generator::Class') called at /var/tmp/CPAN-build/DBICx-Modeler-Generator-0.02-nOegzC/blib/lib/DBICx/Modeler/Generator/CLI.pm line 255
	DBICx::Modeler::Generator::CLI::_inject_classes('DBICx::Modeler::Generator::CLI=HASH(0x284ccd30)') called at /var/tmp/CPAN-build/DBICx-Modeler-Generator-0.02-nOegzC/blib/lib/DBICx/Modeler/Generator/CLI.pm line 220
	DBICx::Modeler::Generator::CLI::BUILD('DBICx::Modeler::Generator::CLI=HASH(0x284ccd30)', 'HASH(0x284cccd0)') called at generated method (unknown origin) line 112
	DBICx::Modeler::Generator::CLI::new('DBICx::Modeler::Generator::CLI', 'ARGV', 'ARRAY(0x284c3ae0)', 'extra_argv', 'ARRAY(0x27767af0)', 'usage', 'Getopt::Long::Descriptive::Usage=HASH(0x2801f290)', 'literal', 'HASH(0x284c3f20)', ...) called at /home/cpansand/var/ctps/sprout_77810/install/perl-5.13.5/lib/site_perl/5.13.5/MooseX/Getopt/Basic.pm line 78
	MooseX::Getopt::Basic::new_with_options('DBICx::Modeler::Generator::CLI') called at t/lib/Test/DBICx/Modeler/Generator/CLI.pm line 56
	Test::DBICx::Modeler::Generator::CLI::_get_generator('Test::DBICx::Modeler::Generator::CLI::MySQL=HASH(0x28489c30)') called at t/lib/Test/DBICx/Modeler/Generator.pm line 44
	Test::DBICx::Modeler::Generator::startup('Test::DBICx::Modeler::Generator::CLI::MySQL=HASH(0x28489c30)') called at /var/tmp/CPAN-build/DBICx-Modeler-Generator-0.02-nOegzC/inc/Test/Class.pm line 257
	eval {...} called at /var/tmp/CPAN-build/DBICx-Modeler-Generator-0.02-nOegzC/inc/Test/Class.pm line 257
	Test::Class::_run_method('Test::DBICx::Modeler::Generator::CLI::MySQL=HASH(0x28489c30)', 'startup', 'ARRAY(0x2829f860)') called at /var/tmp/CPAN-build/DBICx-Modeler-Generator-0.02-nOegzC/inc/Test/Class.pm line 337
	Test::Class::runtests('Test::DBICx::Modeler::Generator::CLI::MySQL') called at t/12_mysql_shortname.t line 12
t/12_mysql_shortname.t .... ok
The old Moose::Util::MetaRole API (before version 0.94) has been deprecated at /home/cpansand/var/ctps/sprout_77810/install/perl-5.13.5/lib/site_perl/5.13.5/i386-freebsd/Moose/Util/MetaRole.pm line 16
	Moose::Util::MetaRole::apply_metaclass_roles('for_class', 'DBICx::Modeler::Generator::Class', 'metaclass', undef, 'metaclass_roles', 'ARRAY(0x28034f70)') called at /home/cpansand/var/ctps/sprout_77810/install/perl-5.13.5/lib/site_perl/5.13.5/MooseX/Orochi.pm line 23
	MooseX::Orochi::init_meta('MooseX::Orochi', 'for_class', 'DBICx::Modeler::Generator::Class', 'metaclass', undef) called at /home/cpansand/var/ctps/sprout_77810/install/perl-5.13.5/lib/site_perl/5.13.5/i386-freebsd/Moose/Exporter.pm line 355
	Moose::Exporter::__ANON__('MooseX::Orochi') called at /var/tmp/CPAN-build/DBICx-Modeler-Generator-0.02-nOegzC/blib/lib/DBICx/Modeler/Generator/Class.pm line 20
	DBICx::Modeler::Generator::Class::BEGIN() called at /home/cpansand/var/ctps/sprout_77810/install/perl-5.13.5/lib/site_perl/5.13.5/MooseX/Orochi.pm line 20
	eval {...} called at /home/cpansand/var/ctps/sprout_77810/install/perl-5.13.5/lib/site_perl/5.13.5/MooseX/Orochi.pm line 20
	require DBICx/Modeler/Generator/Class.pm called at /home/cpansand/var/ctps/sprout_77810/install/perl-5.13.5/lib/site_perl/5.13.5/i386-freebsd/Class/MOP.pm line 113
	Class::MOP::__ANON__() called at /home/cpansand/var/ctps/sprout_77810/install/perl-5.13.5/lib/site_perl/5.13.5/Try/Tiny.pm line 71
	eval {...} called at /home/cpansand/var/ctps/sprout_77810/install/perl-5.13.5/lib/site_perl/5.13.5/Try/Tiny.pm line 67
	Try::Tiny::try('CODE(0x28616f70)', 'Try::Tiny::Catch=REF(0x28320d20)') called at /home/cpansand/var/ctps/sprout_77810/install/perl-5.13.5/lib/site_perl/5.13.5/i386-freebsd/Class/MOP.pm line 124
	Class::MOP::load_first_existing_class('DBICx::Modeler::Generator::Class') called at /home/cpansand/var/ctps/sprout_77810/install/perl-5.13.5/lib/site_perl/5.13.5/i386-freebsd/Class/MOP.pm line 136
	Class::MOP::load_class('DBICx::Modeler::Generator::Class') called at /home/cpansand/var/ctps/sprout_77810/install/perl-5.13.5/lib/site_perl/5.13.5/Orochi.pm line 213
	Orochi::inject_class('Orochi=HASH(0x284c3d90)', 'DBICx::Modeler::Generator::Class') called at /var/tmp/CPAN-build/DBICx-Modeler-Generator-0.02-nOegzC/blib/lib/DBICx/Modeler/Generator/CLI.pm line 255
	DBICx::Modeler::Generator::CLI::_inject_classes('DBICx::Modeler::Generator::CLI=HASH(0x28614b70)') called at /var/tmp/CPAN-build/DBICx-Modeler-Generator-0.02-nOegzC/blib/lib/DBICx/Modeler/Generator/CLI.pm line 220
	DBICx::Modeler::Generator::CLI::BUILD('DBICx::Modeler::Generator::CLI=HASH(0x28614b70)', 'HASH(0x286149b0)') called at generated method (unknown origin) line 112
	DBICx::Modeler::Generator::CLI::new('DBICx::Modeler::Generator::CLI', 'ARGV', 'ARRAY(0x284c3f20)', 'extra_argv', 'ARRAY(0x289eb6e0)', 'usage', 'Getopt::Long::Descriptive::Usage=HASH(0x2801f290)', 'configfile', 't/mysql.yml', ...) called at /home/cpansand/var/ctps/sprout_77810/install/perl-5.13.5/lib/site_perl/5.13.5/MooseX/Getopt/Basic.pm line 78
	MooseX::Getopt::Basic::new_with_options('DBICx::Modeler::Generator::CLI') called at t/lib/Test/DBICx/Modeler/Generator/CLI.pm line 56
	Test::DBICx::Modeler::Generator::CLI::_get_generator('Test::DBICx::Modeler::Generator::CLI::MySQL=HASH(0x28489c30)') called at t/lib/Test/DBICx/Modeler/Generator.pm line 44
	Test::DBICx::Modeler::Generator::startup('Test::DBICx::Modeler::Generator::CLI::MySQL=HASH(0x28489c30)') called at /var/tmp/CPAN-build/DBICx-Modeler-Generator-0.02-nOegzC/inc/Test/Class.pm line 257
	eval {...} called at /var/tmp/CPAN-build/DBICx-Modeler-Generator-0.02-nOegzC/inc/Test/Class.pm line 257
	Test::Class::_run_method('Test::DBICx::Modeler::Generator::CLI::MySQL=HASH(0x28489c30)', 'startup', 'ARRAY(0x2829f860)') called at /var/tmp/CPAN-build/DBICx-Modeler-Generator-0.02-nOegzC/inc/Test/Class.pm line 337
	Test::Class::runtests('Test::DBICx::Modeler::Generator::CLI::MySQL') called at t/13_mysql_configfile.t line 12
t/13_mysql_configfile.t ... ok
The old Moose::Util::MetaRole API (before version 0.94) has been deprecated at /home/cpansand/var/ctps/sprout_77810/install/perl-5.13.5/lib/site_perl/5.13.5/i386-freebsd/Moose/Util/MetaRole.pm line 16
	Moose::Util::MetaRole::apply_metaclass_roles('for_class', 'DBICx::Modeler::Generator::Class', 'metaclass', undef, 'metaclass_roles', 'ARRAY(0x281e14c0)') called at /home/cpansand/var/ctps/sprout_77810/install/perl-5.13.5/lib/site_perl/5.13.5/MooseX/Orochi.pm line 23
	MooseX::Orochi::init_meta('MooseX::Orochi', 'for_class', 'DBICx::Modeler::Generator::Class', 'metaclass', undef) called at /home/cpansand/var/ctps/sprout_77810/install/perl-5.13.5/lib/site_perl/5.13.5/i386-freebsd/Moose/Exporter.pm line 355
	Moose::Exporter::__ANON__('MooseX::Orochi') called at /var/tmp/CPAN-build/DBICx-Modeler-Generator-0.02-nOegzC/blib/lib/DBICx/Modeler/Generator/Class.pm line 20
	DBICx::Modeler::Generator::Class::BEGIN() called at /home/cpansand/var/ctps/sprout_77810/install/perl-5.13.5/lib/site_perl/5.13.5/MooseX/Orochi.pm line 20
	eval {...} called at /home/cpansand/var/ctps/sprout_77810/install/perl-5.13.5/lib/site_perl/5.13.5/MooseX/Orochi.pm line 20
	require DBICx/Modeler/Generator/Class.pm called at /home/cpansand/var/ctps/sprout_77810/install/perl-5.13.5/lib/site_perl/5.13.5/i386-freebsd/Class/MOP.pm line 113
	Class::MOP::__ANON__() called at /home/cpansand/var/ctps/sprout_77810/install/perl-5.13.5/lib/site_perl/5.13.5/Try/Tiny.pm line 71
	eval {...} called at /home/cpansand/var/ctps/sprout_77810/install/perl-5.13.5/lib/site_perl/5.13.5/Try/Tiny.pm line 67
	Try::Tiny::try('CODE(0x281e1900)', 'Try::Tiny::Catch=REF(0x28059820)') called at /home/cpansand/var/ctps/sprout_77810/install/perl-5.13.5/lib/site_perl/5.13.5/i386-freebsd/Class/MOP.pm line 124
	Class::MOP::load_first_existing_class('DBICx::Modeler::Generator::Class') called at /home/cpansand/var/ctps/sprout_77810/install/perl-5.13.5/lib/site_perl/5.13.5/i386-freebsd/Class/MOP.pm line 136
	Class::MOP::load_class('DBICx::Modeler::Generator::Class') called at /home/cpansand/var/ctps/sprout_77810/install/perl-5.13.5/lib/site_perl/5.13.5/Orochi.pm line 213
	Orochi::inject_class('Orochi=HASH(0x281e1c80)', 'DBICx::Modeler::Generator::Class') called at t/lib/Test/DBICx/Modeler/Generator/Supplement.pm line 74
	Test::DBICx::Modeler::Generator::Supplement::_inject_dependencies('Test::DBICx::Modeler::Generator::Supplement=HASH(0x281e55e0)') called at t/lib/Test/DBICx/Modeler/Generator/Supplement.pm line 83
	Test::DBICx::Modeler::Generator::Supplement::test_get_full_path('Test::DBICx::Modeler::Generator::Supplement=HASH(0x281e55e0)') called at /var/tmp/CPAN-build/DBICx-Modeler-Generator-0.02-nOegzC/inc/Test/Class.pm line 257
	eval {...} called at /var/tmp/CPAN-build/DBICx-Modeler-Generator-0.02-nOegzC/inc/Test/Class.pm line 257
	Test::Class::_run_method('Test::DBICx::Modeler::Generator::Supplement=HASH(0x281e55e0)', 'test_get_full_path', 'ARRAY(0x27a3a9b0)') called at /var/tmp/CPAN-build/DBICx-Modeler-Generator-0.02-nOegzC/inc/Test/Class.pm line 349
	Test::Class::runtests('Test::DBICx::Modeler::Generator::Supplement') called at t/supplement.t line 11
mysql: unknown option '--unknown_option_foo_bar_42'
t/supplement.t ............ ok

Test Summary Report
-------------------
t/00_sqlite_manual.t    (Wstat: 5376 Tests: 86 Failed: 21)
  Failed tests:  4, 7-9, 12-20, 23-29, 86
  Non-zero exit status: 21
t/02_sqlite_shortname.t (Wstat: 5376 Tests: 86 Failed: 21)
  Failed tests:  4, 7-9, 12-20, 23-29, 86
  Non-zero exit status: 21
Files=9, Tests=513, 33 wallclock secs ( 0.16 usr  0.02 sys + 10.20 cusr  0.96 csys = 11.34 CPU)
Result: FAIL
Failed 2/9 test programs. 42/513 subtests failed.
*** Error code 255

Stop in /var/tmp/CPAN-build/DBICx-Modeler-Generator-0.02-nOegzC.

------------------------------
PREREQUISITES
------------------------------

Prerequisite modules loaded:

requires:

    Module                        Need     Have    
    ----------------------------- -------- --------
    Class::Unload                 0        0.06    
    DBICx::Modeler                0.005    0.005   
    DBIx::Class::Schema::Loader   0        0.07002 
    File::Find::Rule              0        0.32    
    List::MoreUtils               0        0.22    
    Module::Load                  0        0.18    
    Moose                         0.89_01  1.14    
    MooseX::Types::Path::Class    0        0.05    
    namespace::clean              0.08     0.18    
    Orochi                        0        0.00009 
    perl                          5.008001 5.013005
    Text::MicroTemplate::Extended 0        0.11    

build_requires:

    Module                        Need     Have    
    ----------------------------- -------- --------
    ExtUtils::MakeMaker           6.42     6.57_05 
    Test::Class                   0.34     0.36    
    Test::Exception               0.27     0.29    
    Test::More                    0        0.97_01 
    Test::Requires                0        0.05    
    Test::Warn                    0        0.22    

configure_requires:

    Module                        Need     Have    
    ----------------------------- -------- --------
    ExtUtils::MakeMaker           6.42     6.57_05 


------------------------------
ENVIRONMENT AND OTHER CONTEXT
------------------------------

Environment variables:

    DBIC_NO_WARN_BAD_PERL = 1
    PATH = /usr/local/bin:/usr/X11R6/bin:/usr/X11/bin:/usr/perl5.8.0/bin:/usr/bin:/bin:/usr/local/sbin:/usr/sbin:/sbin:/usr/local/pilot/bin:/home/cpansand/bin/freebsd8.0:/home/cpansand/bin/sh:/home/cpansand/bin:/usr/X386/bin:/usr/games:/home/cpansand/devel:/usr/home/e/eserte/src/perl/CPAN-Testers-ParallelSmoker/utils
    PERL5LIB = 
    PERL5OPT = 
    PERL5_CPANPLUS_IS_RUNNING = 18020
    PERL5_CPAN_IS_RUNNING = 18020
    PERL5_CPAN_IS_RUNNING_IN_RECURSION = 32529,18020
    PERL_BATCH = yes
    PERL_CPAN_REPORTER_DIR = /home/cpansand/var/ctps/sprout_77810/config/perl-5.13.5/cpanreporter
    PERL_EXTUTILS_AUTOINSTALL = --defaultdeps
    PERL_HTML_DISPLAY_CLASS = HTML::Display::Mozilla
    SHELL = /usr/local/bin/zsh
    TERM = xterm
    TMPDIR = /tmp/cpansmoker-1023

Perl special variables (and OS-specific diagnostics, for MSWin32):

    $^X = /usr/home/cpansand/var/ctps/sprout_77810/install/perl-5.13.5/bin/perl
    $UID/$EUID = 1023 / 1023
    $GID = 1023 1023
    $EGID = 1023 1023

Perl module toolchain versions installed:

    Module              Have   
    ------------------- -------
    CPAN                1.94_57
    Cwd                 3.33   
    ExtUtils::CBuilder  0.2703 
    ExtUtils::Command   1.16   
    ExtUtils::Install   1.55   
    ExtUtils::MakeMaker 6.57_05
    ExtUtils::Manifest  1.58   
    ExtUtils::ParseXS   2.2207 
    File::Spec          3.33   
    Module::Build       0.3607 
    Module::Signature   0.66   
    Test::Harness       3.22   
    Test::More          0.97_01
    YAML                0.72   
    YAML::Syck          1.15   
    version             0.82   


--

Summary of my perl5 (revision 5 version 13 subversion 5) configuration:
   
  Platform:
    osname=freebsd, osvers=8.0-release, archname=i386-freebsd
    uname='freebsd biokovo.herceg.de 8.0-release freebsd 8.0-release #0: sat nov 21 15:48:17 utc 2009 root@almeida.cse.buffalo.edu:usrobjusrsrcsysgeneric i386 '
    config_args='-ds -e -Uversiononly -Dinstallusrbinperl=n -Dusedevel -Dprefix=/home/cpansand/var/ctps/sprout_77810/install/perl-5.13.5'
    hint=recommended, useposix=true, d_sigaction=define
    useithreads=undef, usemultiplicity=undef
    useperlio=define, d_sfio=undef, uselargefiles=define, usesocks=undef
    use64bitint=undef, use64bitall=undef, uselongdouble=undef
    usemymalloc=n, bincompat5005=undef
  Compiler:
    cc='cc', ccflags ='-DHAS_FPSETMASK -DHAS_FLOATINGPOINT_H -fno-strict-aliasing -pipe -fstack-protector -I/usr/local/include',
    optimize='-O',
    cppflags='-DHAS_FPSETMASK -DHAS_FLOATINGPOINT_H -fno-strict-aliasing -pipe -fstack-protector -I/usr/local/include'
    ccversion='', gccversion='4.2.1 20070719  [FreeBSD]', gccosandvers=''
    intsize=4, longsize=4, ptrsize=4, doublesize=8, byteorder=1234
    d_longlong=define, longlongsize=8, d_longdbl=define, longdblsize=12
    ivtype='long', ivsize=4, nvtype='double', nvsize=8, Off_t='off_t', lseeksize=8
    alignbytes=4, prototype=define
  Linker and Libraries:
    ld='cc', ldflags ='-Wl,-E  -fstack-protector -L/usr/local/lib'
    libpth=/usr/lib /usr/local/lib
    libs=-lgdbm -lm -lcrypt -lutil -lc
    perllibs=-lm -lcrypt -lutil -lc
    libc=, so=so, useshrplib=false, libperl=libperl.a
    gnulibc_version=''
  Dynamic Linking:
    dlsrc=dl_dlopen.xs, dlext=so, d_dlsymun=undef, ccdlflags=' '
    cccdlflags='-DPIC -fPIC', lddlflags='-shared  -L/usr/local/lib -fstack-protector'


Characteristics of this binary (from libperl): 
  Compile-time options: PERL_DONT_CREATE_GVSV PERL_MALLOC_WRAP PERL_USE_DEVEL
                        USE_LARGE_FILES USE_PERLIO USE_PERL_ATOF
  Built under freebsd
  Compiled at Sep 20 2010 20:06:57
  %ENV:
    PERL5LIB=""
    PERL5OPT=""
    PERL5_CPANPLUS_IS_RUNNING="18020"
    PERL5_CPAN_IS_RUNNING="18020"
    PERL5_CPAN_IS_RUNNING_IN_RECURSION="32529,18020"
    PERL_BATCH="yes"
    PERL_CPAN_REPORTER_DIR="/home/cpansand/var/ctps/sprout_77810/config/perl-5.13.5/cpanreporter"
    PERL_EXTUTILS_AUTOINSTALL="--defaultdeps"
    PERL_HTML_DISPLAY_CLASS="HTML::Display::Mozilla"
  @INC:
    /home/cpansand/var/ctps/sprout_77810/install/perl-5.13.5/lib/site_perl/5.13.5/i386-freebsd
    /home/cpansand/var/ctps/sprout_77810/install/perl-5.13.5/lib/site_perl/5.13.5
    /home/cpansand/var/ctps/sprout_77810/install/perl-5.13.5/lib/5.13.5/i386-freebsd
    /home/cpansand/var/ctps/sprout_77810/install/perl-5.13.5/lib/5.13.5
    .