Data-HAL v1.001 Perl 5 v5.14.0 i386-netbsd-64int

Status
Fail
From
Chris Williams (BINGOS)
Dist
Data-HAL v1.001
Platform
Perl 5 v5.14.0 i386-netbsd-64int
Date
2019-11-25 05:48:45
ID
3e852c0a-0f47-11ea-99fe-b031dbec7dbf
This distribution has been tested as part of the CPAN Testers
project, supporting the Perl programming language.  See
http://wiki.cpantesters.org/ for more information or email
questions to cpan-testers-discuss@perl.org


--

Dear DAXIM,

This is a computer-generated error report created automatically by
CPANPLUS, version 0.9178. Testers personal comments may appear
at the end of this report.


Thank you for uploading your work to CPAN.  However, it appears that
there were some problems testing your distribution.

TEST RESULTS:

Below is the error stack from stage 'make test':

# Testing Data::HAL 1.001
t/00.load.t ...... ok
Reference bless( {"_original" => "https://example.com/apidocs/ns/{rel}...) did not pass type constraint "Namespace" at /home/cpan/pit/jail/92znM1qhWY/lib/perl5/URI/NamespaceMap.pm line 143
    "Namespace" is a subtype of "InstanceOf["URI::Namespace"]"
    "InstanceOf["URI::Namespace"]" requires that the reference isa URI::Namespace
    The reference isa Data::HAL::URI and Moo::Object
t/curies.t ....... 
Dubious, test returned 255 (wstat 65280, 0xff00)
No subtests run 
t/deprecation.t .. ok
Reference bless( {"_original" => "https://example.com/apidocs/ns/{rel}...) did not pass type constraint "Namespace" at /home/cpan/pit/jail/92znM1qhWY/lib/perl5/URI/NamespaceMap.pm line 143
    "Namespace" is a subtype of "InstanceOf["URI::Namespace"]"
    "InstanceOf["URI::Namespace"]" requires that the reference isa URI::Namespace
    The reference isa Data::HAL::URI and Moo::Object
t/double.t ....... 
Dubious, test returned 255 (wstat 65280, 0xff00)
No subtests run 
Reference bless( {"_original" => "http://example.com/rel#{rel}"}, 'Dat...) did not pass type constraint "Namespace" at /home/cpan/pit/jail/92znM1qhWY/lib/perl5/URI/NamespaceMap.pm line 143
    "Namespace" is a subtype of "InstanceOf["URI::Namespace"]"
    "InstanceOf["URI::Namespace"]" requires that the reference isa URI::Namespace
    The reference isa Data::HAL::URI and Moo::Object
t/headers.t ...... 
Dubious, test returned 255 (wstat 65280, 0xff00)
No subtests run 
t/invalid.t ...... ok
t/profile.t ...... ok
Reference bless( {"_original" => "https://example.com/apidocs/ns/{rel}...) did not pass type constraint "Namespace" at /home/cpan/pit/jail/92znM1qhWY/lib/perl5/URI/NamespaceMap.pm line 143
    "Namespace" is a subtype of "InstanceOf["URI::Namespace"]"
    "InstanceOf["URI::Namespace"]" requires that the reference isa URI::Namespace
    The reference isa Data::HAL::URI and Moo::Object
t/round-trip.t ... 
Dubious, test returned 255 (wstat 65280, 0xff00)
No subtests run 

Test Summary Report
-------------------
t/curies.t     (Wstat: 65280 Tests: 0 Failed: 0)
  Non-zero exit status: 255
  Parse errors: No plan found in TAP output
t/double.t     (Wstat: 65280 Tests: 0 Failed: 0)
  Non-zero exit status: 255
  Parse errors: No plan found in TAP output
t/headers.t    (Wstat: 65280 Tests: 0 Failed: 0)
  Non-zero exit status: 255
  Parse errors: No plan found in TAP output
t/round-trip.t (Wstat: 65280 Tests: 0 Failed: 0)
  Non-zero exit status: 255
  Parse errors: No plan found in TAP output
Files=8, Tests=7,  6 wallclock secs ( 0.02 usr  0.04 sys +  3.22 cusr  2.06 csys =  5.34 CPU)
Result: FAIL
Failed 4/8 test programs. 0/7 subtests failed.


PREREQUISITES:

Here is a list of prerequisites you specified and versions we
managed to load:

	  Module Name                        Have     Want
	  Clone                              0.43        0
	  Data::Visitor::Callback            0.30        0
	  File::Slurp                     9999.28        0
	  HTTP::Headers::Util                6.18        0
	  JSON                               4.02        0
	  Log::Any                          1.707        0
	  Log::Any::Adapter                 1.707        0
	  Log::Any::Adapter::FileHandle     0.010        0
	  MIME::Type                         2.17        0
	  Moo                            2.003006        0
	  Safe::Isa                      1.000010        0
	  Scalar::Util                       1.53        0
	  Test::Fatal                       0.014        0
	  Test::More                     1.302168        0
	  Types::Standard                1.006000        0
	  URI                                1.76        0
	  URI::IRI                           1.76        0
	! URI::NamespaceMap                  1.10  <= 0.12
	  URI::Template                      0.24        0
	  XML::RegExp                        0.04        0
	  boolean                            0.46        0
	  failures                          0.004        0
	  strictures                     2.000006        0

Perl module toolchain versions installed:
	Module Name                        Have
	CPANPLUS                         0.9178
	CPANPLUS::Dist::Build              0.90
	Cwd                                3.75
	ExtUtils::CBuilder             0.280231
	ExtUtils::Command                  7.38
	ExtUtils::Install                  2.14
	ExtUtils::MakeMaker                7.38
	ExtUtils::Manifest                 1.72
	ExtUtils::ParseXS                  3.35
	File::Spec                         3.75
	Module::Build                    0.4229
	Pod::Parser                        1.37
	Pod::Simple                        3.16
	Test2                          1.302168
	Test::Harness                      3.42
	Test::More                     1.302168
	version                          0.9924

******************************** NOTE ********************************
The comments above are created mechanically, possibly without manual
checking by the sender.  As there are many people performing automatic
tests on each upload to CPAN, it is likely that you will receive
identical messages about the same problem.

If you believe that the message is mistaken, please reply to the first
one with correction and/or additional informations, and do not take
it personally.  We appreciate your patience. :)
**********************************************************************

Additional comments:


This report was machine-generated by CPANPLUS::Dist::YACSmoke 1.08.
Powered by minismokebox version 0.68

CPANPLUS is prefering Build.PL

------------------------------
ENVIRONMENT AND OTHER CONTEXT
------------------------------

Environment variables:

    AUTOMATED_TESTING = 1
    NONINTERACTIVE_TESTING = 1
    PATH = /home/cpan/bin:/bin:/sbin:/usr/bin:/usr/sbin:/usr/X11R7/bin:/usr/pkg/bin:/usr/pkg/sbin:/usr/games:/usr/local/bin:/usr/local/sbin
    PERL5LIB = /home/cpan/pit/jail/92znM1qhWY/lib/perl5:/home/cpan/pit/64bit/conf/perl-5.14.0/.cpanplus/5.14.0/build/2oIHuKt1yf/Data-HAL-1.001/blib/lib:/home/cpan/pit/64bit/conf/perl-5.14.0/.cpanplus/5.14.0/build/2oIHuKt1yf/Data-HAL-1.001/blib/arch
    PERL5_CPANPLUS_IS_RUNNING = 29549
    PERL5_CPANPLUS_IS_VERSION = 0.9178
    PERL5_MINISMOKEBOX = 0.68
    PERL5_YACSMOKE_BASE = /home/cpan/pit/64bit/conf/perl-5.14.0
    PERL_EXTUTILS_AUTOINSTALL = --defaultdeps
    PERL_LOCAL_LIB_ROOT = /home/cpan/pit/jail/92znM1qhWY
    PERL_MB_OPT = --install_base "/home/cpan/pit/jail/92znM1qhWY"
    PERL_MM_OPT = INSTALL_BASE=/home/cpan/pit/jail/92znM1qhWY
    PERL_MM_USE_DEFAULT = 1
    SHELL = /usr/pkg/bin/bash
    TERM = screen

Perl special variables (and OS-specific diagnostics, for MSWin32):

    Perl: $^X = /home/cpan/pit/64bit/perl-5.14.0/bin/perl
    UID:  $<  = 1001
    EUID: $>  = 1001
    GID:  $(  = 100 100
    EGID: $)  = 100 100


-------------------------------


--

Summary of my perl5 (revision 5 version 14 subversion 0) configuration:
   
  Platform:
    osname=netbsd, osvers=8.1, archname=i386-netbsd-64int
    uname='netbsd naboo.bingosnet.co.uk 8.1 netbsd 8.1 (generic) #0: fri may 31 08:43:59 utc 2019 mkrepro@mkrepro.netbsd.org:usrsrcsysarchi386compilegeneric i386 '
    config_args='-des -Dprefix=/home/cpan/pit/64bit/perl-5.14.0 -Duse64bitint'
    hint=recommended, useposix=true, d_sigaction=define
    useithreads=undef, usemultiplicity=undef
    useperlio=define, d_sfio=undef, uselargefiles=define, usesocks=undef
    use64bitint=define, use64bitall=undef, uselongdouble=undef
    usemymalloc=n, bincompat5005=undef
  Compiler:
    cc='cc', ccflags ='-fwrapv -fno-strict-aliasing -pipe -fstack-protector -I/usr/pkg/include',
    optimize='-O',
    cppflags='-fwrapv -fno-strict-aliasing -pipe -fstack-protector -I/usr/pkg/include'
    ccversion='', gccversion='5.5.0', gccosandvers=''
    intsize=4, longsize=4, ptrsize=4, doublesize=8, byteorder=12345678
    d_longlong=define, longlongsize=8, d_longdbl=define, longdblsize=12
    ivtype='long long', ivsize=8, nvtype='double', nvsize=8, Off_t='off_t', lseeksize=8
    alignbytes=4, prototype=define
  Linker and Libraries:
    ld='cc', ldflags =' -Wl,-rpath,/usr/pkg/lib -Wl,-rpath,/usr/local/lib -fstack-protector -L/usr/pkg/lib'
    libpth=/usr/pkg/lib /lib /usr/lib
    libs=-lgdbm -lm -lcrypt -lutil -lc -lposix
    perllibs=-lm -lcrypt -lutil -lc -lposix
    libc=/lib/libc.so, so=so, useshrplib=false, libperl=libperl.a
    gnulibc_version=''
  Dynamic Linking:
    dlsrc=dl_dlopen.xs, dlext=so, d_dlsymun=undef, ccdlflags='-Wl,-E '
    cccdlflags='-DPIC -fPIC ', lddlflags='-shared  -L/usr/pkg/lib -fstack-protector'


Characteristics of this binary (from libperl): 
  Compile-time options: PERL_DONT_CREATE_GVSV PERL_MALLOC_WRAP
                        PERL_PRESERVE_IVUV USE_64_BIT_INT USE_LARGE_FILES
                        USE_PERLIO USE_PERL_ATOF
  Locally applied patches:
	Devel::PatchPerl 1.64
  Built under netbsd
  Compiled at Aug  4 2019 21:39:14
  %ENV:
    PERL5LIB="/home/cpan/pit/jail/92znM1qhWY/lib/perl5:/home/cpan/pit/64bit/conf/perl-5.14.0/.cpanplus/5.14.0/build/2oIHuKt1yf/Data-HAL-1.001/blib/lib:/home/cpan/pit/64bit/conf/perl-5.14.0/.cpanplus/5.14.0/build/2oIHuKt1yf/Data-HAL-1.001/blib/arch"
    PERL5_CPANPLUS_IS_RUNNING="29549"
    PERL5_CPANPLUS_IS_VERSION="0.9178"
    PERL5_MINISMOKEBOX="0.68"
    PERL5_YACSMOKE_BASE="/home/cpan/pit/64bit/conf/perl-5.14.0"
    PERL_EXTUTILS_AUTOINSTALL="--defaultdeps"
    PERL_LOCAL_LIB_ROOT="/home/cpan/pit/jail/92znM1qhWY"
    PERL_MB_OPT="--install_base "/home/cpan/pit/jail/92znM1qhWY""
    PERL_MM_OPT="INSTALL_BASE=/home/cpan/pit/jail/92znM1qhWY"
    PERL_MM_USE_DEFAULT="1"
  @INC:
    /home/cpan/pit/jail/92znM1qhWY/lib/perl5/5.14.0/i386-netbsd-64int
    /home/cpan/pit/jail/92znM1qhWY/lib/perl5/5.14.0
    /home/cpan/pit/jail/92znM1qhWY/lib/perl5/i386-netbsd-64int
    /home/cpan/pit/jail/92znM1qhWY/lib/perl5
    /home/cpan/pit/64bit/conf/perl-5.14.0/.cpanplus/5.14.0/build/2oIHuKt1yf/Data-HAL-1.001/blib/lib
    /home/cpan/pit/64bit/conf/perl-5.14.0/.cpanplus/5.14.0/build/2oIHuKt1yf/Data-HAL-1.001/blib/arch
    /home/cpan/pit/64bit/perl-5.14.0/lib/site_perl/5.14.0/i386-netbsd-64int
    /home/cpan/pit/64bit/perl-5.14.0/lib/site_perl/5.14.0
    /home/cpan/pit/64bit/perl-5.14.0/lib/5.14.0/i386-netbsd-64int
    /home/cpan/pit/64bit/perl-5.14.0/lib/5.14.0
    .