Report for Crypt-NSS-X509-0.05

Back
From: metabase:user:320bfe00-2aae-11df-837a-5e0a49663a4f
Subject: FAIL Crypt-NSS-X509-0.05 v5.21.10 GNU/Linux
Date: 2015-02-21T22:51:59Z

This distribution has been tested as part of the CPAN Testers
project, supporting the Perl programming language.  See
http://wiki.cpantesters.org/ for more information or email
questions to cpan-testers-discuss@perl.org


--
Dear Johanna Amann,

This is a computer-generated report for Crypt-NSS-X509-0.05
on perl 5.21.10, created by CPAN-Reporter-1.2011.

Thank you for uploading your work to CPAN.  However, there was a problem
testing your distribution.

If you think this report is invalid, please consult the CPAN Testers Wiki
for suggestions on how to avoid getting FAIL reports for missing library
or binary dependencies, unsupported operating systems, and so on:

http://wiki.cpantesters.org/wiki/CPANAuthorNotes

Sections of this report:

    * Tester comments
    * Program output
    * Prerequisites
    * Environment and other context

------------------------------
TESTER COMMENTS
------------------------------

Additional comments from tester:

this report is from an automated smoke testing program
and was not reviewed by a human for accuracy

------------------------------
PROGRAM OUTPUT
------------------------------

Output from '/usr/bin/make test':

Running Mkbootstrap for Crypt::NSS::X509 ()
chmod 644 "X509.bs"
PERL_DL_NONLAZY=1 "/tmp/basesmoker-reloperl-hcNY/bin/perl" "-MExtUtils::Command::MM" "-MTest::Harness" "-e" "undef *Test::Harness::Switches; test_harness(0, 'inc', 'blib/lib', 'blib/arch')" t/001-load.t t/002-verify-certlist.t t/003-verify-db.t t/004-db.t t/005-name.t t/006-crl.t t/007-signature.t t/author-critic.t t/author-pod-coverage.t t/author-pod.t t/author-spelling.t t/author-version.t

#   Failed test 'use Crypt::NSS::X509;'
#   at t/001-load.t line 7.
#     Tried to use 'Crypt::NSS::X509'.
#     Error:  Can't load '/tmp/loop_over_bdir-19385-SPmb2a/Crypt-NSS-X509-0.05-ATTMet/blib/arch/auto/Crypt/NSS/X509/X509.so' for module Crypt::NSS::X509: /tmp/loop_over_bdir-19385-SPmb2a/Crypt-NSS-X509-0.05-ATTMet/blib/arch/auto/Crypt/NSS/X509/X509.so: undefined symbol: PKIX_PLErrorIndex at /home/sand/src/perl/repoperls/installed-perls/perl/v5.21.9-6-gadc55e0/165a/lib/5.21.10/x86_64-linux/DynaLoader.pm line 193.
#  at /tmp/loop_over_bdir-19385-SPmb2a/Crypt-NSS-X509-0.05-ATTMet/blib/lib/Crypt/NSS/X509.pm line 35.
# Compilation failed in require at t/001-load.t line 7.
# BEGIN failed--compilation aborted at t/001-load.t line 7.
# Selfsigned certificate
Can't locate object method "new" via package "Crypt::NSS::X509::Certificate" at /tmp/loop_over_bdir-19385-SPmb2a/Crypt-NSS-X509-0.05-ATTMet/blib/lib/Crypt/NSS/X509/Certificate.pm line 25.
Can't locate object method "__cleanup" via package "Crypt::NSS::X509" at /tmp/loop_over_bdir-19385-SPmb2a/Crypt-NSS-X509-0.05-ATTMet/blib/lib/Crypt/NSS/X509.pm line 99.
END failed--call queue aborted at t/001-load.t line 25.
# Looks like you planned 56 tests but ran 1.
# Looks like you failed 1 test of 1 run.
# Looks like your test exited with 22 just after 1.
t/001-load.t ............. 
Dubious, test returned 22 (wstat 5632, 0x1600)
Failed 56/56 subtests 

#   Failed test 'use Crypt::NSS::X509;'
#   at t/002-verify-certlist.t line 10.
#     Tried to use 'Crypt::NSS::X509'.
#     Error:  Can't load '/tmp/loop_over_bdir-19385-SPmb2a/Crypt-NSS-X509-0.05-ATTMet/blib/arch/auto/Crypt/NSS/X509/X509.so' for module Crypt::NSS::X509: /tmp/loop_over_bdir-19385-SPmb2a/Crypt-NSS-X509-0.05-ATTMet/blib/arch/auto/Crypt/NSS/X509/X509.so: undefined symbol: PKIX_PLErrorIndex at /home/sand/src/perl/repoperls/installed-perls/perl/v5.21.9-6-gadc55e0/165a/lib/5.21.10/x86_64-linux/DynaLoader.pm line 193.
#  at /tmp/loop_over_bdir-19385-SPmb2a/Crypt-NSS-X509-0.05-ATTMet/blib/lib/Crypt/NSS/X509.pm line 35.
# Compilation failed in require at t/002-verify-certlist.t line 10.
# BEGIN failed--compilation aborted at t/002-verify-certlist.t line 10.
Bareword "Crypt::NSS::X509::certUsageSSLServer" not allowed while "strict subs" in use at t/002-verify-certlist.t line 20.
Bareword "Crypt::NSS::X509::certUsageSSLServer" not allowed while "strict subs" in use at t/002-verify-certlist.t line 30.
Bareword "Crypt::NSS::X509::certUsageSSLServer" not allowed while "strict subs" in use at t/002-verify-certlist.t line 31.
Execution of t/002-verify-certlist.t aborted due to compilation errors.
Can't locate object method "__cleanup" via package "Crypt::NSS::X509" at /tmp/loop_over_bdir-19385-SPmb2a/Crypt-NSS-X509-0.05-ATTMet/blib/lib/Crypt/NSS/X509.pm line 99.
END failed--call queue aborted at t/002-verify-certlist.t line 62.
# Looks like you planned 9 tests but ran 1.
# Looks like you failed 1 test of 1 run.
# Looks like your test exited with 22 just after 1.
t/002-verify-certlist.t .. 
Dubious, test returned 22 (wstat 5632, 0x1600)
Failed 9/9 subtests 

#   Failed test 'use Crypt::NSS::X509;'
#   at t/003-verify-db.t line 19.
#     Tried to use 'Crypt::NSS::X509'.
#     Error:  Can't load '/tmp/loop_over_bdir-19385-SPmb2a/Crypt-NSS-X509-0.05-ATTMet/blib/arch/auto/Crypt/NSS/X509/X509.so' for module Crypt::NSS::X509: /tmp/loop_over_bdir-19385-SPmb2a/Crypt-NSS-X509-0.05-ATTMet/blib/arch/auto/Crypt/NSS/X509/X509.so: undefined symbol: PKIX_PLErrorIndex at /home/sand/src/perl/repoperls/installed-perls/perl/v5.21.9-6-gadc55e0/165a/lib/5.21.10/x86_64-linux/DynaLoader.pm line 193.
#  at /tmp/loop_over_bdir-19385-SPmb2a/Crypt-NSS-X509-0.05-ATTMet/blib/lib/Crypt/NSS/X509.pm line 35.
# Compilation failed in require at t/003-verify-db.t line 19.
# BEGIN failed--compilation aborted at t/003-verify-db.t line 19.
Bareword "Crypt::NSS::X509::certUsageAnyCA" not allowed while "strict subs" in use at t/003-verify-db.t line 109.
Bareword "Crypt::NSS::X509::certUsageAnyCA" not allowed while "strict subs" in use at t/003-verify-db.t line 110.
Bareword "Crypt::NSS::X509::certUsageAnyCA" not allowed while "strict subs" in use at t/003-verify-db.t line 111.
Bareword "Crypt::NSS::X509::certUsageAnyCA" not allowed while "strict subs" in use at t/003-verify-db.t line 112.
Execution of t/003-verify-db.t aborted due to compilation errors.
Can't locate object method "__cleanup" via package "Crypt::NSS::X509" at /tmp/loop_over_bdir-19385-SPmb2a/Crypt-NSS-X509-0.05-ATTMet/blib/lib/Crypt/NSS/X509.pm line 99.
END failed--call queue aborted at t/003-verify-db.t line 141.
# Looks like you planned 45 tests but ran 1.
# Looks like you failed 1 test of 1 run.
# Looks like your test exited with 22 just after 1.
t/003-verify-db.t ........ 
Dubious, test returned 22 (wstat 5632, 0x1600)
Failed 45/45 subtests 

#   Failed test 'use Crypt::NSS::X509;'
#   at t/004-db.t line 16.
#     Tried to use 'Crypt::NSS::X509'.
#     Error:  Can't load '/tmp/loop_over_bdir-19385-SPmb2a/Crypt-NSS-X509-0.05-ATTMet/blib/arch/auto/Crypt/NSS/X509/X509.so' for module Crypt::NSS::X509: /tmp/loop_over_bdir-19385-SPmb2a/Crypt-NSS-X509-0.05-ATTMet/blib/arch/auto/Crypt/NSS/X509/X509.so: undefined symbol: PKIX_PLErrorIndex at /home/sand/src/perl/repoperls/installed-perls/perl/v5.21.9-6-gadc55e0/165a/lib/5.21.10/x86_64-linux/DynaLoader.pm line 193.
#  at /tmp/loop_over_bdir-19385-SPmb2a/Crypt-NSS-X509-0.05-ATTMet/blib/lib/Crypt/NSS/X509.pm line 35.
# Compilation failed in require at t/004-db.t line 16.
# BEGIN failed--compilation aborted at t/004-db.t line 16.
Can't locate object method "new" via package "Crypt::NSS::X509::Certificate" at /tmp/loop_over_bdir-19385-SPmb2a/Crypt-NSS-X509-0.05-ATTMet/blib/lib/Crypt/NSS/X509/Certificate.pm line 25.
Can't locate object method "__cleanup" via package "Crypt::NSS::X509" at /tmp/loop_over_bdir-19385-SPmb2a/Crypt-NSS-X509-0.05-ATTMet/blib/lib/Crypt/NSS/X509.pm line 99.
END failed--call queue aborted at t/004-db.t line 25.
# Looks like you planned 11 tests but ran 1.
# Looks like you failed 1 test of 1 run.
# Looks like your test exited with 22 just after 1.
t/004-db.t ............... 
Dubious, test returned 22 (wstat 5632, 0x1600)
Failed 11/11 subtests 

#   Failed test 'use Crypt::NSS::X509;'
#   at t/005-name.t line 7.
#     Tried to use 'Crypt::NSS::X509'.
#     Error:  Can't load '/tmp/loop_over_bdir-19385-SPmb2a/Crypt-NSS-X509-0.05-ATTMet/blib/arch/auto/Crypt/NSS/X509/X509.so' for module Crypt::NSS::X509: /tmp/loop_over_bdir-19385-SPmb2a/Crypt-NSS-X509-0.05-ATTMet/blib/arch/auto/Crypt/NSS/X509/X509.so: undefined symbol: PKIX_PLErrorIndex at /home/sand/src/perl/repoperls/installed-perls/perl/v5.21.9-6-gadc55e0/165a/lib/5.21.10/x86_64-linux/DynaLoader.pm line 193.
#  at /tmp/loop_over_bdir-19385-SPmb2a/Crypt-NSS-X509-0.05-ATTMet/blib/lib/Crypt/NSS/X509.pm line 35.
# Compilation failed in require at t/005-name.t line 7.
# BEGIN failed--compilation aborted at t/005-name.t line 7.
Can't locate object method "new" via package "Crypt::NSS::X509::Certificate" at /tmp/loop_over_bdir-19385-SPmb2a/Crypt-NSS-X509-0.05-ATTMet/blib/lib/Crypt/NSS/X509/Certificate.pm line 25.
Can't locate object method "__cleanup" via package "Crypt::NSS::X509" at /tmp/loop_over_bdir-19385-SPmb2a/Crypt-NSS-X509-0.05-ATTMet/blib/lib/Crypt/NSS/X509.pm line 99.
END failed--call queue aborted at t/005-name.t line 25.
# Looks like you planned 5 tests but ran 1.
# Looks like you failed 1 test of 1 run.
# Looks like your test exited with 22 just after 1.
t/005-name.t ............. 
Dubious, test returned 22 (wstat 5632, 0x1600)
Failed 5/5 subtests 

#   Failed test 'use Crypt::NSS::X509;'
#   at t/006-crl.t line 15.
#     Tried to use 'Crypt::NSS::X509'.
#     Error:  Can't load '/tmp/loop_over_bdir-19385-SPmb2a/Crypt-NSS-X509-0.05-ATTMet/blib/arch/auto/Crypt/NSS/X509/X509.so' for module Crypt::NSS::X509: /tmp/loop_over_bdir-19385-SPmb2a/Crypt-NSS-X509-0.05-ATTMet/blib/arch/auto/Crypt/NSS/X509/X509.so: undefined symbol: PKIX_PLErrorIndex at /home/sand/src/perl/repoperls/installed-perls/perl/v5.21.9-6-gadc55e0/165a/lib/5.21.10/x86_64-linux/DynaLoader.pm line 193.
#  at /tmp/loop_over_bdir-19385-SPmb2a/Crypt-NSS-X509-0.05-ATTMet/blib/lib/Crypt/NSS/X509.pm line 35.
# Compilation failed in require at t/006-crl.t line 15.
# BEGIN failed--compilation aborted at t/006-crl.t line 15.
Can't locate object method "new" via package "Crypt::NSS::X509::Certificate" at t/006-crl.t line 20.
Can't locate object method "__cleanup" via package "Crypt::NSS::X509" at /tmp/loop_over_bdir-19385-SPmb2a/Crypt-NSS-X509-0.05-ATTMet/blib/lib/Crypt/NSS/X509.pm line 99.
END failed--call queue aborted at t/006-crl.t line 20.
# Looks like you planned 18 tests but ran 1.
# Looks like you failed 1 test of 1 run.
# Looks like your test exited with 22 just after 1.
t/006-crl.t .............. 
Dubious, test returned 22 (wstat 5632, 0x1600)
Failed 18/18 subtests 
t/007-signature.t ........ skipped: Set the environment variable TEST_SIGNATURE to enable this test.
t/author-critic.t ........ skipped: Author testing disabled
t/author-pod-coverage.t .. skipped: Author testing disabled
t/author-pod.t ........... skipped: Author testing disabled
t/author-spelling.t ...... skipped: Author testing disabled
t/author-version.t ....... skipped: Author testing disabled

Test Summary Report
-------------------
t/001-load.t           (Wstat: 5632 Tests: 1 Failed: 1)
  Failed test:  1
  Non-zero exit status: 22
  Parse errors: Bad plan.  You planned 56 tests but ran 1.
t/002-verify-certlist.t (Wstat: 5632 Tests: 1 Failed: 1)
  Failed test:  1
  Non-zero exit status: 22
  Parse errors: Bad plan.  You planned 9 tests but ran 1.
t/003-verify-db.t      (Wstat: 5632 Tests: 1 Failed: 1)
  Failed test:  1
  Non-zero exit status: 22
  Parse errors: Bad plan.  You planned 45 tests but ran 1.
t/004-db.t             (Wstat: 5632 Tests: 1 Failed: 1)
  Failed test:  1
  Non-zero exit status: 22
  Parse errors: Bad plan.  You planned 11 tests but ran 1.
t/005-name.t           (Wstat: 5632 Tests: 1 Failed: 1)
  Failed test:  1
  Non-zero exit status: 22
  Parse errors: Bad plan.  You planned 5 tests but ran 1.
t/006-crl.t            (Wstat: 5632 Tests: 1 Failed: 1)
  Failed test:  1
  Non-zero exit status: 22
  Parse errors: Bad plan.  You planned 18 tests but ran 1.
Files=12, Tests=6,  0 wallclock secs ( 0.02 usr  0.02 sys +  0.62 cusr  0.14 csys =  0.80 CPU)
Result: FAIL
Failed 6/12 test programs. 6/6 subtests failed.
Makefile:984: recipe for target 'test_dynamic' failed
make: *** [test_dynamic] Error 255

------------------------------
PREREQUISITES
------------------------------

Prerequisite modules loaded:

requires:

    Module              Need     Have        
    ------------------- -------- ------------
    Alien::NSS          0.05     0.22        
    autodie             2.1      2.26        
    Encode              2.4      2.70        
    Exporter            5.6      5.72        
    MIME::Base64        3.13     3.15        
    perl                5.010001 5.021010    
    Test::More          0.98     1.301001_098

build_requires:

    Module              Need     Have        
    ------------------- -------- ------------
    Alien::NSS          0.05     0.22        
    ExtUtils::MakeMaker 6.59     7.04        
    Test::More          0.98     1.301001_098

configure_requires:

    Module              Need     Have        
    ------------------- -------- ------------
    Alien::NSS          0.05     0.22        
    ExtUtils::MakeMaker 6.59     7.04        


------------------------------
ENVIRONMENT AND OTHER CONTEXT
------------------------------

Environment variables:

    AUTOMATED_TESTING = 1
    LANG = en_US.UTF-8
    LANGUAGE = en_US:en
    PATH = /home/sand/bin:/usr/local/bin:/usr/bin:/bin:/usr/games:/usr/local/perl/bin:/usr/X11/bin:/sbin:/usr/sbin
    PERL5LIB = 
    PERL5OPT = 
    PERL5_CPANPLUS_IS_RUNNING = 13883
    PERL5_CPAN_IS_RUNNING = 13883
    PERL_MM_USE_DEFAULT = 1
    SHELL = /usr/bin/zsh
    TERM = screen

Perl special variables (and OS-specific diagnostics, for MSWin32):

    $^X = /tmp/basesmoker-reloperl-hcNY/bin/perl
    $UID/$EUID = 1005 / 1005
    $GID = 1005 1005
    $EGID = 1005 1005

Perl module toolchain versions installed:

    Module              Have        
    ------------------- ------------
    CPAN                2.05        
    CPAN::Meta          2.143240    
    Cwd                 3.54        
    ExtUtils::CBuilder  0.280221    
    ExtUtils::Command   1.20        
    ExtUtils::Install   2.04        
    ExtUtils::MakeMaker 7.04        
    ExtUtils::Manifest  1.70        
    ExtUtils::ParseXS   3.27        
    File::Spec          3.53        
    JSON                2.90        
    JSON::PP            2.27300     
    Module::Build       0.4211      
    Module::Signature   0.73        
    Parse::CPAN::Meta   1.4414      
    Test::Harness       3.35        
    Test::More          1.301001_098
    YAML                1.14        
    YAML::Syck          1.29        
    version             0.9912      


--

Summary of my perl5 (revision 5 version 21 subversion 10) configuration:
  Commit id: adc55e020e9dd90e3092c97ee7db0912097c4a7e
  Platform:
    osname=linux, osvers=3.16.0-4-amd64, archname=x86_64-linux
    uname='linux k83 3.16.0-4-amd64 #1 smp debian 3.16.7-ckt2-1 (2014-12-08) x86_64 gnulinux '
    config_args='-Dprefix=/home/sand/src/perl/repoperls/installed-perls/perl/v5.21.9-6-gadc55e0/165a -Dmyhostname=k83 -Dinstallusrbinperl=n -Uversiononly -Dusedevel -des -Ui_db -Uuseithreads -Uuselongdouble -DDEBUGGING=-g'
    hint=recommended, useposix=true, d_sigaction=define
    useithreads=undef, usemultiplicity=undef
    use64bitint=define, use64bitall=define, uselongdouble=undef
    usemymalloc=n, bincompat5005=undef
  Compiler:
    cc='cc', ccflags ='-fwrapv -fno-strict-aliasing -pipe -fstack-protector-strong -I/usr/local/include -D_LARGEFILE_SOURCE -D_FILE_OFFSET_BITS=64 -D_FORTIFY_SOURCE=2',
    optimize='-O2 -g',
    cppflags='-fwrapv -fno-strict-aliasing -pipe -fstack-protector-strong -I/usr/local/include'
    ccversion='', gccversion='4.9.2', gccosandvers=''
    intsize=4, longsize=8, ptrsize=8, doublesize=8, byteorder=12345678, doublekind=3
    d_longlong=define, longlongsize=8, d_longdbl=define, longdblsize=16, longdblkind=3
    ivtype='long', ivsize=8, nvtype='double', nvsize=8, Off_t='off_t', lseeksize=8
    alignbytes=8, prototype=define
  Linker and Libraries:
    ld='cc', ldflags =' -fstack-protector-strong -L/usr/local/lib'
    libpth=/usr/local/lib /usr/lib/gcc/x86_64-linux-gnu/4.9/include-fixed /usr/include/x86_64-linux-gnu /usr/lib /lib/x86_64-linux-gnu /lib/../lib /usr/lib/x86_64-linux-gnu /usr/lib/../lib /lib
    libs=-lpthread -lnsl -lgdbm -ldb -ldl -lm -lcrypt -lutil -lc -lgdbm_compat
    perllibs=-lpthread -lnsl -ldl -lm -lcrypt -lutil -lc
    libc=libc-2.19.so, so=so, useshrplib=false, libperl=libperl.a
    gnulibc_version='2.19'
  Dynamic Linking:
    dlsrc=dl_dlopen.xs, dlext=so, d_dlsymun=undef, ccdlflags='-Wl,-E'
    cccdlflags='-fPIC', lddlflags='-shared -O2 -g -L/usr/local/lib -fstack-protector-strong'


Characteristics of this binary (from libperl): 
  Compile-time options: HAS_TIMES PERLIO_LAYERS PERL_DONT_CREATE_GVSV
                        PERL_HASH_FUNC_ONE_AT_A_TIME_HARD PERL_MALLOC_WRAP
                        PERL_NEW_COPY_ON_WRITE PERL_PRESERVE_IVUV
                        PERL_USE_DEVEL USE_64_BIT_ALL USE_64_BIT_INT
                        USE_LARGE_FILES USE_LOCALE USE_LOCALE_COLLATE
                        USE_LOCALE_CTYPE USE_LOCALE_NUMERIC USE_LOCALE_TIME
                        USE_PERLIO USE_PERL_ATOF
  Built under linux
  Compiled at Feb 21 2015 12:00:21
  %ENV:
    PERL5LIB=""
    PERL5OPT=""
    PERL5_CPANPLUS_IS_RUNNING="13883"
    PERL5_CPAN_IS_RUNNING="13883"
    PERL_MM_USE_DEFAULT="1"
  @INC:
    /home/sand/src/perl/repoperls/installed-perls/perl/v5.21.9-6-gadc55e0/165a/lib/site_perl/5.21.10/x86_64-linux
    /home/sand/src/perl/repoperls/installed-perls/perl/v5.21.9-6-gadc55e0/165a/lib/site_perl/5.21.10
    /home/sand/src/perl/repoperls/installed-perls/perl/v5.21.9-6-gadc55e0/165a/lib/5.21.10/x86_64-linux
    /home/sand/src/perl/repoperls/installed-perls/perl/v5.21.9-6-gadc55e0/165a/lib/5.21.10
    .