Time-Zone-Olson v0.46 Perl 5 v5.22.3 MSWin32-x64-multi-thread
- Status
- Fail
- From
- LNATION
- Dist
-
Time-Zone-Olson v0.46
- Platform
- Perl 5 v5.22.3 MSWin32-x64-multi-thread
- Date
- 2025-05-26 10:10:56
- ID
- 3eb01f83-7393-1014-b5f3-f90c1fbc5a7a
This distribution has been tested as part of the CPAN Testers
project, supporting the Perl programming language. See
http://wiki.cpantesters.org/ for more information or email
questions to cpan-testers-discuss@perl.org
--
Dear David Dick,
This is a computer-generated report for Time-Zone-Olson-0.46
on perl 5.22.3, created by CPAN-Reporter-1.2020.
Thank you for uploading your work to CPAN. However, there was a problem
testing your distribution.
If you think this report is invalid, please consult the CPAN Testers Wiki
for suggestions on how to avoid getting FAIL reports for missing library
or binary dependencies, unsupported operating systems, and so on:
http://wiki.cpantesters.org/wiki/CPANAuthorNotes
Sections of this report:
* Tester comments
* Program output
* Prerequisites
* Environment and other context
------------------------------
TESTER COMMENTS
------------------------------
Additional comments from tester:
this report is from an automated smoke testing program
and was not reviewed by a human for accuracy
------------------------------
PROGRAM OUTPUT
------------------------------
Output from 'C:\STRAWB~1\c\bin\dmake.exe test':
"C:\Strawberry\perl\bin\perl.exe" "-MExtUtils::Command::MM" "-MTest::Harness" "-e" "undef *Test::Harness::Switches; test_harness(0, 'blib\lib', 'blib\arch')" t/*.t
# Testing Time::Zone::Olson 0.46, Perl 5.022003, C:\Strawberry\perl\bin\perl.exe
t/00-load.t ........... ok
t/boilerplate.t ....... ok
t/manifest.t .......... skipped: Author tests not required for installation
t/pod-coverage.t ...... ok
t/pod.t ............... ok
# Checking https://raw.githubusercontent.com/unicode-org/cldr/master/common/supplemental/windowsZones.xml
# Current version of Windows is 10 - Windows 10 Datacenter (64-bit) (Win10)
# Failed test 'America/Coyhaique can be found in Time::Zone::Olson->win32_mapping()'
# at t/windows_zones.t line 65.
# Unable to locate Win32 timezone Mid-Atlantic Standard Time in the olson tz mapping
# Unable to locate Win32 timezone UTC+13 in the olson tz mapping
# Looks like you failed 1 test of 587.
t/windows_zones.t .....
Dubious, test returned 1 (wstat 256, 0x100)
Failed 1/587 subtests
(1 TODO test unexpectedly succeeded)
# Olson tz directory is using the Win32 Registry for Olson tz calculations for MSWin32
# Local timezone has been determined to be America/Danmarkshavn
# MSWin32 means we need to use the SystemTimeToTzSpecificLocalTime system call as the definitive source of truth for timezone calculations
t/zoneinfo_all.t ...... ok
# Determined timezone is America/Danmarkshavn
# TZDIR has not been set
# MSWin32 means we need to use the SystemTimeToTzSpecificLocalTime system call as the definitive source of truth for timezone calculations
# Results of unpack:
# Local timezone has been determined to be America/Danmarkshavn
# MSWin32 comment for Australia/Melbourne is '(UTC+10:00) Canberra, Melbourne, Sydney'
# Failed test 'Matched 2025/05/27 00:10:46 Line Islands Standard Time to 2025/05/27 00:10:46 Line Islands Daylight Time for Etc/GMT-14'
# at t/zoneinfo_current.t line 159.
# Failed test 'Matched 2025/05/27 00:10:46 Line Islands Standard Time to 2025/05/27 00:10:46 Line Islands Daylight Time for Pacific/Kiritimati'
# at t/zoneinfo_current.t line 159.
# MSWin32 does not agree that Melbourne and Hobart time have NOT been the same since the UNIX epoch
# Looks like you failed 2 tests of 926.
t/zoneinfo_current.t ..
Dubious, test returned 2 (wstat 512, 0x200)
Failed 2/926 subtests
t/zoneinfo_taint.t .... ok
# 'date -d "2015/02/28 11:00:00" +"%Y/%m/%d %H:%M:%S" 2>&1' does not function correctly on 'MSWin32'
t/zoneinfo_tz_env.t ... ok
Test Summary Report
-------------------
t/windows_zones.t (Wstat: 256 (exited 1) Tests: 587 Failed: 1)
Failed test: 91
TODO passed: 468
Non-zero exit status: 1
t/zoneinfo_current.t (Wstat: 512 (exited 2) Tests: 926 Failed: 2)
Failed tests: 681, 875
Non-zero exit status: 2
Files=10, Tests=1526, 13 wallclock secs ( 0.34 usr + 0.08 sys = 0.42 CPU)
Result: FAIL
Failed 2/10 test programs. 3/1526 subtests failed.
dmake.exe: Error code 255, while making 'test_dynamic'
------------------------------
PREREQUISITES
------------------------------
Prerequisite modules loaded:
requires:
Module Need Have
-------------------- ----- --------
Carp 0 1.50
Config 0 5.022003
Digest::SHA 0 6.04
DirHandle 0 1.04
Encode 0 3.21
English 0 1.09
File::Find 0 1.29
File::Spec 0 3.75
FileHandle 0 2.02
perl 5.006 5.022003
POSIX 0 1.53_01
strict 0 1.09
warnings 0 1.34
Win32API::Registry 0 0.33
build_requires:
Module Need Have
-------------------- ----- --------
ExtUtils::MakeMaker 0 7.76
Fcntl 0 1.13
File::Temp 0 0.2311
HTTP::Request 0 7.00
LWP::Protocol::https 6.06 6.14
LWP::UserAgent 0 6.78
Test::More 0 1.302214
Time::Local 0 1.35
Win32 0 0.52
Win32::API 0.84 0.84
XML::LibXML 0 2.0210
configure_requires:
Module Need Have
-------------------- ----- --------
ExtUtils::MakeMaker 0 7.76
------------------------------
ENVIRONMENT AND OTHER CONTEXT
------------------------------
Environment variables:
AUTOMATED_TESTING = 1
COMSPEC = C:\Windows\system32\cmd.exe
NUMBER_OF_PROCESSORS = 2
PATH = C:\Windows\system32;C:\Windows;C:\Windows\System32\Wbem;C:\Windows\System32\WindowsPowerShell\v1.0\;C:\Windows\System32\OpenSSH\;C:\Program Files\Amazon\cfn-bootstrap\;C:\Strawberry\c\bin;C:\Strawberry\perl\site\bin;C:\Strawberry\perl\bin;C:\Users\Administrator\AppData\Local\Microsoft\WindowsApps;C:\Users\Administrator\AppData\Local\Microsoft\WinGet\Links;
PERL5LIB =
PERL5OPT =
PERL5_CPANPLUS_IS_RUNNING = 2112
PERL5_CPAN_IS_RUNNING = 2112
PERL5_CPAN_IS_RUNNING_IN_RECURSION = 4296,2112
PERL_CR_SMOKER_CURRENT = Time-Zone-Olson-0.46
PERL_EXTUTILS_AUTOINSTALL = --defaultdeps
PERL_MM_USE_DEFAULT = 1
PROCESSOR_IDENTIFIER = Intel64 Family 6 Model 85 Stepping 7, GenuineIntel
TEMP = C:\Users\ADMINI~1\AppData\Local\Temp\2
Perl special variables (and OS-specific diagnostics, for MSWin32):
$^X = C:\Strawberry\perl\bin\perl.exe
$UID/$EUID = 0 / 0
$GID = 0
$EGID = 0
Win32::GetOSName = Win10
Win32::GetOSVersion = , 10, 0, 26100, 2, 0, 0, 400, 3
Win32::FsType = NTFS
Win32::IsAdminUser = 1
Perl module toolchain versions installed:
Module Have
------------------- --------
CPAN 2.14
CPAN::Meta 2.150010
Cwd 3.75
ExtUtils::CBuilder 0.280236
ExtUtils::Command 7.76
ExtUtils::Install 2.06
ExtUtils::MakeMaker 7.76
ExtUtils::Manifest 1.75
ExtUtils::ParseXS 3.57
File::Spec 3.75
JSON 4.10
JSON::PP 4.16
Module::Build 0.4234
Module::Signature 0.89
Parse::CPAN::Meta 2.150010
Test2 1.302214
Test::Harness 3.52
Test::More 1.302214
YAML 1.31
YAML::Syck 1.34
version 0.9917
--
Summary of my perl5 (revision 5 version 22 subversion 3) configuration:
Platform:
osname=MSWin32, osvers=6.3, archname=MSWin32-x64-multi-thread
uname='Win32 strawberry-perl 5.22.3.1 #1 Sun Jan 15 04:42:16 2017 x64'
config_args='undef'
hint=recommended, useposix=true, d_sigaction=undef
useithreads=define, usemultiplicity=define
use64bitint=define, use64bitall=undef, uselongdouble=undef
usemymalloc=n, bincompat5005=undef
Compiler:
cc='gcc', ccflags =' -s -O2 -DWIN32 -DWIN64 -DCONSERVATIVE -DPERL_TEXTMODE_SCRIPTS -DPERL_IMPLICIT_CONTEXT -DPERL_IMPLICIT_SYS -fwrapv -fno-strict-aliasing -mms-bitfields',
optimize='-s -O2',
cppflags='-DWIN32'
ccversion='', gccversion='4.9.2', gccosandvers=''
intsize=4, longsize=4, ptrsize=8, doublesize=8, byteorder=12345678, doublekind=3
d_longlong=define, longlongsize=8, d_longdbl=define, longdblsize=16, longdblkind=3
ivtype='long long', ivsize=8, nvtype='double', nvsize=8, Off_t='long long', lseeksize=8
alignbytes=8, prototype=define
Linker and Libraries:
ld='g++', ldflags ='-s -L"C:\STRAWB~1\perl\lib\CORE" -L"C:\STRAWB~1\c\lib"'
libpth=C:\STRAWB~1\c\lib C:\STRAWB~1\c\x86_64-w64-mingw32\lib C:\STRAWB~1\c\lib\gcc\x86_64-w64-mingw32\4.9.2
libs=-lmoldname -lkernel32 -luser32 -lgdi32 -lwinspool -lcomdlg32 -ladvapi32 -lshell32 -lole32 -loleaut32 -lnetapi32 -luuid -lws2_32 -lmpr -lwinmm -lversion -lodbc32 -lodbccp32 -lcomctl32
perllibs=-lmoldname -lkernel32 -luser32 -lgdi32 -lwinspool -lcomdlg32 -ladvapi32 -lshell32 -lole32 -loleaut32 -lnetapi32 -luuid -lws2_32 -lmpr -lwinmm -lversion -lodbc32 -lodbccp32 -lcomctl32
libc=, so=dll, useshrplib=true, libperl=libperl522.a
gnulibc_version=''
Dynamic Linking:
dlsrc=dl_win32.xs, dlext=xs.dll, d_dlsymun=undef, ccdlflags=' '
cccdlflags=' ', lddlflags='-mdll -s -L"C:\STRAWB~1\perl\lib\CORE" -L"C:\STRAWB~1\c\lib"'
Characteristics of this binary (from libperl):
Compile-time options: HAS_TIMES HAVE_INTERP_INTERN MULTIPLICITY
PERLIO_LAYERS PERL_DONT_CREATE_GVSV
PERL_HASH_FUNC_ONE_AT_A_TIME_HARD
PERL_IMPLICIT_CONTEXT PERL_IMPLICIT_SYS
PERL_MALLOC_WRAP PERL_NEW_COPY_ON_WRITE
PERL_PRESERVE_IVUV USE_64_BIT_INT USE_ITHREADS
USE_LARGE_FILES USE_LOCALE USE_LOCALE_COLLATE
USE_LOCALE_CTYPE USE_LOCALE_NUMERIC USE_LOCALE_TIME
USE_PERLIO USE_PERL_ATOF
Built under MSWin32
Compiled at Jan 15 2017 04:47:34
%ENV:
PERL5_CPANPLUS_IS_RUNNING="2112"
PERL5_CPAN_IS_RUNNING="2112"
PERL5_CPAN_IS_RUNNING_IN_RECURSION="4296,2112"
PERL_CR_SMOKER_CURRENT="Time-Zone-Olson-0.46"
PERL_EXTUTILS_AUTOINSTALL="--defaultdeps"
PERL_MM_USE_DEFAULT="1"
@INC:
C:/Strawberry/perl/site/lib
C:/Strawberry/perl/vendor/lib
C:/Strawberry/perl/lib
.