URI-ParseSearchString v3.51 Perl 5 v5.31.4 x86_64-linux-thread-multi-ld

Status
Fail
From
Andreas J. König (ANDK)
Dist
URI-ParseSearchString v3.51
Platform
Perl 5 v5.31.4 x86_64-linux-thread-multi-ld
Date
2019-08-25 10:51:08
ID
3eb3b1f6-c726-11e9-9a1e-8e07f8bb5c7c
This distribution has been tested as part of the CPAN Testers
project, supporting the Perl programming language.  See
http://wiki.cpantesters.org/ for more information or email
questions to cpan-testers-discuss@perl.org


--
Dear Spiros Denaxas,

This is a computer-generated report for URI-ParseSearchString-3.51
on perl 5.31.4, created by CPAN-Reporter-1.2018.

Thank you for uploading your work to CPAN.  However, there was a problem
testing your distribution.

If you think this report is invalid, please consult the CPAN Testers Wiki
for suggestions on how to avoid getting FAIL reports for missing library
or binary dependencies, unsupported operating systems, and so on:

http://wiki.cpantesters.org/wiki/CPANAuthorNotes

Sections of this report:

    * Tester comments
    * Program output
    * Prerequisites
    * Environment and other context

------------------------------
TESTER COMMENTS
------------------------------

Additional comments from tester:

this report is from an automated smoke testing program
and was not reviewed by a human for accuracy

------------------------------
PROGRAM OUTPUT
------------------------------

Output from '/usr/bin/make test':

PERL_DL_NONLAZY=1 "/tmp/basesmoker-reloperl-gXnJ/bin/perl" "-MExtUtils::Command::MM" "-MTest::Harness" "-e" "undef *Test::Harness::Switches; test_harness(0, 'blib/lib', 'blib/arch')" t/*.t
# Testing URI::ParseSearchString 3.51, Perl 5.031004, /tmp/basesmoker-reloperl-gXnJ/bin/perl
t/00-load.t ....... ok
These tests should not be running unless AUTHOR_TESTING=1 and/or RELEASE_TESTING=1!

#   Failed test 'meta_json_conforms_to_known_spec'
#   at t/kwalitee.t line 3.
# Error: META.json does not conform to any recognised META Spec.
# Details:
# META.json is broken.
# Remedy: Take a look at the META.json Spec at https://metacpan.org/pod/CPAN::Meta::History::Meta_1_4 (for version 1.4) or https://metacpan.org/pod/CPAN::Meta::Spec (for version 2), and change your META.json accordingly.

#   Failed test 'meta_json_is_parsable'
#   at t/kwalitee.t line 3.
# Error: The META.json file of this distribution could not be parsed by the version of JSON parser CPANTS is using.
# Details:
# invalid character encountered while parsing JSON string, at character offset 78 (before "\r",\n   "author" : ...")
# invalid character encountered while parsing JSON string, at character offset 78 (before "\r",\n   "author" : ...")
# Remedy: Upgrade your META.json generator so it produces valid JSON.

#   Failed test 'meta_yml_is_parsable'
#   at t/kwalitee.t line 3.
# Error: The META.yml file of this distribution could not be parsed by the version of CPAN::Meta::YAML.pm CPANTS is using.
# Details:
# CPAN::Meta::YAML does not support a feature in line '"parse search engine referrer URLs and extract keywords used'
# CPAN::Meta::YAML does not support a feature in line '"parse search engine referrer URLs and extract keywords used'
# Remedy: Upgrade your YAML generator so it produces valid YAML.
# Looks like you failed 3 tests of 18.
t/kwalitee.t ...... 
Dubious, test returned 3 (wstat 768, 0x300)
Failed 3/18 subtests 
# Testing simple queries
# Testing complex queries
# Making sure no warnings get issues from weird Google
# Testing for akward situations
t/parse.t ......... ok
t/pod-coverage.t .. ok
t/pod.t ........... ok

Test Summary Report
-------------------
t/kwalitee.t    (Wstat: 768 Tests: 18 Failed: 3)
  Failed tests:  1-2, 4
  Non-zero exit status: 3
Files=5, Tests=536,  1 wallclock secs ( 0.05 usr  0.04 sys +  0.73 cusr  0.20 csys =  1.02 CPU)
Result: FAIL
Failed 1/5 test programs. 3/536 subtests failed.
make: *** [Makefile:848: test_dynamic] Error 255

------------------------------
PREREQUISITES
------------------------------

Prerequisite modules loaded:

requires:

    Module              Need Have    
    ------------------- ---- --------
    Test::More          0    1.302167
    Test::NoWarnings    0    1.04    
    URI                 0    1.76    

build_requires:

    Module              Need Have    
    ------------------- ---- --------
    ExtUtils::MakeMaker 0    7.36    


------------------------------
ENVIRONMENT AND OTHER CONTEXT
------------------------------

Environment variables:

    AUTOMATED_TESTING = 1
    LANG = en_US.UTF-8
    PATH = /home/sand/bin:/usr/local/bin:/usr/bin:/bin:/usr/games:/usr/local/perl/bin:/usr/X11/bin:/sbin:/usr/sbin
    PERL5LIB = 
    PERL5OPT = 
    PERL5_CPANPLUS_IS_RUNNING = 32382
    PERL5_CPAN_IS_RUNNING = 32382
    PERL_CANARY_STABILITY_NOPROMPT = 1
    PERL_MM_USE_DEFAULT = 1
    PERL_USE_UNSAFE_INC = 1
    SHELL = /usr/bin/zsh
    TERM = screen

Perl special variables (and OS-specific diagnostics, for MSWin32):

    $^X = /tmp/basesmoker-reloperl-gXnJ/bin/perl
    $UID/$EUID = 1005 / 1005
    $GID = 1005 1005
    $EGID = 1005 1005

Perl module toolchain versions installed:

    Module              Have    
    ------------------- --------
    CPAN                2.27    
    CPAN::Meta          2.150010
    Cwd                 3.78    
    ExtUtils::CBuilder  0.280232
    ExtUtils::Command   7.36    
    ExtUtils::Install   2.14    
    ExtUtils::MakeMaker 7.36    
    ExtUtils::Manifest  1.72    
    ExtUtils::ParseXS   3.40    
    File::Spec          3.78    
    JSON                4.02    
    JSON::PP            4.04    
    Module::Build       0.4229  
    Module::Signature   0.83    
    Parse::CPAN::Meta   2.150010
    Test::Harness       3.42    
    Test::More          1.302167
    YAML                1.29    
    YAML::Syck          1.31    
    version             0.9924  


--

Summary of my perl5 (revision 5 version 31 subversion 4) configuration:
  Commit id: c6f37d61adb39a6d7764b1bcb6bb67accb22a0a0
  Platform:
    osname=linux
    osvers=4.18.0-2-amd64
    archname=x86_64-linux-thread-multi-ld
    uname='linux k93msid 4.18.0-2-amd64 #1 smp debian 4.18.10-2 (2018-10-07) x86_64 gnulinux '
    config_args='-Dprefix=/home/sand/src/perl/repoperls/installed-perls/host/k93msid/v5.31.3-9-gc6f37d61ad/496c -Dmyhostname=k93msid -Dinstallusrbinperl=n -Uversiononly -Dusedevel -des -Ui_db -Dlibswanted=cl pthread socket inet nsl gdbm dbm malloc dl ld sun m crypt sec util c cposix posix ucb BSD gdbm_compat -Duseithreads -Duselongdouble -DEBUGGING=none'
    hint=recommended
    useposix=true
    d_sigaction=define
    useithreads=define
    usemultiplicity=define
    use64bitint=define
    use64bitall=define
    uselongdouble=define
    usemymalloc=n
    default_inc_excludes_dot=define
    bincompat5005=undef
  Compiler:
    cc='cc'
    ccflags ='-D_REENTRANT -D_GNU_SOURCE -fwrapv -fno-strict-aliasing -pipe -fstack-protector-strong -I/usr/local/include -D_LARGEFILE_SOURCE -D_FILE_OFFSET_BITS=64 -D_FORTIFY_SOURCE=2'
    optimize='-O2'
    cppflags='-D_REENTRANT -D_GNU_SOURCE -fwrapv -fno-strict-aliasing -pipe -fstack-protector-strong -I/usr/local/include'
    ccversion=''
    gccversion='8.2.0'
    gccosandvers=''
    intsize=4
    longsize=8
    ptrsize=8
    doublesize=8
    byteorder=12345678
    doublekind=3
    d_longlong=define
    longlongsize=8
    d_longdbl=define
    longdblsize=16
    longdblkind=3
    ivtype='long'
    ivsize=8
    nvtype='long double'
    nvsize=16
    Off_t='off_t'
    lseeksize=8
    alignbytes=16
    prototype=define
  Linker and Libraries:
    ld='cc'
    ldflags =' -fstack-protector-strong -L/usr/local/lib'
    libpth=/usr/local/lib /usr/lib/gcc/x86_64-linux-gnu/8/include-fixed /usr/include/x86_64-linux-gnu /usr/lib /lib/x86_64-linux-gnu /lib/../lib /usr/lib/x86_64-linux-gnu /usr/lib/../lib /lib
    libs=-lpthread -lnsl -ldl -lm -lcrypt -lutil -lc
    perllibs=-lpthread -lnsl -ldl -lm -lcrypt -lutil -lc
    libc=libc-2.27.so
    so=so
    useshrplib=false
    libperl=libperl.a
    gnulibc_version='2.27'
  Dynamic Linking:
    dlsrc=dl_dlopen.xs
    dlext=so
    d_dlsymun=undef
    ccdlflags='-Wl,-E'
    cccdlflags='-fPIC'
    lddlflags='-shared -O2 -L/usr/local/lib -fstack-protector-strong'


Characteristics of this binary (from libperl): 
  Compile-time options:
    HAS_TIMES
    MULTIPLICITY
    PERLIO_LAYERS
    PERL_COPY_ON_WRITE
    PERL_DONT_CREATE_GVSV
    PERL_IMPLICIT_CONTEXT
    PERL_MALLOC_WRAP
    PERL_OP_PARENT
    PERL_PRESERVE_IVUV
    PERL_USE_DEVEL
    USE_64_BIT_ALL
    USE_64_BIT_INT
    USE_ITHREADS
    USE_LARGE_FILES
    USE_LOCALE
    USE_LOCALE_COLLATE
    USE_LOCALE_CTYPE
    USE_LOCALE_NUMERIC
    USE_LOCALE_TIME
    USE_LONG_DOUBLE
    USE_PERLIO
    USE_PERL_ATOF
    USE_REENTRANT_API
    USE_THREAD_SAFE_LOCALE
  Built under linux
  Compiled at Aug 23 2019 01:55:27
  %ENV:
    PERL5LIB=""
    PERL5OPT=""
    PERL5_CPANPLUS_IS_RUNNING="32382"
    PERL5_CPAN_IS_RUNNING="32382"
    PERL_CANARY_STABILITY_NOPROMPT="1"
    PERL_MM_USE_DEFAULT="1"
    PERL_USE_UNSAFE_INC="1"
  @INC:
    /home/sand/src/perl/repoperls/installed-perls/host/k93msid/v5.31.3-9-gc6f37d61ad/496c/lib/site_perl/5.31.4/x86_64-linux-thread-multi-ld
    /home/sand/src/perl/repoperls/installed-perls/host/k93msid/v5.31.3-9-gc6f37d61ad/496c/lib/site_perl/5.31.4
    /home/sand/src/perl/repoperls/installed-perls/host/k93msid/v5.31.3-9-gc6f37d61ad/496c/lib/5.31.4/x86_64-linux-thread-multi-ld
    /home/sand/src/perl/repoperls/installed-perls/host/k93msid/v5.31.3-9-gc6f37d61ad/496c/lib/5.31.4
    .