Report for Text-MacroScript-2.11

Back
From: metabase:user:a0e144f2-373b-11e6-8edd-c6848980b093
Subject: FAIL Text-MacroScript-2.11 v5.26.0 GNU/Linux
Date: 2017-04-09T06:03:25Z

This distribution has been tested as part of the CPAN Testers
project, supporting the Perl programming language.  See
http://wiki.cpantesters.org/ for more information or email
questions to cpan-testers-discuss@perl.org


--
Dear Paulo Custodio,

This is a computer-generated report for Text-MacroScript-2.11
on perl 5.26.0, created by CPAN-Reporter-1.2018.

Thank you for uploading your work to CPAN.  However, there was a problem
testing your distribution.

If you think this report is invalid, please consult the CPAN Testers Wiki
for suggestions on how to avoid getting FAIL reports for missing library
or binary dependencies, unsupported operating systems, and so on:

http://wiki.cpantesters.org/wiki/CPANAuthorNotes

Sections of this report:

    * Tester comments
    * Program output
    * Prerequisites
    * Environment and other context

------------------------------
TESTER COMMENTS
------------------------------

Additional comments from tester:

this report is from an automated smoke testing program
and was not reviewed by a human for accuracy

------------------------------
PROGRAM OUTPUT
------------------------------

Output from '/usr/bin/make test':

PERL_DL_NONLAZY=1 "/home/cpan4/install/bin/perl" "-MExtUtils::Command::MM" "-MTest::Harness" "-e" "undef *Test::Harness::Switches; test_harness(0, 'blib/lib', 'blib/arch')" t/*.t

#   Failed test 'require 't/mytests.pl';'
#   at t/expand_file.t line 15.
#     Tried to require ''t/mytests.pl''.
#     Error:  Can't locate t/mytests.pl in @INC (@INC contains: /home/cpan4/.cpan/build/Text-MacroScript-2.11-0/blib/lib /home/cpan4/.cpan/build/Text-MacroScript-2.11-0/blib/arch /home/cpan4/install/lib/perl5/site_perl/5.26.0/x86_64-linux-thread-multi /home/cpan4/install/lib/perl5/site_perl/5.26.0 /home/cpan4/install/lib/perl5/5.26.0/x86_64-linux-thread-multi /home/cpan4/install/lib/perl5/5.26.0) at (eval 26) line 2.
Undefined subroutine &main::t_spew called at t/expand_file.t line 31.
# Tests were run but no plan was declared and done_testing() was not seen.
# Looks like your test exited with 255 just after 3.
t/expand_file.t ................ 
Dubious, test returned 255 (wstat 65280, 0xff00)
Failed 1/3 subtests 
t/fix_002.t .................... ok
t/fix_003.t .................... ok

#   Failed test 'require 't/mytests.pl';'
#   at t/fix_004.t line 12.
#     Tried to require ''t/mytests.pl''.
#     Error:  Can't locate t/mytests.pl in @INC (@INC contains: /home/cpan4/.cpan/build/Text-MacroScript-2.11-0/blib/lib /home/cpan4/.cpan/build/Text-MacroScript-2.11-0/blib/arch /home/cpan4/install/lib/perl5/site_perl/5.26.0/x86_64-linux-thread-multi /home/cpan4/install/lib/perl5/site_perl/5.26.0 /home/cpan4/install/lib/perl5/5.26.0/x86_64-linux-thread-multi /home/cpan4/install/lib/perl5/5.26.0) at (eval 11) line 2.
Undefined subroutine &main::check_error called at t/fix_004.t line 16.
# Tests were run but no plan was declared and done_testing() was not seen.
# Looks like your test exited with 255 just after 3.
t/fix_004.t .................... 
Dubious, test returned 255 (wstat 65280, 0xff00)
Failed 1/3 subtests 
t/fix_007.t .................... ok
t/fix_027.t .................... ok
t/fix_028_037.t ................ ok
t/fix_038.t .................... ok
t/fix_039.t .................... ok
t/fix_040.t .................... ok
t/fix_046.t .................... ok
t/fix_041.t .................... ok
t/fix_048.t .................... ok
t/fix_049.t .................... ok
t/fix_063.t .................... ok

#   Failed test 'require 't/mytests.pl';'
#   at t/macropp.t line 16.
#     Tried to require ''t/mytests.pl''.
#     Error:  Can't locate t/mytests.pl in @INC (@INC contains: /home/cpan4/.cpan/build/Text-MacroScript-2.11-0/blib/lib /home/cpan4/.cpan/build/Text-MacroScript-2.11-0/blib/arch /home/cpan4/.cpan/build/Text-MacroScript-2.11-0/blib/lib /home/cpan4/.cpan/build/Text-MacroScript-2.11-0/blib/arch /home/cpan4/.cpan/build/Text-MacroScript-2.11-0/blib/lib /home/cpan4/.cpan/build/Text-MacroScript-2.11-0/blib/arch /home/cpan4/install/lib/perl5/site_perl/5.26.0/x86_64-linux-thread-multi /home/cpan4/install/lib/perl5/site_perl/5.26.0 /home/cpan4/install/lib/perl5/5.26.0/x86_64-linux-thread-multi /home/cpan4/install/lib/perl5/5.26.0) at (eval 27) line 2.
Undefined subroutine &main::norm_nl called at t/macropp.t line 21.
# Tests were run but no plan was declared and done_testing() was not seen.
# Looks like your test exited with 255 just after 2.
t/macropp.t .................... 
Dubious, test returned 255 (wstat 65280, 0xff00)
Failed 1/2 subtests 

#   Failed test 'require 't/mytests.pl';'
#   at t/macrodir.t line 16.
#     Tried to require ''t/mytests.pl''.
#     Error:  Can't locate t/mytests.pl in @INC (@INC contains: /home/cpan4/.cpan/build/Text-MacroScript-2.11-0/blib/lib /home/cpan4/.cpan/build/Text-MacroScript-2.11-0/blib/arch /home/cpan4/install/lib/perl5/site_perl/5.26.0/x86_64-linux-thread-multi /home/cpan4/install/lib/perl5/site_perl/5.26.0 /home/cpan4/install/lib/perl5/5.26.0/x86_64-linux-thread-multi /home/cpan4/install/lib/perl5/5.26.0) at (eval 27) line 2.
# Issue #10: macrodir always in embedded mode, ignoring -p option
# Issue #10: macrodir always in embedded mode, ignoring -p option

#   Failed test 'require 't/mytests.pl';'
#   at t/macros.t line 16.
#     Tried to require ''t/mytests.pl''.
#     Error:  Can't locate t/mytests.pl in @INC (@INC contains: /home/cpan4/.cpan/build/Text-MacroScript-2.11-0/blib/lib /home/cpan4/.cpan/build/Text-MacroScript-2.11-0/blib/arch /home/cpan4/.cpan/build/Text-MacroScript-2.11-0/blib/lib /home/cpan4/.cpan/build/Text-MacroScript-2.11-0/blib/arch /home/cpan4/install/lib/perl5/site_perl/5.26.0/x86_64-linux-thread-multi /home/cpan4/install/lib/perl5/site_perl/5.26.0 /home/cpan4/install/lib/perl5/5.26.0/x86_64-linux-thread-multi /home/cpan4/install/lib/perl5/5.26.0) at (eval 27) line 2.
t/macroscript.t ................ ok
# Issue #10: macrodir always in embedded mode, ignoring -p option
# Issue #10: macrodir always in embedded mode, ignoring -p option

#   Failed test 'require 't/mytests.pl';'
#   at t/new.t line 14.
#     Tried to require ''t/mytests.pl''.
#     Error:  Can't locate t/mytests.pl in @INC (@INC contains: /home/cpan4/.cpan/build/Text-MacroScript-2.11-0/blib/lib /home/cpan4/.cpan/build/Text-MacroScript-2.11-0/blib/arch /home/cpan4/.cpan/build/Text-MacroScript-2.11-0/blib/lib /home/cpan4/.cpan/build/Text-MacroScript-2.11-0/blib/arch /home/cpan4/.cpan/build/Text-MacroScript-2.11-0/blib/lib /home/cpan4/.cpan/build/Text-MacroScript-2.11-0/blib/arch /home/cpan4/install/lib/perl5/site_perl/5.26.0/x86_64-linux-thread-multi /home/cpan4/install/lib/perl5/site_perl/5.26.0 /home/cpan4/install/lib/perl5/5.26.0/x86_64-linux-thread-multi /home/cpan4/install/lib/perl5/5.26.0) at (eval 27) line 2.
Undefined subroutine &main::norm_nl called at t/new.t line 20.
# Tests were run but no plan was declared and done_testing() was not seen.
# Looks like your test exited with 255 just after 2.
t/new.t ........................ 
Dubious, test returned 255 (wstat 65280, 0xff00)
Failed 1/2 subtests 
# Issue #1: expansion depends on size of macro name
# Issue #1: expansion depends on size of macro name
# Looks like you failed 1 test of 71.
t/macros.t ..................... 
Dubious, test returned 1 (wstat 256, 0x100)
Failed 1/71 subtests 
	(in cleanup) 	(in cleanup)  at /home/cpan4/.cpan/build/Text-MacroScript-2.11-0/blib/lib/Text/MacroScript.pm line 226 during global destruction.
t/new_case.t ................... ok
t/new_comment.t ................ ok
	(in cleanup) 	(in cleanup)  at /home/cpan4/.cpan/build/Text-MacroScript-2.11-0/blib/lib/Text/MacroScript.pm line 172 during global destruction.
	(in cleanup) 	(in cleanup)  at /home/cpan4/.cpan/build/Text-MacroScript-2.11-0/blib/lib/Text/MacroScript.pm line 226 during global destruction.
t/new_define_macro.t ........... ok
	(in cleanup) 	(in cleanup)  at /home/cpan4/.cpan/build/Text-MacroScript-2.11-0/blib/lib/Text/MacroScript.pm line 226 during global destruction.
	(in cleanup) 	(in cleanup)  at /home/cpan4/.cpan/build/Text-MacroScript-2.11-0/blib/lib/Text/MacroScript.pm line 226 during global destruction.
t/new_define_script.t .......... ok

#   Failed test 'require 't/mytests.pl';'
#   at t/new_define_variable.t line 12.
#     Tried to require ''t/mytests.pl''.
#     Error:  Can't locate t/mytests.pl in @INC (@INC contains: /home/cpan4/.cpan/build/Text-MacroScript-2.11-0/blib/lib /home/cpan4/.cpan/build/Text-MacroScript-2.11-0/blib/arch /home/cpan4/.cpan/build/Text-MacroScript-2.11-0/blib/lib /home/cpan4/.cpan/build/Text-MacroScript-2.11-0/blib/arch /home/cpan4/.cpan/build/Text-MacroScript-2.11-0/blib/lib /home/cpan4/.cpan/build/Text-MacroScript-2.11-0/blib/arch /home/cpan4/install/lib/perl5/site_perl/5.26.0/x86_64-linux-thread-multi /home/cpan4/install/lib/perl5/site_perl/5.26.0 /home/cpan4/install/lib/perl5/5.26.0/x86_64-linux-thread-multi /home/cpan4/install/lib/perl5/5.26.0) at (eval 11) line 2.

#   Failed test 'require 't/mytests.pl';'
#   at t/new_embedded.t line 14.
#     Tried to require ''t/mytests.pl''.
#     Error:  Can't locate t/mytests.pl in @INC (@INC contains: /home/cpan4/.cpan/build/Text-MacroScript-2.11-0/blib/lib /home/cpan4/.cpan/build/Text-MacroScript-2.11-0/blib/arch /home/cpan4/.cpan/build/Text-MacroScript-2.11-0/blib/lib /home/cpan4/.cpan/build/Text-MacroScript-2.11-0/blib/arch /home/cpan4/install/lib/perl5/site_perl/5.26.0/x86_64-linux-thread-multi /home/cpan4/install/lib/perl5/site_perl/5.26.0 /home/cpan4/install/lib/perl5/5.26.0/x86_64-linux-thread-multi /home/cpan4/install/lib/perl5/5.26.0) at (eval 11) line 2.
Undefined subroutine &main::check_error called at t/new_define_variable.t line 50.
# Tests were run but no plan was declared and done_testing() was not seen.
# Looks like your test exited with 255 just after 19.
	(in cleanup) 	(in cleanup)  at /home/cpan4/.cpan/build/Text-MacroScript-2.11-0/blib/lib/Text/MacroScript.pm line 226 during global destruction.
t/new_define_variable.t ........ 
Dubious, test returned 255 (wstat 65280, 0xff00)
Failed 1/19 subtests 
Undefined subroutine &main::norm_nl called at t/new_embedded.t line 42.
# Tests were run but no plan was declared and done_testing() was not seen.
# Looks like your test exited with 255 just after 13.
t/new_embedded.t ............... 
Dubious, test returned 255 (wstat 65280, 0xff00)
Failed 1/13 subtests 
# Issue #10: macrodir always in embedded mode, ignoring -p option
t/new_escapes.t ................ ok

#   Failed test 'require 't/mytests.pl';'
#   at t/new_expand_file.t line 14.
#     Tried to require ''t/mytests.pl''.
#     Error:  Can't locate t/mytests.pl in @INC (@INC contains: /home/cpan4/.cpan/build/Text-MacroScript-2.11-0/blib/lib /home/cpan4/.cpan/build/Text-MacroScript-2.11-0/blib/arch /home/cpan4/.cpan/build/Text-MacroScript-2.11-0/blib/lib /home/cpan4/.cpan/build/Text-MacroScript-2.11-0/blib/arch /home/cpan4/install/lib/perl5/site_perl/5.26.0/x86_64-linux-thread-multi /home/cpan4/install/lib/perl5/site_perl/5.26.0 /home/cpan4/install/lib/perl5/5.26.0/x86_64-linux-thread-multi /home/cpan4/install/lib/perl5/5.26.0) at (eval 26) line 2.
Undefined subroutine &main::check_error called at t/new_expand_file.t line 27.
# Tests were run but no plan was declared and done_testing() was not seen.
# Looks like your test exited with 2 just after 3.
t/new_expand_file.t ............ 
Dubious, test returned 2 (wstat 512, 0x200)
Failed 1/3 subtests 

#   Failed test 'require 't/mytests.pl';'
#   at t/new_list_macro.t line 15.
#     Tried to require ''t/mytests.pl''.
#     Error:  Can't locate t/mytests.pl in @INC (@INC contains: /home/cpan4/.cpan/build/Text-MacroScript-2.11-0/blib/lib /home/cpan4/.cpan/build/Text-MacroScript-2.11-0/blib/arch /home/cpan4/.cpan/build/Text-MacroScript-2.11-0/blib/lib /home/cpan4/.cpan/build/Text-MacroScript-2.11-0/blib/arch /home/cpan4/.cpan/build/Text-MacroScript-2.11-0/blib/lib /home/cpan4/.cpan/build/Text-MacroScript-2.11-0/blib/arch /home/cpan4/install/lib/perl5/site_perl/5.26.0/x86_64-linux-thread-multi /home/cpan4/install/lib/perl5/site_perl/5.26.0 /home/cpan4/install/lib/perl5/5.26.0/x86_64-linux-thread-multi /home/cpan4/install/lib/perl5/5.26.0) at (eval 27) line 2.
Undefined subroutine &main::check_error called at t/new_list_macro.t line 22.
# Tests were run but no plan was declared and done_testing() was not seen.
# Looks like your test exited with 255 just after 3.
t/new_list_macro.t ............. 
Dubious, test returned 255 (wstat 65280, 0xff00)
Failed 1/3 subtests 

#   Failed test 'require 't/mytests.pl';'
#   at t/new_list_script.t line 15.
#     Tried to require ''t/mytests.pl''.
#     Error:  Can't locate t/mytests.pl in @INC (@INC contains: /home/cpan4/.cpan/build/Text-MacroScript-2.11-0/blib/lib /home/cpan4/.cpan/build/Text-MacroScript-2.11-0/blib/arch /home/cpan4/.cpan/build/Text-MacroScript-2.11-0/blib/lib /home/cpan4/.cpan/build/Text-MacroScript-2.11-0/blib/arch /home/cpan4/install/lib/perl5/site_perl/5.26.0/x86_64-linux-thread-multi /home/cpan4/install/lib/perl5/site_perl/5.26.0 /home/cpan4/install/lib/perl5/5.26.0/x86_64-linux-thread-multi /home/cpan4/install/lib/perl5/5.26.0) at (eval 27) line 2.
Undefined subroutine &main::check_error called at t/new_list_script.t line 22.
# Tests were run but no plan was declared and done_testing() was not seen.
# Looks like your test exited with 255 just after 3.
t/new_list_script.t ............ 
Dubious, test returned 255 (wstat 65280, 0xff00)
Failed 1/3 subtests 

#   Failed test 'require 't/mytests.pl';'
#   at t/new_list_variable.t line 15.
#     Tried to require ''t/mytests.pl''.
#     Error:  Can't locate t/mytests.pl in @INC (@INC contains: /home/cpan4/.cpan/build/Text-MacroScript-2.11-0/blib/lib /home/cpan4/.cpan/build/Text-MacroScript-2.11-0/blib/arch /home/cpan4/.cpan/build/Text-MacroScript-2.11-0/blib/lib /home/cpan4/.cpan/build/Text-MacroScript-2.11-0/blib/arch /home/cpan4/.cpan/build/Text-MacroScript-2.11-0/blib/lib /home/cpan4/.cpan/build/Text-MacroScript-2.11-0/blib/arch /home/cpan4/install/lib/perl5/site_perl/5.26.0/x86_64-linux-thread-multi /home/cpan4/install/lib/perl5/site_perl/5.26.0 /home/cpan4/install/lib/perl5/5.26.0/x86_64-linux-thread-multi /home/cpan4/install/lib/perl5/5.26.0) at (eval 27) line 2.
Undefined subroutine &main::check_error called at t/new_list_variable.t line 22.
# Tests were run but no plan was declared and done_testing() was not seen.
# Looks like your test exited with 255 just after 3.
t/new_list_variable.t .......... 
Dubious, test returned 255 (wstat 65280, 0xff00)
Failed 1/3 subtests 

#   Failed test 'require 't/mytests.pl';'
#   at t/new_load_file.t line 17.
#     Tried to require ''t/mytests.pl''.
#     Error:  Can't locate t/mytests.pl in @INC (@INC contains: /home/cpan4/.cpan/build/Text-MacroScript-2.11-0/blib/lib /home/cpan4/.cpan/build/Text-MacroScript-2.11-0/blib/arch /home/cpan4/.cpan/build/Text-MacroScript-2.11-0/blib/lib /home/cpan4/.cpan/build/Text-MacroScript-2.11-0/blib/arch /home/cpan4/install/lib/perl5/site_perl/5.26.0/x86_64-linux-thread-multi /home/cpan4/install/lib/perl5/site_perl/5.26.0 /home/cpan4/install/lib/perl5/5.26.0/x86_64-linux-thread-multi /home/cpan4/install/lib/perl5/5.26.0) at (eval 26) line 2.
Undefined subroutine &main::norm_nl called at t/new_load_file.t line 19.
# Tests were run but no plan was declared and done_testing() was not seen.
# Looks like your test exited with 255 just after 2.
t/new_load_file.t .............. 
Dubious, test returned 255 (wstat 65280, 0xff00)
Failed 1/2 subtests 

#   Failed test 'require 't/mytests.pl';'
#   at t/new_undefine_all_macro.t line 12.
#     Tried to require ''t/mytests.pl''.
#     Error:  Can't locate t/mytests.pl in @INC (@INC contains: /home/cpan4/.cpan/build/Text-MacroScript-2.11-0/blib/lib /home/cpan4/.cpan/build/Text-MacroScript-2.11-0/blib/arch /home/cpan4/.cpan/build/Text-MacroScript-2.11-0/blib/lib /home/cpan4/.cpan/build/Text-MacroScript-2.11-0/blib/arch /home/cpan4/install/lib/perl5/site_perl/5.26.0/x86_64-linux-thread-multi /home/cpan4/install/lib/perl5/site_perl/5.26.0 /home/cpan4/install/lib/perl5/5.26.0/x86_64-linux-thread-multi /home/cpan4/install/lib/perl5/5.26.0) at (eval 11) line 2.
Undefined subroutine &main::check_error called at t/new_undefine_all_macro.t line 37.
# Tests were run but no plan was declared and done_testing() was not seen.
# Looks like your test exited with 255 just after 8.
t/new_undefine_all_macro.t ..... 
Dubious, test returned 255 (wstat 65280, 0xff00)
Failed 1/8 subtests 

#   Failed test 'require 't/mytests.pl';'
#   at t/new_require.t line 18.
#     Tried to require ''t/mytests.pl''.
#     Error:  Can't locate t/mytests.pl in @INC (@INC contains: /home/cpan4/.cpan/build/Text-MacroScript-2.11-0/blib/lib /home/cpan4/.cpan/build/Text-MacroScript-2.11-0/blib/arch /home/cpan4/.cpan/build/Text-MacroScript-2.11-0/blib/lib /home/cpan4/.cpan/build/Text-MacroScript-2.11-0/blib/arch /home/cpan4/.cpan/build/Text-MacroScript-2.11-0/blib/lib /home/cpan4/.cpan/build/Text-MacroScript-2.11-0/blib/arch /home/cpan4/install/lib/perl5/site_perl/5.26.0/x86_64-linux-thread-multi /home/cpan4/install/lib/perl5/site_perl/5.26.0 /home/cpan4/install/lib/perl5/5.26.0/x86_64-linux-thread-multi /home/cpan4/install/lib/perl5/5.26.0) at (eval 26) line 2.
Undefined subroutine &main::norm_nl called at t/new_require.t line 23.
# Tests were run but no plan was declared and done_testing() was not seen.
# Looks like your test exited with 255 just after 2.
t/new_require.t ................ 
Dubious, test returned 255 (wstat 65280, 0xff00)
Failed 1/2 subtests 

#   Failed test 'require 't/mytests.pl';'
#   at t/new_undefine_all_script.t line 12.
#     Tried to require ''t/mytests.pl''.
#     Error:  Can't locate t/mytests.pl in @INC (@INC contains: /home/cpan4/.cpan/build/Text-MacroScript-2.11-0/blib/lib /home/cpan4/.cpan/build/Text-MacroScript-2.11-0/blib/arch /home/cpan4/.cpan/build/Text-MacroScript-2.11-0/blib/lib /home/cpan4/.cpan/build/Text-MacroScript-2.11-0/blib/arch /home/cpan4/install/lib/perl5/site_perl/5.26.0/x86_64-linux-thread-multi /home/cpan4/install/lib/perl5/site_perl/5.26.0 /home/cpan4/install/lib/perl5/5.26.0/x86_64-linux-thread-multi /home/cpan4/install/lib/perl5/5.26.0) at (eval 11) line 2.
Undefined subroutine &main::check_error called at t/new_undefine_all_script.t line 37.
# Tests were run but no plan was declared and done_testing() was not seen.
# Looks like your test exited with 255 just after 8.
t/new_undefine_all_script.t .... 
Dubious, test returned 255 (wstat 65280, 0xff00)
Failed 1/8 subtests 

#   Failed test 'require 't/mytests.pl';'
#   at t/new_undefine_macro.t line 12.
#     Tried to require ''t/mytests.pl''.
#     Error:  Can't locate t/mytests.pl in @INC (@INC contains: /home/cpan4/.cpan/build/Text-MacroScript-2.11-0/blib/lib /home/cpan4/.cpan/build/Text-MacroScript-2.11-0/blib/arch /home/cpan4/.cpan/build/Text-MacroScript-2.11-0/blib/lib /home/cpan4/.cpan/build/Text-MacroScript-2.11-0/blib/arch /home/cpan4/install/lib/perl5/site_perl/5.26.0/x86_64-linux-thread-multi /home/cpan4/install/lib/perl5/site_perl/5.26.0 /home/cpan4/install/lib/perl5/5.26.0/x86_64-linux-thread-multi /home/cpan4/install/lib/perl5/5.26.0) at (eval 11) line 2.
Undefined subroutine &main::check_error called at t/new_undefine_macro.t line 44.
# Tests were run but no plan was declared and done_testing() was not seen.
# Looks like your test exited with 255 just after 17.
t/new_undefine_macro.t ......... 
Dubious, test returned 255 (wstat 65280, 0xff00)
Failed 1/17 subtests 

#   Failed test 'require 't/mytests.pl';'
#   at t/new_undefine_all_variable.t line 12.
#     Tried to require ''t/mytests.pl''.
#     Error:  Can't locate t/mytests.pl in @INC (@INC contains: /home/cpan4/.cpan/build/Text-MacroScript-2.11-0/blib/lib /home/cpan4/.cpan/build/Text-MacroScript-2.11-0/blib/arch /home/cpan4/.cpan/build/Text-MacroScript-2.11-0/blib/lib /home/cpan4/.cpan/build/Text-MacroScript-2.11-0/blib/arch /home/cpan4/.cpan/build/Text-MacroScript-2.11-0/blib/lib /home/cpan4/.cpan/build/Text-MacroScript-2.11-0/blib/arch /home/cpan4/install/lib/perl5/site_perl/5.26.0/x86_64-linux-thread-multi /home/cpan4/install/lib/perl5/site_perl/5.26.0 /home/cpan4/install/lib/perl5/5.26.0/x86_64-linux-thread-multi /home/cpan4/install/lib/perl5/5.26.0) at (eval 11) line 2.
Undefined subroutine &main::check_error called at t/new_undefine_all_variable.t line 31.
# Tests were run but no plan was declared and done_testing() was not seen.
# Looks like your test exited with 255 just after 7.
t/new_undefine_all_variable.t .. 
Dubious, test returned 255 (wstat 65280, 0xff00)
Failed 1/7 subtests 

#   Failed test 'require 't/mytests.pl';'
#   at t/new_undefine_script.t line 12.
#     Tried to require ''t/mytests.pl''.
#     Error:  Can't locate t/mytests.pl in @INC (@INC contains: /home/cpan4/.cpan/build/Text-MacroScript-2.11-0/blib/lib /home/cpan4/.cpan/build/Text-MacroScript-2.11-0/blib/arch /home/cpan4/.cpan/build/Text-MacroScript-2.11-0/blib/lib /home/cpan4/.cpan/build/Text-MacroScript-2.11-0/blib/arch /home/cpan4/install/lib/perl5/site_perl/5.26.0/x86_64-linux-thread-multi /home/cpan4/install/lib/perl5/site_perl/5.26.0 /home/cpan4/install/lib/perl5/5.26.0/x86_64-linux-thread-multi /home/cpan4/install/lib/perl5/5.26.0) at (eval 11) line 2.
Undefined subroutine &main::check_error called at t/new_undefine_script.t line 44.
# Tests were run but no plan was declared and done_testing() was not seen.
# Looks like your test exited with 255 just after 17.
t/new_undefine_script.t ........ 
Dubious, test returned 255 (wstat 65280, 0xff00)
Failed 1/17 subtests 

#   Failed test 'require 't/mytests.pl';'
#   at t/new_undefine_variable.t line 12.
#     Tried to require ''t/mytests.pl''.
#     Error:  Can't locate t/mytests.pl in @INC (@INC contains: /home/cpan4/.cpan/build/Text-MacroScript-2.11-0/blib/lib /home/cpan4/.cpan/build/Text-MacroScript-2.11-0/blib/arch /home/cpan4/.cpan/build/Text-MacroScript-2.11-0/blib/lib /home/cpan4/.cpan/build/Text-MacroScript-2.11-0/blib/arch /home/cpan4/.cpan/build/Text-MacroScript-2.11-0/blib/lib /home/cpan4/.cpan/build/Text-MacroScript-2.11-0/blib/arch /home/cpan4/install/lib/perl5/site_perl/5.26.0/x86_64-linux-thread-multi /home/cpan4/install/lib/perl5/site_perl/5.26.0 /home/cpan4/install/lib/perl5/5.26.0/x86_64-linux-thread-multi /home/cpan4/install/lib/perl5/5.26.0) at (eval 11) line 2.
# Issue #10: macrodir always in embedded mode, ignoring -p option
# Issue #10: macrodir always in embedded mode, ignoring -p option
Undefined subroutine &main::check_error called at t/new_undefine_variable.t line 44.
# Tests were run but no plan was declared and done_testing() was not seen.
# Looks like your test exited with 255 just after 17.
t/new_undefine_variable.t ...... 
Dubious, test returned 255 (wstat 65280, 0xff00)
Failed 1/17 subtests 

#   Failed test 'require 't/mytests.pl';'
#   at t/scripts.t line 16.
#     Tried to require ''t/mytests.pl''.
#     Error:  Can't locate t/mytests.pl in @INC (@INC contains: /home/cpan4/.cpan/build/Text-MacroScript-2.11-0/blib/lib /home/cpan4/.cpan/build/Text-MacroScript-2.11-0/blib/arch /home/cpan4/.cpan/build/Text-MacroScript-2.11-0/blib/lib /home/cpan4/.cpan/build/Text-MacroScript-2.11-0/blib/arch /home/cpan4/install/lib/perl5/site_perl/5.26.0/x86_64-linux-thread-multi /home/cpan4/install/lib/perl5/site_perl/5.26.0 /home/cpan4/install/lib/perl5/5.26.0/x86_64-linux-thread-multi /home/cpan4/install/lib/perl5/5.26.0) at (eval 27) line 2.
# Issue #10: macrodir always in embedded mode, ignoring -p option
# Issue #7: expansion depends on size of script name
# Looks like you failed 1 test of 92.
t/scripts.t .................... 
Dubious, test returned 1 (wstat 256, 0x100)
Failed 1/92 subtests 

#   Failed test 'require 't/mytests.pl';'
#   at t/variables.t line 13.
#     Tried to require ''t/mytests.pl''.
#     Error:  Can't locate t/mytests.pl in @INC (@INC contains: /home/cpan4/.cpan/build/Text-MacroScript-2.11-0/blib/lib /home/cpan4/.cpan/build/Text-MacroScript-2.11-0/blib/arch /home/cpan4/.cpan/build/Text-MacroScript-2.11-0/blib/lib /home/cpan4/.cpan/build/Text-MacroScript-2.11-0/blib/arch /home/cpan4/.cpan/build/Text-MacroScript-2.11-0/blib/lib /home/cpan4/.cpan/build/Text-MacroScript-2.11-0/blib/arch /home/cpan4/install/lib/perl5/site_perl/5.26.0/x86_64-linux-thread-multi /home/cpan4/install/lib/perl5/site_perl/5.26.0 /home/cpan4/install/lib/perl5/5.26.0/x86_64-linux-thread-multi /home/cpan4/install/lib/perl5/5.26.0) at (eval 27) line 2.
# Issue #10: macrodir always in embedded mode, ignoring -p option
# Looks like you failed 1 test of 41.
t/variables.t .................. 
Dubious, test returned 1 (wstat 256, 0x100)
Failed 1/41 subtests 
# Issue #9: macrodir -d: does not replicate source tree in target directory
# Issue #10: macrodir always in embedded mode, ignoring -p option
# Issue #10: macrodir always in embedded mode, ignoring -p option
# Issue #10: macrodir always in embedded mode, ignoring -p option
# Issue #10: macrodir always in embedded mode, ignoring -p option
# Issue #10: macrodir always in embedded mode, ignoring -p option
# Issue #10: macrodir always in embedded mode, ignoring -p option
# Issue #10: macrodir always in embedded mode, ignoring -p option
# Issue #10: macrodir always in embedded mode, ignoring -p option
# Issue #10: macrodir always in embedded mode, ignoring -p option
# Issue #10: macrodir always in embedded mode, ignoring -p option
Undefined subroutine &main::norm_nl called at t/macrodir.t line 236.
# Tests were run but no plan was declared and done_testing() was not seen.
# Looks like your test exited with 255 just after 158.
t/macrodir.t ................... 
Dubious, test returned 255 (wstat 65280, 0xff00)
Failed 1/158 subtests 

Test Summary Report
-------------------
t/expand_file.t              (Wstat: 65280 Tests: 3 Failed: 1)
  Failed test:  2
  Non-zero exit status: 255
  Parse errors: No plan found in TAP output
t/fix_004.t                  (Wstat: 65280 Tests: 3 Failed: 1)
  Failed test:  2
  Non-zero exit status: 255
  Parse errors: No plan found in TAP output
t/macropp.t                  (Wstat: 65280 Tests: 2 Failed: 1)
  Failed test:  2
  Non-zero exit status: 255
  Parse errors: No plan found in TAP output
t/new.t                      (Wstat: 65280 Tests: 2 Failed: 1)
  Failed test:  2
  Non-zero exit status: 255
  Parse errors: No plan found in TAP output
t/macros.t                   (Wstat: 256 Tests: 71 Failed: 1)
  Failed test:  2
  Non-zero exit status: 1
t/new_define_variable.t      (Wstat: 65280 Tests: 19 Failed: 1)
  Failed test:  2
  Non-zero exit status: 255
  Parse errors: No plan found in TAP output
t/new_embedded.t             (Wstat: 65280 Tests: 13 Failed: 1)
  Failed test:  2
  Non-zero exit status: 255
  Parse errors: No plan found in TAP output
t/new_expand_file.t          (Wstat: 512 Tests: 3 Failed: 1)
  Failed test:  2
  Non-zero exit status: 2
  Parse errors: No plan found in TAP output
t/new_list_macro.t           (Wstat: 65280 Tests: 3 Failed: 1)
  Failed test:  2
  Non-zero exit status: 255
  Parse errors: No plan found in TAP output
t/new_list_script.t          (Wstat: 65280 Tests: 3 Failed: 1)
  Failed test:  2
  Non-zero exit status: 255
  Parse errors: No plan found in TAP output
t/new_list_variable.t        (Wstat: 65280 Tests: 3 Failed: 1)
  Failed test:  2
  Non-zero exit status: 255
  Parse errors: No plan found in TAP output
t/new_load_file.t            (Wstat: 65280 Tests: 2 Failed: 1)
  Failed test:  2
  Non-zero exit status: 255
  Parse errors: No plan found in TAP output
t/new_undefine_all_macro.t   (Wstat: 65280 Tests: 8 Failed: 1)
  Failed test:  2
  Non-zero exit status: 255
  Parse errors: No plan found in TAP output
t/new_require.t              (Wstat: 65280 Tests: 2 Failed: 1)
  Failed test:  2
  Non-zero exit status: 255
  Parse errors: No plan found in TAP output
t/new_undefine_all_script.t  (Wstat: 65280 Tests: 8 Failed: 1)
  Failed test:  2
  Non-zero exit status: 255
  Parse errors: No plan found in TAP output
t/new_undefine_macro.t       (Wstat: 65280 Tests: 17 Failed: 1)
  Failed test:  2
  Non-zero exit status: 255
  Parse errors: No plan found in TAP output
t/new_undefine_all_variable.t (Wstat: 65280 Tests: 7 Failed: 1)
  Failed test:  2
  Non-zero exit status: 255
  Parse errors: No plan found in TAP output
t/new_undefine_script.t      (Wstat: 65280 Tests: 17 Failed: 1)
  Failed test:  2
  Non-zero exit status: 255
  Parse errors: No plan found in TAP output
t/new_undefine_variable.t    (Wstat: 65280 Tests: 17 Failed: 1)
  Failed test:  2
  Non-zero exit status: 255
  Parse errors: No plan found in TAP output
t/scripts.t                  (Wstat: 256 Tests: 92 Failed: 1)
  Failed test:  2
  Non-zero exit status: 1
t/variables.t                (Wstat: 256 Tests: 41 Failed: 1)
  Failed test:  2
  Non-zero exit status: 1
t/macrodir.t                 (Wstat: 65280 Tests: 158 Failed: 1)
  Failed test:  2
  Non-zero exit status: 255
  Parse errors: No plan found in TAP output
Files=41, Tests=765,  7 wallclock secs ( 0.24 usr  0.04 sys +  7.76 cusr  0.48 csys =  8.52 CPU)
Result: FAIL
Failed 22/41 test programs. 22/765 subtests failed.
Makefile:895: recipe for target 'test_dynamic' failed
make: *** [test_dynamic] Error 255

------------------------------
PREREQUISITES
------------------------------

Prerequisite modules loaded:

requires:

    Module              Need     Have    
    ------------------- -------- --------
    Capture::Tiny       0.22     0.46    
    enum                1.1      1.11    
    Object::Tiny::RW    1.07     1.07    
    Path::Tiny          0.068    0.104   
    perl                5.01     5.026000
    Test::Differences   0.61     0.64    
    Test::More          1.001014 1.302079

build_requires:

    Module              Need     Have    
    ------------------- -------- --------
    ExtUtils::MakeMaker 0        7.24    

configure_requires:

    Module              Need     Have    
    ------------------- -------- --------
    ExtUtils::MakeMaker 0        7.24    


------------------------------
ENVIRONMENT AND OTHER CONTEXT
------------------------------

Environment variables:

    AUTOMATED_TESTING = 1
    HARNESS_OPTIONS = j3
    LANG = en_US.UTF-8
    PATH = /usr/local/bin:/usr/bin:/bin:/usr/local/games:/usr/games
    PERL5LIB = 
    PERL5OPT = 
    PERL5_CPANPLUS_IS_RUNNING = 23358
    PERL5_CPAN_IS_RUNNING = 23358
    PERL5_CPAN_IS_RUNNING_IN_RECURSION = 23854,23358
    PERL_CR_SMOKER_CURRENT = Text-MacroScript-2.11
    PERL_CR_SMOKER_RUNONCE = 1
    PERL_EXTUTILS_AUTOINSTALL = --defaultdeps
    PERL_MM_USE_DEFAULT = 1
    PERL_USE_UNSAFE_INC = 0
    SHELL = /bin/bash
    TERM = putty-256color

Perl special variables (and OS-specific diagnostics, for MSWin32):

    $^X = /home/cpan4/install/bin/perl
    $UID/$EUID = 1005 / 1005
    $GID = 1005 1005
    $EGID = 1005 1005

Perl module toolchain versions installed:

    Module              Have    
    ------------------- --------
    CPAN                2.16    
    CPAN::Meta          2.150010
    Cwd                 3.62    
    ExtUtils::CBuilder  0.280224
    ExtUtils::Command   7.24    
    ExtUtils::Install   2.04    
    ExtUtils::MakeMaker 7.24    
    ExtUtils::Manifest  1.70    
    ExtUtils::ParseXS   3.34    
    File::Spec          3.62    
    JSON                2.91_04 
    JSON::PP            2.27400 
    Module::Build       0.4222  
    Module::Signature   n/a     
    Parse::CPAN::Meta   2.150010
    Test::Harness       3.38    
    Test::More          1.302079
    YAML                1.23    
    YAML::Syck          1.29    
    version             0.9917  


--

Summary of my perl5 (revision 5 version 26 subversion 0) configuration:
  Commit id: 5fc389563644287b3e5f448616ce62dd0ce4e7a6
  Platform:
    osname=linux
    osvers=3.16.0-4-amd64
    archname=x86_64-linux-thread-multi
    uname='linux digitalis 3.16.0-4-amd64 #1 smp debian 3.16.36-1+deb8u2 (2016-10-19) x86_64 gnulinux '
    config_args='-Dusedevel -DDEBUGGING -Dusethreads -Dprefix=/home/cpan4/install -Uversiononly -des'
    hint=recommended
    useposix=true
    d_sigaction=define
    useithreads=define
    usemultiplicity=define
    use64bitint=define
    use64bitall=define
    uselongdouble=undef
    usemymalloc=n
    default_inc_excludes_dot=define
    bincompat5005=undef
  Compiler:
    cc='cc'
    ccflags ='-D_REENTRANT -D_GNU_SOURCE -fwrapv -DDEBUGGING -fno-strict-aliasing -pipe -fstack-protector-strong -I/usr/local/include -D_LARGEFILE_SOURCE -D_FILE_OFFSET_BITS=64 -D_FORTIFY_SOURCE=2'
    optimize='-O2 -g'
    cppflags='-D_REENTRANT -D_GNU_SOURCE -fwrapv -DDEBUGGING -fno-strict-aliasing -pipe -fstack-protector-strong -I/usr/local/include'
    ccversion=''
    gccversion='4.9.2'
    gccosandvers=''
    intsize=4
    longsize=8
    ptrsize=8
    doublesize=8
    byteorder=12345678
    doublekind=3
    d_longlong=define
    longlongsize=8
    d_longdbl=define
    longdblsize=16
    longdblkind=3
    ivtype='long'
    ivsize=8
    nvtype='double'
    nvsize=8
    Off_t='off_t'
    lseeksize=8
    alignbytes=8
    prototype=define
  Linker and Libraries:
    ld='cc'
    ldflags =' -fstack-protector-strong -L/usr/local/lib'
    libpth=/usr/local/lib /usr/lib/gcc/x86_64-linux-gnu/4.9/include-fixed /usr/include/x86_64-linux-gnu /usr/lib /lib/x86_64-linux-gnu /lib/../lib /usr/lib/x86_64-linux-gnu /usr/lib/../lib /lib /lib64 /usr/lib64
    libs=-lpthread -lnsl -ldl -lm -lcrypt -lutil -lc
    perllibs=-lpthread -lnsl -ldl -lm -lcrypt -lutil -lc
    libc=libc-2.19.so
    so=so
    useshrplib=false
    libperl=libperl.a
    gnulibc_version='2.19'
  Dynamic Linking:
    dlsrc=dl_dlopen.xs
    dlext=so
    d_dlsymun=undef
    ccdlflags='-Wl,-E'
    cccdlflags='-fPIC'
    lddlflags='-shared -O2 -g -L/usr/local/lib -fstack-protector-strong'


Characteristics of this binary (from libperl): 
  Compile-time options:
    DEBUGGING
    HAS_TIMES
    MULTIPLICITY
    PERLIO_LAYERS
    PERL_COPY_ON_WRITE
    PERL_DONT_CREATE_GVSV
    PERL_IMPLICIT_CONTEXT
    PERL_MALLOC_WRAP
    PERL_OP_PARENT
    PERL_PRESERVE_IVUV
    PERL_TRACK_MEMPOOL
    PERL_USE_DEVEL
    USE_64_BIT_ALL
    USE_64_BIT_INT
    USE_ITHREADS
    USE_LARGE_FILES
    USE_LOCALE
    USE_LOCALE_COLLATE
    USE_LOCALE_CTYPE
    USE_LOCALE_NUMERIC
    USE_LOCALE_TIME
    USE_PERLIO
    USE_PERL_ATOF
    USE_REENTRANT_API
  Built under linux
  Compiled at Apr  4 2017 17:17:49
  %ENV:
    PERL5LIB=""
    PERL5OPT=""
    PERL5_CPANPLUS_IS_RUNNING="23358"
    PERL5_CPAN_IS_RUNNING="23358"
    PERL5_CPAN_IS_RUNNING_IN_RECURSION="23854,23358"
    PERL_CR_SMOKER_CURRENT="Text-MacroScript-2.11"
    PERL_CR_SMOKER_RUNONCE="1"
    PERL_EXTUTILS_AUTOINSTALL="--defaultdeps"
    PERL_MM_USE_DEFAULT="1"
    PERL_USE_UNSAFE_INC="0"
  @INC:
    /home/cpan4/install/lib/perl5/site_perl/5.26.0/x86_64-linux-thread-multi
    /home/cpan4/install/lib/perl5/site_perl/5.26.0
    /home/cpan4/install/lib/perl5/5.26.0/x86_64-linux-thread-multi
    /home/cpan4/install/lib/perl5/5.26.0