Data-Bind v0.30 Perl 5 v5.39.8 x86_64-linux
- Status
- Fail
- From
- Andreas J. König (ANDK)
- Dist
-
Data-Bind v0.30
- Platform
- Perl 5 v5.39.8 x86_64-linux
- Date
- 2024-03-14 18:04:08
- ID
- 409a681c-e22d-11ee-a23c-d7fdcde1a5d7
This distribution has been tested as part of the CPAN Testers
project, supporting the Perl programming language. See
http://wiki.cpantesters.org/ for more information or email
questions to cpan-testers-discuss@perl.org
--
Dear Chia-liang Kao,
This is a computer-generated report for Data-Bind-0.30
on perl 5.39.8, created by CPAN-Reporter-1.2019.
Thank you for uploading your work to CPAN. However, there was a problem
testing your distribution.
If you think this report is invalid, please consult the CPAN Testers Wiki
for suggestions on how to avoid getting FAIL reports for missing library
or binary dependencies, unsupported operating systems, and so on:
http://wiki.cpantesters.org/wiki/CPANAuthorNotes
Sections of this report:
* Tester comments
* Program output
* Prerequisites
* Environment and other context
------------------------------
TESTER COMMENTS
------------------------------
Additional comments from tester:
this report is from an automated smoke testing program
and was not reviewed by a human for accuracy
------------------------------
PROGRAM OUTPUT
------------------------------
Output from '/usr/bin/make test':
"/tmp/basesmoker-reloperl-7ZDu/bin/perl" "-Iinc" -MExtUtils::Command::MM -e 'cp_nonempty' -- Bind.bs blib/arch/auto/Data/Bind/Bind.bs 644
PERL_DL_NONLAZY=1 "/tmp/basesmoker-reloperl-7ZDu/bin/perl" "-MExtUtils::Command::MM" "-MTest::Harness" "-e" "undef *Test::Harness::Switches; test_harness(0, 'inc', 'blib/lib', 'blib/arch')" t/*.t
double free or corruption (fasttop)
t/arrays.t ..........
All 48 subtests passed
t/coderef.t ......... ok
t/compat.t .......... ok
t/highlevel.t ....... ok
t/multidimension.t .. ok
t/objects.t ......... ok
t/overload.t ........ ok
Use of uninitialized value $got in string eq at (eval in cmp_ok) t/scalars.t line 100.
# Failed test 'bound readonly sub param was bound correctly (1)'
# at t/scalars.t line 100.
Use of uninitialized value in concatenation (.) or string at /home/sand/src/perl/repoperls/installed-perls/host/k93jammy/v5.39.8/6567/lib/5.39.8/Test/Builder.pm line 849.
# got: ''
# expected: '42'
Use of uninitialized value $got in string eq at (eval in cmp_ok) t/scalars.t line 102.
# Failed test 'bound readonly sub param was bound correctly (2)'
# at t/scalars.t line 102.
Use of uninitialized value in concatenation (.) or string at /home/sand/src/perl/repoperls/installed-perls/host/k93jammy/v5.39.8/6567/lib/5.39.8/Test/Builder.pm line 849.
# got: ''
# expected: '43'
Use of uninitialized value $got in string eq at (eval in cmp_ok) t/scalars.t line 107.
# Failed test 'bound readonly sub param remains readonly (2)'
# at t/scalars.t line 107.
Use of uninitialized value in concatenation (.) or string at /home/sand/src/perl/repoperls/installed-perls/host/k93jammy/v5.39.8/6567/lib/5.39.8/Test/Builder.pm line 849.
# got: ''
# expected: '43'
Use of uninitialized value $got in string eq at (eval in cmp_ok) t/scalars.t line 123.
# Failed test 'bound rw sub param was bound correctly (1)'
# at t/scalars.t line 123.
Use of uninitialized value in concatenation (.) or string at /home/sand/src/perl/repoperls/installed-perls/host/k93jammy/v5.39.8/6567/lib/5.39.8/Test/Builder.pm line 849.
# got: ''
# expected: '42'
Use of uninitialized value $got in string eq at (eval in cmp_ok) t/scalars.t line 125.
# Failed test 'bound rw sub param was bound correctly (2)'
# at t/scalars.t line 125.
Use of uninitialized value in concatenation (.) or string at /home/sand/src/perl/repoperls/installed-perls/host/k93jammy/v5.39.8/6567/lib/5.39.8/Test/Builder.pm line 849.
# got: ''
# expected: '43'
Use of uninitialized value $got in string eq at (eval in cmp_ok) t/scalars.t line 128.
# Failed test 'bound rw sub param remains rw (2)'
# at t/scalars.t line 128.
Use of uninitialized value in concatenation (.) or string at /home/sand/src/perl/repoperls/installed-perls/host/k93jammy/v5.39.8/6567/lib/5.39.8/Test/Builder.pm line 849.
# got: ''
# expected: '23'
# Looks like you failed 6 tests of 28.
t/scalars.t .........
Dubious, test returned 6 (wstat 1536, 0x600)
Failed 6/28 subtests
(less 1 skipped subtest: 21 okay)
# Testing with positional arguments
# Failed test 'Testing the value for positional'
# at t/slurpy_param.t line 51.
Use of uninitialized value in concatenation (.) or string at /home/sand/src/perl/repoperls/installed-perls/host/k93jammy/v5.39.8/6567/lib/5.39.8/Test/Builder.pm line 849.
# got: ''
# expected: '1'
# Testing without positional arguments
# Failed test 'Testing the value for positional'
# at t/slurpy_param.t line 70.
Use of uninitialized value in concatenation (.) or string at /home/sand/src/perl/repoperls/installed-perls/host/k93jammy/v5.39.8/6567/lib/5.39.8/Test/Builder.pm line 849.
# got: ''
# expected: '20'
# Testing with named arguments (named param isn't required)
# Failed test 'Testing the named argument'
# at t/slurpy_param.t line 125.
Use of uninitialized value in concatenation (.) or string at /home/sand/src/perl/repoperls/installed-perls/host/k93jammy/v5.39.8/6567/lib/5.39.8/Test/Builder.pm line 849.
# got: ''
# expected: '20'
# Testing with named arguments (named param is required) (++ version)
# Testing with named arguments (named param is required) (trait version)
# Testing with slurpy scalar
# Failed test 'Testing the first slurpy scalar...'
# at t/slurpy_param.t line 191.
Use of uninitialized value in concatenation (.) or string at /home/sand/src/perl/repoperls/installed-perls/host/k93jammy/v5.39.8/6567/lib/5.39.8/Test/Builder.pm line 849.
# got: ''
# expected: '1'
# Failed test 'Testing the second slurpy scalar...'
# at t/slurpy_param.t line 193.
Use of uninitialized value in concatenation (.) or string at /home/sand/src/perl/repoperls/installed-perls/host/k93jammy/v5.39.8/6567/lib/5.39.8/Test/Builder.pm line 849.
# got: ''
# expected: '2'
# Looks like you failed 5 tests of 26.
t/slurpy_param.t ....
Dubious, test returned 5 (wstat 1280, 0x500)
Failed 5/26 subtests
t/sub.t ............. ok
Test Summary Report
-------------------
t/arrays.t (Wstat: 134 (Signal: ABRT, dumped core) Tests: 48 Failed: 0)
Non-zero wait status: 134
t/scalars.t (Wstat: 1536 (exited 6) Tests: 28 Failed: 6)
Failed tests: 17-18, 20, 22-23, 25
Non-zero exit status: 6
t/slurpy_param.t (Wstat: 1280 (exited 5) Tests: 26 Failed: 5)
Failed tests: 2, 7, 17, 24-25
Non-zero exit status: 5
Files=10, Tests=140, 0 wallclock secs ( 0.04 usr 0.01 sys + 0.61 cusr 0.14 csys = 0.80 CPU)
Result: FAIL
Failed 3/10 test programs. 11/140 subtests failed.
make: *** [Makefile:961: test_dynamic] Error 255
------------------------------
PREREQUISITES
------------------------------
Prerequisite modules loaded:
requires:
Module Need Have
--------------------- ---- ----
Class::Accessor::Fast 0 0.51
Data::Capture 0 0.27
Devel::Caller 0.10 2.07
Devel::LexAlias 0 0.05
PadWalker 0 2.5
Test::Exception 0 0.43
build_requires:
Module Need Have
--------------------- ---- ----
ExtUtils::MakeMaker 0 7.70
------------------------------
ENVIRONMENT AND OTHER CONTEXT
------------------------------
Environment variables:
AUTOMATED_TESTING = 1
LANG = en_US.UTF-8
LC_ADDRESS = de_DE.UTF-8
LC_IDENTIFICATION = de_DE.UTF-8
LC_MEASUREMENT = de_DE.UTF-8
LC_MONETARY = de_DE.UTF-8
LC_NAME = de_DE.UTF-8
LC_NUMERIC = de_DE.UTF-8
LC_PAPER = de_DE.UTF-8
LC_TELEPHONE = de_DE.UTF-8
LC_TIME = de_DE.UTF-8
PATH = /home/sand/bin:/usr/local/bin:/usr/local/sbin:/usr/sbin:/usr/bin:/sbin:/bin:/usr/games:/usr/local/games:/snap/bin:/usr/local/perl/bin:/usr/X11/bin
PERL = /tmp/basesmoker-reloperl-7ZDu/bin/perl
PERL5LIB = /tmp/loop_over_bdir-2306-qfOQje/EJBCA-CrlPublish-0.60-0/blib/arch:/tmp/loop_over_bdir-2306-qfOQje/EJBCA-CrlPublish-0.60-0/blib/lib
PERL5OPT =
PERL5_CPANPLUS_IS_RUNNING = 2314
PERL5_CPAN_IS_RUNNING = 2314
PERL_CANARY_STABILITY_NOPROMPT = 1
PERL_MM_USE_DEFAULT = 1
PERL_USE_UNSAFE_INC = 1
SHELL = /usr/bin/zsh
TERM = screen
Perl special variables (and OS-specific diagnostics, for MSWin32):
$^X = /tmp/basesmoker-reloperl-7ZDu/bin/perl
$UID/$EUID = 1005 / 1005
$GID = 1005 1005
$EGID = 1005 1005
Perl module toolchain versions installed:
Module Have
------------------- --------
CPAN 2.36
CPAN::Meta 2.150010
Cwd 3.90
ExtUtils::CBuilder 0.280240
ExtUtils::Command 7.70
ExtUtils::Install 2.22
ExtUtils::MakeMaker 7.70
ExtUtils::Manifest 1.75
ExtUtils::ParseXS 3.51
File::Spec 3.90
JSON 4.10
JSON::PP 4.16
Module::Build 0.4234
Module::Signature 0.88
Parse::CPAN::Meta 2.150010
Test2 1.302198
Test::Harness 3.48
Test::More 1.302198
YAML 1.31
YAML::Syck 1.34
version 0.9930
--
Summary of my perl5 (revision 5 version 39 subversion 8) configuration:
Commit id: 78455e6e7fa235411fb2b931eda9d816b5ea880f
Platform:
osname=linux
osvers=6.5.0-18-generic
archname=x86_64-linux
uname='linux k93jammy 6.5.0-18-generic #18~22.04.1-ubuntu smp preempt_dynamic wed feb 7 11:40:03 utc 2 x86_64 x86_64 x86_64 gnulinux '
config_args='-Dprefix=/home/sand/src/perl/repoperls/installed-perls/host/k93jammy/v5.39.8/6567 -Dmyhostname=k93jammy -Dinstallusrbinperl=n -Uversiononly -Dusedevel -des -Ui_db -Dlibswanted=cl pthread socket inet nsl gdbm dbm malloc dl ld sun m crypt sec util c cposix posix ucb BSD gdbm_compat -Uuseithreads -Uuselongdouble -DEBUGGING=-g'
hint=recommended
useposix=true
d_sigaction=define
useithreads=undef
usemultiplicity=undef
use64bitint=define
use64bitall=define
uselongdouble=undef
usemymalloc=n
default_inc_excludes_dot=define
Compiler:
cc='cc'
ccflags ='-fwrapv -fno-strict-aliasing -pipe -fstack-protector-strong -I/usr/local/include -D_LARGEFILE_SOURCE -D_FILE_OFFSET_BITS=64'
optimize='-O2 -g'
cppflags='-fwrapv -fno-strict-aliasing -pipe -fstack-protector-strong -I/usr/local/include'
ccversion=''
gccversion='11.4.0'
gccosandvers=''
intsize=4
longsize=8
ptrsize=8
doublesize=8
byteorder=12345678
doublekind=3
d_longlong=define
longlongsize=8
d_longdbl=define
longdblsize=16
longdblkind=3
ivtype='long'
ivsize=8
nvtype='double'
nvsize=8
Off_t='off_t'
lseeksize=8
alignbytes=8
prototype=define
Linker and Libraries:
ld='cc'
ldflags =' -fstack-protector-strong -L/usr/local/lib'
libpth=/usr/local/lib /usr/lib/x86_64-linux-gnu /usr/lib /usr/lib64
libs=-lpthread -lnsl -ldl -lm -lcrypt -lutil -lc
perllibs=-lpthread -lnsl -ldl -lm -lcrypt -lutil -lc
libc=/lib/x86_64-linux-gnu/libc.so.6
so=so
useshrplib=false
libperl=libperl.a
gnulibc_version='2.35'
Dynamic Linking:
dlsrc=dl_dlopen.xs
dlext=so
d_dlsymun=undef
ccdlflags='-Wl,-E'
cccdlflags='-fPIC'
lddlflags='-shared -O2 -g -L/usr/local/lib -fstack-protector-strong'
Characteristics of this binary (from libperl):
Compile-time options:
HAS_LONG_DOUBLE
HAS_STRTOLD
HAS_TIMES
PERLIO_LAYERS
PERL_COPY_ON_WRITE
PERL_DONT_CREATE_GVSV
PERL_HASH_FUNC_SIPHASH13
PERL_HASH_USE_SBOX32
PERL_MALLOC_WRAP
PERL_OP_PARENT
PERL_PRESERVE_IVUV
PERL_USE_DEVEL
PERL_USE_SAFE_PUTENV
USE_64_BIT_ALL
USE_64_BIT_INT
USE_LARGE_FILES
USE_LOCALE
USE_LOCALE_COLLATE
USE_LOCALE_CTYPE
USE_LOCALE_NUMERIC
USE_LOCALE_TIME
USE_PERLIO
USE_PERL_ATOF
Built under linux
Compiled at Feb 24 2024 07:10:39
%ENV:
PERL="/tmp/basesmoker-reloperl-7ZDu/bin/perl"
PERL5LIB="/tmp/loop_over_bdir-2306-qfOQje/EJBCA-CrlPublish-0.60-0/blib/arch:/tmp/loop_over_bdir-2306-qfOQje/EJBCA-CrlPublish-0.60-0/blib/lib"
PERL5OPT=""
PERL5_CPANPLUS_IS_RUNNING="2314"
PERL5_CPAN_IS_RUNNING="2314"
PERL_CANARY_STABILITY_NOPROMPT="1"
PERL_MM_USE_DEFAULT="1"
PERL_USE_UNSAFE_INC="1"
@INC:
/tmp/loop_over_bdir-2306-qfOQje/EJBCA-CrlPublish-0.60-0/blib/arch
/tmp/loop_over_bdir-2306-qfOQje/EJBCA-CrlPublish-0.60-0/blib/lib
/home/sand/src/perl/repoperls/installed-perls/host/k93jammy/v5.39.8/6567/lib/site_perl/5.39.8/x86_64-linux
/home/sand/src/perl/repoperls/installed-perls/host/k93jammy/v5.39.8/6567/lib/site_perl/5.39.8
/home/sand/src/perl/repoperls/installed-perls/host/k93jammy/v5.39.8/6567/lib/5.39.8/x86_64-linux
/home/sand/src/perl/repoperls/installed-perls/host/k93jammy/v5.39.8/6567/lib/5.39.8
.