Config-DB v0.2 Perl 5 v5.26.1 x86_64-haiku

Status
Fail
From
Serguei Trouchelle (STRO)
Dist
Config-DB v0.2
Platform
Perl 5 v5.26.1 x86_64-haiku
Date
2018-10-02 23:31:14
ID
4111b6aa-c69b-11e8-92c3-f5e8e8b4b84a
This distribution has been tested as part of the CPAN Testers
project, supporting the Perl programming language.  See
http://wiki.cpantesters.org/ for more information or email
questions to cpan-testers-discuss@perl.org


--
Dear Daniele Ricci,

This is a computer-generated report for Config-DB-0.2
on perl 5.26.1, created by CPAN-Reporter-1.2018.

Thank you for uploading your work to CPAN.  However, there was a problem
testing your distribution.

If you think this report is invalid, please consult the CPAN Testers Wiki
for suggestions on how to avoid getting FAIL reports for missing library
or binary dependencies, unsupported operating systems, and so on:

http://wiki.cpantesters.org/wiki/CPANAuthorNotes

Sections of this report:

    * Tester comments
    * Program output
    * Prerequisites
    * Environment and other context

------------------------------
TESTER COMMENTS
------------------------------

Additional comments from tester:

this report is from an automated smoke testing program
and was not reviewed by a human for accuracy

------------------------------
PROGRAM OUTPUT
------------------------------

Output from '/bin/make test':

"/packages/perl-5.26.1-2/.self/bin/perl" "-MExtUtils::Command::MM" "-MTest::Harness" "-e" "undef *Test::Harness::Switches; test_harness(0, 'blib/lib', 'blib/arch')" t/*.t

#   Failed test 'wrong new call - no parameters'
#   at t/01_new.t line 9.
#                   'Config::DB::new: wrong call at t/01_new.t line 8.
# '
#     doesn't match '(?^:^Config::DB::new: wrong call at t/01_new.t line \d+\n$)'

#   Failed test 'wrong new call - hack try 1'
#   at t/01_new.t line 16.
#                   'Config::DB::new: wrong call at t/01_new.t line 15.
# '
#     doesn't match '(?^:^Config::DB::new: wrong call at t/01_new.t line \d+\n$)'

#   Failed test 'wrong new call - hack try 2'
#   at t/01_new.t line 23.
#                   'Config::DB::new: 'NoOk' does not hinerit 'Config::DB' at t/01_new.t line 22.
# '
#     doesn't match '(?^:^Config::DB::new: 'NoOk' does not hinerit 'Config::DB' at t/01_new.t line \d+\n$)'

#   Failed test 'wrong new call - wrong class'
#   at t/01_new.t line 30.
#                   'Config::DB::new: 'Wrong::Class' does not hinerit 'Config::DB' at t/01_new.t line 29.
# '
#     doesn't match '(?^:^Config::DB::new: 'Wrong::Class' does not hinerit 'Config::DB' at t/01_new.t line \d+\n$)'

#   Failed test 'wrong new call - missing connect paramenter'
#   at t/01_new.t line 37.
#                   'Config::DB::new: missing 'connect' paramenter at t/01_new.t line 36.
# '
#     doesn't match '(?^:^Config::DB::new: missing 'connect' paramenter at t/01_new.t line \d+\n$)'

#   Failed test 'wrong new call - connect paramenter not array ref'
#   at t/01_new.t line 44.
#                   'Config::DB::new: 'connect' paramenter is not a reference to ARRAY at t/01_new.t line 43.
# '
#     doesn't match '(?^:^Config::DB::new: 'connect' paramenter is not a reference to ARRAY at t/01_new.t line \d+\n$)'

#   Failed test 'wrong new call - missing tables paramenter'
#   at t/01_new.t line 51.
#                   'Config::DB::new: missing 'tables' paramenter at t/01_new.t line 50.
# '
#     doesn't match '(?^:^Config::DB::new: missing 'tables' paramenter at t/01_new.t line \d+\n$)'

#   Failed test 'wrong new call - tables paramenter not array ref'
#   at t/01_new.t line 58.
#                   'Config::DB::new: 'tables' paramenter is not a reference to HASH at t/01_new.t line 57.
# '
#     doesn't match '(?^:^Config::DB::new: 'tables' paramenter is not a reference to HASH at t/01_new.t line \d+\n$)'

#   Failed test 'wrong new call - missing tables'
#   at t/01_new.t line 65.
#                   'Config::DB::new: no tables defined at t/01_new.t line 64.
# '
#     doesn't match '(?^:^Config::DB::new: no tables defined at t/01_new.t line \d+\n$)'
# Looks like you failed 9 tests of 13.
t/01_new.t ..... 
Dubious, test returned 9 (wstat 2304, 0x900)
Failed 9/13 subtests 
DBD::DBM::db do failed: 
Execution ERROR: Cannot open /boot/home/.cpan/build/Config-DB-0.2-0/notable.lck: No such file or directory (-2147459069) at /boot/home/perl5/lib/perl5/x86_64-haiku/DBI/DBD/SqlEngine.pm line 1624.
 called from /boot/home/perl5/lib/perl5/x86_64-haiku/DBI.pm at 1633.

 [for Statement "DROP TABLE notable"] at t/02_params.t line 5.

#   Failed test 'connection error'
#   at t/02_params.t line 18.
#                   'Can't connect to data source 'DBI:NotInstalled' because I can't work out what driver to use (it doesn't seem to contain a 'dbi:driver:' prefix and the DBI_DRIVER env var is not set) at /boot/home/.cpan/build/Config-DB-0.2-0/blib/lib/Config/DB.pm line 100.Config::DB::read: can't connect at t/02_params.t line 15.'
#     doesn't match '(?^:^Can't connect to data source 'DBI:NotInstalled'.*Config::DB::read: can't connect at t/02_params.t line \d+$)'

#   Failed test 'missing table'
#   at t/02_params.t line 32.
#                   'DBD::DBM::db selectall_hashref failed: Execution ERROR: Cannot open /boot/home/.cpan/build/Config-DB-0.2-0/notable.lck: No such file or directory (-2147459069) at /boot/home/perl5/lib/perl5/x86_64-haiku/DBI/DBD/SqlEngine.pm line 1624. called from /boot/home/.cpan/build/Config-DB-0.2-0/blib/lib/Config/DB.pm at 107. at /boot/home/perl5/lib/perl5/x86_64-haiku/DBI/DBD/SqlEngine.pm line 1271. [for Statement "SELECT nofield AS dbcfg_key, notable.* FROM notable"] at /boot/home/.cpan/build/Config-DB-0.2-0/blib/lib/Config/DB.pm line 107.Config::DB::read: reading 'notable' table at t/02_params.t line 29.'
#     doesn't match '(?^:^DBD::DBM::db selectall_hashref failed.*Config::DB::read: reading 'notable' table at t/02_params.t line \d+$)'

#   Failed test 'missing field'
#   at t/02_params.t line 43.
#                   'DBD::DBM::db selectall_hashref failed: Execution ERROR: No such column 'nofield' called from /boot/home/perl5/lib/perl5/x86_64-haiku/DBI.pm at 1686. at /boot/home/perl5/lib/perl5/x86_64-haiku/DBI/DBD/SqlEngine.pm line 1271. [for Statement "SELECT nofield AS dbcfg_key, notable.* FROM notable"] at /boot/home/.cpan/build/Config-DB-0.2-0/blib/lib/Config/DB.pm line 107.Config::DB::read: reading 'notable' table at t/02_params.t line 40.'
#     doesn't match '(?^:^DBD::DBM::db selectall_hashref failed.*Config::DB::read: reading 'notable' table at t/02_params.t line \d+$)'
# Looks like you failed 3 tests of 6.
t/02_params.t .. 
Dubious, test returned 3 (wstat 768, 0x300)
Failed 3/6 subtests 
DBD::DBM::db do failed: 
Execution ERROR: Cannot open /boot/home/.cpan/build/Config-DB-0.2-0/cfg.lck: No such file or directory (-2147459069) at /boot/home/perl5/lib/perl5/x86_64-haiku/DBI/DBD/SqlEngine.pm line 1624.
 called from /boot/home/perl5/lib/perl5/x86_64-haiku/DBI.pm at 1633.

 [for Statement "DROP TABLE cfg"] at t/03_get.t line 5.

#   Failed test 'missing table parameter'
#   at t/03_get.t line 23.
#                   'Config::DB::get: missing table parameter at t/03_get.t line 22.
# '
#     doesn't match '(?^:^Config::DB::get: missing table parameter at t/03_get.t line \d+$)'

#   Failed test 'missing table'
#   at t/03_get.t line 32.
#                   'Config::DB::get: unknown configuration table 'notable' at t/03_get.t line 31.
# '
#     doesn't match '(?^:^Config::DB::get: unknown configuration table 'notable' at t/03_get.t line \d+$)'

#   Failed test 'missing key'
#   at t/03_get.t line 39.
#                   'Config::DB::get: missing key '10' in configuration table 'cfg' at t/03_get.t line 38.
# '
#     doesn't match '(?^:^Config::DB::get: missing key '10' in configuration table 'cfg' at t/03_get.t line \d+$)'

#   Failed test 'missing field'
#   at t/03_get.t line 46.
#                   'Config::DB::get: unknown field 'nofield' for configuration table 'cfg' at t/03_get.t line 45.
# '
#     doesn't match '(?^:^Config::DB::get: unknown field 'nofield' for configuration table 'cfg' at t/03_get.t line \d+$)'

#   Failed test 'AUTOLOAD error'
#   at t/03_get.t line 67.
#                   'Can't locate object method "nomethod" via package "Config::DB" at t/03_get.t line 66.
# '
#     doesn't match '(?^:^Can't locate object method "nomethod" via package "Config::DB" at t/03_get.t line \d+$)'

#   Failed test 'AUTOLOAD missing table'
#   at t/03_get.t line 74.
#                   'Config::DB::get: unknown configuration table 'notable' at t/03_get.t line 73.
# '
#     doesn't match '(?^:^Config::DB::get: unknown configuration table 'notable' at t/03_get.t line \d+$)'

#   Failed test 'AUTOLOAD missing key'
#   at t/03_get.t line 81.
#                   'Config::DB::get: missing key '3000' in configuration table 'cfg' at t/03_get.t line 80.
# '
#     doesn't match '(?^:^Config::DB::get: missing key '3000' in configuration table 'cfg' at t/03_get.t line \d+$)'
# Looks like you failed 7 tests of 28.
t/03_get.t ..... 
Dubious, test returned 7 (wstat 1792, 0x700)
Failed 7/28 subtests 

Test Summary Report
-------------------
t/01_new.t   (Wstat: 2304 Tests: 13 Failed: 9)
  Failed tests:  3-11
  Non-zero exit status: 9
t/02_params.t (Wstat: 768 Tests: 6 Failed: 3)
  Failed tests:  3-5
  Non-zero exit status: 3
t/03_get.t   (Wstat: 1792 Tests: 28 Failed: 7)
  Failed tests:  4, 6-8, 14-16
  Non-zero exit status: 7
Files=3, Tests=47,  1 wallclock secs ( 0.03 usr  0.02 sys +  0.75 cusr  0.24 csys =  1.05 CPU)
Result: FAIL
Failed 3/3 test programs. 19/47 subtests failed.
Makefile:847: recipe for target 'test_dynamic' failed
make: *** [test_dynamic] Error 7

------------------------------
PREREQUISITES
------------------------------

Prerequisite modules loaded:

requires:

    Module              Need  Have   
    ------------------- ----- -------
    DBI                 1.616 1.641  

build_requires:

    Module              Need  Have   
    ------------------- ----- -------
    ExtUtils::MakeMaker 0     7.35_06

configure_requires:

    Module              Need  Have   
    ------------------- ----- -------
    ExtUtils::MakeMaker 0     7.35_06


------------------------------
ENVIRONMENT AND OTHER CONTEXT
------------------------------

Environment variables:

    AUTOMATED_TESTING = 1
    LC_COLLATE = en.UTF-8
    LC_CTYPE = en.UTF-8
    LC_MESSAGES = en.UTF-8
    LC_MONETARY = en.UTF-8
    LC_NUMERIC = en.UTF-8
    LC_TIME = en.UTF-8
    LC_TYPE = en_US.UTF-8
    PATH = /boot/home/perl5/bin:.:/boot/home/config/non-packaged/bin:/boot/home/config/bin:/boot/system/non-packaged/bin:/bin:/boot/system/apps:/boot/system/preferences
    PERL5LIB = /boot/home/perl5/lib/perl5
    PERL5OPT = 
    PERL5_CPANPLUS_IS_RUNNING = 967873
    PERL5_CPAN_IS_RUNNING = 967873
    PERL5_CPAN_IS_RUNNING_IN_RECURSION = 410,967873
    PERL_CR_SMOKER_CURRENT = Config-DB-0.2
    PERL_EXTUTILS_AUTOINSTALL = --defaultdeps
    PERL_LOCAL_LIB_ROOT = /boot/home/perl5
    PERL_MB_OPT = --install_base "/boot/home/perl5"
    PERL_MM_OPT = INSTALL_BASE=/boot/home/perl5
    PERL_MM_USE_DEFAULT = 1
    TERM = xterm

Perl special variables (and OS-specific diagnostics, for MSWin32):

    $^X = /packages/perl-5.26.1-2/.self/bin/perl
    $UID/$EUID = 0 / 0
    $GID = 0 101 0
    $EGID = 0 101 0

Perl module toolchain versions installed:

    Module              Have     
    ------------------- ---------
    CPAN                2.16     
    CPAN::Meta          2.150010 
    Cwd                 3.67     
    ExtUtils::CBuilder  0.280230 
    ExtUtils::Command   7.35_06  
    ExtUtils::Install   2.14     
    ExtUtils::MakeMaker 7.35_06  
    ExtUtils::Manifest  1.71     
    ExtUtils::ParseXS   3.34     
    File::Spec          3.67     
    JSON                2.97001  
    JSON::PP            2.97001  
    Module::Build       0.42_28  
    Module::Signature   n/a      
    Parse::CPAN::Meta   2.150010 
    Test::Harness       3.42     
    Test::More          1.302138 
    YAML                1.26     
    YAML::Syck          1.30     
    version             0.9923_02


--

Summary of my perl5 (revision 5 version 26 subversion 1) configuration:
  Derived from: 
  Platform:
    osname=haiku
    osvers=1
    archname=x86_64-haiku
    uname='haiku shredder 1 hrev51655 dec 4 2017 12:44:17 x86_64 x86_64 haiku '
    config_args='-Dprefix=/packages/perl-5.26.1-2/.self -Dprivlib=/packages/perl-5.26.1-2/.self/lib/perl5/5.26.1 -Dsiteprefix=/packages/perl-5.26.1-2/.self/non-packaged -Dsitelib=/packages/perl-5.26.1-2/.self/non-packaged/lib/perl5/site_perl/5.26 -Dvendorprefix=/packages/perl-5.26.1-2/.self -Dvendorlib=/packages/perl-5.26.1-2/.self/lib/perl5/vendor_perl/5.26 -Dcf_email=zooey@hirschkaefer.de -Uusenm -Duseshrplib -Uusemymalloc -Dlibpth=/boot/home/config/develop/lib /boot/system/develop/lib -Dusrinc=/boot/system/develop/headers/posix -Dlocinc=/boot/home/config/develop/headers /boot/system/develop/headers -Dlibc='/boot/system/lib/libroot.so' -Dlibs=-lnetwork -Dcc=gcc -Dld=gcc -Ud_link -Ddont_use_nlink -Ud_syserrlst -Dldlibpthname=LIBRARY_PATH -Dstartperl=#! perl -Dccdlflags=-Wl,-fno-stack-protector,-rpath=/packages/perl-5.26.1-2/.self/lib/perl5/5.26.1/x86_64-haiku/CORE -Dusesitecustomize -de'
    hint=recommended
    useposix=true
    d_sigaction=define
    useithreads=undef
    usemultiplicity=undef
    use64bitint=define
    use64bitall=define
    uselongdouble=undef
    usemymalloc=n
    default_inc_excludes_dot=define
    bincompat5005=undef
  Compiler:
    cc='gcc'
    ccflags ='-fwrapv -fno-strict-aliasing -pipe -D_FORTIFY_SOURCE=2'
    optimize='-O'
    cppflags='-fwrapv -fno-strict-aliasing -pipe'
    ccversion=''
    gccversion='5.4.0'
    gccosandvers=''
    intsize=4
    longsize=8
    ptrsize=8
    doublesize=8
    byteorder=12345678
    doublekind=3
    d_longlong=define
    longlongsize=8
    d_longdbl=define
    longdblsize=16
    longdblkind=3
    ivtype='long'
    ivsize=8
    nvtype='double'
    nvsize=8
    Off_t='off_t'
    lseeksize=8
    alignbytes=8
    prototype=define
  Linker and Libraries:
    ld='gcc'
    ldflags =''
    libpth=/boot/home/config/develop/lib /boot/system/develop/lib /boot/system/develop/tools/bin/../lib/gcc/x86_64-unknown-haiku/5.4.0/include-fixed
    libs=-lnetwork
    perllibs=-lnetwork
    libc=/boot/system/lib/libroot.so
    so=so
    useshrplib=true
    libperl=libperl.so
    gnulibc_version=''
  Dynamic Linking:
    dlsrc=dl_dlopen.xs
    dlext=so
    d_dlsymun=undef
    ccdlflags='-Wl,-fno-stack-protector,-rpath=/packages/perl-5.26.1-2/.self/lib/perl5/5.26.1/x86_64-haiku/CORE -Wl,-rpath,/packages/perl-5.26.1-2/.self/lib/perl5/5.26.1/x86_64-haiku/CORE'
    cccdlflags='-fpic'
    lddlflags='-shared'


Characteristics of this binary (from libperl): 
  Compile-time options:
    HAS_TIMES
    PERLIO_LAYERS
    PERL_COPY_ON_WRITE
    PERL_DONT_CREATE_GVSV
    PERL_OP_PARENT
    PERL_PRESERVE_IVUV
    USE_64_BIT_ALL
    USE_64_BIT_INT
    USE_LARGE_FILES
    USE_LOCALE
    USE_LOCALE_COLLATE
    USE_LOCALE_CTYPE
    USE_LOCALE_NUMERIC
    USE_LOCALE_TIME
    USE_PERLIO
    USE_PERL_ATOF
    USE_SITECUSTOMIZE
  Locally applied patches:
    uncommitted-changes
  Built under haiku
  Compiled at Mar 14 2018 20:50:46
  %ENV:
    PERL5LIB="/boot/home/perl5/lib/perl5"
    PERL5OPT=""
    PERL5_CPANPLUS_IS_RUNNING="967873"
    PERL5_CPAN_IS_RUNNING="967873"
    PERL5_CPAN_IS_RUNNING_IN_RECURSION="410,967873"
    PERL_CR_SMOKER_CURRENT="Config-DB-0.2"
    PERL_EXTUTILS_AUTOINSTALL="--defaultdeps"
    PERL_LOCAL_LIB_ROOT="/boot/home/perl5"
    PERL_MB_OPT="--install_base "/boot/home/perl5""
    PERL_MM_OPT="INSTALL_BASE=/boot/home/perl5"
    PERL_MM_USE_DEFAULT="1"
  @INC:
    /boot/home/perl5/lib/perl5/5.26.1/x86_64-haiku
    /boot/home/perl5/lib/perl5/5.26.1
    /boot/home/perl5/lib/perl5/x86_64-haiku
    /boot/home/perl5/lib/perl5
    /packages/perl-5.26.1-2/.self/non-packaged/lib/perl5/site_perl/5.26/x86_64-haiku
    /packages/perl-5.26.1-2/.self/non-packaged/lib/perl5/site_perl/5.26
    /packages/perl-5.26.1-2/.self/lib/perl5/vendor_perl/5.26/x86_64-haiku
    /packages/perl-5.26.1-2/.self/lib/perl5/vendor_perl/5.26
    /packages/perl-5.26.1-2/.self/lib/perl5/5.26.1/x86_64-haiku
    /packages/perl-5.26.1-2/.self/lib/perl5/5.26.1