Report for Test-CGI-Multipart-v0.0.3

Back
From: metabase:user:314402c4-2aae-11df-837a-5e0a49663a4f
Subject: FAIL Test-CGI-Multipart-v0.0.3 v5.10.1 GNU/Linux
Date: 2014-09-11T23:06:25Z

This distribution has been tested as part of the CPAN Testers
project, supporting the Perl programming language.  See
http://wiki.cpantesters.org/ for more information or email
questions to cpan-testers-discuss@perl.org


--
Dear Nicholas Bamber,

This is a computer-generated report for Test-CGI-Multipart-v0.0.3
on perl 5.10.1, created by CPAN-Reporter-1.2011.

Thank you for uploading your work to CPAN.  However, there was a problem
testing your distribution.

If you think this report is invalid, please consult the CPAN Testers Wiki
for suggestions on how to avoid getting FAIL reports for missing library
or binary dependencies, unsupported operating systems, and so on:

http://wiki.cpantesters.org/wiki/CPANAuthorNotes

Sections of this report:

    * Tester comments
    * Program output
    * Prerequisites
    * Environment and other context

------------------------------
TESTER COMMENTS
------------------------------

Additional comments from tester:

none provided

------------------------------
PROGRAM OUTPUT
------------------------------

Output from './Build test':

# Testing Test::CGI::Multipart 0.0.3
t/00.load.t ............ ok
# Testing with CGI
# Testing with CGI::Simple
t/01.basic.t ........... ok
# Testing with CGI
# Testing with CGI::Simple
t/01.data_structure.t .. ok
# Testing with CGI
# Testing with CGI::Simple
t/02.param.t ........... ok
# Testing with CGI
# Testing with CGI::Simple
t/03.upload.t .......... ok
# Testing with CGI
t/04.multiple.t ........ ok
# Testing with CGI
# Testing with CGI::Simple
t/04.separate.t ........ ok
# Testing with CGI
t/05.callbacks.t ....... ok
t/10.text.t ............ skipped: This test requires Text::Lorem
# Testing with CGI
# Testing with CGI::Simple
# Testing with CGI
# Testing with CGI::Simple
t/11.reset.t ........... ok
# Testing with CGI
# Testing with CGI::Simple
t/20.image.t ........... ok
t/changes.t ............ skipped: Author test.  Set $ENV{TEST_AUTHOR} to a true value to run.
t/manifest.t ........... skipped: Author test.  Set $ENV{TEST_AUTHOR} to a true value to run.
t/perlcritic.t ......... skipped: Author test.  Set $ENV{TEST_AUTHOR} to a true value to run.

#   Failed test 'Pod coverage on Test::CGI::Multipart::Gen::Text'
#   at /opt/perl-5.10.1/lib/site_perl/5.10.1/Test/Pod/Coverage.pm line 133.
# Test::CGI::Multipart::Gen::Text: requiring 'Test::CGI::Multipart::Gen::Text' failed
# Looks like you failed 1 test of 3.
t/pod-coverage.t ....... 
Dubious, test returned 1 (wstat 256, 0x100)
Failed 1/3 subtests 
t/pod.t ................ ok
t/podspell.t ........... skipped: Author test.  Set $ENV{TEST_AUTHOR} to a true value to run.
t/prereq.t ............. skipped: Author test.  Set $ENV{TEST_PREREQ} to a true value to run.

Test Summary Report
-------------------
t/pod-coverage.t     (Wstat: 256 Tests: 3 Failed: 1)
  Failed test:  3
  Non-zero exit status: 1
Files=18, Tests=195,  3 wallclock secs ( 0.04 usr  0.11 sys +  1.12 cusr  0.25 csys =  1.52 CPU)
Result: FAIL
Failed 1/18 test programs. 1/195 subtests failed.

------------------------------
PREREQUISITES
------------------------------

Prerequisite modules loaded:

requires:

    Module             Need   Have    
    ------------------ ------ --------
    autodie            0      2.06_01 
    CGI                3.41   4.03    
    MIME::Entity       0      5.505   
    Params::Validate   0      1.13    
    perl               v5.6.1 5.010001
    Readonly           0      2.00    
    UNIVERSAL::require 0      0.17    
    version            0      0.9909  

build_requires:

    Module             Need   Have    
    ------------------ ------ --------
    Perl6::Slurp       0      0.051005
    Test::Exception    0      0.32    
    Test::More         0      1.001006

configure_requires:

    Module             Need   Have    
    ------------------ ------ --------
    Module::Build      0.36   0.4210  


------------------------------
ENVIRONMENT AND OTHER CONTEXT
------------------------------

Environment variables:

    DBIC_NO_WARN_BAD_PERL = 1
    LANG = C
    PATH = /usr/local/bin:/usr/bin:/bin:/usr/local/sbin:/usr/sbin:/sbin:/home/eserte/bin/linux-gnu:/home/eserte/bin/sh:/home/eserte/bin:/usr/games:/home/eserte/devel:/home/eserte/src/srezic-misc/scripts
    PERL5LIB = 
    PERL5OPT = 
    PERL5_CPANPLUS_IS_RUNNING = 26429
    PERL5_CPAN_IS_RUNNING = 26429
    PERL5_CPAN_IS_RUNNING_IN_RECURSION = 22225,26429
    PERLDOC = -MPod::Perldoc::ToTextOverstrike
    PERL_BATCH = yes
    PERL_CPAN_REPORTER_CONFIG = /var/tmp/cpansmoker-1001/7m6zShOpuu_config.ini
    PERL_EXTUTILS_AUTOINSTALL = --defaultdeps
    PERL_HTML_DISPLAY_CLASS = HTML::Display::Mozilla
    SHELL = /bin/zsh
    TERM = screen
    TMPDIR = /var/tmp/cpansmoker-1001

Perl special variables (and OS-specific diagnostics, for MSWin32):

    $^X = /bbbike/perl-5.10.1/bin/perl
    $UID/$EUID = 1001 / 1001
    $GID = 1001 109 1001
    $EGID = 1001 109 1001

Perl module toolchain versions installed:

    Module              Have    
    ------------------- --------
    CPAN                1.9402  
    CPAN::Meta          2.142060
    Cwd                 3.47    
    ExtUtils::CBuilder  0.280219
    ExtUtils::Command   1.16    
    ExtUtils::Install   1.54    
    ExtUtils::MakeMaker 6.98    
    ExtUtils::Manifest  1.65    
    ExtUtils::ParseXS   3.24    
    File::Spec          3.47    
    JSON                2.90    
    JSON::PP            2.27203 
    Module::Build       0.4210  
    Module::Signature   0.73    
    Parse::CPAN::Meta   1.4414  
    Test::Harness       3.33    
    Test::More          1.001006
    YAML                1.11    
    YAML::Syck          1.27    
    version             0.9909  


--

Summary of my perl5 (revision 5 version 10 subversion 1) configuration:
   
  Platform:
    osname=linux, osvers=3.2.0-4-amd64, archname=x86_64-linux
    uname='linux eserte 3.2.0-4-amd64 #1 smp debian 3.2.60-1+deb7u3 x86_64 gnulinux '
    config_args='-ds -e -Dprefix=/opt/perl-5.10.1'
    hint=recommended, useposix=true, d_sigaction=define
    useithreads=undef, usemultiplicity=undef
    useperlio=define, d_sfio=undef, uselargefiles=define, usesocks=undef
    use64bitint=define, use64bitall=define, uselongdouble=undef
    usemymalloc=n, bincompat5005=undef
  Compiler:
    cc='cc', ccflags ='-fno-strict-aliasing -pipe -fstack-protector -I/usr/local/include -D_LARGEFILE_SOURCE -D_FILE_OFFSET_BITS=64',
    optimize='-O2',
    cppflags='-fno-strict-aliasing -pipe -fstack-protector -I/usr/local/include'
    ccversion='', gccversion='4.7.2', gccosandvers=''
    intsize=4, longsize=8, ptrsize=8, doublesize=8, byteorder=12345678
    d_longlong=define, longlongsize=8, d_longdbl=define, longdblsize=16
    ivtype='long', ivsize=8, nvtype='double', nvsize=8, Off_t='off_t', lseeksize=8
    alignbytes=8, prototype=define
  Linker and Libraries:
    ld='cc', ldflags =' -fstack-protector -L/usr/local/lib'
    libpth=/usr/local/lib /lib/x86_64-linux-gnu /lib/../lib /usr/lib/x86_64-linux-gnu /usr/lib/../lib /lib /usr/lib
    libs=-lnsl -ldb -ldl -lm -lcrypt -lutil -lc
    perllibs=-lnsl -ldl -lm -lcrypt -lutil -lc
    libc=libc-2.13.so, so=so, useshrplib=false, libperl=libperl.a
    gnulibc_version='2.13'
  Dynamic Linking:
    dlsrc=dl_dlopen.xs, dlext=so, d_dlsymun=undef, ccdlflags='-Wl,-E'
    cccdlflags='-fPIC', lddlflags='-shared -O2 -L/usr/local/lib -fstack-protector'


Characteristics of this binary (from libperl): 
  Compile-time options: PERL_DONT_CREATE_GVSV PERL_MALLOC_WRAP USE_64_BIT_ALL
                        USE_64_BIT_INT USE_LARGE_FILES USE_PERLIO
  Built under linux
  Compiled at Aug 18 2014 20:38:33
  %ENV:
    PERL5LIB=""
    PERL5OPT=""
    PERL5_CPANPLUS_IS_RUNNING="26429"
    PERL5_CPAN_IS_RUNNING="26429"
    PERL5_CPAN_IS_RUNNING_IN_RECURSION="22225,26429"
    PERLDOC="-MPod::Perldoc::ToTextOverstrike"
    PERL_BATCH="yes"
    PERL_CPAN_REPORTER_CONFIG="/var/tmp/cpansmoker-1001/7m6zShOpuu_config.ini"
    PERL_EXTUTILS_AUTOINSTALL="--defaultdeps"
    PERL_HTML_DISPLAY_CLASS="HTML::Display::Mozilla"
  @INC:
    /opt/perl-5.10.1/lib/5.10.1/x86_64-linux
    /opt/perl-5.10.1/lib/5.10.1
    /opt/perl-5.10.1/lib/site_perl/5.10.1/x86_64-linux
    /opt/perl-5.10.1/lib/site_perl/5.10.1
    .