Report for XML-CompareML-v0.2.7

Back
From: metabase:user:30ae4450-2aae-11df-837a-5e0a49663a4f
Subject: FAIL XML-CompareML-v0.2.7 v5.14.3 
Date: 2013-05-28T20:53:35Z

This distribution has been tested as part of the CPAN Testers
project, supporting the Perl programming language.  See
http://wiki.cpantesters.org/ for more information or email
questions to cpan-testers-discuss@perl.org


--
Dear Shlomi Fish,

This is a computer-generated report for XML-CompareML-v0.2.7
on perl 5.14.3, created by CPAN-Reporter-1.2010.

Thank you for uploading your work to CPAN.  However, there was a problem
testing your distribution.

If you think this report is invalid, please consult the CPAN Testers Wiki
for suggestions on how to avoid getting FAIL reports for missing library
or binary dependencies, unsupported operating systems, and so on:

http://wiki.cpantesters.org/wiki/CPANAuthorNotes

Sections of this report:

    * Tester comments
    * Program output
    * Prerequisites
    * Environment and other context

------------------------------
TESTER COMMENTS
------------------------------

Additional comments from tester:

this report is from an automated smoke testing program
and was not reviewed by a human for accuracy

------------------------------
PROGRAM OUTPUT
------------------------------

Output from 'C:\strawberry5143\perl\bin\perl.exe ./Build test':

t\00-load.t ............... ok

#   Failed test 'XSLT Works'
#   at t\01generate.t line 88.
# +-----+--------------------------------------------------------------------------------------------+-----------------------------------------------------------------------------------+
# |   Ln|Got                                                                                         |Expected                                                                           |
# +-----+--------------------------------------------------------------------------------------------+-----------------------------------------------------------------------------------+
# |   42|</style>                                                                                    |</style>                                                                           |
# |   43|</head>                                                                                     |</head>                                                                            |
# |   44|<body>                                                                                      |<body>                                                                             |
# *   45|<h1 xmlns="" id="main">Version Control System Comparison</h1>                               |<h1 id="main">Version Control System Comparison</h1>                               *
# |   46|<p class="expl">                                                                            |<p class="expl">                                                                   |
# |   47|This is a comparison of version-control systems. It is split                                |This is a comparison of version-control systems. It is split                       |
# |   48|into several categories and sub-categories under which the                                  |into several categories and sub-categories under which the                         |
# +-----+--------------------------------------------------------------------------------------------+-----------------------------------------------------------------------------------+
# |  136|<a href="#license">License</a>                                                              |<a href="#license">License</a>                                                     |
# |  137|</li>                                                                                       |</li>                                                                              |
# |  138|</ul>                                                                                       |</ul>                                                                              |
# *  139|<h2 xmlns="" id="repos_operations">Repository Operations</h2>                               |<h2 id="repos_operations">Repository Operations</h2>                               *
# *  140|<h3 xmlns="" id="atomic_commits">Atomic Commits</h3>                                        |<h3 id="atomic_commits">Atomic Commits</h3>                                        *
# |  141|<p class="expl">                                                                            |<p class="expl">                                                                   |
# |  142|Support for atomic commits means that if an                                                 |Support for atomic commits means that if an                                        |
# |  143|operation on the repository is interrupted                                                  |operation on the repository is interrupted                                         |
# +-----+--------------------------------------------------------------------------------------------+-----------------------------------------------------------------------------------+
# |  249|<td class="desc">No. VSS commits are not atomic.</td>                                       |<td class="desc">No. VSS commits are not atomic.</td>                              |
# |  250|</tr>                                                                                       |</tr>                                                                              |
# |  251|</table>                                                                                    |</table>                                                                           |
# *  252|<h3 xmlns="" id="move">Files and Directories Moves or Renames</h3>                          |<h3 id="move">Files and Directories Moves or Renames</h3>                          *
# |  253|<p class="expl">                                                                            |<p class="expl">                                                                   |
# |  254|Does the system support moving a file or directory to                                       |Does the system support moving a file or directory to                              |
# |  255|a different location while still retaining the history                                      |a different location while still retaining the history                             |
# +-----+--------------------------------------------------------------------------------------------+-----------------------------------------------------------------------------------+
# |  402|</td>                                                                                       |</td>                                                                              |
# |  403|</tr>                                                                                       |</tr>                                                                              |
# |  404|</table>                                                                                    |</table>                                                                           |
# *  405|<h3 xmlns="" id="intelligent_renames">Intelligent Merging after Moves or Renames</h3>       |<h3 id="intelligent_renames">Intelligent Merging after Moves or Renames</h3>       *
# |  406|<p class="expl">                                                                            |<p class="expl">                                                                   |
# |  407|If the system keeps tracks of renames, does it support                                      |If the system keeps tracks of renames, does it support                             |
# |  408|intelligent merging of the files in the history after                                       |intelligent merging of the files in the history after                              |
# +-----+--------------------------------------------------------------------------------------------+-----------------------------------------------------------------------------------+
# |  553|</td>                                                                                       |</td>                                                                              |
# |  554|</tr>                                                                                       |</tr>                                                                              |
# |  555|</table>                                                                                    |</table>                                                                           |
# *  556|<h3 xmlns="" id="copy">File and Directories Copies</h3>                                     |<h3 id="copy">File and Directories Copies</h3>                                     *
# |  557|<p class="expl">                                                                            |<p class="expl">                                                                   |
# |  558|Does the version control system support copying                                             |Does the version control system support copying                                    |
# |  559|files or directories to a different location at the                                         |files or directories to a different location at the                                |
# +-----+--------------------------------------------------------------------------------------------+-----------------------------------------------------------------------------------+
# |  693|<td class="desc">Yes. Copies are supported up to a point.</td>                              |<td class="desc">Yes. Copies are supported up to a point.</td>                     |
# |  694|</tr>                                                                                       |</tr>                                                                              |
# |  695|</table>                                                                                    |</table>                                                                           |
# *  696|<h3 xmlns="" id="repos_clone">Remote Repository Replication</h3>                            |<h3 id="repos_clone">Remote Repository Replication</h3>                            *
# |  697|<p class="expl">                                                                            |<p class="expl">                                                                   |
# |  698|Does the system support cloning a remote repository to get                                  |Does the system support cloning a remote repository to get                         |
# |  699|a functionally equivalent copy in the local system? That                                    |a functionally equivalent copy in the local system? That                           |
# +-----+--------------------------------------------------------------------------------------------+-----------------------------------------------------------------------------------+
# |  833|</td>                                                                                       |</td>                                                                              |
# |  834|</tr>                                                                                       |</tr>                                                                              |
# |  835|</table>                                                                                    |</table>                                                                           |
# *  836|<h3 xmlns="" id="push">Propagating Changes to Parent Repositories</h3>                      |<h3 id="push">Propagating Changes to Parent Repositories</h3>                      *
# |  837|<p class="expl">                                                                            |<p class="expl">                                                                   |
# |  838|Can the system propagate changes from one repository to                                     |Can the system propagate changes from one repository to                            |
# |  839|another?                                                                                    |another?                                                                           |
# +-----+--------------------------------------------------------------------------------------------+-----------------------------------------------------------------------------------+
# |  959|</td>                                                                                       |</td>                                                                              |
# |  960|</tr>                                                                                       |</tr>                                                                              |
# |  961|</table>                                                                                    |</table>                                                                           |
# *  962|<h3 xmlns="" id="permissions">Repository Permissions</h3>                                   |<h3 id="permissions">Repository Permissions</h3>                                   *
# |  963|<p class="expl">                                                                            |<p class="expl">                                                                   |
# |  964|Is it possible to define permissions on access to different                                 |Is it possible to define permissions on access to different                        |
# |  965|parts of a remote repository? Or is access open for all?                                    |parts of a remote repository? Or is access open for all?                           |
# +-----+--------------------------------------------------------------------------------------------+-----------------------------------------------------------------------------------+
# | 1137|</td>                                                                                       |</td>                                                                              |
# | 1138|</tr>                                                                                       |</tr>                                                                              |
# | 1139|</table>                                                                                    |</table>                                                                           |
# * 1140|<h3 xmlns="" id="changesets">Changesets\' Support</h3>                                      |<h3 id="changesets">Changesets\' Support</h3>                                      *
# | 1141|<p class="expl">                                                                            |<p class="expl">                                                                   |
# | 1142|Does the repository support changesets? Changesets are a way                                |Does the repository support changesets? Changesets are a way                       |
# | 1143|to group a number of modifications that are relevant to each                                |to group a number of modifications that are relevant to each                       |
# +-----+--------------------------------------------------------------------------------------------+-----------------------------------------------------------------------------------+
# | 1299|<td class="desc">No.  Changes are file-specific.</td>                                       |<td class="desc">No.  Changes are file-specific.</td>                              |
# | 1300|</tr>                                                                                       |</tr>                                                                              |
# | 1301|</table>                                                                                    |</table>                                                                           |
# * 1302|<h3 xmlns="" id="annotate">Tracking Line-wise File History</h3>                             |<h3 id="annotate">Tracking Line-wise File History</h3>                             *
# | 1303|<p class="expl">                                                                            |<p class="expl">                                                                   |
# | 1304|Does the version control system have an option to track the                                 |Does the version control system have an option to track the                        |
# | 1305|history of the file line-by-line? I.e., can it show for each line                           |history of the file line-by-line? I.e., can it show for each line                  |
# +-----+--------------------------------------------------------------------------------------------+-----------------------------------------------------------------------------------+
# | 1421|</td>                                                                                       |</td>                                                                              |
# | 1422|</tr>                                                                                       |</tr>                                                                              |
# | 1423|</table>                                                                                    |</table>                                                                           |
# * 1424|<h2 xmlns="" id="features">Features</h2>                                                    |<h2 id="features">Features</h2>                                                    *
# * 1425|<h3 xmlns="" id="work_on_dir">Ability to Work only on One Directory of the Repository</h3>  |<h3 id="work_on_dir">Ability to Work only on One Directory of the Repository</h3>  *
# | 1426|<p class="expl">                                                                            |<p class="expl">                                                                   |
# | 1427|Can the version control system checkout only one directory of                               |Can the version control system checkout only one directory of                      |
# | 1428|the repository? Or restrict the check-ins to only one                                       |the repository? Or restrict the check-ins to only one                              |
# +-----+--------------------------------------------------------------------------------------------+-----------------------------------------------------------------------------------+
# | 1578|<td class="desc">Yes.</td>                                                                  |<td class="desc">Yes.</td>                                                         |
# | 1579|</tr>                                                                                       |</tr>                                                                              |
# | 1580|</table>                                                                                    |</table>                                                                           |
# * 1581|<h3 xmlns="" id="tracking_uncommited_changes">Tracking Uncommited Changes</h3>              |<h3 id="tracking_uncommited_changes">Tracking Uncommited Changes</h3>              *
# | 1582|<p class="expl">                                                                            |<p class="expl">                                                                   |
# | 1583|Does the software have an ability to track the changes in the                               |Does the software have an ability to track the changes in the                      |
# | 1584|working copy that were not yet committed to the repository?                                 |working copy that were not yet committed to the repository?                        |
# +-----+--------------------------------------------------------------------------------------------+-----------------------------------------------------------------------------------+
# | 1716|<td class="desc">Yes, using integrated diff tool.</td>                                      |<td class="desc">Yes, using integrated diff tool.</td>                             |
# | 1717|</tr>                                                                                       |</tr>                                                                              |
# | 1718|</table>                                                                                    |</table>                                                                           |
# * 1719|<h3 xmlns="" id="per_file_commit_messages">Per-File Commit Messages</h3>                    |<h3 id="per_file_commit_messages">Per-File Commit Messages</h3>                    *
# | 1720|<p class="expl">                                                                            |<p class="expl">                                                                   |
# | 1721|Does the system have a way to assign a per-file commit message                              |Does the system have a way to assign a per-file commit message                     |
# | 1722|to the changeset, as well as a per-changeset message?                                       |to the changeset, as well as a per-changeset message?                              |
# +-----+--------------------------------------------------------------------------------------------+-----------------------------------------------------------------------------------+
# | 1856|<td class="desc">Since changesets are not supported, yes.</td>                              |<td class="desc">Since changesets are not supported, yes.</td>                     |
# | 1857|</tr>                                                                                       |</tr>                                                                              |
# | 1858|</table>                                                                                    |</table>                                                                           |
# * 1859|<h2 xmlns="" id="technical_status">Technical Status</h2>                                    |<h2 id="technical_status">Technical Status</h2>                                    *
# * 1860|<h3 xmlns="" id="documentation">Documentation</h3>                                          |<h3 id="documentation">Documentation</h3>                                          *
# | 1861|<p class="expl">                                                                            |<p class="expl">                                                                   |
# | 1862|How well is the system documented? How easy is it to                                        |How well is the system documented? How easy is it to                               |
# | 1863|get started using it?                                                                       |get started using it?                                                              |
# +-----+--------------------------------------------------------------------------------------------+-----------------------------------------------------------------------------------+
# | 2075|</td>                                                                                       |</td>                                                                              |
# | 2076|</tr>                                                                                       |</tr>                                                                              |
# | 2077|</table>                                                                                    |</table>                                                                           |
# * 2078|<h3 xmlns="" id="ease_of_deployment">Ease of Deployment</h3>                                |<h3 id="ease_of_deployment">Ease of Deployment</h3>                                *
# | 2079|<p class="expl">                                                                            |<p class="expl">                                                                   |
# | 2080|How easy is it to deploy the software? What are                                             |How easy is it to deploy the software? What are                                    |
# | 2081|the dependencies and how can they be satisfied?                                             |the dependencies and how can they be satisfied?                                    |
# +-----+--------------------------------------------------------------------------------------------+-----------------------------------------------------------------------------------+
# | 2304|</td>                                                                                       |</td>                                                                              |
# | 2305|</tr>                                                                                       |</tr>                                                                              |
# | 2306|</table>                                                                                    |</table>                                                                           |
# * 2307|<h3 xmlns="" id="command_set">Command Set</h3>                                              |<h3 id="command_set">Command Set</h3>                                              *
# | 2308|<p class="expl">                                                                            |<p class="expl">                                                                   |
# | 2309|What is the command set? How compatible is it with                                          |What is the command set? How compatible is it with                                 |
# | 2310|the commands of CVS (the current open-source defacto                                        |the commands of CVS (the current open-source defacto                               |
# +-----+--------------------------------------------------------------------------------------------+-----------------------------------------------------------------------------------+
# | 2494|</td>                                                                                       |</td>                                                                              |
# | 2495|</tr>                                                                                       |</tr>                                                                              |
# | 2496|</table>                                                                                    |</table>                                                                           |
# * 2497|<h3 xmlns="" id="networking">Networking Support</h3>                                        |<h3 id="networking">Networking Support</h3>                                        *
# | 2498|<p class="expl">                                                                            |<p class="expl">                                                                   |
# | 2499|How good is the networking integration of the system?                                       |How good is the networking integration of the system?                              |
# | 2500|How compliant is it with existing protocols and infra-structure?                            |How compliant is it with existing protocols and infra-structure?                   |
# +-----+--------------------------------------------------------------------------------------------+-----------------------------------------------------------------------------------+
# | 2689|</td>                                                                                       |</td>                                                                              |
# | 2690|</tr>                                                                                       |</tr>                                                                              |
# | 2691|</table>                                                                                    |</table>                                                                           |
# * 2692|<h3 xmlns="" id="portability">Portability</h3>                                              |<h3 id="portability">Portability</h3>                                              *
# | 2693|<p class="expl">                                                                            |<p class="expl">                                                                   |
# | 2694|How portable is the version-control system to various                                       |How portable is the version-control system to various                              |
# | 2695|operating systems, computer architectures, and other                                        |operating systems, computer architectures, and other                               |
# +-----+--------------------------------------------------------------------------------------------+-----------------------------------------------------------------------------------+
# | 2891|</td>                                                                                       |</td>                                                                              |
# | 2892|</tr>                                                                                       |</tr>                                                                              |
# | 2893|</table>                                                                                    |</table>                                                                           |
# * 2894|<h2 xmlns="" id="user_interaces">User Interfaces</h2>                                       |<h2 id="user_interaces">User Interfaces</h2>                                       *
# * 2895|<h3 xmlns="" id="web_interface">Web Interface</h3>                                          |<h3 id="web_interface">Web Interface</h3>                                          *
# | 2896|<p class="expl">                                                                            |<p class="expl">                                                                   |
# | 2897|Does the system have a WWW-based interface that can be                                      |Does the system have a WWW-based interface that can be                             |
# | 2898|used to browse the tree and the various revisions of the                                    |used to browse the tree and the various revisions of the                           |
# +-----+--------------------------------------------------------------------------------------------+-----------------------------------------------------------------------------------+
# | 3054|</td>                                                                                       |</td>                                                                              |
# | 3055|</tr>                                                                                       |</tr>                                                                              |
# | 3056|</table>                                                                                    |</table>                                                                           |
# * 3057|<h3 xmlns="" id="availability_of_guis">Availability of Graphical User-Interfaces.</h3>      |<h3 id="availability_of_guis">Availability of Graphical User-Interfaces.</h3>      *
# | 3058|<p class="expl">                                                                            |<p class="expl">                                                                   |
# | 3059|What is the availability of graphical user-interfaces for                                   |What is the availability of graphical user-interfaces for                          |
# | 3060|the system? How many GUI clients are present for it?                                        |the system? How many GUI clients are present for it?                               |
# +-----+--------------------------------------------------------------------------------------------+-----------------------------------------------------------------------------------+
# | 3253|</td>                                                                                       |</td>                                                                              |
# | 3254|</tr>                                                                                       |</tr>                                                                              |
# | 3255|</table>                                                                                    |</table>                                                                           |
# * 3256|<h2 xmlns="" id="license">License</h2>                                                      |<h2 id="license">License</h2>                                                      *
# | 3257|<p class="expl">                                                                            |<p class="expl">                                                                   |
# | 3258|What are the licensing terms for the software?                                              |What are the licensing terms for the software?                                     |
# | 3259|</p>                                                                                        |</p>                                                                               |
# +-----+--------------------------------------------------------------------------------------------+-----------------------------------------------------------------------------------+
# Looks like you failed 1 test of 3.
t\01generate.t ............ 
Dubious, test returned 1 (wstat 256, 0x100)
Failed 1/3 subtests 
t\02sys-list.t ............ ok
t\cpan-changes.t .......... ok
t\pod-coverage.t .......... ok
t\pod.t ................... ok
t\style-trailing-space.t .. skipped: Test::TrailingSpace required for trailing space test.

Test Summary Report
-------------------
t\01generate.t          (Wstat: 256 Tests: 3 Failed: 1)
  Failed test:  3
  Non-zero exit status: 1
Files=7, Tests=24,  4 wallclock secs ( 0.07 usr +  0.02 sys =  0.09 CPU)
Result: FAIL
Failed 1/7 test programs. 1/24 subtests failed.

------------------------------
PREREQUISITES
------------------------------

Prerequisite modules loaded:

requires:

    Module              Need Have  
    ------------------- ---- ------
    CGI                 0    3.60  
    Class::Accessor     0    0.34  
    strict              0    1.04  
    warnings            0    1.12  
    XML::LibXML         0    2.0014
    XML::LibXML::Common 0    2.0014
    XML::LibXSLT        0    1.78  

build_requires:

    Module              Need Have  
    ------------------- ---- ------
    IO::Scalar          0    2.110 
    Test::Differences   0    0.61  
    Test::More          0    0.98  

configure_requires:

    Module              Need Have  
    ------------------- ---- ------
    Module::Build       0.36 0.4003


------------------------------
ENVIRONMENT AND OTHER CONTEXT
------------------------------

Environment variables:

    AUTOMATED_TESTING = 1
    COMSPEC = C:\WINDOWS\system32\cmd.exe
    NUMBER_OF_PROCESSORS = 1
    PATH = C:\Program Files\Far Manager\;C:\IM\ImageMagick-6.8.2-Q16;C:\WINDOWS\system32;C:\WINDOWS;C:\WINDOWS\System32\Wbem;C:\strawberry5143\c\bin;C:\strawberry5143\perl\site\bin;C:\strawberry5143\perl\bin
    PERL5LIB = 
    PERL5OPT = 
    PERL5_CPANPLUS_IS_RUNNING = 1380
    PERL5_CPAN_IS_RUNNING = 1380
    PERL5_CPAN_IS_RUNNING_IN_RECURSION = 1576,1380
    PERL_CR_SMOKER_CURRENT = XML-CompareML-v0.2.7
    PERL_EXTUTILS_AUTOINSTALL = --defaultdeps
    PERL_MM_USE_DEFAULT = 1
    PROCESSOR_IDENTIFIER = x86 Family 16 Model 5 Stepping 3, AuthenticAMD
    TEMP = C:\DOCUME~1\c\LOCALS~1\Temp
    TERM = dumb

Perl special variables (and OS-specific diagnostics, for MSWin32):

    $^X = C:\strawberry5143\perl\bin\perl.exe
    $UID/$EUID = 0 / 0
    $GID = 0
    $EGID = 0
    Win32::GetOSName = WinXP/.Net
    Win32::GetOSVersion = Service Pack 3, 5, 1, 2600, 2, 3, 0, 256, 1
    Win32::FsType = NTFS
    Win32::IsAdminUser = 1

Perl module toolchain versions installed:

    Module              Have    
    ------------------- --------
    CPAN                1.9800  
    CPAN::Meta          2.120921
    Cwd                 3.36    
    ExtUtils::CBuilder  0.280205
    ExtUtils::Command   1.17    
    ExtUtils::Install   1.56    
    ExtUtils::MakeMaker 6.62    
    ExtUtils::Manifest  1.61    
    ExtUtils::ParseXS   3.15    
    File::Spec          3.33    
    JSON                2.53    
    JSON::PP            2.27200 
    Module::Build       0.4003  
    Module::Signature   0.68    
    Parse::CPAN::Meta   1.4404  
    Test::Harness       3.25    
    Test::More          0.98    
    YAML                0.84    
    YAML::Syck          1.22    
    version             0.9901  


--

Summary of my perl5 (revision 5 version 14 subversion 3) configuration:
   
  Platform:
    osname=MSWin32, osvers=4.0, archname=MSWin32-x86-multi-thread
    uname='Win32 strawberry-perl 5.14.3.1 #1 Wed Oct 17 22:51:55 2012 i386'
    config_args='undef'
    hint=recommended, useposix=true, d_sigaction=undef
    useithreads=define, usemultiplicity=define
    useperlio=define, d_sfio=undef, uselargefiles=define, usesocks=undef
    use64bitint=undef, use64bitall=undef, uselongdouble=undef
    usemymalloc=n, bincompat5005=undef
  Compiler:
    cc='gcc', ccflags =' -s -O2 -DWIN32  -DPERL_TEXTMODE_SCRIPTS -DPERL_IMPLICIT_CONTEXT -DPERL_IMPLICIT_SYS -fno-strict-aliasing -mms-bitfields',
    optimize='-s -O2',
    cppflags='-DWIN32'
    ccversion='', gccversion='4.6.3', gccosandvers=''
    intsize=4, longsize=4, ptrsize=4, doublesize=8, byteorder=1234
    d_longlong=undef, longlongsize=8, d_longdbl=define, longdblsize=12
    ivtype='long', ivsize=4, nvtype='double', nvsize=8, Off_t='long long', lseeksize=8
    alignbytes=8, prototype=define
  Linker and Libraries:
    ld='g++', ldflags ='-s -L"C:\strawberry5143\perl\lib\CORE" -L"C:\strawberry5143\c\lib"'
    libpth=C:\strawberry5143\c\lib C:\strawberry5143\c\i686-w64-mingw32\lib
    libs=-lmoldname -lkernel32 -luser32 -lgdi32 -lwinspool -lcomdlg32 -ladvapi32 -lshell32 -lole32 -loleaut32 -lnetapi32 -luuid -lws2_32 -lmpr -lwinmm -lversion -lodbc32 -lodbccp32 -lcomctl32
    perllibs=-lmoldname -lkernel32 -luser32 -lgdi32 -lwinspool -lcomdlg32 -ladvapi32 -lshell32 -lole32 -loleaut32 -lnetapi32 -luuid -lws2_32 -lmpr -lwinmm -lversion -lodbc32 -lodbccp32 -lcomctl32
    libc=, so=dll, useshrplib=true, libperl=libperl514.a
    gnulibc_version=''
  Dynamic Linking:
    dlsrc=dl_win32.xs, dlext=dll, d_dlsymun=undef, ccdlflags=' '
    cccdlflags=' ', lddlflags='-mdll -s -L"C:\strawberry5143\perl\lib\CORE" -L"C:\strawberry5143\c\lib"'


Characteristics of this binary (from libperl): 
  Compile-time options: MULTIPLICITY PERL_DONT_CREATE_GVSV
                        PERL_IMPLICIT_CONTEXT PERL_IMPLICIT_SYS
                        PERL_MALLOC_WRAP PERL_PRESERVE_IVUV PL_OP_SLAB_ALLOC
                        USE_ITHREADS USE_LARGE_FILES USE_PERLIO
                        USE_PERL_ATOF
  Built under MSWin32
  Compiled at Oct 17 2012 23:05:06
  %ENV:
    PERL5_CPANPLUS_IS_RUNNING="1380"
    PERL5_CPAN_IS_RUNNING="1380"
    PERL5_CPAN_IS_RUNNING_IN_RECURSION="1576,1380"
    PERL_CR_SMOKER_CURRENT="XML-CompareML-v0.2.7"
    PERL_EXTUTILS_AUTOINSTALL="--defaultdeps"
    PERL_MM_USE_DEFAULT="1"
  @INC:
    C:/strawberry5143/perl/site/lib
    C:/strawberry5143/perl/vendor/lib
    C:/strawberry5143/perl/lib
    .