TestML v0.54_01 Perl 5 v5.12.5 x86_64-linux-thread-multi

Status
Fail
From
David Cantrell (DCANTRELL)
Dist
TestML v0.54_01
Platform
Perl 5 v5.12.5 x86_64-linux-thread-multi
Date
2018-07-10 13:29:22
ID
41b51d9c-8445-11e8-8f02-aad67247484a
This distribution has been tested as part of the CPAN Testers
project, supporting the Perl programming language.  See
http://wiki.cpantesters.org/ for more information or email
questions to cpan-testers-discuss@perl.org


--
Dear Ingy dot Net,

This is a computer-generated report for TestML-0.54_01
on perl 5.12.5, created by CPAN-Reporter-1.2018.

Thank you for uploading your work to CPAN.  However, there was a problem
testing your distribution.

If you think this report is invalid, please consult the CPAN Testers Wiki
for suggestions on how to avoid getting FAIL reports for missing library
or binary dependencies, unsupported operating systems, and so on:

http://wiki.cpantesters.org/wiki/CPANAuthorNotes

Sections of this report:

    * Tester comments
    * Program output
    * Prerequisites
    * Environment and other context

------------------------------
TESTER COMMENTS
------------------------------

Additional comments from tester:

this report is from an automated smoke testing program
and was not reviewed by a human for accuracy

------------------------------
PROGRAM OUTPUT
------------------------------

Output from '/usr/bin/make test':

PERL_DL_NONLAZY=1 "/home/david/cpantesting/perl-5.12.5/bin/perl" "-MExtUtils::Command::MM" "-MTest::Harness" "-e" "undef *Test::Harness::Switches; test_harness(0, 'blib/lib', 'blib/arch')" t/*.t
Can't locate boolean.pm in @INC (you may need to install the boolean module) (@INC contains: t inc/lib /home/david/cpantesting/perl-5.12.5/.cpan/build/TestML-0.54_01-lp8VRL/blib/lib /home/david/cpantesting/perl-5.12.5/.cpan/build/TestML-0.54_01-lp8VRL/blib/arch /etc/perl /usr/local/lib/x86_64-linux-gnu/perl/5.20.2 /usr/local/share/perl/5.20.2 /usr/lib/x86_64-linux-gnu/perl5/5.20 /usr/share/perl5 /usr/lib/x86_64-linux-gnu/perl/5.20 /usr/share/perl/5.20 /usr/local/lib/site_perl) at inc/lib/TestML/Run.pm line 14.
BEGIN failed--compilation aborted at inc/lib/TestML/Run.pm line 14.
Compilation failed in require at /usr/share/perl/5.20/base.pm line 100.
	...propagated at /usr/share/perl/5.20/base.pm line 110.
BEGIN failed--compilation aborted at inc/lib/TestML/Run/TAP.pm line 4.
Compilation failed in require at inc/bin/testml-cpan line 5.
BEGIN failed--compilation aborted at inc/bin/testml-cpan line 5.
t/010-math.t .................... 
Dubious, test returned 2 (wstat 512, 0x200)
No subtests run 
Can't locate boolean.pm in @INC (you may need to install the boolean module) (@INC contains: t inc/lib /home/david/cpantesting/perl-5.12.5/.cpan/build/TestML-0.54_01-lp8VRL/blib/lib /home/david/cpantesting/perl-5.12.5/.cpan/build/TestML-0.54_01-lp8VRL/blib/arch /etc/perl /usr/local/lib/x86_64-linux-gnu/perl/5.20.2 /usr/local/share/perl/5.20.2 /usr/lib/x86_64-linux-gnu/perl5/5.20 /usr/share/perl5 /usr/lib/x86_64-linux-gnu/perl/5.20 /usr/share/perl/5.20 /usr/local/lib/site_perl) at inc/lib/TestML/Run.pm line 14.
BEGIN failed--compilation aborted at inc/lib/TestML/Run.pm line 14.
Compilation failed in require at /usr/share/perl/5.20/base.pm line 100.
	...propagated at /usr/share/perl/5.20/base.pm line 110.
BEGIN failed--compilation aborted at inc/lib/TestML/Run/TAP.pm line 4.
Compilation failed in require at inc/bin/testml-cpan line 5.
BEGIN failed--compilation aborted at inc/bin/testml-cpan line 5.
t/020-pick-exclude.t ............ 
Dubious, test returned 2 (wstat 512, 0x200)
No subtests run 
Can't locate boolean.pm in @INC (you may need to install the boolean module) (@INC contains: t inc/lib /home/david/cpantesting/perl-5.12.5/.cpan/build/TestML-0.54_01-lp8VRL/blib/lib /home/david/cpantesting/perl-5.12.5/.cpan/build/TestML-0.54_01-lp8VRL/blib/arch /etc/perl /usr/local/lib/x86_64-linux-gnu/perl/5.20.2 /usr/local/share/perl/5.20.2 /usr/lib/x86_64-linux-gnu/perl5/5.20 /usr/share/perl5 /usr/lib/x86_64-linux-gnu/perl/5.20 /usr/share/perl/5.20 /usr/local/lib/site_perl) at inc/lib/TestML/Run.pm line 14.
BEGIN failed--compilation aborted at inc/lib/TestML/Run.pm line 14.
Compilation failed in require at /usr/share/perl/5.20/base.pm line 100.
	...propagated at /usr/share/perl/5.20/base.pm line 110.
BEGIN failed--compilation aborted at inc/lib/TestML/Run/TAP.pm line 4.
Compilation failed in require at inc/bin/testml-cpan line 5.
BEGIN failed--compilation aborted at inc/bin/testml-cpan line 5.
t/030-assertion-label.t ......... 
Dubious, test returned 2 (wstat 512, 0x200)
No subtests run 
Can't locate boolean.pm in @INC (you may need to install the boolean module) (@INC contains: t inc/lib /home/david/cpantesting/perl-5.12.5/.cpan/build/TestML-0.54_01-lp8VRL/blib/lib /home/david/cpantesting/perl-5.12.5/.cpan/build/TestML-0.54_01-lp8VRL/blib/arch /etc/perl /usr/local/lib/x86_64-linux-gnu/perl/5.20.2 /usr/local/share/perl/5.20.2 /usr/lib/x86_64-linux-gnu/perl5/5.20 /usr/share/perl5 /usr/lib/x86_64-linux-gnu/perl/5.20 /usr/share/perl/5.20 /usr/local/lib/site_perl) at inc/lib/TestML/Run.pm line 14.
BEGIN failed--compilation aborted at inc/lib/TestML/Run.pm line 14.
Compilation failed in require at /usr/share/perl/5.20/base.pm line 100.
	...propagated at /usr/share/perl/5.20/base.pm line 110.
BEGIN failed--compilation aborted at inc/lib/TestML/Run/TAP.pm line 4.
Compilation failed in require at inc/bin/testml-cpan line 5.
BEGIN failed--compilation aborted at inc/bin/testml-cpan line 5.
t/040-multiline-point.t ......... 
Dubious, test returned 2 (wstat 512, 0x200)
No subtests run 
Can't locate boolean.pm in @INC (you may need to install the boolean module) (@INC contains: t inc/lib /home/david/cpantesting/perl-5.12.5/.cpan/build/TestML-0.54_01-lp8VRL/blib/lib /home/david/cpantesting/perl-5.12.5/.cpan/build/TestML-0.54_01-lp8VRL/blib/arch /etc/perl /usr/local/lib/x86_64-linux-gnu/perl/5.20.2 /usr/local/share/perl/5.20.2 /usr/lib/x86_64-linux-gnu/perl5/5.20 /usr/share/perl5 /usr/lib/x86_64-linux-gnu/perl/5.20 /usr/share/perl/5.20 /usr/local/lib/site_perl) at inc/lib/TestML/Run.pm line 14.
BEGIN failed--compilation aborted at inc/lib/TestML/Run.pm line 14.
Compilation failed in require at /usr/share/perl/5.20/base.pm line 100.
	...propagated at /usr/share/perl/5.20/base.pm line 110.
BEGIN failed--compilation aborted at inc/lib/TestML/Run/TAP.pm line 4.
Compilation failed in require at inc/bin/testml-cpan line 5.
BEGIN failed--compilation aborted at inc/bin/testml-cpan line 5.
t/050-object-type.t ............. 
Dubious, test returned 2 (wstat 512, 0x200)
No subtests run 
Can't locate boolean.pm in @INC (you may need to install the boolean module) (@INC contains: t inc/lib /home/david/cpantesting/perl-5.12.5/.cpan/build/TestML-0.54_01-lp8VRL/blib/lib /home/david/cpantesting/perl-5.12.5/.cpan/build/TestML-0.54_01-lp8VRL/blib/arch /etc/perl /usr/local/lib/x86_64-linux-gnu/perl/5.20.2 /usr/local/share/perl/5.20.2 /usr/lib/x86_64-linux-gnu/perl5/5.20 /usr/share/perl5 /usr/lib/x86_64-linux-gnu/perl/5.20 /usr/share/perl/5.20 /usr/local/lib/site_perl) at inc/lib/TestML/Run.pm line 14.
BEGIN failed--compilation aborted at inc/lib/TestML/Run.pm line 14.
Compilation failed in require at /usr/share/perl/5.20/base.pm line 100.
	...propagated at /usr/share/perl/5.20/base.pm line 110.
BEGIN failed--compilation aborted at inc/lib/TestML/Run/TAP.pm line 4.
Compilation failed in require at inc/bin/testml-cpan line 5.
BEGIN failed--compilation aborted at inc/bin/testml-cpan line 5.
t/060-standard-lib.t ............ 
Dubious, test returned 2 (wstat 512, 0x200)
No subtests run 
Can't locate boolean.pm in @INC (you may need to install the boolean module) (@INC contains: t inc/lib /home/david/cpantesting/perl-5.12.5/.cpan/build/TestML-0.54_01-lp8VRL/blib/lib /home/david/cpantesting/perl-5.12.5/.cpan/build/TestML-0.54_01-lp8VRL/blib/arch /etc/perl /usr/local/lib/x86_64-linux-gnu/perl/5.20.2 /usr/local/share/perl/5.20.2 /usr/lib/x86_64-linux-gnu/perl5/5.20 /usr/share/perl5 /usr/lib/x86_64-linux-gnu/perl/5.20 /usr/share/perl/5.20 /usr/local/lib/site_perl) at inc/lib/TestML/Run.pm line 14.
BEGIN failed--compilation aborted at inc/lib/TestML/Run.pm line 14.
Compilation failed in require at /usr/share/perl/5.20/base.pm line 100.
	...propagated at /usr/share/perl/5.20/base.pm line 110.
BEGIN failed--compilation aborted at inc/lib/TestML/Run/TAP.pm line 4.
Compilation failed in require at inc/bin/testml-cpan line 5.
BEGIN failed--compilation aborted at inc/bin/testml-cpan line 5.
t/070-polymorphic-assertions.t .. 
Dubious, test returned 2 (wstat 512, 0x200)
No subtests run 
Can't locate boolean.pm in @INC (you may need to install the boolean module) (@INC contains: t inc/lib /home/david/cpantesting/perl-5.12.5/.cpan/build/TestML-0.54_01-lp8VRL/blib/lib /home/david/cpantesting/perl-5.12.5/.cpan/build/TestML-0.54_01-lp8VRL/blib/arch /etc/perl /usr/local/lib/x86_64-linux-gnu/perl/5.20.2 /usr/local/share/perl/5.20.2 /usr/lib/x86_64-linux-gnu/perl5/5.20 /usr/share/perl5 /usr/lib/x86_64-linux-gnu/perl/5.20 /usr/share/perl/5.20 /usr/local/lib/site_perl) at inc/lib/TestML/Run.pm line 14.
BEGIN failed--compilation aborted at inc/lib/TestML/Run.pm line 14.
Compilation failed in require at /usr/share/perl/5.20/base.pm line 100.
	...propagated at /usr/share/perl/5.20/base.pm line 110.
BEGIN failed--compilation aborted at inc/lib/TestML/Run/TAP.pm line 4.
Compilation failed in require at inc/bin/testml-cpan line 5.
BEGIN failed--compilation aborted at inc/bin/testml-cpan line 5.
t/080-hash-lookup.t ............. 
Dubious, test returned 2 (wstat 512, 0x200)
No subtests run 
Can't locate boolean.pm in @INC (you may need to install the boolean module) (@INC contains: t inc/lib /home/david/cpantesting/perl-5.12.5/.cpan/build/TestML-0.54_01-lp8VRL/blib/lib /home/david/cpantesting/perl-5.12.5/.cpan/build/TestML-0.54_01-lp8VRL/blib/arch /etc/perl /usr/local/lib/x86_64-linux-gnu/perl/5.20.2 /usr/local/share/perl/5.20.2 /usr/lib/x86_64-linux-gnu/perl5/5.20 /usr/share/perl5 /usr/lib/x86_64-linux-gnu/perl/5.20 /usr/share/perl/5.20 /usr/local/lib/site_perl) at inc/lib/TestML/Run.pm line 14.
BEGIN failed--compilation aborted at inc/lib/TestML/Run.pm line 14.
Compilation failed in require at /usr/share/perl/5.20/base.pm line 100.
	...propagated at /usr/share/perl/5.20/base.pm line 110.
BEGIN failed--compilation aborted at inc/lib/TestML/Run/TAP.pm line 4.
Compilation failed in require at inc/bin/testml-cpan line 5.
BEGIN failed--compilation aborted at inc/bin/testml-cpan line 5.
t/090-catch-error.t ............. 
Dubious, test returned 2 (wstat 512, 0x200)
No subtests run 
Can't locate boolean.pm in @INC (you may need to install the boolean module) (@INC contains: t inc/lib /home/david/cpantesting/perl-5.12.5/.cpan/build/TestML-0.54_01-lp8VRL/blib/lib /home/david/cpantesting/perl-5.12.5/.cpan/build/TestML-0.54_01-lp8VRL/blib/arch /etc/perl /usr/local/lib/x86_64-linux-gnu/perl/5.20.2 /usr/local/share/perl/5.20.2 /usr/lib/x86_64-linux-gnu/perl5/5.20 /usr/share/perl5 /usr/lib/x86_64-linux-gnu/perl/5.20 /usr/share/perl/5.20 /usr/local/lib/site_perl) at inc/lib/TestML/Run.pm line 14.
BEGIN failed--compilation aborted at inc/lib/TestML/Run.pm line 14.
Compilation failed in require at /usr/share/perl/5.20/base.pm line 100.
	...propagated at /usr/share/perl/5.20/base.pm line 110.
BEGIN failed--compilation aborted at inc/lib/TestML/Run/TAP.pm line 4.
Compilation failed in require at inc/bin/testml-cpan line 5.
BEGIN failed--compilation aborted at inc/bin/testml-cpan line 5.
t/100-operator-tests.t .......... 
Dubious, test returned 2 (wstat 512, 0x200)
No subtests run 
Can't locate boolean.pm in @INC (you may need to install the boolean module) (@INC contains: t inc/lib /home/david/cpantesting/perl-5.12.5/.cpan/build/TestML-0.54_01-lp8VRL/blib/lib /home/david/cpantesting/perl-5.12.5/.cpan/build/TestML-0.54_01-lp8VRL/blib/arch /etc/perl /usr/local/lib/x86_64-linux-gnu/perl/5.20.2 /usr/local/share/perl/5.20.2 /usr/lib/x86_64-linux-gnu/perl5/5.20 /usr/share/perl5 /usr/lib/x86_64-linux-gnu/perl/5.20 /usr/share/perl/5.20 /usr/local/lib/site_perl) at inc/lib/TestML/Run.pm line 14.
BEGIN failed--compilation aborted at inc/lib/TestML/Run.pm line 14.
Compilation failed in require at /usr/share/perl/5.20/base.pm line 100.
	...propagated at /usr/share/perl/5.20/base.pm line 110.
BEGIN failed--compilation aborted at inc/lib/TestML/Run/TAP.pm line 4.
Compilation failed in require at inc/bin/testml-cpan line 5.
BEGIN failed--compilation aborted at inc/bin/testml-cpan line 5.
t/110-stdlib-tests.t ............ 
Dubious, test returned 2 (wstat 512, 0x200)
No subtests run 
Can't locate boolean.pm in @INC (you may need to install the boolean module) (@INC contains: t inc/lib /home/david/cpantesting/perl-5.12.5/.cpan/build/TestML-0.54_01-lp8VRL/blib/lib /home/david/cpantesting/perl-5.12.5/.cpan/build/TestML-0.54_01-lp8VRL/blib/arch /etc/perl /usr/local/lib/x86_64-linux-gnu/perl/5.20.2 /usr/local/share/perl/5.20.2 /usr/lib/x86_64-linux-gnu/perl5/5.20 /usr/share/perl5 /usr/lib/x86_64-linux-gnu/perl/5.20 /usr/share/perl/5.20 /usr/local/lib/site_perl) at inc/lib/TestML/Run.pm line 14.
BEGIN failed--compilation aborted at inc/lib/TestML/Run.pm line 14.
Compilation failed in require at /usr/share/perl/5.20/base.pm line 100.
	...propagated at /usr/share/perl/5.20/base.pm line 110.
BEGIN failed--compilation aborted at inc/lib/TestML/Run/TAP.pm line 4.
Compilation failed in require at inc/bin/testml-cpan line 5.
BEGIN failed--compilation aborted at inc/bin/testml-cpan line 5.
t/120-function-loop.t ........... 
Dubious, test returned 2 (wstat 512, 0x200)
No subtests run 
Can't locate boolean.pm in @INC (you may need to install the boolean module) (@INC contains: t inc/lib /home/david/cpantesting/perl-5.12.5/.cpan/build/TestML-0.54_01-lp8VRL/blib/lib /home/david/cpantesting/perl-5.12.5/.cpan/build/TestML-0.54_01-lp8VRL/blib/arch /etc/perl /usr/local/lib/x86_64-linux-gnu/perl/5.20.2 /usr/local/share/perl/5.20.2 /usr/lib/x86_64-linux-gnu/perl5/5.20 /usr/share/perl5 /usr/lib/x86_64-linux-gnu/perl/5.20 /usr/share/perl/5.20 /usr/local/lib/site_perl) at inc/lib/TestML/Run.pm line 14.
BEGIN failed--compilation aborted at inc/lib/TestML/Run.pm line 14.
Compilation failed in require at /usr/share/perl/5.20/base.pm line 100.
	...propagated at /usr/share/perl/5.20/base.pm line 110.
BEGIN failed--compilation aborted at inc/lib/TestML/Run/TAP.pm line 4.
Compilation failed in require at inc/bin/testml-cpan line 5.
BEGIN failed--compilation aborted at inc/bin/testml-cpan line 5.
t/130-function-assignment.t ..... 
Dubious, test returned 2 (wstat 512, 0x200)
No subtests run 
Can't locate boolean.pm in @INC (you may need to install the boolean module) (@INC contains: t inc/lib /home/david/cpantesting/perl-5.12.5/.cpan/build/TestML-0.54_01-lp8VRL/blib/lib /home/david/cpantesting/perl-5.12.5/.cpan/build/TestML-0.54_01-lp8VRL/blib/arch /etc/perl /usr/local/lib/x86_64-linux-gnu/perl/5.20.2 /usr/local/share/perl/5.20.2 /usr/lib/x86_64-linux-gnu/perl5/5.20 /usr/share/perl5 /usr/lib/x86_64-linux-gnu/perl/5.20 /usr/share/perl/5.20 /usr/local/lib/site_perl) at inc/lib/TestML/Run.pm line 14.
BEGIN failed--compilation aborted at inc/lib/TestML/Run.pm line 14.
Compilation failed in require at /usr/share/perl/5.20/base.pm line 100.
	...propagated at /usr/share/perl/5.20/base.pm line 110.
BEGIN failed--compilation aborted at inc/lib/TestML/Run/TAP.pm line 4.
Compilation failed in require at inc/bin/testml-cpan line 5.
BEGIN failed--compilation aborted at inc/bin/testml-cpan line 5.
t/140-pick-func-call.t .......... 
Dubious, test returned 2 (wstat 512, 0x200)
No subtests run 
Can't locate boolean.pm in @INC (you may need to install the boolean module) (@INC contains: t inc/lib /home/david/cpantesting/perl-5.12.5/.cpan/build/TestML-0.54_01-lp8VRL/blib/lib /home/david/cpantesting/perl-5.12.5/.cpan/build/TestML-0.54_01-lp8VRL/blib/arch /etc/perl /usr/local/lib/x86_64-linux-gnu/perl/5.20.2 /usr/local/share/perl/5.20.2 /usr/lib/x86_64-linux-gnu/perl5/5.20 /usr/share/perl5 /usr/lib/x86_64-linux-gnu/perl/5.20 /usr/share/perl/5.20 /usr/local/lib/site_perl) at inc/lib/TestML/Run.pm line 14.
BEGIN failed--compilation aborted at inc/lib/TestML/Run.pm line 14.
Compilation failed in require at /usr/share/perl/5.20/base.pm line 100.
	...propagated at /usr/share/perl/5.20/base.pm line 110.
BEGIN failed--compilation aborted at inc/lib/TestML/Run/TAP.pm line 4.
Compilation failed in require at inc/bin/testml-cpan line 5.
BEGIN failed--compilation aborted at inc/bin/testml-cpan line 5.
t/150-call-func-with-args.t ..... 
Dubious, test returned 2 (wstat 512, 0x200)
No subtests run 
Can't locate boolean.pm in @INC (you may need to install the boolean module) (@INC contains: t inc/lib /home/david/cpantesting/perl-5.12.5/.cpan/build/TestML-0.54_01-lp8VRL/blib/lib /home/david/cpantesting/perl-5.12.5/.cpan/build/TestML-0.54_01-lp8VRL/blib/arch /etc/perl /usr/local/lib/x86_64-linux-gnu/perl/5.20.2 /usr/local/share/perl/5.20.2 /usr/lib/x86_64-linux-gnu/perl5/5.20 /usr/share/perl5 /usr/lib/x86_64-linux-gnu/perl/5.20 /usr/share/perl/5.20 /usr/local/lib/site_perl) at inc/lib/TestML/Run.pm line 14.
BEGIN failed--compilation aborted at inc/lib/TestML/Run.pm line 14.
Compilation failed in require at /usr/share/perl/5.20/base.pm line 100.
	...propagated at /usr/share/perl/5.20/base.pm line 110.
BEGIN failed--compilation aborted at inc/lib/TestML/Run/TAP.pm line 4.
Compilation failed in require at inc/bin/testml-cpan line 5.
BEGIN failed--compilation aborted at inc/bin/testml-cpan line 5.
t/160-plan.t .................... 
Dubious, test returned 2 (wstat 512, 0x200)
No subtests run 
Can't locate boolean.pm in @INC (you may need to install the boolean module) (@INC contains: t inc/lib /home/david/cpantesting/perl-5.12.5/.cpan/build/TestML-0.54_01-lp8VRL/blib/lib /home/david/cpantesting/perl-5.12.5/.cpan/build/TestML-0.54_01-lp8VRL/blib/arch /etc/perl /usr/local/lib/x86_64-linux-gnu/perl/5.20.2 /usr/local/share/perl/5.20.2 /usr/lib/x86_64-linux-gnu/perl5/5.20 /usr/share/perl5 /usr/lib/x86_64-linux-gnu/perl/5.20 /usr/share/perl/5.20 /usr/local/lib/site_perl) at inc/lib/TestML/Run.pm line 14.
BEGIN failed--compilation aborted at inc/lib/TestML/Run.pm line 14.
Compilation failed in require at /usr/share/perl/5.20/base.pm line 100.
	...propagated at /usr/share/perl/5.20/base.pm line 110.
BEGIN failed--compilation aborted at inc/lib/TestML/Run/TAP.pm line 4.
Compilation failed in require at inc/bin/testml-cpan line 5.
BEGIN failed--compilation aborted at inc/bin/testml-cpan line 5.
t/170-block-access.t ............ 
Dubious, test returned 2 (wstat 512, 0x200)
No subtests run 
Can't locate boolean.pm in @INC (you may need to install the boolean module) (@INC contains: t inc/lib /home/david/cpantesting/perl-5.12.5/.cpan/build/TestML-0.54_01-lp8VRL/blib/lib /home/david/cpantesting/perl-5.12.5/.cpan/build/TestML-0.54_01-lp8VRL/blib/arch /etc/perl /usr/local/lib/x86_64-linux-gnu/perl/5.20.2 /usr/local/share/perl/5.20.2 /usr/lib/x86_64-linux-gnu/perl5/5.20 /usr/share/perl5 /usr/lib/x86_64-linux-gnu/perl/5.20 /usr/share/perl/5.20 /usr/local/lib/site_perl) at inc/lib/TestML/Run.pm line 14.
BEGIN failed--compilation aborted at inc/lib/TestML/Run.pm line 14.
Compilation failed in require at /usr/share/perl/5.20/base.pm line 100.
	...propagated at /usr/share/perl/5.20/base.pm line 110.
BEGIN failed--compilation aborted at inc/lib/TestML/Run/TAP.pm line 4.
Compilation failed in require at inc/bin/testml-cpan line 5.
BEGIN failed--compilation aborted at inc/bin/testml-cpan line 5.
t/180-interpolation.t ........... 
Dubious, test returned 2 (wstat 512, 0x200)
No subtests run 
t/author-pod-syntax.t ........... skipped: these tests are for testing by the author

Test Summary Report
-------------------
t/010-math.t                  (Wstat: 512 Tests: 0 Failed: 0)
  Non-zero exit status: 2
  Parse errors: No plan found in TAP output
t/020-pick-exclude.t          (Wstat: 512 Tests: 0 Failed: 0)
  Non-zero exit status: 2
  Parse errors: No plan found in TAP output
t/030-assertion-label.t       (Wstat: 512 Tests: 0 Failed: 0)
  Non-zero exit status: 2
  Parse errors: No plan found in TAP output
t/040-multiline-point.t       (Wstat: 512 Tests: 0 Failed: 0)
  Non-zero exit status: 2
  Parse errors: No plan found in TAP output
t/050-object-type.t           (Wstat: 512 Tests: 0 Failed: 0)
  Non-zero exit status: 2
  Parse errors: No plan found in TAP output
t/060-standard-lib.t          (Wstat: 512 Tests: 0 Failed: 0)
  Non-zero exit status: 2
  Parse errors: No plan found in TAP output
t/070-polymorphic-assertions.t (Wstat: 512 Tests: 0 Failed: 0)
  Non-zero exit status: 2
  Parse errors: No plan found in TAP output
t/080-hash-lookup.t           (Wstat: 512 Tests: 0 Failed: 0)
  Non-zero exit status: 2
  Parse errors: No plan found in TAP output
t/090-catch-error.t           (Wstat: 512 Tests: 0 Failed: 0)
  Non-zero exit status: 2
  Parse errors: No plan found in TAP output
t/100-operator-tests.t        (Wstat: 512 Tests: 0 Failed: 0)
  Non-zero exit status: 2
  Parse errors: No plan found in TAP output
t/110-stdlib-tests.t          (Wstat: 512 Tests: 0 Failed: 0)
  Non-zero exit status: 2
  Parse errors: No plan found in TAP output
t/120-function-loop.t         (Wstat: 512 Tests: 0 Failed: 0)
  Non-zero exit status: 2
  Parse errors: No plan found in TAP output
t/130-function-assignment.t   (Wstat: 512 Tests: 0 Failed: 0)
  Non-zero exit status: 2
  Parse errors: No plan found in TAP output
t/140-pick-func-call.t        (Wstat: 512 Tests: 0 Failed: 0)
  Non-zero exit status: 2
  Parse errors: No plan found in TAP output
t/150-call-func-with-args.t   (Wstat: 512 Tests: 0 Failed: 0)
  Non-zero exit status: 2
  Parse errors: No plan found in TAP output
t/160-plan.t                  (Wstat: 512 Tests: 0 Failed: 0)
  Non-zero exit status: 2
  Parse errors: No plan found in TAP output
t/170-block-access.t          (Wstat: 512 Tests: 0 Failed: 0)
  Non-zero exit status: 2
  Parse errors: No plan found in TAP output
t/180-interpolation.t         (Wstat: 512 Tests: 0 Failed: 0)
  Non-zero exit status: 2
  Parse errors: No plan found in TAP output
Files=19, Tests=0,  2 wallclock secs ( 0.03 usr  0.06 sys +  0.29 cusr  0.07 csys =  0.45 CPU)
Result: FAIL
Failed 18/19 test programs. 0/0 subtests failed.
Makefile:849: recipe for target 'test_dynamic' failed
make: *** [test_dynamic] Error 255

------------------------------
PREREQUISITES
------------------------------

Prerequisite modules loaded:

requires:

    Module              Need     Have    
    ------------------- -------- --------
    perl                5.010001 5.012005

build_requires:

    Module              Need     Have    
    ------------------- -------- --------
    ExtUtils::MakeMaker 0        7.34    

configure_requires:

    Module              Need     Have    
    ------------------- -------- --------
    ExtUtils::MakeMaker 0        7.34    


------------------------------
ENVIRONMENT AND OTHER CONTEXT
------------------------------

Environment variables:

    AUTOMATED_TESTING = 1
    NONINTERACTIVE_TESTING = 1
    PATH = /usr/local/bin:/usr/bin:/bin:/usr/local/games:/usr/games
    PERL = 5.12.5
    PERL5LIB = 
    PERL5OPT = 
    PERL5_CPANPLUS_IS_RUNNING = 6365
    PERL5_CPAN_IS_RUNNING = 6365
    PERLVER = 5.12.5
    PERL_INLINE_DIRECTORY = /home/david/.Inline-5.12.5
    PERL_MM_USE_DEFAULT = 1
    PERL_USE_UNSAFE_INC = 0
    SHELL = /bin/bash
    TERM = screen

Perl special variables (and OS-specific diagnostics, for MSWin32):

    $^X = /home/david/cpantesting/perl-5.12.5/bin/perl
    $UID/$EUID = 1000 / 1000
    $GID = 1000 1000
    $EGID = 1000 1000

Perl module toolchain versions installed:

    Module              Have    
    ------------------- --------
    CPAN                1.94_56 
    CPAN::Meta          2.150010
    Cwd                 3.31    
    ExtUtils::CBuilder  0.27    
    ExtUtils::Command   7.34    
    ExtUtils::Install   2.06    
    ExtUtils::MakeMaker 7.34    
    ExtUtils::Manifest  1.70    
    ExtUtils::ParseXS   3.35    
    File::Spec          3.31_01 
    JSON                2.90    
    JSON::PP            2.27400 
    Module::Build       0.4224  
    Module::Signature   n/a     
    Parse::CPAN::Meta   2.150010
    Test::Harness       3.42    
    Test::More          1.302136
    YAML                1.18    
    YAML::Syck          1.30    
    version             0.9917  


--

Summary of my perl5 (revision 5 version 12 subversion 5) configuration:
   
  Platform:
    osname=linux, osvers=3.16.0-4-amd64, archname=x86_64-linux-thread-multi
    uname='linux pigsty.barnyard.co.uk 3.16.0-4-amd64 #1 smp debian 3.16.36-1+deb8u1 (2016-09-03) x86_64 gnulinux '
    config_args='-de -Duse64bitall -Dusethreads -Dprefix=/home/david/cpantesting/perl-5.12.5'
    hint=recommended, useposix=true, d_sigaction=define
    useithreads=define, usemultiplicity=define
    useperlio=define, d_sfio=undef, uselargefiles=define, usesocks=undef
    use64bitint=define, use64bitall=define, uselongdouble=undef
    usemymalloc=n, bincompat5005=undef
  Compiler:
    cc='cc', ccflags ='-D_REENTRANT -D_GNU_SOURCE -fno-strict-aliasing -pipe -fstack-protector -I/usr/local/include -D_LARGEFILE_SOURCE -D_FILE_OFFSET_BITS=64',
    optimize='-O2',
    cppflags='-D_REENTRANT -D_GNU_SOURCE -fno-strict-aliasing -pipe -fstack-protector -I/usr/local/include'
    ccversion='', gccversion='4.9.2', gccosandvers=''
    intsize=4, longsize=8, ptrsize=8, doublesize=8, byteorder=12345678
    d_longlong=define, longlongsize=8, d_longdbl=define, longdblsize=16
    ivtype='long', ivsize=8, nvtype='double', nvsize=8, Off_t='off_t', lseeksize=8
    alignbytes=8, prototype=define
  Linker and Libraries:
    ld='cc', ldflags =' -fstack-protector -L/usr/local/lib'
    libpth=/usr/local/lib /lib/x86_64-linux-gnu /lib/../lib /usr/lib/x86_64-linux-gnu /usr/lib/../lib /lib /usr/lib
    libs=-lnsl -ldb -ldl -lm -lcrypt -lutil -lpthread -lc
    perllibs=-lnsl -ldl -lm -lcrypt -lutil -lpthread -lc
    libc=libc-2.19.so, so=so, useshrplib=false, libperl=libperl.a
    gnulibc_version='2.19'
  Dynamic Linking:
    dlsrc=dl_dlopen.xs, dlext=so, d_dlsymun=undef, ccdlflags='-Wl,-E'
    cccdlflags='-fPIC', lddlflags='-shared -O2 -L/usr/local/lib -fstack-protector'


Characteristics of this binary (from libperl): 
  Compile-time options: MULTIPLICITY PERL_DONT_CREATE_GVSV
                        PERL_IMPLICIT_CONTEXT PERL_MALLOC_WRAP USE_64_BIT_ALL
                        USE_64_BIT_INT USE_ITHREADS USE_LARGE_FILES
                        USE_PERLIO USE_PERL_ATOF USE_REENTRANT_API
  Locally applied patches:
	Devel::PatchPerl 1.44
  Built under linux
  Compiled at Oct 12 2016 15:07:50
  %ENV:
    PERL="5.12.5"
    PERL5LIB=""
    PERL5OPT=""
    PERL5_CPANPLUS_IS_RUNNING="6365"
    PERL5_CPAN_IS_RUNNING="6365"
    PERLVER="5.12.5"
    PERL_INLINE_DIRECTORY="/home/david/.Inline-5.12.5"
    PERL_MM_USE_DEFAULT="1"
    PERL_USE_UNSAFE_INC="0"
  @INC:
    /home/david/cpantesting/perl-5.12.5/lib/site_perl/5.12.5/x86_64-linux-thread-multi
    /home/david/cpantesting/perl-5.12.5/lib/site_perl/5.12.5
    /home/david/cpantesting/perl-5.12.5/lib/5.12.5/x86_64-linux-thread-multi
    /home/david/cpantesting/perl-5.12.5/lib/5.12.5
    .