Report for MSWord-ToHTML-0.010

Back
From: metabase:user:320bfe00-2aae-11df-837a-5e0a49663a4f
Subject: FAIL MSWord-ToHTML-0.010 v5.25.8 GNU/Linux
Date: 2017-06-13T11:20:08Z

This distribution has been tested as part of the CPAN Testers
project, supporting the Perl programming language.  See
http://wiki.cpantesters.org/ for more information or email
questions to cpan-testers-discuss@perl.org


--
Dear Amiri Barksdale,

This is a computer-generated report for MSWord-ToHTML-0.010
on perl 5.25.8, created by CPAN-Reporter-1.2018.

Thank you for uploading your work to CPAN.  However, there was a problem
testing your distribution.

If you think this report is invalid, please consult the CPAN Testers Wiki
for suggestions on how to avoid getting FAIL reports for missing library
or binary dependencies, unsupported operating systems, and so on:

http://wiki.cpantesters.org/wiki/CPANAuthorNotes

Sections of this report:

    * Tester comments
    * Program output
    * Prerequisites
    * Environment and other context

------------------------------
TESTER COMMENTS
------------------------------

Additional comments from tester:

this report is from an automated smoke testing program
and was not reviewed by a human for accuracy

------------------------------
PROGRAM OUTPUT
------------------------------

Output from '/usr/bin/make test':

PERL_DL_NONLAZY=1 "/home/sand/src/perl/repoperls/installed-perls/host/k93msid/v5.25.8/89ad/bin/perl" "-MExtUtils::Command::MM" "-MTest::Harness" "-e" "undef *Test::Harness::Switches; test_harness(0, 'blib/lib', 'blib/arch')" t/*.t
Can't exec "libreoffice": No such file or directory at lib/MSWord/ToHTML/Roles/HasHTML.pm line 101.
mv: cannot stat '/tmp/loop_over_bdir-12389-HrWdJJ/MSWord-ToHTML-0.010-0/california.html': No such file or directory
Can't open file '/tmp/51555450f342a9f0bc39244f84bd047371512055.html' for input:
No such file or directory at lib/MSWord/ToHTML/Roles/HasHTML.pm line 126.
# Looks like your test exited with 2 just after 7.
t/constraints.t ........ 
Dubious, test returned 2 (wstat 512, 0x200)
Failed 106/113 subtests 

#   Failed test 'I can get html'
#   at t/convert.t line 20.
# died: Can't exec "libreoffice": No such file or directory at lib/MSWord/ToHTML/Roles/HasHTML.pm line 101.

#   Failed test 'undef isa 'MSWord::ToHTML::HTML''
#   at t/convert.t line 21.
#     undef isn't defined

#   Failed test '->can(...)'
#   at t/convert.t line 22.
#     can_ok() called with empty class or reference
Can't call method "images" on an undefined value at t/convert.t line 23.
mv: cannot stat '/tmp/loop_over_bdir-12389-HrWdJJ/MSWord-ToHTML-0.010-0/california.html': No such file or directory

#   Failed test 'I can get html'
#   at t/convert.t line 20.
# died: Can't open file '/tmp/51555450f342a9f0bc39244f84bd047371512055.html' for input:
# No such file or directory at lib/MSWord/ToHTML/Roles/HasHTML.pm line 126.

#   Failed test 'undef isa 'MSWord::ToHTML::HTML''
#   at t/convert.t line 21.
#     undef isn't defined

#   Failed test '->can(...)'
#   at t/convert.t line 22.
#     can_ok() called with empty class or reference
Can't call method "images" on an undefined value at t/convert.t line 23.
# Looks like your test exited with 9 just after 4.
t/convert.t ............ 
Dubious, test returned 9 (wstat 2304, 0x900)
Failed 59/60 subtests 

#   Failed test 'libreoffice in PATH'
#   at t/requires_external.t line 8.

#   Failed test 'tidy in PATH'
#   at t/requires_external.t line 8.
# Looks like you failed 2 tests of 2.
t/requires_external.t .. 
Dubious, test returned 2 (wstat 512, 0x200)
Failed 2/2 subtests 
t/sanity.t ............. ok

Test Summary Report
-------------------
t/constraints.t      (Wstat: 512 Tests: 7 Failed: 0)
  Non-zero exit status: 2
  Parse errors: Bad plan.  You planned 113 tests but ran 7.
t/convert.t          (Wstat: 2304 Tests: 7 Failed: 6)
  Failed tests:  2, 2-3, 3-4, 4
  Non-zero exit status: 9
  Parse errors: Tests out of sequence.  Found (2) but expected (5)
                Tests out of sequence.  Found (3) but expected (6)
                Tests out of sequence.  Found (4) but expected (7)
                Bad plan.  You planned 60 tests but ran 7.
t/requires_external.t (Wstat: 512 Tests: 2 Failed: 2)
  Failed tests:  1-2
  Non-zero exit status: 2
Files=4, Tests=22,  8 wallclock secs ( 0.02 usr  0.03 sys +  2.87 cusr  0.46 csys =  3.38 CPU)
Result: FAIL
Failed 3/4 test programs. 8/22 subtests failed.
Makefile:920: recipe for target 'test_dynamic' failed
make: *** [test_dynamic] Error 255

------------------------------
PREREQUISITES
------------------------------

Prerequisite modules loaded:

requires:

    Module                       Need Have    
    ---------------------------- ---- --------
    Archive::Zip                 0    1.59    
    Archive::Zip::MemberRead     0    1.59    
    autodie                      0    2.29    
    Carp                         0    1.42    
    CSS                          0    1.09    
    Cwd                          0    3.62    
    Digest::SHA1                 0    2.13    
    Encode                       0    2.88    
    Encode::Guess                0    2.06    
    feature                      0    1.45    
    File::Spec                   0    3.62    
    HTML::Entities               0    3.69    
    HTML::HTML5::Writer          0    0.201   
    HTML::TreeBuilder            0    5.910   
    IO::All                      0    0.86    
    List::MoreUtils              0    0.419   
    Moose                        0    2.2004  
    Moose::Role                  0    2.2004  
    Moose::Util::TypeConstraints 0    2.2004  
    MooseX::Method::Signatures   0    0.49    
    MooseX::Types                0    0.50    
    MooseX::Types::IO::All       0    0.04    
    MooseX::Types::Moose         0    0.50    
    MooseX::Types::Path::Class   0    0.09    
    namespace::autoclean         0    0.28    
    Path::Class::File            0    0.37    
    strictures                   1    2.000003
    Text::Extract::Word          0    0.02    
    Try::Tiny                    0    0.28    
    XML::LibXML                  0    2.0129  
    XML::LibXSLT                 0    1.95    

build_requires:

    Module                       Need Have    
    ---------------------------- ---- --------
    Env::Path                    0    0.19    
    lib                          0    0.63    
    Module::Find                 0    0.13    
    Test::Moose                  0    2.2004  
    Test::Most                   0    0.35    

configure_requires:

    Module                       Need Have    
    ---------------------------- ---- --------
    ExtUtils::MakeMaker          6.30 7.28    


------------------------------
ENVIRONMENT AND OTHER CONTEXT
------------------------------

Environment variables:

    AUTOMATED_TESTING = 1
    LANG = en_US.UTF-8
    PATH = /home/sand/bin:/usr/local/bin:/usr/bin:/bin:/usr/games:/usr/local/perl/bin:/usr/X11/bin:/sbin:/usr/sbin
    PERL5LIB = 
    PERL5OPT = 
    PERL5_CPANPLUS_IS_RUNNING = 12393
    PERL5_CPAN_IS_RUNNING = 12393
    PERL_CANARY_STABILITY_NOPROMPT = 1
    PERL_MM_USE_DEFAULT = 1
    PERL_USE_UNSAFE_INC = 1
    SHELL = /usr/bin/zsh
    TERM = screen

Perl special variables (and OS-specific diagnostics, for MSWin32):

    $^X = /home/sand/src/perl/repoperls/installed-perls/host/k93msid/v5.25.8/89ad/bin/perl
    $UID/$EUID = 1005 / 1005
    $GID = 1005 1005
    $EGID = 1005 1005

Perl module toolchain versions installed:

    Module              Have    
    ------------------- --------
    CPAN                2.18    
    CPAN::Meta          2.150010
    Cwd                 3.62    
    ExtUtils::CBuilder  0.280224
    ExtUtils::Command   7.28    
    ExtUtils::Install   2.12    
    ExtUtils::MakeMaker 7.28    
    ExtUtils::Manifest  1.70    
    ExtUtils::ParseXS   3.33    
    File::Spec          3.62    
    JSON                2.94    
    JSON::PP            2.93    
    Module::Build       0.4224  
    Module::Signature   0.81    
    Parse::CPAN::Meta   2.150010
    Test::Harness       3.39    
    Test::More          1.302085
    YAML                1.23    
    YAML::Syck          1.30    
    version             0.9918  


--

Summary of my perl5 (revision 5 version 25 subversion 8) configuration:
  Commit id: ee155a491947e3524243994320d7e60f9332bcaf
  Platform:
    osname=linux
    osvers=4.9.0-2-amd64
    archname=x86_64-linux
    uname='linux k93msid 4.9.0-2-amd64 #1 smp debian 4.9.18-1 (2017-03-30) x86_64 gnulinux '
    config_args='-Dprefix=/home/sand/src/perl/repoperls/installed-perls/host/k93msid/v5.25.8/89ad -Dmyhostname=k93msid -Dinstallusrbinperl=n -Uversiononly -Dusedevel -des -Ui_db -Dlibswanted=cl pthread socket inet nsl gdbm dbm malloc dl ld sun m crypt sec util c cposix posix ucb BSD gdbm_compat -Uuseithreads -Uuselongdouble -DDEBUGGING=-g'
    hint=recommended
    useposix=true
    d_sigaction=define
    useithreads=undef
    usemultiplicity=undef
    use64bitint=define
    use64bitall=define
    uselongdouble=undef
    usemymalloc=n
    bincompat5005=undef
  Compiler:
    cc='cc'
    ccflags ='-fwrapv -fno-strict-aliasing -pipe -fstack-protector-strong -I/usr/local/include -D_LARGEFILE_SOURCE -D_FILE_OFFSET_BITS=64'
    optimize='-O2 -g'
    cppflags='-fwrapv -fno-strict-aliasing -pipe -fstack-protector-strong -I/usr/local/include'
    ccversion=''
    gccversion='6.3.0 20170406'
    gccosandvers=''
    intsize=4
    longsize=8
    ptrsize=8
    doublesize=8
    byteorder=12345678
    doublekind=3
    d_longlong=define
    longlongsize=8
    d_longdbl=define
    longdblsize=16
    longdblkind=3
    ivtype='long'
    ivsize=8
    nvtype='double'
    nvsize=8
    Off_t='off_t'
    lseeksize=8
    alignbytes=8
    prototype=define
  Linker and Libraries:
    ld='cc'
    ldflags =' -fstack-protector-strong -L/usr/local/lib'
    libpth=/usr/local/lib /usr/lib/gcc/x86_64-linux-gnu/6/include-fixed /usr/include/x86_64-linux-gnu /usr/lib /lib/x86_64-linux-gnu /lib/../lib /usr/lib/x86_64-linux-gnu /usr/lib/../lib /lib
    libs=-lpthread -lnsl -ldl -lm -lcrypt -lutil -lc
    perllibs=-lpthread -lnsl -ldl -lm -lcrypt -lutil -lc
    libc=libc-2.24.so
    so=so
    useshrplib=false
    libperl=libperl.a
    gnulibc_version='2.24'
  Dynamic Linking:
    dlsrc=dl_dlopen.xs
    dlext=so
    d_dlsymun=undef
    ccdlflags='-Wl,-E'
    cccdlflags='-fPIC'
    lddlflags='-shared -O2 -g -L/usr/local/lib -fstack-protector-strong'


Characteristics of this binary (from libperl): 
  Compile-time options:
    HAS_TIMES
    PERLIO_LAYERS
    PERL_COPY_ON_WRITE
    PERL_DONT_CREATE_GVSV
    PERL_MALLOC_WRAP
    PERL_OP_PARENT
    PERL_PRESERVE_IVUV
    PERL_USE_DEVEL
    USE_64_BIT_ALL
    USE_64_BIT_INT
    USE_LARGE_FILES
    USE_LOCALE
    USE_LOCALE_COLLATE
    USE_LOCALE_CTYPE
    USE_LOCALE_NUMERIC
    USE_LOCALE_TIME
    USE_PERLIO
    USE_PERL_ATOF
  Built under linux
  Compiled at Apr 16 2017 16:31:59
  %ENV:
    PERL5LIB=""
    PERL5OPT=""
    PERL5_CPANPLUS_IS_RUNNING="12393"
    PERL5_CPAN_IS_RUNNING="12393"
    PERL_CANARY_STABILITY_NOPROMPT="1"
    PERL_MM_USE_DEFAULT="1"
    PERL_USE_UNSAFE_INC="1"
  @INC:
    /home/sand/src/perl/repoperls/installed-perls/host/k93msid/v5.25.8/89ad/lib/site_perl/5.25.8/x86_64-linux
    /home/sand/src/perl/repoperls/installed-perls/host/k93msid/v5.25.8/89ad/lib/site_perl/5.25.8
    /home/sand/src/perl/repoperls/installed-perls/host/k93msid/v5.25.8/89ad/lib/5.25.8/x86_64-linux
    /home/sand/src/perl/repoperls/installed-perls/host/k93msid/v5.25.8/89ad/lib/5.25.8
    .