Report for Geo-OSM-MapFeatures-0.10

Back
From: metabase:user:320bfe00-2aae-11df-837a-5e0a49663a4f
Subject: FAIL Geo-OSM-MapFeatures-0.10 v5.22.3 GNU/Linux
Date: 2017-04-16T01:08:53Z

This distribution has been tested as part of the CPAN Testers
project, supporting the Perl programming language.  See
http://wiki.cpantesters.org/ for more information or email
questions to cpan-testers-discuss@perl.org


--
Dear Knut Arne Bjorndal,

This is a computer-generated report for Geo-OSM-MapFeatures-0.10
on perl 5.22.3, created by CPAN-Reporter-1.2018.

Thank you for uploading your work to CPAN.  However, there was a problem
testing your distribution.

If you think this report is invalid, please consult the CPAN Testers Wiki
for suggestions on how to avoid getting FAIL reports for missing library
or binary dependencies, unsupported operating systems, and so on:

http://wiki.cpantesters.org/wiki/CPANAuthorNotes

Sections of this report:

    * Tester comments
    * Program output
    * Prerequisites
    * Environment and other context

------------------------------
TESTER COMMENTS
------------------------------

Additional comments from tester:

this report is from an automated smoke testing program
and was not reviewed by a human for accuracy

------------------------------
PROGRAM OUTPUT
------------------------------

Output from '/usr/bin/make test':

PERL_DL_NONLAZY=1 "/home/sand/src/perl/repoperls/installed-perls/host/k93msid/v5.22.3/d2d1/bin/perl" "-MExtUtils::Command::MM" "-MTest::Harness" "-e" "undef *Test::Harness::Switches; test_harness(0, 'blib/lib', 'blib/arch')" t/*.t

#   Failed test 'use Geo::OSM::MapFeatures;'
#   at t/00-load.t line 6.
#     Tried to use 'Geo::OSM::MapFeatures'.
#     Error:  problem loading HTML::ElementTable : Can't locate HTML/ElementTable.pm in @INC (you may need to install the HTML::ElementTable module) (@INC contains: /tmp/loop_over_bdir-3944-qnhkzY/Geo-OSM-MapFeatures-0.10-0/blib/lib /tmp/loop_over_bdir-3944-qnhkzY/Geo-OSM-MapFeatures-0.10-0/blib/arch /home/sand/src/perl/repoperls/installed-perls/host/k93msid/v5.22.3/d2d1/lib/site_perl/5.22.3/x86_64-linux /home/sand/src/perl/repoperls/installed-perls/host/k93msid/v5.22.3/d2d1/lib/site_perl/5.22.3 /home/sand/src/perl/repoperls/installed-perls/host/k93msid/v5.22.3/d2d1/lib/5.22.3/x86_64-linux /home/sand/src/perl/repoperls/installed-perls/host/k93msid/v5.22.3/d2d1/lib/5.22.3) at (eval 8) line 1.
# BEGIN failed--compilation aborted at (eval 8) line 1.
# 
#  at /tmp/loop_over_bdir-3944-qnhkzY/Geo-OSM-MapFeatures-0.10-0/blib/lib/Geo/OSM/MapFeatures.pm line 10.
# BEGIN failed--compilation aborted at /tmp/loop_over_bdir-3944-qnhkzY/Geo-OSM-MapFeatures-0.10-0/blib/lib/Geo/OSM/MapFeatures.pm line 10.
# Compilation failed in require at t/00-load.t line 6.
# BEGIN failed--compilation aborted at t/00-load.t line 6.
# Testing Geo::OSM::MapFeatures , Perl 5.022003, /home/sand/src/perl/repoperls/installed-perls/host/k93msid/v5.22.3/d2d1/bin/perl
# Looks like you failed 1 test of 12.
t/00-load.t ....... 
Dubious, test returned 1 (wstat 256, 0x100)
Failed 1/12 subtests 

#   Failed test 'Pod coverage on Geo::OSM::MapFeatures'
#   at t/pod-coverage.t line 38.
# Geo::OSM::MapFeatures: requiring 'Geo::OSM::MapFeatures' failed
# Looks like you failed 1 test of 12.
t/pod-coverage.t .. 
Dubious, test returned 1 (wstat 256, 0x100)
Failed 1/12 subtests 

#   Failed test 'POD test for blib/lib/Geo/OSM/MapFeatures.pm'
#   at /home/sand/src/perl/repoperls/installed-perls/host/k93msid/v5.22.3/d2d1/lib/site_perl/5.22.3/Test/Pod.pm line 187.
# blib/lib/Geo/OSM/MapFeatures.pm (455): Non-ASCII character seen before =encoding in 'Bjørndal,'. Assuming UTF-8

#   Failed test 'POD test for blib/lib/Geo/OSM/MapFeatures/Feature.pm'
#   at /home/sand/src/perl/repoperls/installed-perls/host/k93msid/v5.22.3/d2d1/lib/site_perl/5.22.3/Test/Pod.pm line 187.
# blib/lib/Geo/OSM/MapFeatures/Feature.pm (105): Non-ASCII character seen before =encoding in 'Bjørndal,'. Assuming UTF-8

#   Failed test 'POD test for blib/lib/Geo/OSM/MapFeatures/Feature/Value.pm'
#   at /home/sand/src/perl/repoperls/installed-perls/host/k93msid/v5.22.3/d2d1/lib/site_perl/5.22.3/Test/Pod.pm line 187.
# blib/lib/Geo/OSM/MapFeatures/Feature/Value.pm (154): Non-ASCII character seen before =encoding in 'Bjørndal,'. Assuming UTF-8

#   Failed test 'POD test for blib/lib/Geo/OSM/MapFeatures/Feature/Key.pm'
#   at /home/sand/src/perl/repoperls/installed-perls/host/k93msid/v5.22.3/d2d1/lib/site_perl/5.22.3/Test/Pod.pm line 187.
# blib/lib/Geo/OSM/MapFeatures/Feature/Key.pm (52): Non-ASCII character seen before =encoding in 'Bjørndal,'. Assuming UTF-8

#   Failed test 'POD test for blib/lib/Geo/OSM/MapFeatures/Feature/Type.pm'
#   at /home/sand/src/perl/repoperls/installed-perls/host/k93msid/v5.22.3/d2d1/lib/site_perl/5.22.3/Test/Pod.pm line 187.
# blib/lib/Geo/OSM/MapFeatures/Feature/Type.pm (54): Non-ASCII character seen before =encoding in 'Bjørndal,'. Assuming UTF-8

#   Failed test 'POD test for blib/lib/Geo/OSM/MapFeatures/Feature/Value/NumWithUnit.pm'
#   at /home/sand/src/perl/repoperls/installed-perls/host/k93msid/v5.22.3/d2d1/lib/site_perl/5.22.3/Test/Pod.pm line 187.
# blib/lib/Geo/OSM/MapFeatures/Feature/Value/NumWithUnit.pm (58): Non-ASCII character seen before =encoding in 'Bjørndal,'. Assuming UTF-8

#   Failed test 'POD test for blib/lib/Geo/OSM/MapFeatures/Feature/Value/Date.pm'
#   at /home/sand/src/perl/repoperls/installed-perls/host/k93msid/v5.22.3/d2d1/lib/site_perl/5.22.3/Test/Pod.pm line 187.
# blib/lib/Geo/OSM/MapFeatures/Feature/Value/Date.pm (38): Non-ASCII character seen before =encoding in 'Bjørndal,'. Assuming UTF-8

#   Failed test 'POD test for blib/lib/Geo/OSM/MapFeatures/Feature/Value/List.pm'
#   at /home/sand/src/perl/repoperls/installed-perls/host/k93msid/v5.22.3/d2d1/lib/site_perl/5.22.3/Test/Pod.pm line 187.
# blib/lib/Geo/OSM/MapFeatures/Feature/Value/List.pm (56): Non-ASCII character seen before =encoding in 'Bjørndal,'. Assuming UTF-8

#   Failed test 'POD test for blib/lib/Geo/OSM/MapFeatures/Feature/Value/Userdef.pm'
#   at /home/sand/src/perl/repoperls/installed-perls/host/k93msid/v5.22.3/d2d1/lib/site_perl/5.22.3/Test/Pod.pm line 187.
# blib/lib/Geo/OSM/MapFeatures/Feature/Value/Userdef.pm (39): Non-ASCII character seen before =encoding in 'Bjørndal,'. Assuming UTF-8

#   Failed test 'POD test for blib/lib/Geo/OSM/MapFeatures/Feature/Value/Range.pm'
#   at /home/sand/src/perl/repoperls/installed-perls/host/k93msid/v5.22.3/d2d1/lib/site_perl/5.22.3/Test/Pod.pm line 187.
# blib/lib/Geo/OSM/MapFeatures/Feature/Value/Range.pm (54): Non-ASCII character seen before =encoding in 'Bjørndal,'. Assuming UTF-8

#   Failed test 'POD test for blib/lib/Geo/OSM/MapFeatures/Feature/Value/Num.pm'
#   at /home/sand/src/perl/repoperls/installed-perls/host/k93msid/v5.22.3/d2d1/lib/site_perl/5.22.3/Test/Pod.pm line 187.
# blib/lib/Geo/OSM/MapFeatures/Feature/Value/Num.pm (37): Non-ASCII character seen before =encoding in 'Bjørndal,'. Assuming UTF-8

#   Failed test 'POD test for blib/lib/Geo/OSM/MapFeatures/Feature/Value/Time.pm'
#   at /home/sand/src/perl/repoperls/installed-perls/host/k93msid/v5.22.3/d2d1/lib/site_perl/5.22.3/Test/Pod.pm line 187.
# blib/lib/Geo/OSM/MapFeatures/Feature/Value/Time.pm (37): Non-ASCII character seen before =encoding in 'Bjørndal,'. Assuming UTF-8
# Looks like you failed 12 tests of 12.
t/pod.t ........... 
Dubious, test returned 12 (wstat 3072, 0xc00)
Failed 12/12 subtests 

Test Summary Report
-------------------
t/00-load.t     (Wstat: 256 Tests: 12 Failed: 1)
  Failed test:  1
  Non-zero exit status: 1
t/pod-coverage.t (Wstat: 256 Tests: 12 Failed: 1)
  Failed test:  1
  Non-zero exit status: 1
t/pod.t         (Wstat: 3072 Tests: 12 Failed: 12)
  Failed tests:  1-12
  Non-zero exit status: 12
Files=3, Tests=36,  1 wallclock secs ( 0.02 usr  0.03 sys +  0.38 cusr  0.08 csys =  0.51 CPU)
Result: FAIL
Failed 3/3 test programs. 14/36 subtests failed.
Makefile:902: recipe for target 'test_dynamic' failed
make: *** [test_dynamic] Error 12

------------------------------
PREREQUISITES
------------------------------

Prerequisite modules loaded:

requires:

    Module              Need Have    
    ------------------- ---- --------
    Class::Accessor     0    0.34    
    Class::Factory      0    1.06    
    Error               0    0.17024 
    HTML::TableExtract  0    2.13    
    LWP::UserAgent      0    6.26    
    Test::More          0    1.302083
    URI::Escape         0    3.31    
    XML::Simple         0    2.22    

build_requires:

    Module              Need Have    
    ------------------- ---- --------
    ExtUtils::MakeMaker 0    7.24    


------------------------------
ENVIRONMENT AND OTHER CONTEXT
------------------------------

Environment variables:

    AUTOMATED_TESTING = 1
    LANG = en_US.UTF-8
    PATH = /home/sand/bin:/usr/local/bin:/usr/bin:/bin:/usr/games:/usr/local/perl/bin:/usr/X11/bin:/sbin:/usr/sbin
    PERL5LIB = 
    PERL5OPT = 
    PERL5_CPANPLUS_IS_RUNNING = 3961
    PERL5_CPAN_IS_RUNNING = 3961
    PERL_CANARY_STABILITY_NOPROMPT = 1
    PERL_MM_USE_DEFAULT = 1
    PERL_USE_UNSAFE_INC = 1
    SHELL = /usr/bin/zsh
    TERM = screen

Perl special variables (and OS-specific diagnostics, for MSWin32):

    $^X = /home/sand/src/perl/repoperls/installed-perls/host/k93msid/v5.22.3/d2d1/bin/perl
    $UID/$EUID = 1005 / 1005
    $GID = 1005 1005
    $EGID = 1005 1005

Perl module toolchain versions installed:

    Module              Have      
    ------------------- ----------
    CPAN                2.18      
    CPAN::Meta          2.150010  
    Cwd                 3.62      
    ExtUtils::CBuilder  0.280224  
    ExtUtils::Command   7.24      
    ExtUtils::Install   2.04      
    ExtUtils::MakeMaker 7.24      
    ExtUtils::Manifest  1.70      
    ExtUtils::ParseXS   3.28      
    File::Spec          3.62      
    JSON                2.90      
    JSON::PP            2.27300_01
    Module::Build       0.4222    
    Module::Signature   0.81      
    Parse::CPAN::Meta   2.150010  
    Test::Harness       3.39      
    Test::More          1.302083  
    YAML                1.23      
    YAML::Syck          1.29      
    version             0.9917    


--

Summary of my perl5 (revision 5 version 22 subversion 3) configuration:
  Derived from: 16b638b0a20de774856b3a21a75a5e373af5262c
  Platform:
    osname=linux, osvers=4.9.0-2-amd64, archname=x86_64-linux
    uname='linux k93msid 4.9.0-2-amd64 #1 smp debian 4.9.18-1 (2017-03-30) x86_64 gnulinux '
    config_args='-Dprefix=/home/sand/src/perl/repoperls/installed-perls/host/k93msid/v5.22.3/d2d1 -Dmyhostname=k93msid -Dinstallusrbinperl=n -Uversiononly -Dusedevel -des -Ui_db -Dlibswanted=cl pthread socket inet nsl gdbm dbm malloc dl ld sun m crypt sec util c cposix posix ucb BSD gdbm_compat -Uuseithreads -Uuselongdouble -DDEBUGGING=both'
    hint=recommended, useposix=true, d_sigaction=define
    useithreads=undef, usemultiplicity=undef
    use64bitint=define, use64bitall=define, uselongdouble=undef
    usemymalloc=n, bincompat5005=undef
  Compiler:
    cc='cc', ccflags ='-fwrapv -DDEBUGGING -fno-strict-aliasing -pipe -fstack-protector-strong -I/usr/local/include -D_LARGEFILE_SOURCE -D_FILE_OFFSET_BITS=64',
    optimize='-O2 -g',
    cppflags='-fwrapv -DDEBUGGING -fno-strict-aliasing -pipe -fstack-protector-strong -I/usr/local/include'
    ccversion='', gccversion='6.3.0 20170406', gccosandvers=''
    intsize=4, longsize=8, ptrsize=8, doublesize=8, byteorder=12345678, doublekind=3
    d_longlong=define, longlongsize=8, d_longdbl=define, longdblsize=16, longdblkind=3
    ivtype='long', ivsize=8, nvtype='double', nvsize=8, Off_t='off_t', lseeksize=8
    alignbytes=8, prototype=define
  Linker and Libraries:
    ld='cc', ldflags =' -fstack-protector-strong -L/usr/local/lib'
    libpth=/usr/local/lib /usr/lib/gcc/x86_64-linux-gnu/6/include-fixed /usr/include/x86_64-linux-gnu /usr/lib /lib/x86_64-linux-gnu /lib/../lib /usr/lib/x86_64-linux-gnu /usr/lib/../lib /lib
    libs=-lpthread -lnsl -ldl -lm -lcrypt -lutil -lc
    perllibs=-lpthread -lnsl -ldl -lm -lcrypt -lutil -lc
    libc=libc-2.24.so, so=so, useshrplib=false, libperl=libperl.a
    gnulibc_version='2.24'
  Dynamic Linking:
    dlsrc=dl_dlopen.xs, dlext=so, d_dlsymun=undef, ccdlflags='-Wl,-E'
    cccdlflags='-fPIC', lddlflags='-shared -O2 -g -L/usr/local/lib -fstack-protector-strong'


Characteristics of this binary (from libperl): 
  Compile-time options: DEBUGGING HAS_TIMES PERLIO_LAYERS
                        PERL_DONT_CREATE_GVSV
                        PERL_HASH_FUNC_ONE_AT_A_TIME_HARD PERL_MALLOC_WRAP
                        PERL_NEW_COPY_ON_WRITE PERL_PRESERVE_IVUV
                        PERL_USE_DEVEL USE_64_BIT_ALL USE_64_BIT_INT
                        USE_LARGE_FILES USE_LOCALE USE_LOCALE_COLLATE
                        USE_LOCALE_CTYPE USE_LOCALE_NUMERIC USE_LOCALE_TIME
                        USE_PERLIO USE_PERL_ATOF
  Locally applied patches:
	uncommitted-changes
  Built under linux
  Compiled at Apr 14 2017 10:31:06
  %ENV:
    PERL5LIB=""
    PERL5OPT=""
    PERL5_CPANPLUS_IS_RUNNING="3961"
    PERL5_CPAN_IS_RUNNING="3961"
    PERL_CANARY_STABILITY_NOPROMPT="1"
    PERL_MM_USE_DEFAULT="1"
    PERL_USE_UNSAFE_INC="1"
  @INC:
    /home/sand/src/perl/repoperls/installed-perls/host/k93msid/v5.22.3/d2d1/lib/site_perl/5.22.3/x86_64-linux
    /home/sand/src/perl/repoperls/installed-perls/host/k93msid/v5.22.3/d2d1/lib/site_perl/5.22.3
    /home/sand/src/perl/repoperls/installed-perls/host/k93msid/v5.22.3/d2d1/lib/5.22.3/x86_64-linux
    /home/sand/src/perl/repoperls/installed-perls/host/k93msid/v5.22.3/d2d1/lib/5.22.3
    .