HTTP-AnyUA v0.904 Perl 5 v5.24.4 x86_64-linux

Status
Fail
From
Andreas J. König (ANDK)
Dist
HTTP-AnyUA v0.904
Platform
Perl 5 v5.24.4 x86_64-linux
Date
2019-03-17 06:52:40
ID
41ede978-4881-11e9-ac5e-1a6e9bc11147
This distribution has been tested as part of the CPAN Testers
project, supporting the Perl programming language.  See
http://wiki.cpantesters.org/ for more information or email
questions to cpan-testers-discuss@perl.org


--
Dear Charles McGarvey,

This is a computer-generated report for HTTP-AnyUA-0.904
on perl 5.24.4, created by CPAN-Reporter-1.2018.

Thank you for uploading your work to CPAN.  However, there was a problem
testing your distribution.

If you think this report is invalid, please consult the CPAN Testers Wiki
for suggestions on how to avoid getting FAIL reports for missing library
or binary dependencies, unsupported operating systems, and so on:

http://wiki.cpantesters.org/wiki/CPANAuthorNotes

Sections of this report:

    * Tester comments
    * Program output
    * Prerequisites
    * Environment and other context

------------------------------
TESTER COMMENTS
------------------------------

Additional comments from tester:

this report is from an automated smoke testing program
and was not reviewed by a human for accuracy

------------------------------
PROGRAM OUTPUT
------------------------------

Output from '/usr/bin/make test':

PERL_DL_NONLAZY=1 "/home/sand/src/perl/repoperls/installed-perls/host/k93msid/v5.24.4/bb7f/bin/perl" "-MExtUtils::Command::MM" "-MTest::Harness" "-e" "undef *Test::Harness::Switches; test_harness(0, 'blib/lib', 'blib/arch')" t/*.t
t/00-compile.t ..................... ok
# 
# Versions for all modules listed in MYMETA.json (including optional ones):
# 
# === Configure Requires ===
# 
#     Module              Want Have
#     ------------------- ---- ----
#     ExtUtils::MakeMaker  any 7.34
# 
# === Build Requires ===
# 
#     Module              Want Have
#     ------------------- ---- ----
#     ExtUtils::MakeMaker  any 7.34
# 
# === Test Requires ===
# 
#     Module              Want     Have
#     ------------------- ---- --------
#     ExtUtils::MakeMaker  any     7.34
#     File::Spec           any     3.75
#     IO::Handle           any     1.39
#     IPC::Open3           any     1.20
#     Test2::API           any 1.302162
#     Test::Exception      any     0.43
#     Test::More           any 1.302162
#     lib                  any     0.63
#     namespace::clean     any     0.27
# 
# === Test Recommends ===
# 
#     Module         Want     Have
#     ---------- -------- --------
#     CPAN::Meta 2.120900 2.150010
# 
# === Test Suggests ===
# 
#     Module          Want    Have
#     --------------- ---- -------
#     AnyEvent::HTTP   any    2.24
#     Furl             any    3.13
#     HTTP::Tiny       any   0.076
#     JSON             any    4.02
#     LWP::UserAgent   any    6.36
#     Mojo::UserAgent  any   undef
#     Net::Curl::Easy  any missing
#     Plack::Runner    any   undef
#     Starman          any  0.4014
# 
# === Runtime Requires ===
# 
#     Module         Want   Have
#     -------------- ---- ------
#     Carp            any   1.50
#     Exporter        any   5.72
#     Fcntl           any   1.13
#     Future          any   0.39
#     MIME::Base64    any   3.15
#     Module::Loader  any   0.03
#     Scalar::Util    any   1.50
#     Time::HiRes     any 1.9741
#     Time::Local     any 1.2300
#     bytes           any   1.05
#     parent          any  0.234
#     strict          any   1.11
#     warnings        any   1.36
# 
# === Runtime Recommends ===
# 
#     Module     Want  Have
#     ---------- ---- -----
#     HTTP::Tiny  any 0.076
# 
t/00-report-prereqs.t .............. ok
t/01-new.t ......................... ok
t/02-shortcuts.t ................... ok
t/03-post_form.t ................... ok
Use of uninitialized value in numeric eq (==) at /home/sand/src/perl/repoperls/installed-perls/host/k93msid/v5.24.4/bb7f/lib/site_perl/5.24.4/HTTP/Tiny.pm line 615.
Use of uninitialized value $port in numeric eq (==) at /home/sand/src/perl/repoperls/installed-perls/host/k93msid/v5.24.4/bb7f/lib/site_perl/5.24.4/HTTP/Tiny.pm line 615.
    # Can't locate Net/Curl/Easy.pm in @INC (you may need to install the Net::Curl::Easy module) (@INC contains: t/lib /tmp/loop_over_bdir-8299-_fgOqW/HTTP-AnyUA-0.904-0/blib/lib /tmp/loop_over_bdir-8299-_fgOqW/HTTP-AnyUA-0.904-0/blib/arch /home/sand/src/perl/repoperls/installed-perls/host/k93msid/v5.24.4/bb7f/lib/site_perl/5.24.4/x86_64-linux /home/sand/src/perl/repoperls/installed-perls/host/k93msid/v5.24.4/bb7f/lib/site_perl/5.24.4 /home/sand/src/perl/repoperls/installed-perls/host/k93msid/v5.24.4/bb7f/lib/5.24.4/x86_64-linux /home/sand/src/perl/repoperls/installed-perls/host/k93msid/v5.24.4/bb7f/lib/5.24.4 .) at (eval 192) line 2.
t/04-internal-exception.t .......... ok
    # Can't locate Net/Curl/Easy.pm in @INC (you may need to install the Net::Curl::Easy module) (@INC contains: t/lib /tmp/loop_over_bdir-8299-_fgOqW/HTTP-AnyUA-0.904-0/blib/lib /tmp/loop_over_bdir-8299-_fgOqW/HTTP-AnyUA-0.904-0/blib/arch /home/sand/src/perl/repoperls/installed-perls/host/k93msid/v5.24.4/bb7f/lib/site_perl/5.24.4/x86_64-linux /home/sand/src/perl/repoperls/installed-perls/host/k93msid/v5.24.4/bb7f/lib/site_perl/5.24.4 /home/sand/src/perl/repoperls/installed-perls/host/k93msid/v5.24.4/bb7f/lib/5.24.4/x86_64-linux /home/sand/src/perl/repoperls/installed-perls/host/k93msid/v5.24.4/bb7f/lib/5.24.4 .) at (eval 244) line 2, <$pipe> line 6.
t/10-get.t ......................... ok
    # Can't locate Net/Curl/Easy.pm in @INC (you may need to install the Net::Curl::Easy module) (@INC contains: t/lib /tmp/loop_over_bdir-8299-_fgOqW/HTTP-AnyUA-0.904-0/blib/lib /tmp/loop_over_bdir-8299-_fgOqW/HTTP-AnyUA-0.904-0/blib/arch /home/sand/src/perl/repoperls/installed-perls/host/k93msid/v5.24.4/bb7f/lib/site_perl/5.24.4/x86_64-linux /home/sand/src/perl/repoperls/installed-perls/host/k93msid/v5.24.4/bb7f/lib/site_perl/5.24.4 /home/sand/src/perl/repoperls/installed-perls/host/k93msid/v5.24.4/bb7f/lib/5.24.4/x86_64-linux /home/sand/src/perl/repoperls/installed-perls/host/k93msid/v5.24.4/bb7f/lib/5.24.4 .) at (eval 224) line 2, <$pipe> line 6.
t/11-post.t ........................ ok
    # Can't locate Net/Curl/Easy.pm in @INC (you may need to install the Net::Curl::Easy module) (@INC contains: t/lib /tmp/loop_over_bdir-8299-_fgOqW/HTTP-AnyUA-0.904-0/blib/lib /tmp/loop_over_bdir-8299-_fgOqW/HTTP-AnyUA-0.904-0/blib/arch /home/sand/src/perl/repoperls/installed-perls/host/k93msid/v5.24.4/bb7f/lib/site_perl/5.24.4/x86_64-linux /home/sand/src/perl/repoperls/installed-perls/host/k93msid/v5.24.4/bb7f/lib/site_perl/5.24.4 /home/sand/src/perl/repoperls/installed-perls/host/k93msid/v5.24.4/bb7f/lib/5.24.4/x86_64-linux /home/sand/src/perl/repoperls/installed-perls/host/k93msid/v5.24.4/bb7f/lib/5.24.4 .) at (eval 214) line 2, <$pipe> line 6.
t/12-put.t ......................... ok
    # Can't locate Net/Curl/Easy.pm in @INC (you may need to install the Net::Curl::Easy module) (@INC contains: t/lib /tmp/loop_over_bdir-8299-_fgOqW/HTTP-AnyUA-0.904-0/blib/lib /tmp/loop_over_bdir-8299-_fgOqW/HTTP-AnyUA-0.904-0/blib/arch /home/sand/src/perl/repoperls/installed-perls/host/k93msid/v5.24.4/bb7f/lib/site_perl/5.24.4/x86_64-linux /home/sand/src/perl/repoperls/installed-perls/host/k93msid/v5.24.4/bb7f/lib/site_perl/5.24.4 /home/sand/src/perl/repoperls/installed-perls/host/k93msid/v5.24.4/bb7f/lib/5.24.4/x86_64-linux /home/sand/src/perl/repoperls/installed-perls/host/k93msid/v5.24.4/bb7f/lib/5.24.4 .) at (eval 219) line 2, <$pipe> line 6.
t/13-head.t ........................ ok
    # Can't locate Net/Curl/Easy.pm in @INC (you may need to install the Net::Curl::Easy module) (@INC contains: t/lib /tmp/loop_over_bdir-8299-_fgOqW/HTTP-AnyUA-0.904-0/blib/lib /tmp/loop_over_bdir-8299-_fgOqW/HTTP-AnyUA-0.904-0/blib/arch /home/sand/src/perl/repoperls/installed-perls/host/k93msid/v5.24.4/bb7f/lib/site_perl/5.24.4/x86_64-linux /home/sand/src/perl/repoperls/installed-perls/host/k93msid/v5.24.4/bb7f/lib/site_perl/5.24.4 /home/sand/src/perl/repoperls/installed-perls/host/k93msid/v5.24.4/bb7f/lib/5.24.4/x86_64-linux /home/sand/src/perl/repoperls/installed-perls/host/k93msid/v5.24.4/bb7f/lib/5.24.4 .) at (eval 209) line 2, <$pipe> line 6.
t/14-delete.t ...................... ok
    # Can't locate Net/Curl/Easy.pm in @INC (you may need to install the Net::Curl::Easy module) (@INC contains: t/lib /tmp/loop_over_bdir-8299-_fgOqW/HTTP-AnyUA-0.904-0/blib/lib /tmp/loop_over_bdir-8299-_fgOqW/HTTP-AnyUA-0.904-0/blib/arch /home/sand/src/perl/repoperls/installed-perls/host/k93msid/v5.24.4/bb7f/lib/site_perl/5.24.4/x86_64-linux /home/sand/src/perl/repoperls/installed-perls/host/k93msid/v5.24.4/bb7f/lib/site_perl/5.24.4 /home/sand/src/perl/repoperls/installed-perls/host/k93msid/v5.24.4/bb7f/lib/5.24.4/x86_64-linux /home/sand/src/perl/repoperls/installed-perls/host/k93msid/v5.24.4/bb7f/lib/5.24.4 .) at (eval 239) line 2, <$pipe> line 6.
t/15-custom-method.t ............... ok
    # Can't locate Net/Curl/Easy.pm in @INC (you may need to install the Net::Curl::Easy module) (@INC contains: t/lib /tmp/loop_over_bdir-8299-_fgOqW/HTTP-AnyUA-0.904-0/blib/lib /tmp/loop_over_bdir-8299-_fgOqW/HTTP-AnyUA-0.904-0/blib/arch /home/sand/src/perl/repoperls/installed-perls/host/k93msid/v5.24.4/bb7f/lib/site_perl/5.24.4/x86_64-linux /home/sand/src/perl/repoperls/installed-perls/host/k93msid/v5.24.4/bb7f/lib/site_perl/5.24.4 /home/sand/src/perl/repoperls/installed-perls/host/k93msid/v5.24.4/bb7f/lib/5.24.4/x86_64-linux /home/sand/src/perl/repoperls/installed-perls/host/k93msid/v5.24.4/bb7f/lib/5.24.4 .) at (eval 234) line 2, <$pipe> line 6.
t/20-data_callback.t ............... ok
    # Can't locate Net/Curl/Easy.pm in @INC (you may need to install the Net::Curl::Easy module) (@INC contains: t/lib /tmp/loop_over_bdir-8299-_fgOqW/HTTP-AnyUA-0.904-0/blib/lib /tmp/loop_over_bdir-8299-_fgOqW/HTTP-AnyUA-0.904-0/blib/arch /home/sand/src/perl/repoperls/installed-perls/host/k93msid/v5.24.4/bb7f/lib/site_perl/5.24.4/x86_64-linux /home/sand/src/perl/repoperls/installed-perls/host/k93msid/v5.24.4/bb7f/lib/site_perl/5.24.4 /home/sand/src/perl/repoperls/installed-perls/host/k93msid/v5.24.4/bb7f/lib/5.24.4/x86_64-linux /home/sand/src/perl/repoperls/installed-perls/host/k93msid/v5.24.4/bb7f/lib/5.24.4 .) at (eval 234) line 2, <$pipe> line 6.
t/21-basic-auth.t .................. ok
    # Can't locate Net/Curl/Easy.pm in @INC (you may need to install the Net::Curl::Easy module) (@INC contains: t/lib /tmp/loop_over_bdir-8299-_fgOqW/HTTP-AnyUA-0.904-0/blib/lib /tmp/loop_over_bdir-8299-_fgOqW/HTTP-AnyUA-0.904-0/blib/arch /home/sand/src/perl/repoperls/installed-perls/host/k93msid/v5.24.4/bb7f/lib/site_perl/5.24.4/x86_64-linux /home/sand/src/perl/repoperls/installed-perls/host/k93msid/v5.24.4/bb7f/lib/site_perl/5.24.4 /home/sand/src/perl/repoperls/installed-perls/host/k93msid/v5.24.4/bb7f/lib/5.24.4/x86_64-linux /home/sand/src/perl/repoperls/installed-perls/host/k93msid/v5.24.4/bb7f/lib/5.24.4 .) at (eval 290) line 2, <$pipe> line 6.
t/22-redirects.t ................... ok
Deadlock or test is slow at t/lib/Server.pm line 171.
# Test ended with extra hubs on the stack!
    # No tests run!
t/23-content-coderef.t ............. 
Dubious, test returned 255 (wstat 65280, 0xff00)
Failed 6/6 subtests 
t/40-middleware-content-length.t ... ok
t/40-middleware-request-headers.t .. ok
t/40-middleware-runtime.t .......... ok
t/50-future-subclass.t ............. ok

Test Summary Report
-------------------
t/23-content-coderef.t           (Wstat: 65280 Tests: 0 Failed: 0)
  Non-zero exit status: 255
  Parse errors: Bad plan.  You planned 6 tests but ran 0.
Files=20, Tests=104, 28 wallclock secs ( 0.17 usr  0.11 sys +  6.05 cusr  1.81 csys =  8.14 CPU)
Result: FAIL
Failed 1/20 test programs. 0/104 subtests failed.
make: *** [Makefile:943: test_dynamic] Error 255

------------------------------
PREREQUISITES
------------------------------

Prerequisite modules loaded:

requires:

    Module              Need  Have    
    ------------------- ----- --------
    bytes               0     1.05    
    Carp                0     1.50    
    Exporter            0     5.72    
    Fcntl               0     1.13    
    Future              0     0.39    
    MIME::Base64        0     3.15    
    Module::Loader      0     0.03    
    parent              0     0.234   
    perl                5.010 5.024004
    Scalar::Util        0     1.50    
    strict              0     1.11    
    Time::HiRes         0     1.9741  
    Time::Local         0     1.2300  
    warnings            0     1.36    

build_requires:

    Module              Need  Have    
    ------------------- ----- --------
    ExtUtils::MakeMaker 0     7.34    
    File::Spec          0     3.75    
    IO::Handle          0     1.39    
    IPC::Open3          0     1.20    
    lib                 0     0.63    
    namespace::clean    0     0.27    
    Test2::API          0     1.302162
    Test::Exception     0     0.43    
    Test::More          0     1.302162

configure_requires:

    Module              Need  Have    
    ------------------- ----- --------
    ExtUtils::MakeMaker 0     7.34    

opt_requires:

    Module              Need  Have    
    ------------------- ----- --------
    HTTP::Tiny          0     0.076   


------------------------------
ENVIRONMENT AND OTHER CONTEXT
------------------------------

Environment variables:

    AUTOMATED_TESTING = 1
    LANG = en_US.UTF-8
    PATH = /home/sand/bin:/usr/local/bin:/usr/bin:/bin:/usr/games:/usr/local/perl/bin:/usr/X11/bin:/sbin:/usr/sbin
    PERL5LIB = 
    PERL5OPT = 
    PERL5_CPANPLUS_IS_RUNNING = 8315
    PERL5_CPAN_IS_RUNNING = 8315
    PERL_CANARY_STABILITY_NOPROMPT = 1
    PERL_MM_USE_DEFAULT = 1
    PERL_USE_UNSAFE_INC = 1
    SHELL = /usr/bin/zsh
    TERM = screen

Perl special variables (and OS-specific diagnostics, for MSWin32):

    $^X = /home/sand/src/perl/repoperls/installed-perls/host/k93msid/v5.24.4/bb7f/bin/perl
    $UID/$EUID = 1005 / 1005
    $GID = 1005 1005
    $EGID = 1005 1005

Perl module toolchain versions installed:

    Module              Have    
    ------------------- --------
    CPAN                2.25    
    CPAN::Meta          2.150010
    Cwd                 3.75    
    ExtUtils::CBuilder  0.280230
    ExtUtils::Command   7.34    
    ExtUtils::Install   2.06    
    ExtUtils::MakeMaker 7.34    
    ExtUtils::Manifest  1.72    
    ExtUtils::ParseXS   3.31    
    File::Spec          3.75    
    JSON                4.02    
    JSON::PP            4.01    
    Module::Build       0.4224  
    Module::Signature   0.83    
    Parse::CPAN::Meta   2.150010
    Test::Harness       3.42    
    Test::More          1.302162
    YAML                1.27    
    YAML::Syck          1.31    
    version             0.9916  


--

Summary of my perl5 (revision 5 version 24 subversion 4) configuration:
  Derived from: 901dd848e31de6d0cacfb77c029b4e92c41a13ce
  Platform:
    osname=linux, osvers=4.18.0-2-amd64, archname=x86_64-linux
    uname='linux k93msid 4.18.0-2-amd64 #1 smp debian 4.18.10-2 (2018-10-07) x86_64 gnulinux '
    config_args='-Dprefix=/home/sand/src/perl/repoperls/installed-perls/host/k93msid/v5.24.4/bb7f -Dmyhostname=k93msid -Dinstallusrbinperl=n -Uversiononly -Dusedevel -des -Ui_db -Dlibswanted=cl pthread socket inet nsl gdbm dbm malloc dl ld sun m crypt sec util c cposix posix ucb BSD gdbm_compat -Uuseithreads -Uuselongdouble -DEBUGGING=both'
    hint=recommended, useposix=true, d_sigaction=define
    useithreads=undef, usemultiplicity=undef
    use64bitint=define, use64bitall=define, uselongdouble=undef
    usemymalloc=n, bincompat5005=undef
  Compiler:
    cc='cc', ccflags ='-fwrapv -DDEBUGGING -fno-strict-aliasing -pipe -fstack-protector-strong -I/usr/local/include -D_LARGEFILE_SOURCE -D_FILE_OFFSET_BITS=64',
    optimize='-O2 -g',
    cppflags='-fwrapv -DDEBUGGING -fno-strict-aliasing -pipe -fstack-protector-strong -I/usr/local/include'
    ccversion='', gccversion='8.2.0', gccosandvers=''
    intsize=4, longsize=8, ptrsize=8, doublesize=8, byteorder=12345678, doublekind=3
    d_longlong=define, longlongsize=8, d_longdbl=define, longdblsize=16, longdblkind=3
    ivtype='long', ivsize=8, nvtype='double', nvsize=8, Off_t='off_t', lseeksize=8
    alignbytes=8, prototype=define
  Linker and Libraries:
    ld='cc', ldflags =' -fstack-protector-strong -L/usr/local/lib'
    libpth=/usr/local/lib /usr/lib/gcc/x86_64-linux-gnu/8/include-fixed /usr/include/x86_64-linux-gnu /usr/lib /lib/x86_64-linux-gnu /lib/../lib /usr/lib/x86_64-linux-gnu /usr/lib/../lib /lib
    libs=-lpthread -lnsl -ldl -lm -lcrypt -lutil -lc
    perllibs=-lpthread -lnsl -ldl -lm -lcrypt -lutil -lc
    libc=libc-2.27.so, so=so, useshrplib=false, libperl=libperl.a
    gnulibc_version='2.27'
  Dynamic Linking:
    dlsrc=dl_dlopen.xs, dlext=so, d_dlsymun=undef, ccdlflags='-Wl,-E'
    cccdlflags='-fPIC', lddlflags='-shared -O2 -g -L/usr/local/lib -fstack-protector-strong'


Characteristics of this binary (from libperl): 
  Compile-time options: DEBUGGING HAS_TIMES PERLIO_LAYERS PERL_COPY_ON_WRITE
                        PERL_DONT_CREATE_GVSV
                        PERL_HASH_FUNC_ONE_AT_A_TIME_HARD PERL_MALLOC_WRAP
                        PERL_PRESERVE_IVUV PERL_USE_DEVEL USE_64_BIT_ALL
                        USE_64_BIT_INT USE_LARGE_FILES USE_LOCALE
                        USE_LOCALE_COLLATE USE_LOCALE_CTYPE
                        USE_LOCALE_NUMERIC USE_LOCALE_TIME USE_PERLIO
                        USE_PERL_ATOF
  Locally applied patches:
	uncommitted-changes
  Built under linux
  Compiled at Oct 28 2018 05:55:54
  %ENV:
    PERL5LIB=""
    PERL5OPT=""
    PERL5_CPANPLUS_IS_RUNNING="8315"
    PERL5_CPAN_IS_RUNNING="8315"
    PERL_CANARY_STABILITY_NOPROMPT="1"
    PERL_MM_USE_DEFAULT="1"
    PERL_USE_UNSAFE_INC="1"
  @INC:
    /home/sand/src/perl/repoperls/installed-perls/host/k93msid/v5.24.4/bb7f/lib/site_perl/5.24.4/x86_64-linux
    /home/sand/src/perl/repoperls/installed-perls/host/k93msid/v5.24.4/bb7f/lib/site_perl/5.24.4
    /home/sand/src/perl/repoperls/installed-perls/host/k93msid/v5.24.4/bb7f/lib/5.24.4/x86_64-linux
    /home/sand/src/perl/repoperls/installed-perls/host/k93msid/v5.24.4/bb7f/lib/5.24.4
    .