Back
From: metabase:user:1eed3a18-483e-11e2-a87b-a3931c712682
Subject: FAIL Text-ParseWords-3.28 v5.16.2 Mac OS X
Date: 2013-03-01T21:59:15Z
This distribution has been tested as part of the CPAN Testers
project, supporting the Perl programming language. See
http://wiki.cpantesters.org/ for more information or email
questions to cpan-testers-discuss@perl.org
--
Text-ParseWords-3.28 ... FAIL
Perl : v5.16.2
System : darwin
Local Versions :
Scalar::Util : 1.27
ExtUtils::MakeMaker : 6.64
Test Output :
PERL_DL_NONLAZY=1 /Users/stas/perl5/perlbrew/perls/perl-5.16.2/bin/perl "-MExtUtils::Command::MM" "-e" "test_harness(0, 'blib/lib', 'blib/arch')" t/*.t
t/ParseWords.t .. ok
# Test::Pod version 1.46, Pod::Simple version 3.26
# Failed test 'POD test for blib/lib/Text/ParseWords.pm'
# at /Users/stas/perl5/perlbrew/perls/perl-5.16.2/lib/site_perl/5.16.2/Test/Pod.pm line 186.
# blib/lib/Text/ParseWords.pm (250): Expected text after =item, not a number
# blib/lib/Text/ParseWords.pm (254): Expected text after =item, not a number
# blib/lib/Text/ParseWords.pm (258): Expected text after =item, not a number
# blib/lib/Text/ParseWords.pm (262): Expected text after =item, not a number
# blib/lib/Text/ParseWords.pm (266): Expected text after =item, not a number
# Looks like you failed 1 test of 1.
t/pod.t .........
Dubious, test returned 1 (wstat 256, 0x100)
Failed 1/1 subtests
t/taint.t ....... ok
Test Summary Report
-------------------
t/pod.t (Wstat: 256 Tests: 1 Failed: 1)
Failed test: 1
Non-zero exit status: 1
Files=3, Tests=30, 0 wallclock secs ( 0.04 usr 0.02 sys + 0.15 cusr 0.02 csys = 0.23 CPU)
Result: FAIL
Failed 1/3 test programs. 1/30 subtests failed.
make: *** [test_dynamic] Error 255
--
Summary of my perl5 (revision 5 version 16 subversion 2) configuration:
Platform:
osname=darwin, osvers=12.2.0, archname=darwin-2level
uname='darwin stanislaws-macbook-pro.local 12.2.0 darwin kernel version 12.2.0: sat aug 25 00:48:52 pdt 2012; root:xnu-2050.18.24~1release_x86_64 x86_64 '
config_args='-de -Dprefix=/Users/stas/perl5/perlbrew/perls/perl-5.16.2 -Aeval:scriptdir=/Users/stas/perl5/perlbrew/perls/perl-5.16.2/bin'
hint=recommended, useposix=true, d_sigaction=define
useithreads=undef, usemultiplicity=undef
useperlio=define, d_sfio=undef, uselargefiles=define, usesocks=undef
use64bitint=define, use64bitall=define, uselongdouble=undef
usemymalloc=n, bincompat5005=undef
Compiler:
cc='cc', ccflags ='-fno-common -DPERL_DARWIN -fno-strict-aliasing -pipe -fstack-protector -I/opt/local/include',
optimize='-O3',
cppflags='-fno-common -DPERL_DARWIN -fno-strict-aliasing -pipe -fstack-protector -I/opt/local/include'
ccversion='', gccversion='4.2.1 Compatible Apple Clang 4.0 ((tags/Apple/clang-421.0.60))', gccosandvers=''
intsize=4, longsize=8, ptrsize=8, doublesize=8, byteorder=12345678
d_longlong=define, longlongsize=8, d_longdbl=define, longdblsize=16
ivtype='long', ivsize=8, nvtype='double', nvsize=8, Off_t='off_t', lseeksize=8
alignbytes=8, prototype=define
Linker and Libraries:
ld='env MACOSX_DEPLOYMENT_TARGET=10.3 cc', ldflags =' -fstack-protector -L/opt/local/lib'
libpth=/opt/local/lib /usr/lib
libs=-lgdbm -ldbm -ldl -lm -lutil -lc
perllibs=-ldl -lm -lutil -lc
libc=, so=dylib, useshrplib=false, libperl=libperl.a
gnulibc_version=''
Dynamic Linking:
dlsrc=dl_dlopen.xs, dlext=bundle, d_dlsymun=undef, ccdlflags=' '
cccdlflags=' ', lddlflags=' -bundle -undefined dynamic_lookup -L/opt/local/lib -fstack-protector'
Characteristics of this binary (from libperl):
Compile-time options: HAS_TIMES PERLIO_LAYERS PERL_DONT_CREATE_GVSV
PERL_MALLOC_WRAP PERL_PRESERVE_IVUV USE_64_BIT_ALL
USE_64_BIT_INT USE_LARGE_FILES USE_LOCALE
USE_LOCALE_COLLATE USE_LOCALE_CTYPE
USE_LOCALE_NUMERIC USE_PERLIO USE_PERL_ATOF
Built under darwin
Compiled at Dec 29 2012 22:14:20
%ENV:
PERLBREW_BASHRC_VERSION="0.59"
PERLBREW_HOME="/Users/stas/.perlbrew"
PERLBREW_MANPATH="/Users/stas/perl5/perlbrew/perls/perl-5.16.2/man"
PERLBREW_PATH="/Users/stas/perl5/perlbrew/bin:/Users/stas/perl5/perlbrew/perls/perl-5.16.2/bin"
PERLBREW_PERL="perl-5.16.2"
PERLBREW_ROOT="/Users/stas/perl5/perlbrew"
PERLBREW_VERSION="0.59"
PERL_MM_USE_DEFAULT="1"
@INC:
/Users/stas/perl5/perlbrew/perls/perl-5.16.2/lib/site_perl/5.16.2/darwin-2level
/Users/stas/perl5/perlbrew/perls/perl-5.16.2/lib/site_perl/5.16.2
/Users/stas/perl5/perlbrew/perls/perl-5.16.2/lib/5.16.2/darwin-2level
/Users/stas/perl5/perlbrew/perls/perl-5.16.2/lib/5.16.2
.