Report for Crypt-OpenSSL-DSA-0.14

Back
From: metabase:user:322078bc-2aae-11df-837a-5e0a49663a4f
Subject: FAIL Crypt-OpenSSL-DSA-0.14 v5.16.1 NetBSD
Date: 2013-01-05T09:49:55Z

This distribution has been tested as part of the CPAN Testers
project, supporting the Perl programming language.  See
http://wiki.cpantesters.org/ for more information or email
questions to cpan-testers-discuss@perl.org


--

Dear T.J. Mather,

This is a computer-generated error report created automatically by
CPANPLUS, version 0.9133. Testers personal comments may appear
at the end of this report.


Thank you for uploading your work to CPAN.  However, it appears that
there were some problems testing your distribution.

TEST RESULTS:

Below is the error stack from stage 'make test':

PERL_DL_NONLAZY=1 /home/cpan/pit/rel/perl-5.16.1/bin/perl "-MExtUtils::Command::MM" "-e" "test_harness(0, 'blib/lib', 'blib/arch')" t/*.t
t/00-use.t ............. ok
t/10-selftest.t ........ ok
Error setting context
3148067364:error:0A07806A:dsa routines:PKEY_DSA_CTRL:invalid digest type:/home/builds/ab/netbsd-5-1-2-RELEASE/src/crypto/dist/openssl/crypto/dsa/dsa_pmeth.c:192:
# Test 6 got: "0" (t/90-openssl-compat.t at line 56)
#   Expected: "1"
#  t/90-openssl-compat.t line 56 is:         ok($openssl_think, 1);
Error setting context
3148067364:error:0A07806A:dsa routines:PKEY_DSA_CTRL:invalid digest type:/home/builds/ab/netbsd-5-1-2-RELEASE/src/crypto/dist/openssl/crypto/dsa/dsa_pmeth.c:192:
# Test 8 got: "0" (t/90-openssl-compat.t at line 56 fail #2)
#   Expected: "1"
Error setting context
3148067364:error:0A07806A:dsa routines:PKEY_DSA_CTRL:invalid digest type:/home/builds/ab/netbsd-5-1-2-RELEASE/src/crypto/dist/openssl/crypto/dsa/dsa_pmeth.c:192:
# Test 10 got: "0" (t/90-openssl-compat.t at line 56 fail #3)
#    Expected: "1"
Error setting context
3148067364:error:0A07806A:dsa routines:PKEY_DSA_CTRL:invalid digest type:/home/builds/ab/netbsd-5-1-2-RELEASE/src/crypto/dist/openssl/crypto/dsa/dsa_pmeth.c:192:
# Test 12 got: "0" (t/90-openssl-compat.t at line 56 fail #4)
#    Expected: "1"
Error setting context
3148067364:error:0A07806A:dsa routines:PKEY_DSA_CTRL:invalid digest type:/home/builds/ab/netbsd-5-1-2-RELEASE/src/crypto/dist/openssl/crypto/dsa/dsa_pmeth.c:192:
# Test 14 got: "0" (t/90-openssl-compat.t at line 56 fail #5)
#    Expected: "1"
Error setting context
3148067364:error:0A07806A:dsa routines:PKEY_DSA_CTRL:invalid digest type:/home/builds/ab/netbsd-5-1-2-RELEASE/src/crypto/dist/openssl/crypto/dsa/dsa_pmeth.c:192:
# Test 16 got: "0" (t/90-openssl-compat.t at line 56 fail #6)
#    Expected: "1"
Error setting context
3148067364:error:0A07806A:dsa routines:PKEY_DSA_CTRL:invalid digest type:/home/builds/ab/netbsd-5-1-2-RELEASE/src/crypto/dist/openssl/crypto/dsa/dsa_pmeth.c:192:
# Test 18 got: "0" (t/90-openssl-compat.t at line 56 fail #7)
#    Expected: "1"
Error setting context
3148067364:error:0A07806A:dsa routines:PKEY_DSA_CTRL:invalid digest type:/home/builds/ab/netbsd-5-1-2-RELEASE/src/crypto/dist/openssl/crypto/dsa/dsa_pmeth.c:192:
# Test 20 got: "0" (t/90-openssl-compat.t at line 56 fail #8)
#    Expected: "1"
Error setting context
3148067364:error:0A07806A:dsa routines:PKEY_DSA_CTRL:invalid digest type:/home/builds/ab/netbsd-5-1-2-RELEASE/src/crypto/dist/openssl/crypto/dsa/dsa_pmeth.c:192:
# Test 22 got: "0" (t/90-openssl-compat.t at line 56 fail #9)
#    Expected: "1"
Error setting context
3148067364:error:0A07806A:dsa routines:PKEY_DSA_CTRL:invalid digest type:/home/builds/ab/netbsd-5-1-2-RELEASE/src/crypto/dist/openssl/crypto/dsa/dsa_pmeth.c:192:
# Test 24 got: "0" (t/90-openssl-compat.t at line 56 fail #10)
#    Expected: "1"
Error setting context
3148067364:error:0A07806A:dsa routines:PKEY_DSA_CTRL:invalid digest type:/home/builds/ab/netbsd-5-1-2-RELEASE/src/crypto/dist/openssl/crypto/dsa/dsa_pmeth.c:192:
# Test 26 got: "0" (t/90-openssl-compat.t at line 56 fail #11)
#    Expected: "1"
Error setting context
3148067364:error:0A07806A:dsa routines:PKEY_DSA_CTRL:invalid digest type:/home/builds/ab/netbsd-5-1-2-RELEASE/src/crypto/dist/openssl/crypto/dsa/dsa_pmeth.c:192:
# Test 28 got: "0" (t/90-openssl-compat.t at line 56 fail #12)
#    Expected: "1"
Error setting context
3148067364:error:0A07806A:dsa routines:PKEY_DSA_CTRL:invalid digest type:/home/builds/ab/netbsd-5-1-2-RELEASE/src/crypto/dist/openssl/crypto/dsa/dsa_pmeth.c:192:
# Test 30 got: "0" (t/90-openssl-compat.t at line 56 fail #13)
#    Expected: "1"
Error setting context
3148067364:error:0A07806A:dsa routines:PKEY_DSA_CTRL:invalid digest type:/home/builds/ab/netbsd-5-1-2-RELEASE/src/crypto/dist/openssl/crypto/dsa/dsa_pmeth.c:192:
# Test 32 got: "0" (t/90-openssl-compat.t at line 56 fail #14)
#    Expected: "1"
Error setting context
3148067364:error:0A07806A:dsa routines:PKEY_DSA_CTRL:invalid digest type:/home/builds/ab/netbsd-5-1-2-RELEASE/src/crypto/dist/openssl/crypto/dsa/dsa_pmeth.c:192:
# Test 34 got: "0" (t/90-openssl-compat.t at line 56 fail #15)
#    Expected: "1"
Error setting context
3148067364:error:0A07806A:dsa routines:PKEY_DSA_CTRL:invalid digest type:/home/builds/ab/netbsd-5-1-2-RELEASE/src/crypto/dist/openssl/crypto/dsa/dsa_pmeth.c:192:
# Test 36 got: "0" (t/90-openssl-compat.t at line 56 fail #16)
#    Expected: "1"
Error setting context
3148067364:error:0A07806A:dsa routines:PKEY_DSA_CTRL:invalid digest type:/home/builds/ab/netbsd-5-1-2-RELEASE/src/crypto/dist/openssl/crypto/dsa/dsa_pmeth.c:192:
# Test 38 got: "0" (t/90-openssl-compat.t at line 56 fail #17)
#    Expected: "1"
Error setting context
3148067364:error:0A07806A:dsa routines:PKEY_DSA_CTRL:invalid digest type:/home/builds/ab/netbsd-5-1-2-RELEASE/src/crypto/dist/openssl/crypto/dsa/dsa_pmeth.c:192:
# Test 40 got: "0" (t/90-openssl-compat.t at line 56 fail #18)
#    Expected: "1"
Error setting context
3148067364:error:0A07806A:dsa routines:PKEY_DSA_CTRL:invalid digest type:/home/builds/ab/netbsd-5-1-2-RELEASE/src/crypto/dist/openssl/crypto/dsa/dsa_pmeth.c:192:
# Test 42 got: "0" (t/90-openssl-compat.t at line 56 fail #19)
#    Expected: "1"
Error setting context
3148067364:error:0A07806A:dsa routines:PKEY_DSA_CTRL:invalid digest type:/home/builds/ab/netbsd-5-1-2-RELEASE/src/crypto/dist/openssl/crypto/dsa/dsa_pmeth.c:192:
# Test 44 got: "0" (t/90-openssl-compat.t at line 56 fail #20)
#    Expected: "1"
Error setting context
3148067364:error:0A07806A:dsa routines:PKEY_DSA_CTRL:invalid digest type:/home/builds/ab/netbsd-5-1-2-RELEASE/src/crypto/dist/openssl/crypto/dsa/dsa_pmeth.c:192:
# Test 46 got: "0" (t/90-openssl-compat.t at line 56 fail #21)
#    Expected: "1"
Error setting context
3148067364:error:0A07806A:dsa routines:PKEY_DSA_CTRL:invalid digest type:/home/builds/ab/netbsd-5-1-2-RELEASE/src/crypto/dist/openssl/crypto/dsa/dsa_pmeth.c:192:
# Test 48 got: "0" (t/90-openssl-compat.t at line 56 fail #22)
#    Expected: "1"
Error setting context
3148067364:error:0A07806A:dsa routines:PKEY_DSA_CTRL:invalid digest type:/home/builds/ab/netbsd-5-1-2-RELEASE/src/crypto/dist/openssl/crypto/dsa/dsa_pmeth.c:192:
# Test 50 got: "0" (t/90-openssl-compat.t at line 56 fail #23)
#    Expected: "1"
Error setting context
3148067364:error:0A07806A:dsa routines:PKEY_DSA_CTRL:invalid digest type:/home/builds/ab/netbsd-5-1-2-RELEASE/src/crypto/dist/openssl/crypto/dsa/dsa_pmeth.c:192:
# Test 52 got: "0" (t/90-openssl-compat.t at line 56 fail #24)
#    Expected: "1"
Error setting context
3148067364:error:0A07806A:dsa routines:PKEY_DSA_CTRL:invalid digest type:/home/builds/ab/netbsd-5-1-2-RELEASE/src/crypto/dist/openssl/crypto/dsa/dsa_pmeth.c:192:
# Test 54 got: "0" (t/90-openssl-compat.t at line 56 fail #25)
#    Expected: "1"
Error setting context
3148067364:error:0A07806A:dsa routines:PKEY_DSA_CTRL:invalid digest type:/home/builds/ab/netbsd-5-1-2-RELEASE/src/crypto/dist/openssl/crypto/dsa/dsa_pmeth.c:192:
# Test 56 got: "0" (t/90-openssl-compat.t at line 56 fail #26)
#    Expected: "1"
Error setting context
3148067364:error:0A07806A:dsa routines:PKEY_DSA_CTRL:invalid digest type:/home/builds/ab/netbsd-5-1-2-RELEASE/src/crypto/dist/openssl/crypto/dsa/dsa_pmeth.c:192:
# Test 58 got: "0" (t/90-openssl-compat.t at line 56 fail #27)
#    Expected: "1"
Error setting context
3148067364:error:0A07806A:dsa routines:PKEY_DSA_CTRL:invalid digest type:/home/builds/ab/netbsd-5-1-2-RELEASE/src/crypto/dist/openssl/crypto/dsa/dsa_pmeth.c:192:
# Test 60 got: "0" (t/90-openssl-compat.t at line 56 fail #28)
#    Expected: "1"
Error setting context
3148067364:error:0A07806A:dsa routines:PKEY_DSA_CTRL:invalid digest type:/home/builds/ab/netbsd-5-1-2-RELEASE/src/crypto/dist/openssl/crypto/dsa/dsa_pmeth.c:192:
# Test 62 got: "0" (t/90-openssl-compat.t at line 56 fail #29)
#    Expected: "1"
Error setting context
3148067364:error:0A07806A:dsa routines:PKEY_DSA_CTRL:invalid digest type:/home/builds/ab/netbsd-5-1-2-RELEASE/src/crypto/dist/openssl/crypto/dsa/dsa_pmeth.c:192:
# Test 64 got: "0" (t/90-openssl-compat.t at line 56 fail #30)
#    Expected: "1"
Error setting context
3148067364:error:0A07806A:dsa routines:PKEY_DSA_CTRL:invalid digest type:/home/builds/ab/netbsd-5-1-2-RELEASE/src/crypto/dist/openssl/crypto/dsa/dsa_pmeth.c:192:
# Test 66 got: "0" (t/90-openssl-compat.t at line 56 fail #31)
#    Expected: "1"
Error setting context
3148067364:error:0A07806A:dsa routines:PKEY_DSA_CTRL:invalid digest type:/home/builds/ab/netbsd-5-1-2-RELEASE/src/crypto/dist/openssl/crypto/dsa/dsa_pmeth.c:192:
# Test 68 got: "0" (t/90-openssl-compat.t at line 56 fail #32)
#    Expected: "1"
Error setting context
3148067364:error:0A07806A:dsa routines:PKEY_DSA_CTRL:invalid digest type:/home/builds/ab/netbsd-5-1-2-RELEASE/src/crypto/dist/openssl/crypto/dsa/dsa_pmeth.c:192:
# Test 70 got: "0" (t/90-openssl-compat.t at line 56 fail #33)
#    Expected: "1"
Error setting context
3148067364:error:0A07806A:dsa routines:PKEY_DSA_CTRL:invalid digest type:/home/builds/ab/netbsd-5-1-2-RELEASE/src/crypto/dist/openssl/crypto/dsa/dsa_pmeth.c:192:
# Test 72 got: "0" (t/90-openssl-compat.t at line 56 fail #34)
#    Expected: "1"
Error setting context
3148067364:error:0A07806A:dsa routines:PKEY_DSA_CTRL:invalid digest type:/home/builds/ab/netbsd-5-1-2-RELEASE/src/crypto/dist/openssl/crypto/dsa/dsa_pmeth.c:192:
# Test 74 got: "0" (t/90-openssl-compat.t at line 56 fail #35)
#    Expected: "1"
Error setting context
3148067364:error:0A07806A:dsa routines:PKEY_DSA_CTRL:invalid digest type:/home/builds/ab/netbsd-5-1-2-RELEASE/src/crypto/dist/openssl/crypto/dsa/dsa_pmeth.c:192:
# Test 76 got: "0" (t/90-openssl-compat.t at line 56 fail #36)
#    Expected: "1"
Error setting context
3148067364:error:0A07806A:dsa routines:PKEY_DSA_CTRL:invalid digest type:/home/builds/ab/netbsd-5-1-2-RELEASE/src/crypto/dist/openssl/crypto/dsa/dsa_pmeth.c:192:
# Test 78 got: "0" (t/90-openssl-compat.t at line 56 fail #37)
#    Expected: "1"
Error setting context
3148067364:error:0A07806A:dsa routines:PKEY_DSA_CTRL:invalid digest type:/home/builds/ab/netbsd-5-1-2-RELEASE/src/crypto/dist/openssl/crypto/dsa/dsa_pmeth.c:192:
# Test 80 got: "0" (t/90-openssl-compat.t at line 56 fail #38)
#    Expected: "1"
Error setting context
3148067364:error:0A07806A:dsa routines:PKEY_DSA_CTRL:invalid digest type:/home/builds/ab/netbsd-5-1-2-RELEASE/src/crypto/dist/openssl/crypto/dsa/dsa_pmeth.c:192:
# Test 82 got: "0" (t/90-openssl-compat.t at line 56 fail #39)
#    Expected: "1"
Error setting context
3148067364:error:0A07806A:dsa routines:PKEY_DSA_CTRL:invalid digest type:/home/builds/ab/netbsd-5-1-2-RELEASE/src/crypto/dist/openssl/crypto/dsa/dsa_pmeth.c:192:
# Test 84 got: "0" (t/90-openssl-compat.t at line 56 fail #40)
#    Expected: "1"
t/90-openssl-compat.t .. 
Failed 40/84 subtests 

Test Summary Report
-------------------
t/90-openssl-compat.t (Wstat: 0 Tests: 84 Failed: 40)
  Failed tests:  6, 8, 10, 12, 14, 16, 18, 20, 22, 24, 26
                28, 30, 32, 34, 36, 38, 40, 42, 44, 46
                48, 50, 52, 54, 56, 58, 60, 62, 64, 66
                68, 70, 72, 74, 76, 78, 80, 82, 84
Files=3, Tests=115,  1 wallclock secs ( 0.05 usr  0.01 sys +  0.60 cusr  0.34 csys =  1.00 CPU)
Result: FAIL
Failed 1/3 test programs. 40/115 subtests failed.
*** Error code 255

Stop.
make: stopped in /home/cpan/pit/rel/conf/perl-5.16.1/.cpanplus/5.16.1/build/Crypt-OpenSSL-DSA-0.14


PREREQUISITES:

Here is a list of prerequisites you specified and versions we
managed to load:

	  Module Name                        Have     Want
	  ExtUtils::MakeMaker                6.64        0

Perl module toolchain versions installed:
	Module Name                        Have
	CPANPLUS                         0.9133
	CPANPLUS::Dist::Build              0.68
	Cwd                             3.39_02
	ExtUtils::CBuilder             0.280206
	ExtUtils::Command                  1.17
	ExtUtils::Install                  1.58
	ExtUtils::MakeMaker                6.64
	ExtUtils::Manifest                 1.61
	ExtUtils::ParseXS                  3.18
	File::Spec                      3.39_02
	Module::Build                    0.4003
	Pod::Parser                        1.51
	Pod::Simple                        3.20
	Test::Harness                      3.25
	Test::More                         0.98
	version                          0.9901

******************************** NOTE ********************************
The comments above are created mechanically, possibly without manual
checking by the sender.  As there are many people performing automatic
tests on each upload to CPAN, it is likely that you will receive
identical messages about the same problem.

If you believe that the message is mistaken, please reply to the first
one with correction and/or additional informations, and do not take
it personally.  We appreciate your patience. :)
**********************************************************************

Additional comments:


This report was machine-generated by CPANPLUS::Dist::YACSmoke 0.84.
Powered by minismokebox version 0.54

------------------------------
ENVIRONMENT AND OTHER CONTEXT
------------------------------

Environment variables:

    AUTOMATED_TESTING = 1
    PATH = /home/cpan/bin:/bin:/sbin:/usr/bin:/usr/sbin:/usr/X11R7/bin:/usr/X11R6/bin:/usr/pkg/bin:/usr/pkg/sbin:/usr/games:/usr/local/bin:/usr/local/sbin
    PERL5LIB = :/home/cpan/pit/rel/conf/perl-5.16.1/.cpanplus/5.16.1/build/Digest-HMAC-1.03/blib/lib:/home/cpan/pit/rel/conf/perl-5.16.1/.cpanplus/5.16.1/build/Digest-HMAC-1.03/blib/arch:/home/cpan/pit/rel/conf/perl-5.16.1/.cpanplus/5.16.1/build/Net-DNS-0.72/blib/lib:/home/cpan/pit/rel/conf/perl-5.16.1/.cpanplus/5.16.1/build/Net-DNS-0.72/blib/arch:/home/cpan/pit/rel/conf/perl-5.16.1/.cpanplus/5.16.1/build/Crypt-OpenSSL-Bignum-0.04/blib/lib:/home/cpan/pit/rel/conf/perl-5.16.1/.cpanplus/5.16.1/build/Crypt-OpenSSL-Bignum-0.04/blib/arch:/home/cpan/pit/rel/conf/perl-5.16.1/.cpanplus/5.16.1/build/Crypt-OpenSSL-DSA-0.14/blib/lib:/home/cpan/pit/rel/conf/perl-5.16.1/.cpanplus/5.16.1/build/Crypt-OpenSSL-DSA-0.14/blib/arch
    PERL5_CPANPLUS_IS_RUNNING = 23030
    PERL5_CPANPLUS_IS_VERSION = 0.9133
    PERL5_MINISMOKEBOX = 0.54
    PERL5_YACSMOKE_BASE = /home/cpan/pit/rel/conf/perl-5.16.1
    PERL_EXTUTILS_AUTOINSTALL = --defaultdeps
    PERL_MM_USE_DEFAULT = 1
    SHELL = /usr/pkg/bin/bash
    TERM = screen

Perl special variables (and OS-specific diagnostics, for MSWin32):

    Perl: $^X = /home/cpan/pit/rel/perl-5.16.1/bin/perl
    UID:  $<  = 1001
    EUID: $>  = 1001
    GID:  $(  = 100 100
    EGID: $)  = 100 100


-------------------------------


--

Summary of my perl5 (revision 5 version 16 subversion 1) configuration:
   
  Platform:
    osname=netbsd, osvers=5.1.2, archname=i386-netbsd-thread-multi-64int
    uname='netbsd nitzer.bingosnet.co.uk 5.1.2 netbsd 5.1.2 (generic) #0: thu feb 2 17:22:10 utc 2012 builds@b6.netbsd.org:homebuildsabnetbsd-5-1-2-releasei386201202021012z-objhomebuildsabnetbsd-5-1-2-releasesrcsysarchi386compilegeneric i386 '
    config_args='-des -Dprefix=/home/cpan/pit/rel/perl-5.16.1 -Dusethreads -Duse64bitint'
    hint=recommended, useposix=true, d_sigaction=define
    useithreads=define, usemultiplicity=define
    useperlio=define, d_sfio=undef, uselargefiles=define, usesocks=undef
    use64bitint=define, use64bitall=undef, uselongdouble=undef
    usemymalloc=n, bincompat5005=undef
  Compiler:
    cc='cc', ccflags ='-fno-strict-aliasing -pipe -fstack-protector -I/usr/pkg/include',
    optimize='-O',
    cppflags='-fno-strict-aliasing -pipe -fstack-protector -I/usr/pkg/include'
    ccversion='', gccversion='4.1.3 20080704 prerelease (NetBSD nb2 20081120)', gccosandvers=''
    intsize=4, longsize=4, ptrsize=4, doublesize=8, byteorder=12345678
    d_longlong=define, longlongsize=8, d_longdbl=define, longdblsize=12
    ivtype='long long', ivsize=8, nvtype='double', nvsize=8, Off_t='off_t', lseeksize=8
    alignbytes=4, prototype=define
  Linker and Libraries:
    ld='cc', ldflags =' -Wl,-rpath,/usr/pkg/lib -Wl,-rpath,/usr/local/lib -fstack-protector -L/usr/pkg/lib'
    libpth=/usr/pkg/lib /lib /usr/lib
    libs=-lgdbm -lm -lcrypt -lutil -lc -lposix -lpthread
    perllibs=-lm -lcrypt -lutil -lc -lposix -lpthread
    libc=/lib/libc.so, so=so, useshrplib=false, libperl=libperl.a
    gnulibc_version=''
  Dynamic Linking:
    dlsrc=dl_dlopen.xs, dlext=so, d_dlsymun=undef, ccdlflags='-Wl,-E '
    cccdlflags='-DPIC -fPIC ', lddlflags='--whole-archive -shared  -L/usr/pkg/lib -fstack-protector'


Characteristics of this binary (from libperl): 
  Compile-time options: HAS_TIMES MULTIPLICITY PERLIO_LAYERS
                        PERL_DONT_CREATE_GVSV PERL_IMPLICIT_CONTEXT
                        PERL_MALLOC_WRAP PERL_PRESERVE_IVUV USE_64_BIT_INT
                        USE_ITHREADS USE_LARGE_FILES USE_LOCALE
                        USE_LOCALE_COLLATE USE_LOCALE_CTYPE
                        USE_LOCALE_NUMERIC USE_PERLIO USE_PERL_ATOF
                        USE_REENTRANT_API
  Built under netbsd
  Compiled at Aug 26 2012 11:40:31
  %ENV:
    PERL5LIB=":/home/cpan/pit/rel/conf/perl-5.16.1/.cpanplus/5.16.1/build/Digest-HMAC-1.03/blib/lib:/home/cpan/pit/rel/conf/perl-5.16.1/.cpanplus/5.16.1/build/Digest-HMAC-1.03/blib/arch:/home/cpan/pit/rel/conf/perl-5.16.1/.cpanplus/5.16.1/build/Net-DNS-0.72/blib/lib:/home/cpan/pit/rel/conf/perl-5.16.1/.cpanplus/5.16.1/build/Net-DNS-0.72/blib/arch:/home/cpan/pit/rel/conf/perl-5.16.1/.cpanplus/5.16.1/build/Crypt-OpenSSL-Bignum-0.04/blib/lib:/home/cpan/pit/rel/conf/perl-5.16.1/.cpanplus/5.16.1/build/Crypt-OpenSSL-Bignum-0.04/blib/arch:/home/cpan/pit/rel/conf/perl-5.16.1/.cpanplus/5.16.1/build/Crypt-OpenSSL-DSA-0.14/blib/lib:/home/cpan/pit/rel/conf/perl-5.16.1/.cpanplus/5.16.1/build/Crypt-OpenSSL-DSA-0.14/blib/arch"
    PERL5_CPANPLUS_IS_RUNNING="23030"
    PERL5_CPANPLUS_IS_VERSION="0.9133"
    PERL5_MINISMOKEBOX="0.54"
    PERL5_YACSMOKE_BASE="/home/cpan/pit/rel/conf/perl-5.16.1"
    PERL_EXTUTILS_AUTOINSTALL="--defaultdeps"
    PERL_MM_USE_DEFAULT="1"
  @INC:
    /home/cpan/pit/rel/conf/perl-5.16.1/.cpanplus/5.16.1/build/Digest-HMAC-1.03/blib/lib
    /home/cpan/pit/rel/conf/perl-5.16.1/.cpanplus/5.16.1/build/Digest-HMAC-1.03/blib/arch
    /home/cpan/pit/rel/conf/perl-5.16.1/.cpanplus/5.16.1/build/Net-DNS-0.72/blib/lib
    /home/cpan/pit/rel/conf/perl-5.16.1/.cpanplus/5.16.1/build/Net-DNS-0.72/blib/arch
    /home/cpan/pit/rel/conf/perl-5.16.1/.cpanplus/5.16.1/build/Crypt-OpenSSL-Bignum-0.04/blib/lib
    /home/cpan/pit/rel/conf/perl-5.16.1/.cpanplus/5.16.1/build/Crypt-OpenSSL-Bignum-0.04/blib/arch
    /home/cpan/pit/rel/conf/perl-5.16.1/.cpanplus/5.16.1/build/Crypt-OpenSSL-DSA-0.14/blib/lib
    /home/cpan/pit/rel/conf/perl-5.16.1/.cpanplus/5.16.1/build/Crypt-OpenSSL-DSA-0.14/blib/arch
    /home/cpan/pit/rel/perl-5.16.1/lib/site_perl/5.16.1/i386-netbsd-thread-multi-64int
    /home/cpan/pit/rel/perl-5.16.1/lib/site_perl/5.16.1
    /home/cpan/pit/rel/perl-5.16.1/lib/5.16.1/i386-netbsd-thread-multi-64int
    /home/cpan/pit/rel/perl-5.16.1/lib/5.16.1
    .