Report for DBIx-Class-Tree-Mobius-0.212

Back
From: metabase:user:30977d10-2aae-11df-837a-5e0a49663a4f
Subject: FAIL DBIx-Class-Tree-Mobius-0.212 v5.12.4 GNU/Linux
Date: 2011-07-18T16:52:02Z

This distribution has been tested as part of the CPAN Testers
project, supporting the Perl programming language.  See
http://wiki.cpantesters.org/ for more information or email
questions to cpan-testers-discuss@perl.org


--
Dear Valentin D Guillois,

This is a computer-generated report for DBIx-Class-Tree-Mobius-0.212
on perl 5.12.4, created by CPAN-Reporter-1.19_04.

Thank you for uploading your work to CPAN.  However, there was a problem
testing your distribution.

If you think this report is invalid, please consult the CPAN Testers Wiki
for suggestions on how to avoid getting FAIL reports for missing library
or binary dependencies, unsupported operating systems, and so on:

http://wiki.cpantesters.org/wiki/CPANAuthorNotes

Sections of this report:

    * Tester comments
    * Program output
    * Prerequisites
    * Environment and other context

------------------------------
TESTER COMMENTS
------------------------------

Additional comments from tester:

this report is from an automated smoke testing program
and was not reviewed by a human for accuracy

------------------------------
PROGRAM OUTPUT
------------------------------

Output from '/usr/bin/make test':

PERL_DL_NONLAZY=1 /home/trushel/perl/perl5124m/bin/perl "-MExtUtils::Command::MM" "-e" "test_harness(0, 'blib/lib', 'blib/arch')" t/*.t
t/01load.t ................ ok

#   Failed test 'check mobius path rec 3 child 1'
#   at t/02run.t line 82.
#          got: '2'
#     expected: '3.2'

#   Failed test 'check mobius path rec 3 child 2'
#   at t/02run.t line 83.
#          got: '2'
#     expected: '3.2'

#   Failed test 'check mobius path rec 3 child 3'
#   at t/02run.t line 84.
#          got: '1.2.1.2'
#     expected: '3.2'

#   Failed test 'check descendants count rec id 3'
#   at t/02run.t line 86.
#          got: '0'
#     expected: '3'
DBIx::Class::Tree::Mobius::attach_child(): DBI Exception: DBD::SQLite::st execute failed: constraint failed
columns a, c are not unique [for Statement "UPDATE test SET a = ?, c = ?, is_inner = ?, lft = ?, rgt = ? WHERE ( id = ? )"] at t/02run.t line 93
# Looks like you planned 86 tests but ran 26.
# Looks like you failed 4 tests of 26 run.
# Looks like your test exited with 2 just after 26.
t/02run.t ................. 
Dubious, test returned 2 (wstat 512, 0x200)
Failed 64/86 subtests 
t/03update.t .............. ok
t/04limits.t .............. skipped: these tests are for testing by the author
t/author-critic.t ......... skipped: these tests are for testing by the author
t/release-pod-coverage.t .. skipped: these tests are for release candidate testing
t/release-pod-syntax.t .... skipped: these tests are for release candidate testing

Test Summary Report
-------------------
t/02run.t               (Wstat: 512 Tests: 26 Failed: 4)
  Failed tests:  23-26
  Non-zero exit status: 2
  Parse errors: Bad plan.  You planned 86 tests but ran 26.
Files=7, Tests=28,  6 wallclock secs ( 0.02 usr  0.02 sys +  0.71 cusr  0.10 csys =  0.85 CPU)
Result: FAIL
Failed 1/7 test programs. 4/28 subtests failed.
make: *** [test_dynamic] Error 255

------------------------------
PREREQUISITES
------------------------------

Prerequisite modules loaded:

requires:

    Module              Need    Have   
    ------------------- ------- -------
    Carp                0       1.17   
    DBIx::Class         0       0.08192
    Digest              0       1.16   
    ExtUtils::MakeMaker 0       6.58   
    Math::BigFloat      0       1.993  

build_requires:

    Module              Need    Have   
    ------------------- ------- -------
    SQL::Translator     0.11006 0.11008
    Test::More          0       0.98   

configure_requires:

    Module              Need    Have   
    ------------------- ------- -------
    ExtUtils::MakeMaker 6.31    6.58   


------------------------------
ENVIRONMENT AND OTHER CONTEXT
------------------------------

Environment variables:

    AUTOMATED_TESTING = 1
    LANG = en_US.UTF-8
    LANGUAGE = en
    LC_COLLATE = C
    LC_MONETARY = C
    LC_NUMERIC = C
    LC_TIME = C
    PATH = /usr/local/sbin:/usr/local/bin:/usr/sbin:/usr/bin:/sbin:/bin
    PERL5LIB = 
    PERL5OPT = 
    PERL5_CPANPLUS_IS_RUNNING = 25951
    PERL5_CPAN_IS_RUNNING = 25951
    PERL5_CPAN_IS_RUNNING_IN_RECURSION = 9993,25951
    PERL_CR_SMOKER_CURRENT = DBIx-Class-Tree-Mobius-0.212
    PERL_EXTUTILS_AUTOINSTALL = --defaultdeps
    PERL_MM_USE_DEFAULT = 1
    SHELL = /bin/bash
    TERM = xterm

Perl special variables (and OS-specific diagnostics, for MSWin32):

    $^X = /home/trushel/perl/perl5124m/bin/perl
    $UID/$EUID = 138375 / 138375
    $GID = 5762 4 20 21 24 25 26 30 44 46 104 105 119 122 431 5762
    $EGID = 5762 4 20 21 24 25 26 30 44 46 104 105 119 122 431 5762

Perl module toolchain versions installed:

    Module              Have    
    ------------------- --------
    CPAN                1.97_51 
    CPAN::Meta          2.110930
    Cwd                 3.33    
    ExtUtils::CBuilder  0.280202
    ExtUtils::Command   1.17    
    ExtUtils::Install   1.54    
    ExtUtils::MakeMaker 6.58    
    ExtUtils::Manifest  1.58    
    ExtUtils::ParseXS   3.00_02 
    File::Spec          3.33    
    JSON                2.53    
    JSON::PP            2.27200 
    Module::Build       0.3800  
    Module::Signature   0.68    
    Parse::CPAN::Meta   1.4401  
    Test::Harness       3.23    
    Test::More          0.98    
    YAML                0.73    
    YAML::Syck          1.17    
    version             0.91    


--

Summary of my perl5 (revision 5 version 12 subversion 4) configuration:
   
  Platform:
    osname=linux, osvers=2.6.32-32-generic, archname=x86_64-linux-multi
    uname='linux trushel-glaptop 2.6.32-32-generic #62-ubuntu smp wed apr 20 21:52:38 utc 2011 x86_64 gnulinux '
    config_args=''
    hint=recommended, useposix=true, d_sigaction=define
    useithreads=undef, usemultiplicity=define
    useperlio=define, d_sfio=undef, uselargefiles=define, usesocks=undef
    use64bitint=define, use64bitall=define, uselongdouble=undef
    usemymalloc=n, bincompat5005=undef
  Compiler:
    cc='cc', ccflags ='-fno-strict-aliasing -pipe -fstack-protector -I/usr/local/include -D_LARGEFILE_SOURCE -D_FILE_OFFSET_BITS=64',
    optimize='-O2',
    cppflags='-fno-strict-aliasing -pipe -fstack-protector -I/usr/local/include'
    ccversion='', gccversion='4.4.3', gccosandvers=''
    intsize=4, longsize=8, ptrsize=8, doublesize=8, byteorder=12345678
    d_longlong=define, longlongsize=8, d_longdbl=define, longdblsize=16
    ivtype='long', ivsize=8, nvtype='double', nvsize=8, Off_t='off_t', lseeksize=8
    alignbytes=8, prototype=define
  Linker and Libraries:
    ld='cc', ldflags =' -fstack-protector -L/usr/local/lib'
    libpth=/usr/local/lib /lib/../lib /usr/lib/../lib /lib /usr/lib /usr/lib/x86_64-linux-gnu /lib64 /usr/lib64
    libs=-lnsl -ldl -lm -lcrypt -lutil -lc
    perllibs=-lnsl -ldl -lm -lcrypt -lutil -lc
    libc=/lib/libc-2.11.1.so, so=so, useshrplib=false, libperl=libperl.a
    gnulibc_version='2.11.1'
  Dynamic Linking:
    dlsrc=dl_dlopen.xs, dlext=so, d_dlsymun=undef, ccdlflags='-Wl,-E'
    cccdlflags='-fPIC', lddlflags='-shared -O2 -L/usr/local/lib -fstack-protector'


Characteristics of this binary (from libperl): 
  Compile-time options: MULTIPLICITY PERL_DONT_CREATE_GVSV
                        PERL_IMPLICIT_CONTEXT PERL_MALLOC_WRAP USE_64_BIT_ALL
                        USE_64_BIT_INT USE_LARGE_FILES USE_PERLIO
                        USE_PERL_ATOF
  Built under linux
  Compiled at Jun 22 2011 22:34:27
  %ENV:
    PERL5LIB=""
    PERL5OPT=""
    PERL5_CPANPLUS_IS_RUNNING="25951"
    PERL5_CPAN_IS_RUNNING="25951"
    PERL5_CPAN_IS_RUNNING_IN_RECURSION="9993,25951"
    PERL_CR_SMOKER_CURRENT="DBIx-Class-Tree-Mobius-0.212"
    PERL_EXTUTILS_AUTOINSTALL="--defaultdeps"
    PERL_MM_USE_DEFAULT="1"
  @INC:
    /home/trushel/perl/perl5124m/lib/site_perl/5.12.4/x86_64-linux-multi
    /home/trushel/perl/perl5124m/lib/site_perl/5.12.4
    /home/trushel/perl/perl5124m/lib/5.12.4/x86_64-linux-multi
    /home/trushel/perl/perl5124m/lib/5.12.4
    .