Back
From: metabase:user:e83797c6-6da0-1014-84df-33ea7e0f01d3
Subject: FAIL Class-PObject-2.17 v5.14.4 Windows (Cygwin)
Date: 2015-04-07T04:58:14Z
This distribution has been tested as part of the CPAN Testers
project, supporting the Perl programming language. See
http://wiki.cpantesters.org/ for more information or email
questions to cpan-testers-discuss@perl.org
--
Dear Sherzod Ruzmetov,
This is a computer-generated report for Class-PObject-2.17
on perl 5.14.4, created by CPAN-Reporter-1.2011.
Thank you for uploading your work to CPAN. However, there was a problem
testing your distribution.
If you think this report is invalid, please consult the CPAN Testers Wiki
for suggestions on how to avoid getting FAIL reports for missing library
or binary dependencies, unsupported operating systems, and so on:
http://wiki.cpantesters.org/wiki/CPANAuthorNotes
Sections of this report:
* Tester comments
* Program output
* Prerequisites
* Environment and other context
------------------------------
TESTER COMMENTS
------------------------------
Additional comments from tester:
none provided
------------------------------
PROGRAM OUTPUT
------------------------------
Output from '/usr/bin/make test':
PERL_DL_NONLAZY=1 "/usr/bin/perl.exe" "-MExtUtils::Command::MM" "-MTest::Harness" "-e" "undef *Test::Harness::Switches; test_harness(0, 'blib/lib', 'blib/arch')" t/*.t
t/01basic_file.t ..... ok
t/06basic_csv.t ...... skipped: DBD::CSV is not installed
t/11basic_mysql.t .... skipped: DBD::mysql is not available
t/16basic_db_file.t .. ok
# Failed test at /home/cygwin/.cpan/build/Class-PObject-2.17-3BcKLm/blib/lib/Class/PObject/Test/Basic.pm line 195.
# Failed test at /home/cygwin/.cpan/build/Class-PObject-2.17-3BcKLm/blib/lib/Class/PObject/Test/Basic.pm line 198.
# Failed test at /home/cygwin/.cpan/build/Class-PObject-2.17-3BcKLm/blib/lib/Class/PObject/Test/Basic.pm line 231.
Can't call method "title" on an undefined value at /home/cygwin/.cpan/build/Class-PObject-2.17-3BcKLm/blib/lib/Class/PObject/Test/Basic.pm line 233.
# Looks like you planned 204 tests but ran 51.
# Looks like you failed 3 tests of 51 run.
# Looks like your test exited with 255 just after 51.
t/21basic_sqlite.t ...
Dubious, test returned 255 (wstat 65280, 0xff00)
Failed 156/204 subtests
t/61types_file.t ..... ok
t/62types_csv.t ...... skipped: DBD::CSV is not installed
t/63types_db_file.t .. ok
t/64types_mysql.t .... skipped: DBD::mysql is not available
# Failed test at /home/cygwin/.cpan/build/Class-PObject-2.17-3BcKLm/blib/lib/Class/PObject/Test/Types.pm line 105.
Can't call method "name" on an undefined value at /home/cygwin/.cpan/build/Class-PObject-2.17-3BcKLm/blib/lib/Class/PObject/Test/Types.pm line 113.
# Looks like you planned 46 tests but ran 21.
# Looks like you failed 1 test of 21 run.
# Looks like your test exited with 255 just after 21.
t/65types_sqlite.t ...
Dubious, test returned 255 (wstat 65280, 0xff00)
Failed 26/46 subtests
t/70hasa_file.t ...... ok
t/71hasa_csv.t ....... skipped: DBD::CSV is not installed
t/72hasa_mysql.t ..... skipped: DBD::mysql is not available
t/73hasa_db_file.t ... ok
# Failed test at /home/cygwin/.cpan/build/Class-PObject-2.17-3BcKLm/blib/lib/Class/PObject/Test/HAS_A.pm line 99.
# Failed test at /home/cygwin/.cpan/build/Class-PObject-2.17-3BcKLm/blib/lib/Class/PObject/Test/HAS_A.pm line 108.
Can't call method "author" on an undefined value at /home/cygwin/.cpan/build/Class-PObject-2.17-3BcKLm/blib/lib/Class/PObject/Test/HAS_A.pm line 112.
# Looks like you planned 37 tests but ran 15.
# Looks like you failed 2 tests of 15 run.
# Looks like your test exited with 255 just after 15.
t/74hasa_sqlite.t ....
Dubious, test returned 255 (wstat 65280, 0xff00)
Failed 24/37 subtests
Test Summary Report
-------------------
t/21basic_sqlite.t (Wstat: 65280 Tests: 51 Failed: 3)
Failed tests: 45-46, 51
Non-zero exit status: 255
Parse errors: Bad plan. You planned 204 tests but ran 51.
t/65types_sqlite.t (Wstat: 65280 Tests: 21 Failed: 1)
Failed test: 21
Non-zero exit status: 255
Parse errors: Bad plan. You planned 46 tests but ran 21.
t/74hasa_sqlite.t (Wstat: 65280 Tests: 15 Failed: 2)
Failed tests: 12, 15
Non-zero exit status: 255
Parse errors: Bad plan. You planned 37 tests but ran 15.
Files=15, Tests=661, 3 wallclock secs ( 0.05 usr 0.12 sys + 0.95 cusr 0.91 csys = 2.03 CPU)
Result: FAIL
Failed 3/15 test programs. 6/661 subtests failed.
Makefile:971: recipe for target 'test_dynamic' failed
make: *** [test_dynamic] Error 255
------------------------------
PREREQUISITES
------------------------------
Prerequisite modules loaded:
requires:
Module Need Have
------------------- ---- --------
File::Basename 0 2.82
File::Path 0 2.09
File::Spec 0 3.47
IO::Dir 0 1.08
Log::Agent 0 1.000
Storable 0 2.51
Test::More 0 1.001014
build_requires:
Module Need Have
------------------- ---- --------
ExtUtils::MakeMaker 0 7.04
------------------------------
ENVIRONMENT AND OTHER CONTEXT
------------------------------
Environment variables:
COMSPEC = C:\Windows\system32\cmd.exe
LANG = en_US.UTF-8
NUMBER_OF_PROCESSORS = 2
PATH = /usr/local/bin:/usr/bin:/cygdrive/c/Windows/system32:/cygdrive/c/Windows:/cygdrive/c/Windows/System32/Wbem:/cygdrive/c/Windows/System32/WindowsPowerShell/v1.0
PERL5LIB =
PERL5OPT =
PERL5_CPANPLUS_IS_RUNNING = 3008
PERL5_CPAN_IS_RUNNING = 3008
PROCESSOR_IDENTIFIER = Intel64 Family 6 Model 42 Stepping 7, GenuineIntel
SHELL = /bin/bash
TEMP = /tmp
TERM = xterm
Perl special variables (and OS-specific diagnostics, for MSWin32):
$^X = /usr/bin/perl
$UID/$EUID = 197608 / 197608
$GID = 197121 197121 197609 545 4 66049 11 15 4095 66048 262154 401408
$EGID = 197121 197121 197609 545 4 66049 11 15 4095 66048 262154 401408
Perl module toolchain versions installed:
Module Have
------------------- --------
CPAN 2.10
CPAN::Meta 2.150001
Cwd 3.47
ExtUtils::CBuilder 0.280220
ExtUtils::Command 1.20
ExtUtils::Install 2.04
ExtUtils::MakeMaker 7.04
ExtUtils::Manifest 1.70
ExtUtils::ParseXS 3.24
File::Spec 3.47
JSON 2.90
JSON::PP 2.27300
Module::Build 0.4211
Module::Signature n/a
Parse::CPAN::Meta 1.4414
Test::Harness 3.35
Test::More 1.001014
YAML 1.14
YAML::Syck n/a
version 0.9912
--
Summary of my perl5 (revision 5 version 14 subversion 4) configuration:
Platform:
osname=cygwin, osvers=1.7.35(0.28653), archname=cygwin-thread-multi
uname='cygwin_nt-6.3 cygwin 1.7.35(0.28653) 2015-02-16 13:03 x86_64 cygwin '
config_args='-d -e -Dprefix=/usr -Dmksymlinks -Dusethreads -Darchname=x86_64-cygwin-threads -Dlibperl=cygperl5_14.dll -Dcc=gcc -Dld=g++ -Accflags=-ggdb -O2 -pipe -Wimplicit-function-declaration -fdebug-prefix-map=/mnt/share/maint/perl.x86_64/build=/usr/src/debug/perl-5.14.4-3 -fdebug-prefix-map=/mnt/share/maint/perl.x86_64/src/perl-5.14.4=/usr/src/debug/perl-5.14.4-3 -fwrapv'
hint=recommended, useposix=true, d_sigaction=define
useithreads=define, usemultiplicity=define
useperlio=define, d_sfio=undef, uselargefiles=define, usesocks=undef
use64bitint=define, use64bitall=define, uselongdouble=undef
usemymalloc=n, bincompat5005=undef
Compiler:
cc='gcc', ccflags ='-DPERL_USE_SAFE_PUTENV -U__STRICT_ANSI__ -ggdb -O2 -pipe -Wimplicit-function-declaration -fdebug-prefix-map=/mnt/share/maint/perl.x86_64/build=/usr/src/debug/perl-5.14.4-3 -fdebug-prefix-map=/mnt/share/maint/perl.x86_64/src/perl-5.14.4=/usr/src/debug/perl-5.14.4-3 -fwrapv -fno-strict-aliasing -fstack-protector',
optimize='-O3',
cppflags='-DPERL_USE_SAFE_PUTENV -U__STRICT_ANSI__ -ggdb -O2 -pipe -Wimplicit-function-declaration -fdebug-prefix-map=/mnt/share/maint/perl.x86_64/build=/usr/src/debug/perl-5.14.4-3 -fdebug-prefix-map=/mnt/share/maint/perl.x86_64/src/perl-5.14.4=/usr/src/debug/perl-5.14.4-3 -fwrapv -fno-strict-aliasing -fstack-protector'
ccversion='', gccversion='4.9.2', gccosandvers=''
intsize=4, longsize=8, ptrsize=8, doublesize=8, byteorder=12345678
d_longlong=define, longlongsize=8, d_longdbl=define, longdblsize=16
ivtype='long', ivsize=8, nvtype='double', nvsize=8, Off_t='off_t', lseeksize=8
alignbytes=8, prototype=define
Linker and Libraries:
ld='g++', ldflags =' -Wl,--enable-auto-import -Wl,--export-all-symbols -Wl,--enable-auto-image-base -fstack-protector -L/usr/local/lib'
libpth=/usr/local/lib /usr/lib /lib
libs=-lgdbm -ldb -ldl -lcrypt -lgdbm_compat
perllibs=-ldl -lcrypt
libc=/usr/lib/libc.a, so=dll, useshrplib=true, libperl=cygperl5_14.dll
gnulibc_version=''
Dynamic Linking:
dlsrc=dl_dlopen.xs, dlext=dll, d_dlsymun=undef, ccdlflags=' '
cccdlflags=' ', lddlflags=' --shared -Wl,--enable-auto-import -Wl,--export-all-symbols -Wl,--enable-auto-image-base -L/usr/local/lib -fstack-protector'
Characteristics of this binary (from libperl):
Compile-time options: MULTIPLICITY PERL_DONT_CREATE_GVSV
PERL_IMPLICIT_CONTEXT PERL_PRESERVE_IVUV
PERL_USE_SAFE_PUTENV USE_64_BIT_ALL USE_64_BIT_INT
USE_ITHREADS USE_LARGE_FILES USE_PERLIO USE_PERL_ATOF
USE_REENTRANT_API
Locally applied patches:
rurban/0c612ce82 Fix building static extensions on cygwin, -UUSEIMPORTLIB
perl.cygwin_autorebase Rebase DLL after building (skip for cygport builds)
v5.14.0-RC2-6-gfc6f691 skip testing cygwin utf8 readdir() with Win32 ANSI API
v5.14.0-RC2-7-g3877b86 Fix test 50 on cygwin: \WINDOWS
v5.14.0-RC2-10-gd22b5bd revert +x global.sym from 3691eaa79cc6a
v5.15.0-579-g8375c93 Export store_cop_label for the perl compiler
v5.15.3-232-g1bac5ec sv.c: S_anonymise_cv_maybe UTF8 cleanup.
v5.15.7-75-g803e389 CYG17 utf8 paths
v5.15.7-302-g5bc802d Revise perlcygwin.pod for cygwin-1.7
v5.15.7-303-g286f819 add Cygwin::sync_winenv [perl #110190]
v5.19.8-494-g6cc44f6 avoid a "FILE" name conflict with cygwin's wchar.h
v5.19.8-496-g3383030 [perl #120936] op/taint.t handling of no ipcsysv on cygwin
v5.19.8-509-g288d0d9 cygwin doesn't implement $^E (except as a read of $!)
v5.21.4-548-g860874c wrap the failing call_checker test in an eval and TODO it
Built under cygwin
Compiled at Feb 17 2015 21:41:24
%ENV:
PERL5LIB=""
PERL5OPT=""
PERL5_CPANPLUS_IS_RUNNING="3008"
PERL5_CPAN_IS_RUNNING="3008"
@INC:
/usr/lib/perl5/site_perl/5.14/x86_64-cygwin-threads
/usr/lib/perl5/site_perl/5.14
/usr/lib/perl5/vendor_perl/5.14/x86_64-cygwin-threads
/usr/lib/perl5/vendor_perl/5.14
/usr/lib/perl5/5.14/x86_64-cygwin-threads
/usr/lib/perl5/5.14
.