Report for Pod-Extract-URI-0.3

Back
From: metabase:user:30f0bd62-2aae-11df-837a-5e0a49663a4f
Subject: FAIL Pod-Extract-URI-0.3 v5.17.3 OpenBSD
Date: 2012-09-30T22:14:54Z

This distribution has been tested as part of the CPAN Testers
project, supporting the Perl programming language.  See
http://wiki.cpantesters.org/ for more information or email
questions to cpan-testers-discuss@perl.org


--
Dear Ian Malpass,

This is a computer-generated report for Pod-Extract-URI-0.3
on perl 5.17.3, created by CPAN-Reporter-1.2006.

Thank you for uploading your work to CPAN.  However, there was a problem
testing your distribution.

If you think this report is invalid, please consult the CPAN Testers Wiki
for suggestions on how to avoid getting FAIL reports for missing library
or binary dependencies, unsupported operating systems, and so on:

http://wiki.cpantesters.org/wiki/CPANAuthorNotes

Sections of this report:

    * Tester comments
    * Program output
    * Prerequisites
    * Environment and other context

------------------------------
TESTER COMMENTS
------------------------------

Additional comments from tester:

this report is from an automated smoke testing program
and was not reviewed by a human for accuracy

------------------------------
PROGRAM OUTPUT
------------------------------

Output from './Build test':

t/command.t ....... ok
t/int_seq.t ....... ok
t/new.t ........... ok
t/pod-coverage.t .. skipped: Test::Pod::Coverage 1.00 required for testing POD coverage
t/pod.t ........... skipped: Test::Pod 1.00 required for testing POD
t/schemes.t ....... ok
t/setter.t ........ ok
t/stop_sub.t ...... ok
t/stop_uris.t ..... ok
t/synopsis.t ...... ok
t/textblock.t ..... ok

#   Failed test at t/uri_details.t line 41.
#          got: 'http://www.google.com/'
#     expected: '<URL:http://www.google.com/>'

#   Failed test at t/uri_details.t line 48.
#          got: '3'
#     expected: '4'

#   Failed test at t/uri_details.t line 50.
#          got: undef
#     expected: '<URL:http://www.google.com/>'

#   Failed test at t/uri_details.t line 51.
#          got: undef
#     expected: '<URL:http://www.google.com/>'
# Looks like you failed 4 tests of 19.
t/uri_details.t ... 
Dubious, test returned 4 (wstat 1024, 0x400)
Failed 4/19 subtests 
t/verbatim.t ...... ok

Test Summary Report
-------------------
t/uri_details.t (Wstat: 1024 Tests: 19 Failed: 4)
  Failed tests:  16-19
  Non-zero exit status: 4
Files=13, Tests=92,  2 wallclock secs ( 0.18 usr  0.17 sys +  1.98 cusr  0.31 csys =  2.64 CPU)
Result: FAIL
Failed 1/13 test programs. 4/92 subtests failed.

------------------------------
PREREQUISITES
------------------------------

Prerequisite modules loaded:

requires:

    Module                Need Have    
    --------------------- ---- --------
    Carp                  0    1.26    
    Pod::Escapes          0    1.04    
    Pod::Parser           0    1.51    
    URI::Find             0    20111103
    URI::Find::Schemeless 0    20111103

build_requires:

    Module                Need Have    
    --------------------- ---- --------
    Module::Build         0    0.4003  
    Test::More            0    0.98    


------------------------------
ENVIRONMENT AND OTHER CONTEXT
------------------------------

Environment variables:

    AUTOMATED_TESTING = 1
    PATH = /home/sts/bin:/bin:/sbin:/usr/bin:/usr/sbin:/usr/X11R6/bin:/usr/local/bin:/usr/local/sbin:/usr/games:.
    PERL5LIB = /home/sts/cpansmoke/perl-5.17.3/cpan/build/URI-Find-20111103-GitMtK/blib/arch:/home/sts/cpansmoke/perl-5.17.3/cpan/build/URI-Find-20111103-GitMtK/blib/lib:/home/sts/cpansmoke/perl-5.17.3/cpan/build/URI-1.60-mEN6M9/blib/arch:/home/sts/cpansmoke/perl-5.17.3/cpan/build/URI-1.60-mEN6M9/blib/lib
    PERL5OPT = 
    PERL5_CPANPLUS_IS_RUNNING = 24140
    PERL5_CPAN_IS_RUNNING = 24140
    PERL5_CPAN_IS_RUNNING_IN_RECURSION = 12847,24140
    PERL_CR_SMOKER_CURRENT = Pod-Extract-URI-0.3
    PERL_EXTUTILS_AUTOINSTALL = --defaultdeps
    PERL_MM_USE_DEFAULT = 1
    SHELL = /usr/local/bin/bash
    TERM = screen
    TMPDIR = /home/sts/cpansmoke/tmp

Perl special variables (and OS-specific diagnostics, for MSWin32):

    $^X = /home/sts/cpansmoke/perl-5.17.3/bin/perl5.17.3
    $UID/$EUID = 1000 / 1000
    $GID = 10 10 0
    $EGID = 10 10 0

Perl module toolchain versions installed:

    Module              Have    
    ------------------- --------
    CPAN                1.9800  
    CPAN::Meta          2.120921
    Cwd                 3.39_02 
    ExtUtils::CBuilder  0.280208
    ExtUtils::Command   1.17    
    ExtUtils::Install   1.58    
    ExtUtils::MakeMaker 6.63_02 
    ExtUtils::Manifest  1.61    
    ExtUtils::ParseXS   3.17    
    File::Spec          3.39_02 
    JSON                n/a     
    JSON::PP            2.27200 
    Module::Build       0.4003  
    Module::Signature   n/a     
    Parse::CPAN::Meta   1.4404  
    Test::Harness       3.25_01 
    Test::More          0.98    
    YAML                n/a     
    YAML::Syck          n/a     
    version             0.99    


--

Summary of my perl5 (revision 5 version 17 subversion 3) configuration:
   
  Platform:
    osname=openbsd, osvers=5.1, archname=OpenBSD.i386-openbsd-thread-multi
    uname='openbsd cpansmoke5 5.1 generic.mp#188 i386 '
    config_args='-des -Dusedevel -Dusethreads -Dprefix=/home/sts/cpansmoke/perl-5.17.3'
    hint=recommended, useposix=true, d_sigaction=define
    useithreads=define, usemultiplicity=define
    useperlio=define, d_sfio=undef, uselargefiles=define, usesocks=undef
    use64bitint=undef, use64bitall=undef, uselongdouble=undef
    usemymalloc=y, bincompat5005=undef
  Compiler:
    cc='cc', ccflags ='-pthread -fno-strict-aliasing -pipe -fstack-protector -I/usr/local/include',
    optimize='-O2',
    cppflags='-pthread -fno-strict-aliasing -pipe -fstack-protector -I/usr/local/include'
    ccversion='', gccversion='4.2.1 20070719 ', gccosandvers='openbsd5.1'
    intsize=4, longsize=4, ptrsize=4, doublesize=8, byteorder=1234
    d_longlong=define, longlongsize=8, d_longdbl=define, longdblsize=12
    ivtype='long', ivsize=4, nvtype='double', nvsize=8, Off_t='off_t', lseeksize=8
    alignbytes=4, prototype=define
  Linker and Libraries:
    ld='cc', ldflags ='-pthread -Wl,-E  -fstack-protector -L/usr/local/lib'
    libpth=/usr/local/lib /usr/lib
    libs=-lgdbm -lm -lutil -lc
    perllibs=-lm -lutil -lc
    libc=/usr/lib/libc.so.62.0, so=so, useshrplib=false, libperl=libperl.a
    gnulibc_version=''
  Dynamic Linking:
    dlsrc=dl_dlopen.xs, dlext=so, d_dlsymun=undef, ccdlflags=' '
    cccdlflags='-DPIC -fPIC ', lddlflags='-shared -fPIC  -L/usr/local/lib -fstack-protector'


Characteristics of this binary (from libperl): 
  Compile-time options: HAS_TIMES MULTIPLICITY MYMALLOC PERLIO_LAYERS
                        PERL_DONT_CREATE_GVSV PERL_IMPLICIT_CONTEXT
                        PERL_MALLOC_WRAP PERL_PRESERVE_IVUV PERL_USE_DEVEL
                        USE_ITHREADS USE_LARGE_FILES USE_LOCALE
                        USE_LOCALE_COLLATE USE_LOCALE_CTYPE
                        USE_LOCALE_NUMERIC USE_PERLIO USE_PERL_ATOF
                        USE_REENTRANT_API
  Built under openbsd
  Compiled at Aug 20 2012 20:41:46
  %ENV:
    PERL5LIB="/home/sts/cpansmoke/perl-5.17.3/cpan/build/URI-Find-20111103-GitMtK/blib/arch:/home/sts/cpansmoke/perl-5.17.3/cpan/build/URI-Find-20111103-GitMtK/blib/lib:/home/sts/cpansmoke/perl-5.17.3/cpan/build/URI-1.60-mEN6M9/blib/arch:/home/sts/cpansmoke/perl-5.17.3/cpan/build/URI-1.60-mEN6M9/blib/lib"
    PERL5OPT=""
    PERL5_CPANPLUS_IS_RUNNING="24140"
    PERL5_CPAN_IS_RUNNING="24140"
    PERL5_CPAN_IS_RUNNING_IN_RECURSION="12847,24140"
    PERL_CR_SMOKER_CURRENT="Pod-Extract-URI-0.3"
    PERL_EXTUTILS_AUTOINSTALL="--defaultdeps"
    PERL_MM_USE_DEFAULT="1"
  @INC:
    /home/sts/cpansmoke/perl-5.17.3/cpan/build/URI-Find-20111103-GitMtK/blib/arch
    /home/sts/cpansmoke/perl-5.17.3/cpan/build/URI-Find-20111103-GitMtK/blib/lib
    /home/sts/cpansmoke/perl-5.17.3/cpan/build/URI-1.60-mEN6M9/blib/arch
    /home/sts/cpansmoke/perl-5.17.3/cpan/build/URI-1.60-mEN6M9/blib/lib
    /home/sts/cpansmoke/perl-5.17.3/lib/site_perl/5.17.3/OpenBSD.i386-openbsd-thread-multi
    /home/sts/cpansmoke/perl-5.17.3/lib/site_perl/5.17.3
    /home/sts/cpansmoke/perl-5.17.3/lib/5.17.3/OpenBSD.i386-openbsd-thread-multi
    /home/sts/cpansmoke/perl-5.17.3/lib/5.17.3
    .