Report for FusionInventory-Agent-Task-Network-1.0.2

Back
From: metabase:user:320bfe00-2aae-11df-837a-5e0a49663a4f
Subject: FAIL FusionInventory-Agent-Task-Network-1.0.2 v5.16.1 GNU/Linux
Date: 2012-12-08T21:43:12Z

This distribution has been tested as part of the CPAN Testers
project, supporting the Perl programming language.  See
http://wiki.cpantesters.org/ for more information or email
questions to cpan-testers-discuss@perl.org


--
Dear Guillaume Rousse,

This is a computer-generated report for FusionInventory-Agent-Task-Network-1.0.2
on perl 5.16.1, created by CPAN-Reporter-1.2006.

Thank you for uploading your work to CPAN.  However, there was a problem
testing your distribution.

If you think this report is invalid, please consult the CPAN Testers Wiki
for suggestions on how to avoid getting FAIL reports for missing library
or binary dependencies, unsupported operating systems, and so on:

http://wiki.cpantesters.org/wiki/CPANAuthorNotes

Sections of this report:

    * Tester comments
    * Program output
    * Prerequisites
    * Environment and other context

------------------------------
TESTER COMMENTS
------------------------------

Additional comments from tester:

this report is from an automated smoke testing program
and was not reviewed by a human for accuracy

------------------------------
PROGRAM OUTPUT
------------------------------

Output from '/usr/bin/make test':

PERL_DL_NONLAZY=1 /home/sand/src/perl/repoperls/installed-perls/perl/v5.16.1/a2da/bin/perl -I/usr/local/share/fusioninventory/lib "-MExtUtils::Command::MM" "-e" "test_harness(0, 'inc', 'blib/lib', 'blib/arch')" t/01compile.t t/02critic.t t/03pod.t t/04pod-coverage.t t/05var.t t/06spelling.t t/manufacturer.t t/message.t t/nmap.t t/output.t t/apps/netdiscovery.t t/apps/netinventory.t t/snmp/live.t t/snmp/mock.t t/tools/snmp.t

#   Failed test 'Compile test for lib/FusionInventory/Agent/Manufacturer.pm'
#   at /home/src/perl/repoperls/installed-perls/perl/v5.16.1/a2da/lib/site_perl/5.16.1/Test/Compile.pm line 150.
# lib/FusionInventory/Agent/Manufacturer.pm does not compile

#   Failed test 'Compile test for lib/FusionInventory/Agent/SNMP.pm'
#   at /home/src/perl/repoperls/installed-perls/perl/v5.16.1/a2da/lib/site_perl/5.16.1/Test/Compile.pm line 150.
# lib/FusionInventory/Agent/SNMP.pm does not compile

#   Failed test 'Compile test for lib/FusionInventory/Agent/Task/NetInventory.pm'
#   at /home/src/perl/repoperls/installed-perls/perl/v5.16.1/a2da/lib/site_perl/5.16.1/Test/Compile.pm line 150.
# lib/FusionInventory/Agent/Task/NetInventory.pm does not compile

#   Failed test 'Compile test for lib/FusionInventory/Agent/Task/NetDiscovery.pm'
#   at /home/src/perl/repoperls/installed-perls/perl/v5.16.1/a2da/lib/site_perl/5.16.1/Test/Compile.pm line 150.
# lib/FusionInventory/Agent/Task/NetDiscovery.pm does not compile

#   Failed test 'Compile test for lib/FusionInventory/Agent/SNMP/Live.pm'
#   at /home/src/perl/repoperls/installed-perls/perl/v5.16.1/a2da/lib/site_perl/5.16.1/Test/Compile.pm line 150.
# lib/FusionInventory/Agent/SNMP/Live.pm does not compile

#   Failed test 'Compile test for lib/FusionInventory/Agent/SNMP/Mock.pm'
#   at /home/src/perl/repoperls/installed-perls/perl/v5.16.1/a2da/lib/site_perl/5.16.1/Test/Compile.pm line 150.
# lib/FusionInventory/Agent/SNMP/Mock.pm does not compile

#   Failed test 'Compile test for lib/FusionInventory/Agent/Manufacturer/3Com.pm'
#   at /home/src/perl/repoperls/installed-perls/perl/v5.16.1/a2da/lib/site_perl/5.16.1/Test/Compile.pm line 150.
# lib/FusionInventory/Agent/Manufacturer/3Com.pm does not compile

#   Failed test 'Compile test for lib/FusionInventory/Agent/Manufacturer/Nortel.pm'
#   at /home/src/perl/repoperls/installed-perls/perl/v5.16.1/a2da/lib/site_perl/5.16.1/Test/Compile.pm line 150.
# lib/FusionInventory/Agent/Manufacturer/Nortel.pm does not compile

#   Failed test 'Compile test for lib/FusionInventory/Agent/Manufacturer/Cisco.pm'
#   at /home/src/perl/repoperls/installed-perls/perl/v5.16.1/a2da/lib/site_perl/5.16.1/Test/Compile.pm line 150.
# lib/FusionInventory/Agent/Manufacturer/Cisco.pm does not compile
# Looks like you failed 9 tests of 19.
t/01compile.t .......... 
Dubious, test returned 9 (wstat 2304, 0x900)
Failed 9/19 subtests 
t/02critic.t ........... skipped: Author test, set $ENV{TEST_AUTHOR} to a true value to run
t/03pod.t .............. skipped: Author test, set $ENV{TEST_AUTHOR} to a true value to run
t/04pod-coverage.t ..... skipped: Author test, set $ENV{TEST_AUTHOR} to a true value to run
t/05var.t .............. skipped: Author test, set $ENV{TEST_AUTHOR} to a true value to run
t/06spelling.t ......... skipped: Author test, set $ENV{TEST_AUTHOR} to a true value to run
Can't locate FusionInventory/Agent/Tools.pm in @INC (@INC contains: /tmp/loop_over_bdir-mkCcSk/FusionInventory-Agent-Task-Network-1.0.2-76AUDl/inc /tmp/loop_over_bdir-mkCcSk/FusionInventory-Agent-Task-Network-1.0.2-76AUDl/blib/lib /tmp/loop_over_bdir-mkCcSk/FusionInventory-Agent-Task-Network-1.0.2-76AUDl/blib/arch /usr/local/share/fusioninventory/lib /home/src/perl/repoperls/installed-perls/perl/v5.16.1/a2da/lib/site_perl/5.16.1/x86_64-linux-thread-multi-ld /home/src/perl/repoperls/installed-perls/perl/v5.16.1/a2da/lib/site_perl/5.16.1 /home/src/perl/repoperls/installed-perls/perl/v5.16.1/a2da/lib/5.16.1/x86_64-linux-thread-multi-ld /home/src/perl/repoperls/installed-perls/perl/v5.16.1/a2da/lib/5.16.1 .) at /tmp/loop_over_bdir-mkCcSk/FusionInventory-Agent-Task-Network-1.0.2-76AUDl/blib/lib/FusionInventory/Agent/Task/NetDiscovery.pm line 22.
BEGIN failed--compilation aborted at /tmp/loop_over_bdir-mkCcSk/FusionInventory-Agent-Task-Network-1.0.2-76AUDl/blib/lib/FusionInventory/Agent/Task/NetDiscovery.pm line 22.
Compilation failed in require at t/apps/netdiscovery.t line 11.
BEGIN failed--compilation aborted at t/apps/netdiscovery.t line 11.
# Looks like your test exited with 2 before it could output anything.
t/apps/netdiscovery.t .. 
Dubious, test returned 2 (wstat 512, 0x200)
Failed 12/12 subtests 
Can't locate FusionInventory/Agent/XML/Query.pm in @INC (@INC contains: /tmp/loop_over_bdir-mkCcSk/FusionInventory-Agent-Task-Network-1.0.2-76AUDl/inc /tmp/loop_over_bdir-mkCcSk/FusionInventory-Agent-Task-Network-1.0.2-76AUDl/blib/lib /tmp/loop_over_bdir-mkCcSk/FusionInventory-Agent-Task-Network-1.0.2-76AUDl/blib/arch /usr/local/share/fusioninventory/lib /home/src/perl/repoperls/installed-perls/perl/v5.16.1/a2da/lib/site_perl/5.16.1/x86_64-linux-thread-multi-ld /home/src/perl/repoperls/installed-perls/perl/v5.16.1/a2da/lib/site_perl/5.16.1 /home/src/perl/repoperls/installed-perls/perl/v5.16.1/a2da/lib/5.16.1/x86_64-linux-thread-multi-ld /home/src/perl/repoperls/installed-perls/perl/v5.16.1/a2da/lib/5.16.1 .) at /tmp/loop_over_bdir-mkCcSk/FusionInventory-Agent-Task-Network-1.0.2-76AUDl/blib/lib/FusionInventory/Agent/Task/NetInventory.pm line 18.
BEGIN failed--compilation aborted at /tmp/loop_over_bdir-mkCcSk/FusionInventory-Agent-Task-Network-1.0.2-76AUDl/blib/lib/FusionInventory/Agent/Task/NetInventory.pm line 18.
Compilation failed in require at t/apps/netinventory.t line 12.
BEGIN failed--compilation aborted at t/apps/netinventory.t line 12.
# Looks like your test exited with 2 before it could output anything.
t/apps/netinventory.t .. 
Dubious, test returned 2 (wstat 512, 0x200)
Failed 15/15 subtests 
Can't locate FusionInventory/Agent/Tools/Network.pm in @INC (@INC contains: /tmp/loop_over_bdir-mkCcSk/FusionInventory-Agent-Task-Network-1.0.2-76AUDl/inc /tmp/loop_over_bdir-mkCcSk/FusionInventory-Agent-Task-Network-1.0.2-76AUDl/blib/lib /tmp/loop_over_bdir-mkCcSk/FusionInventory-Agent-Task-Network-1.0.2-76AUDl/blib/arch /usr/local/share/fusioninventory/lib /home/src/perl/repoperls/installed-perls/perl/v5.16.1/a2da/lib/site_perl/5.16.1/x86_64-linux-thread-multi-ld /home/src/perl/repoperls/installed-perls/perl/v5.16.1/a2da/lib/site_perl/5.16.1 /home/src/perl/repoperls/installed-perls/perl/v5.16.1/a2da/lib/5.16.1/x86_64-linux-thread-multi-ld /home/src/perl/repoperls/installed-perls/perl/v5.16.1/a2da/lib/5.16.1 .) at /tmp/loop_over_bdir-mkCcSk/FusionInventory-Agent-Task-Network-1.0.2-76AUDl/blib/lib/FusionInventory/Agent/Manufacturer.pm line 6.
BEGIN failed--compilation aborted at /tmp/loop_over_bdir-mkCcSk/FusionInventory-Agent-Task-Network-1.0.2-76AUDl/blib/lib/FusionInventory/Agent/Manufacturer.pm line 6.
Compilation failed in require at t/manufacturer.t line 9.
BEGIN failed--compilation aborted at t/manufacturer.t line 9.
t/manufacturer.t ....... 
Dubious, test returned 2 (wstat 512, 0x200)
No subtests run 
Can't locate FusionInventory/Agent/XML/Response.pm in @INC (@INC contains: /tmp/loop_over_bdir-mkCcSk/FusionInventory-Agent-Task-Network-1.0.2-76AUDl/inc /tmp/loop_over_bdir-mkCcSk/FusionInventory-Agent-Task-Network-1.0.2-76AUDl/blib/lib /tmp/loop_over_bdir-mkCcSk/FusionInventory-Agent-Task-Network-1.0.2-76AUDl/blib/arch /usr/local/share/fusioninventory/lib /home/src/perl/repoperls/installed-perls/perl/v5.16.1/a2da/lib/site_perl/5.16.1/x86_64-linux-thread-multi-ld /home/src/perl/repoperls/installed-perls/perl/v5.16.1/a2da/lib/site_perl/5.16.1 /home/src/perl/repoperls/installed-perls/perl/v5.16.1/a2da/lib/5.16.1/x86_64-linux-thread-multi-ld /home/src/perl/repoperls/installed-perls/perl/v5.16.1/a2da/lib/5.16.1 .) at t/message.t line 9.
BEGIN failed--compilation aborted at t/message.t line 9.
t/message.t ............ 
Dubious, test returned 2 (wstat 512, 0x200)
No subtests run 
Can't locate FusionInventory/Agent/Tools.pm in @INC (@INC contains: /tmp/loop_over_bdir-mkCcSk/FusionInventory-Agent-Task-Network-1.0.2-76AUDl/inc /tmp/loop_over_bdir-mkCcSk/FusionInventory-Agent-Task-Network-1.0.2-76AUDl/blib/lib /tmp/loop_over_bdir-mkCcSk/FusionInventory-Agent-Task-Network-1.0.2-76AUDl/blib/arch /usr/local/share/fusioninventory/lib /home/src/perl/repoperls/installed-perls/perl/v5.16.1/a2da/lib/site_perl/5.16.1/x86_64-linux-thread-multi-ld /home/src/perl/repoperls/installed-perls/perl/v5.16.1/a2da/lib/site_perl/5.16.1 /home/src/perl/repoperls/installed-perls/perl/v5.16.1/a2da/lib/5.16.1/x86_64-linux-thread-multi-ld /home/src/perl/repoperls/installed-perls/perl/v5.16.1/a2da/lib/5.16.1 .) at /tmp/loop_over_bdir-mkCcSk/FusionInventory-Agent-Task-Network-1.0.2-76AUDl/blib/lib/FusionInventory/Agent/Task/NetDiscovery.pm line 22.
BEGIN failed--compilation aborted at /tmp/loop_over_bdir-mkCcSk/FusionInventory-Agent-Task-Network-1.0.2-76AUDl/blib/lib/FusionInventory/Agent/Task/NetDiscovery.pm line 22.
Compilation failed in require at t/nmap.t line 9.
BEGIN failed--compilation aborted at t/nmap.t line 9.
t/nmap.t ............... 
Dubious, test returned 2 (wstat 512, 0x200)
No subtests run 
Can't locate FusionInventory/Agent/XML/Query.pm in @INC (@INC contains: /tmp/loop_over_bdir-mkCcSk/FusionInventory-Agent-Task-Network-1.0.2-76AUDl/inc /tmp/loop_over_bdir-mkCcSk/FusionInventory-Agent-Task-Network-1.0.2-76AUDl/blib/lib /tmp/loop_over_bdir-mkCcSk/FusionInventory-Agent-Task-Network-1.0.2-76AUDl/blib/arch /usr/local/share/fusioninventory/lib /home/src/perl/repoperls/installed-perls/perl/v5.16.1/a2da/lib/site_perl/5.16.1/x86_64-linux-thread-multi-ld /home/src/perl/repoperls/installed-perls/perl/v5.16.1/a2da/lib/site_perl/5.16.1 /home/src/perl/repoperls/installed-perls/perl/v5.16.1/a2da/lib/5.16.1/x86_64-linux-thread-multi-ld /home/src/perl/repoperls/installed-perls/perl/v5.16.1/a2da/lib/5.16.1 .) at t/output.t line 7.
BEGIN failed--compilation aborted at t/output.t line 7.
t/output.t ............. 
Dubious, test returned 2 (wstat 512, 0x200)
No subtests run 
Can't locate FusionInventory/Agent/XML/Response.pm in @INC (@INC contains: /tmp/loop_over_bdir-mkCcSk/FusionInventory-Agent-Task-Network-1.0.2-76AUDl/inc /tmp/loop_over_bdir-mkCcSk/FusionInventory-Agent-Task-Network-1.0.2-76AUDl/blib/lib /tmp/loop_over_bdir-mkCcSk/FusionInventory-Agent-Task-Network-1.0.2-76AUDl/blib/arch /usr/local/share/fusioninventory/lib /home/src/perl/repoperls/installed-perls/perl/v5.16.1/a2da/lib/site_perl/5.16.1/x86_64-linux-thread-multi-ld /home/src/perl/repoperls/installed-perls/perl/v5.16.1/a2da/lib/site_perl/5.16.1 /home/src/perl/repoperls/installed-perls/perl/v5.16.1/a2da/lib/5.16.1/x86_64-linux-thread-multi-ld /home/src/perl/repoperls/installed-perls/perl/v5.16.1/a2da/lib/5.16.1 .) at t/snmp/live.t line 10.
BEGIN failed--compilation aborted at t/snmp/live.t line 10.
t/snmp/live.t .......... 
Dubious, test returned 2 (wstat 512, 0x200)
No subtests run 
Can't locate FusionInventory/Agent/Tools.pm in @INC (@INC contains: /tmp/loop_over_bdir-mkCcSk/FusionInventory-Agent-Task-Network-1.0.2-76AUDl/inc /tmp/loop_over_bdir-mkCcSk/FusionInventory-Agent-Task-Network-1.0.2-76AUDl/blib/lib /tmp/loop_over_bdir-mkCcSk/FusionInventory-Agent-Task-Network-1.0.2-76AUDl/blib/arch /usr/local/share/fusioninventory/lib /home/src/perl/repoperls/installed-perls/perl/v5.16.1/a2da/lib/site_perl/5.16.1/x86_64-linux-thread-multi-ld /home/src/perl/repoperls/installed-perls/perl/v5.16.1/a2da/lib/site_perl/5.16.1 /home/src/perl/repoperls/installed-perls/perl/v5.16.1/a2da/lib/5.16.1/x86_64-linux-thread-multi-ld /home/src/perl/repoperls/installed-perls/perl/v5.16.1/a2da/lib/5.16.1 .) at /tmp/loop_over_bdir-mkCcSk/FusionInventory-Agent-Task-Network-1.0.2-76AUDl/blib/lib/FusionInventory/Agent/SNMP.pm line 9.
BEGIN failed--compilation aborted at /tmp/loop_over_bdir-mkCcSk/FusionInventory-Agent-Task-Network-1.0.2-76AUDl/blib/lib/FusionInventory/Agent/SNMP.pm line 9.
Compilation failed in require at (eval 5) line 2.
	...propagated at /home/src/perl/repoperls/installed-perls/perl/v5.16.1/a2da/lib/5.16.1/base.pm line 84.
BEGIN failed--compilation aborted at /tmp/loop_over_bdir-mkCcSk/FusionInventory-Agent-Task-Network-1.0.2-76AUDl/blib/lib/FusionInventory/Agent/SNMP/Mock.pm line 5.
Compilation failed in require at t/snmp/mock.t line 8.
BEGIN failed--compilation aborted at t/snmp/mock.t line 8.
t/snmp/mock.t .......... 
Dubious, test returned 2 (wstat 512, 0x200)
No subtests run 
t/tools/snmp.t ......... ok

Test Summary Report
-------------------
t/01compile.t        (Wstat: 2304 Tests: 19 Failed: 9)
  Failed tests:  1, 3-7, 14-15, 17
  Non-zero exit status: 9
t/apps/netdiscovery.t (Wstat: 512 Tests: 0 Failed: 0)
  Non-zero exit status: 2
  Parse errors: Bad plan.  You planned 12 tests but ran 0.
t/apps/netinventory.t (Wstat: 512 Tests: 0 Failed: 0)
  Non-zero exit status: 2
  Parse errors: Bad plan.  You planned 15 tests but ran 0.
t/manufacturer.t     (Wstat: 512 Tests: 0 Failed: 0)
  Non-zero exit status: 2
  Parse errors: No plan found in TAP output
t/message.t          (Wstat: 512 Tests: 0 Failed: 0)
  Non-zero exit status: 2
  Parse errors: No plan found in TAP output
t/nmap.t             (Wstat: 512 Tests: 0 Failed: 0)
  Non-zero exit status: 2
  Parse errors: No plan found in TAP output
t/output.t           (Wstat: 512 Tests: 0 Failed: 0)
  Non-zero exit status: 2
  Parse errors: No plan found in TAP output
t/snmp/live.t        (Wstat: 512 Tests: 0 Failed: 0)
  Non-zero exit status: 2
  Parse errors: No plan found in TAP output
t/snmp/mock.t        (Wstat: 512 Tests: 0 Failed: 0)
  Non-zero exit status: 2
  Parse errors: No plan found in TAP output
Files=15, Tests=25,  2 wallclock secs ( 0.05 usr  0.00 sys +  0.50 cusr  0.08 csys =  0.63 CPU)
Result: FAIL
Failed 9/15 test programs. 9/25 subtests failed.
make: *** [test_dynamic] Error 255

------------------------------
PREREQUISITES
------------------------------

Prerequisite modules loaded:

requires:

    Module              Need  Have    
    ------------------- ----- --------
    Net::IP             0     1.26    
    Net::SNMP           0     v6.0.1  
    perl                5.008 5.016001
    threads             0     1.86    
    XML::TreePP         0.26  0.41    

build_requires:

    Module              Need  Have    
    ------------------- ----- --------
    Clone               0     0.33    
    ExtUtils::MakeMaker 6.59  6.63_04 
    Test::Compile       0     0.22    
    Test::Exception     0     0.31    

configure_requires:

    Module              Need  Have    
    ------------------- ----- --------
    ExtUtils::MakeMaker 6.59  6.63_04 


------------------------------
ENVIRONMENT AND OTHER CONTEXT
------------------------------

Environment variables:

    AUTOMATED_TESTING = 1
    LANG = en_US.UTF-8
    LANGUAGE = en_US:en
    PATH = /home/sand/bin:/usr/local/bin:/usr/bin:/bin:/usr/bin/X11:/usr/games:/usr/local/perl/bin:/usr/X11/bin:/sbin:/usr/sbin
    PERL5LIB = 
    PERL5OPT = 
    PERL5_CPANPLUS_IS_RUNNING = 31127
    PERL5_CPAN_IS_RUNNING = 31127
    PERL_MM_USE_DEFAULT = 1
    SHELL = /usr/bin/zsh
    TERM = screen

Perl special variables (and OS-specific diagnostics, for MSWin32):

    $^X = /home/sand/src/perl/repoperls/installed-perls/perl/v5.16.1/a2da/bin/perl
    $UID/$EUID = 1005 / 1005
    $GID = 1005 1005
    $EGID = 1005 1005

Perl module toolchain versions installed:

    Module              Have    
    ------------------- --------
    CPAN                1.99_51 
    CPAN::Meta          2.120921
    Cwd                 3.39_02 
    ExtUtils::CBuilder  0.280206
    ExtUtils::Command   1.17    
    ExtUtils::Install   1.58    
    ExtUtils::MakeMaker 6.63_04 
    ExtUtils::Manifest  1.61    
    ExtUtils::ParseXS   3.18    
    File::Spec          3.39_02 
    JSON                2.53    
    JSON::PP            2.27200 
    Module::Build       0.4003  
    Module::Signature   0.70    
    Parse::CPAN::Meta   1.4404  
    Test::Harness       3.25    
    Test::More          0.98_03 
    YAML                0.84    
    YAML::Syck          1.22_01 
    version             0.9901  


--

Summary of my perl5 (revision 5 version 16 subversion 1) configuration:
  Commit id: 06d742c02d396d6515581002f376b55ab1972c1b
  Platform:
    osname=linux, osvers=3.2.0-3-amd64, archname=x86_64-linux-thread-multi-ld
    uname='linux k83 3.2.0-3-amd64 #1 smp mon jul 23 02:45:17 utc 2012 x86_64 gnulinux '
    config_args='-Dprefix=/home/src/perl/repoperls/installed-perls/perl/v5.16.1/a2da -Dmyhostname=k83 -Dinstallusrbinperl=n -Uversiononly -Dusedevel -des -Ui_db -Duseithreads -Duselongdouble -DDEBUGGING=-g'
    hint=recommended, useposix=true, d_sigaction=define
    useithreads=define, usemultiplicity=define
    useperlio=define, d_sfio=undef, uselargefiles=define, usesocks=undef
    use64bitint=define, use64bitall=define, uselongdouble=define
    usemymalloc=n, bincompat5005=undef
  Compiler:
    cc='cc', ccflags ='-D_REENTRANT -D_GNU_SOURCE -fno-strict-aliasing -pipe -fstack-protector -I/usr/local/include -D_LARGEFILE_SOURCE -D_FILE_OFFSET_BITS=64',
    optimize='-O2 -g',
    cppflags='-D_REENTRANT -D_GNU_SOURCE -fno-strict-aliasing -pipe -fstack-protector -I/usr/local/include'
    ccversion='', gccversion='4.7.1', gccosandvers=''
    intsize=4, longsize=8, ptrsize=8, doublesize=8, byteorder=12345678
    d_longlong=define, longlongsize=8, d_longdbl=define, longdblsize=16
    ivtype='long', ivsize=8, nvtype='long double', nvsize=16, Off_t='off_t', lseeksize=8
    alignbytes=16, prototype=define
  Linker and Libraries:
    ld='cc', ldflags =' -fstack-protector -L/usr/local/lib'
    libpth=/usr/local/lib /lib/x86_64-linux-gnu /lib/../lib /usr/lib/x86_64-linux-gnu /usr/lib/../lib /lib /usr/lib
    libs=-lnsl -ldb -ldl -lm -lcrypt -lutil -lpthread -lc
    perllibs=-lnsl -ldl -lm -lcrypt -lutil -lpthread -lc
    libc=, so=so, useshrplib=false, libperl=libperl.a
    gnulibc_version='2.13'
  Dynamic Linking:
    dlsrc=dl_dlopen.xs, dlext=so, d_dlsymun=undef, ccdlflags='-Wl,-E'
    cccdlflags='-fPIC', lddlflags='-shared -O2 -g -L/usr/local/lib -fstack-protector'


Characteristics of this binary (from libperl): 
  Compile-time options: HAS_TIMES MULTIPLICITY PERLIO_LAYERS
                        PERL_DONT_CREATE_GVSV PERL_IMPLICIT_CONTEXT
                        PERL_MALLOC_WRAP PERL_PRESERVE_IVUV PERL_USE_DEVEL
                        USE_64_BIT_ALL USE_64_BIT_INT USE_ITHREADS
                        USE_LARGE_FILES USE_LOCALE USE_LOCALE_COLLATE
                        USE_LOCALE_CTYPE USE_LOCALE_NUMERIC USE_LONG_DOUBLE
                        USE_PERLIO USE_PERL_ATOF USE_REENTRANT_API
  Built under linux
  Compiled at Aug 15 2012 08:07:04
  %ENV:
    PERL5LIB=""
    PERL5OPT=""
    PERL5_CPANPLUS_IS_RUNNING="31127"
    PERL5_CPAN_IS_RUNNING="31127"
    PERL_MM_USE_DEFAULT="1"
  @INC:
    /home/src/perl/repoperls/installed-perls/perl/v5.16.1/a2da/lib/site_perl/5.16.1/x86_64-linux-thread-multi-ld
    /home/src/perl/repoperls/installed-perls/perl/v5.16.1/a2da/lib/site_perl/5.16.1
    /home/src/perl/repoperls/installed-perls/perl/v5.16.1/a2da/lib/5.16.1/x86_64-linux-thread-multi-ld
    /home/src/perl/repoperls/installed-perls/perl/v5.16.1/a2da/lib/5.16.1
    .