Catalyst-Controller-Atompub v0.5.6 Perl 5 v5.35.1 x86_64-linux-thread-multi-ld

Status
Fail
From
Andreas J. König (ANDK)
Dist
Catalyst-Controller-Atompub v0.5.6
Platform
Perl 5 v5.35.1 x86_64-linux-thread-multi-ld
Date
2021-06-22 21:03:16
ID
43d08fa8-d39d-11eb-91fc-b162f218e213
This distribution has been tested as part of the CPAN Testers
project, supporting the Perl programming language.  See
http://wiki.cpantesters.org/ for more information or email
questions to cpan-testers-discuss@perl.org


--
Dear Takeru INOUE,

This is a computer-generated report for Catalyst-Controller-Atompub-0.5.6
on perl 5.35.1, created by CPAN-Reporter-1.2018.

Thank you for uploading your work to CPAN.  However, there was a problem
testing your distribution.

If you think this report is invalid, please consult the CPAN Testers Wiki
for suggestions on how to avoid getting FAIL reports for missing library
or binary dependencies, unsupported operating systems, and so on:

http://wiki.cpantesters.org/wiki/CPANAuthorNotes

Sections of this report:

    * Tester comments
    * Program output
    * Prerequisites
    * Environment and other context

------------------------------
TESTER COMMENTS
------------------------------

Additional comments from tester:

this report is from an automated smoke testing program
and was not reviewed by a human for accuracy

------------------------------
PROGRAM OUTPUT
------------------------------

Output from '/usr/bin/make test':

PERL_DL_NONLAZY=1 "/tmp/basesmoker-reloperl-divq/bin/perl" "-MExtUtils::Command::MM" "-MTest::Harness" "-e" "undef *Test::Harness::Switches; test_harness(0, 'inc', 'blib/lib', 'blib/arch')" t/00.load.t t/01.service-default.t t/02.service.t t/03.collection.t t/perlcritic.t t/pod-coverage.t t/pod.t
# Testing Catalyst::Controller::Atompub 0.5.6
t/00.load.t ............. ok
Class::MOP::is_class_loaded is deprecated at /home/sand/src/perl/repoperls/installed-perls/host/k93bionic/v5.35.1/ebf1/lib/site_perl/5.35.1/x86_64-linux-thread-multi-ld/Class/MOP.pm line 87.
	Class::MOP::is_class_loaded("TestAtompub") called at /tmp/loop_over_bdir-415-b5KIJQ/Catalyst-Controller-Atompub-0.5.6-0/inc/Test/WWW/Mechanize/Catalyst.pm line 244
	Test::WWW::Mechanize::Catalyst::import("Test::WWW::Mechanize::Catalyst", "TestAtompub") called at t/01.service-default.t line 9
	main::BEGIN() called at t/01.service-default.t line 9
	eval {...} called at t/01.service-default.t line 9
Class::MOP::load_class is deprecated at /home/sand/src/perl/repoperls/installed-perls/host/k93bionic/v5.35.1/ebf1/lib/site_perl/5.35.1/x86_64-linux-thread-multi-ld/Class/MOP.pm line 69.
	Class::MOP::load_class("TestAtompub") called at /tmp/loop_over_bdir-415-b5KIJQ/Catalyst-Controller-Atompub-0.5.6-0/inc/Test/WWW/Mechanize/Catalyst.pm line 244
	Test::WWW::Mechanize::Catalyst::import("Test::WWW::Mechanize::Catalyst", "TestAtompub") called at t/01.service-default.t line 9
	main::BEGIN() called at t/01.service-default.t line 9
	eval {...} called at t/01.service-default.t line 9
[debug] Debug messages enabled
[debug] Statistics enabled
Catalyst::Controller::Atompub::Base uses NEXT, which is deprecated. Please see the Class::C3::Adopt::NEXT documentation for details. NEXT used  at /tmp/loop_over_bdir-415-b5KIJQ/Catalyst-Controller-Atompub-0.5.6-0/blib/lib/Catalyst/Controller/Atompub/Base.pm line 18.
[debug] Loaded plugins:
.----------------------------------------------------------------------------.
| Catalyst::Plugin::ConfigLoader  0.35                                       |
'----------------------------------------------------------------------------'

[debug] Loaded PSGI Middleware:
.----------------------------------------------------------------------------.
| Catalyst::Middleware::Stash                                                |
| Plack::Middleware::HTTPExceptions                                          |
| Plack::Middleware::RemoveRedundantBody  0.09                               |
| Plack::Middleware::FixMissingBodyInRedirect  0.12                          |
| Plack::Middleware::ContentLength                                           |
| Plack::Middleware::MethodOverride  0.20                                    |
| Plack::Middleware::Head                                                    |
'----------------------------------------------------------------------------'

[debug] Loaded Request Data Handlers:
.----------------------------------------------------------------------------.
| application/json                                                           |
| application/x-www-form-urlencoded                                          |
'----------------------------------------------------------------------------'

[debug] Loaded dispatcher "Catalyst::Dispatcher"
[debug] Loaded engine "Catalyst::Engine"
[debug] Found home "/tmp/loop_over_bdir-415-b5KIJQ/Catalyst-Controller-Atompub-0.5.6-0/t/lib/TestAtompub"
[debug] Loaded components:
.-----------------------------------------------------------------+----------.
| Class                                                           | Type     |
+-----------------------------------------------------------------+----------+
| TestAtompub::Controller::Collection                             | instance |
| TestAtompub::Controller::Service                                | instance |
'-----------------------------------------------------------------+----------'

Use of uninitialized value in lc at /tmp/loop_over_bdir-415-b5KIJQ/Catalyst-Controller-Atompub-0.5.6-0/blib/lib/Catalyst/Controller/Atompub/Collection.pm line 457.
Catalyst::Controller::Atompub::Collection uses NEXT, which is deprecated. Please see the Class::C3::Adopt::NEXT documentation for details. NEXT used  at /tmp/loop_over_bdir-415-b5KIJQ/Catalyst-Controller-Atompub-0.5.6-0/blib/lib/Catalyst/Controller/Atompub/Collection.pm line 467.
Use of uninitialized value in lc at /tmp/loop_over_bdir-415-b5KIJQ/Catalyst-Controller-Atompub-0.5.6-0/blib/lib/Catalyst/Controller/Atompub/Collection.pm line 457.
Use of uninitialized value in lc at /tmp/loop_over_bdir-415-b5KIJQ/Catalyst-Controller-Atompub-0.5.6-0/blib/lib/Catalyst/Controller/Atompub/Collection.pm line 457.
Use of uninitialized value in lc at /tmp/loop_over_bdir-415-b5KIJQ/Catalyst-Controller-Atompub-0.5.6-0/blib/lib/Catalyst/Controller/Atompub/Collection.pm line 457.
Use of uninitialized value in lc at /tmp/loop_over_bdir-415-b5KIJQ/Catalyst-Controller-Atompub-0.5.6-0/blib/lib/Catalyst/Controller/Atompub/Collection.pm line 457.
Use of uninitialized value in lc at /tmp/loop_over_bdir-415-b5KIJQ/Catalyst-Controller-Atompub-0.5.6-0/blib/lib/Catalyst/Controller/Atompub/Collection.pm line 457.
Use of uninitialized value in lc at /tmp/loop_over_bdir-415-b5KIJQ/Catalyst-Controller-Atompub-0.5.6-0/blib/lib/Catalyst/Controller/Atompub/Collection.pm line 457.
Use of uninitialized value in lc at /tmp/loop_over_bdir-415-b5KIJQ/Catalyst-Controller-Atompub-0.5.6-0/blib/lib/Catalyst/Controller/Atompub/Collection.pm line 457.
Attempt to use deprecated LocalRegex dispatch type.
  Use Chained methods or install the standalone
  Catalyst::DispatchType::Regex if necessary.
[debug] Loaded Private actions:
.----------------------+--------------------------------------+--------------.
| Private              | Class                                | Method       |
+----------------------+--------------------------------------+--------------+
| /collection/get_res- | TestAtompub::Controller::Collection  | get_resource |
| ource                |                                      |              |
| /collection/default  | TestAtompub::Controller::Collection  | default      |
| /collection/auto     | TestAtompub::Controller::Collection  | auto         |
| /collection/edit_uri | TestAtompub::Controller::Collection  | edit_uri     |
| /collection/get_feed | TestAtompub::Controller::Collection  | get_feed     |
| /service/default     | TestAtompub::Controller::Service     | default      |
'----------------------+--------------------------------------+--------------'

[info] AtompubServer powered by Catalyst 5.90128
[info] *** Request 1 (1.000/s) [968] [Tue Jun 22 20:58:29 2021] ***
[debug] Arguments are "service"
[debug] "GET" request for "service" from "127.0.0.1"
[error] Caught exception in engine "Not an ARRAY reference at /home/sand/src/perl/repoperls/installed-perls/host/k93bionic/v5.35.1/ebf1/lib/site_perl/5.35.1/HTTP/Headers.pm line 362."
Can't call method "request" on an undefined value at /home/sand/src/perl/repoperls/installed-perls/host/k93bionic/v5.35.1/ebf1/lib/site_perl/5.35.1/Plack/Test/MockHTTP.pm line 29.
# Looks like your test exited with 2 before it could output anything.
t/01.service-default.t .. 
Dubious, test returned 2 (wstat 512, 0x200)
Failed 8/8 subtests 
Class::MOP::is_class_loaded is deprecated at /home/sand/src/perl/repoperls/installed-perls/host/k93bionic/v5.35.1/ebf1/lib/site_perl/5.35.1/x86_64-linux-thread-multi-ld/Class/MOP.pm line 87.
	Class::MOP::is_class_loaded("TestAtompub") called at /tmp/loop_over_bdir-415-b5KIJQ/Catalyst-Controller-Atompub-0.5.6-0/inc/Test/WWW/Mechanize/Catalyst.pm line 244
	Test::WWW::Mechanize::Catalyst::import("Test::WWW::Mechanize::Catalyst", "TestAtompub") called at t/02.service.t line 9
	main::BEGIN() called at t/02.service.t line 9
	eval {...} called at t/02.service.t line 9
Class::MOP::load_class is deprecated at /home/sand/src/perl/repoperls/installed-perls/host/k93bionic/v5.35.1/ebf1/lib/site_perl/5.35.1/x86_64-linux-thread-multi-ld/Class/MOP.pm line 69.
	Class::MOP::load_class("TestAtompub") called at /tmp/loop_over_bdir-415-b5KIJQ/Catalyst-Controller-Atompub-0.5.6-0/inc/Test/WWW/Mechanize/Catalyst.pm line 244
	Test::WWW::Mechanize::Catalyst::import("Test::WWW::Mechanize::Catalyst", "TestAtompub") called at t/02.service.t line 9
	main::BEGIN() called at t/02.service.t line 9
	eval {...} called at t/02.service.t line 9
[debug] Debug messages enabled
[debug] Statistics enabled
Catalyst::Controller::Atompub::Base uses NEXT, which is deprecated. Please see the Class::C3::Adopt::NEXT documentation for details. NEXT used  at /tmp/loop_over_bdir-415-b5KIJQ/Catalyst-Controller-Atompub-0.5.6-0/blib/lib/Catalyst/Controller/Atompub/Base.pm line 18.
[debug] Loaded plugins:
.----------------------------------------------------------------------------.
| Catalyst::Plugin::ConfigLoader  0.35                                       |
'----------------------------------------------------------------------------'

[debug] Loaded PSGI Middleware:
.----------------------------------------------------------------------------.
| Catalyst::Middleware::Stash                                                |
| Plack::Middleware::HTTPExceptions                                          |
| Plack::Middleware::RemoveRedundantBody  0.09                               |
| Plack::Middleware::FixMissingBodyInRedirect  0.12                          |
| Plack::Middleware::ContentLength                                           |
| Plack::Middleware::MethodOverride  0.20                                    |
| Plack::Middleware::Head                                                    |
'----------------------------------------------------------------------------'

[debug] Loaded Request Data Handlers:
.----------------------------------------------------------------------------.
| application/json                                                           |
| application/x-www-form-urlencoded                                          |
'----------------------------------------------------------------------------'

[debug] Loaded dispatcher "Catalyst::Dispatcher"
[debug] Loaded engine "Catalyst::Engine"
[debug] Found home "/tmp/loop_over_bdir-415-b5KIJQ/Catalyst-Controller-Atompub-0.5.6-0/t/lib/TestAtompub"
[debug] Loaded components:
.-----------------------------------------------------------------+----------.
| Class                                                           | Type     |
+-----------------------------------------------------------------+----------+
| TestAtompub::Controller::Collection                             | instance |
| TestAtompub::Controller::Service                                | instance |
'-----------------------------------------------------------------+----------'

Use of uninitialized value in lc at /tmp/loop_over_bdir-415-b5KIJQ/Catalyst-Controller-Atompub-0.5.6-0/blib/lib/Catalyst/Controller/Atompub/Collection.pm line 457.
Catalyst::Controller::Atompub::Collection uses NEXT, which is deprecated. Please see the Class::C3::Adopt::NEXT documentation for details. NEXT used  at /tmp/loop_over_bdir-415-b5KIJQ/Catalyst-Controller-Atompub-0.5.6-0/blib/lib/Catalyst/Controller/Atompub/Collection.pm line 467.
Use of uninitialized value in lc at /tmp/loop_over_bdir-415-b5KIJQ/Catalyst-Controller-Atompub-0.5.6-0/blib/lib/Catalyst/Controller/Atompub/Collection.pm line 457.
Use of uninitialized value in lc at /tmp/loop_over_bdir-415-b5KIJQ/Catalyst-Controller-Atompub-0.5.6-0/blib/lib/Catalyst/Controller/Atompub/Collection.pm line 457.
Use of uninitialized value in lc at /tmp/loop_over_bdir-415-b5KIJQ/Catalyst-Controller-Atompub-0.5.6-0/blib/lib/Catalyst/Controller/Atompub/Collection.pm line 457.
Use of uninitialized value in lc at /tmp/loop_over_bdir-415-b5KIJQ/Catalyst-Controller-Atompub-0.5.6-0/blib/lib/Catalyst/Controller/Atompub/Collection.pm line 457.
Use of uninitialized value in lc at /tmp/loop_over_bdir-415-b5KIJQ/Catalyst-Controller-Atompub-0.5.6-0/blib/lib/Catalyst/Controller/Atompub/Collection.pm line 457.
Use of uninitialized value in lc at /tmp/loop_over_bdir-415-b5KIJQ/Catalyst-Controller-Atompub-0.5.6-0/blib/lib/Catalyst/Controller/Atompub/Collection.pm line 457.
Use of uninitialized value in lc at /tmp/loop_over_bdir-415-b5KIJQ/Catalyst-Controller-Atompub-0.5.6-0/blib/lib/Catalyst/Controller/Atompub/Collection.pm line 457.
Attempt to use deprecated LocalRegex dispatch type.
  Use Chained methods or install the standalone
  Catalyst::DispatchType::Regex if necessary.
[debug] Loaded Private actions:
.----------------------+--------------------------------------+--------------.
| Private              | Class                                | Method       |
+----------------------+--------------------------------------+--------------+
| /collection/edit_uri | TestAtompub::Controller::Collection  | edit_uri     |
| /collection/get_feed | TestAtompub::Controller::Collection  | get_feed     |
| /collection/auto     | TestAtompub::Controller::Collection  | auto         |
| /collection/get_res- | TestAtompub::Controller::Collection  | get_resource |
| ource                |                                      |              |
| /collection/default  | TestAtompub::Controller::Collection  | default      |
| /service/default     | TestAtompub::Controller::Service     | default      |
'----------------------+--------------------------------------+--------------'

[info] AtompubServer powered by Catalyst 5.90128
[info] *** Request 1 (1.000/s) [969] [Tue Jun 22 20:58:29 2021] ***
[debug] Arguments are "service"
[debug] "GET" request for "service" from "127.0.0.1"
[error] Caught exception in engine "Not an ARRAY reference at /home/sand/src/perl/repoperls/installed-perls/host/k93bionic/v5.35.1/ebf1/lib/site_perl/5.35.1/HTTP/Headers.pm line 362."
Can't call method "request" on an undefined value at /home/sand/src/perl/repoperls/installed-perls/host/k93bionic/v5.35.1/ebf1/lib/site_perl/5.35.1/Plack/Test/MockHTTP.pm line 29.
# Looks like your test exited with 2 before it could output anything.
t/02.service.t .......... 
Dubious, test returned 2 (wstat 512, 0x200)
Failed 18/18 subtests 
Class::MOP::is_class_loaded is deprecated at /home/sand/src/perl/repoperls/installed-perls/host/k93bionic/v5.35.1/ebf1/lib/site_perl/5.35.1/x86_64-linux-thread-multi-ld/Class/MOP.pm line 87.
	Class::MOP::is_class_loaded("TestAtompub") called at /tmp/loop_over_bdir-415-b5KIJQ/Catalyst-Controller-Atompub-0.5.6-0/inc/Test/WWW/Mechanize/Catalyst.pm line 244
	Test::WWW::Mechanize::Catalyst::import("Test::WWW::Mechanize::Catalyst", "TestAtompub") called at t/03.collection.t line 9
	main::BEGIN() called at t/03.collection.t line 9
	eval {...} called at t/03.collection.t line 9
Class::MOP::load_class is deprecated at /home/sand/src/perl/repoperls/installed-perls/host/k93bionic/v5.35.1/ebf1/lib/site_perl/5.35.1/x86_64-linux-thread-multi-ld/Class/MOP.pm line 69.
	Class::MOP::load_class("TestAtompub") called at /tmp/loop_over_bdir-415-b5KIJQ/Catalyst-Controller-Atompub-0.5.6-0/inc/Test/WWW/Mechanize/Catalyst.pm line 244
	Test::WWW::Mechanize::Catalyst::import("Test::WWW::Mechanize::Catalyst", "TestAtompub") called at t/03.collection.t line 9
	main::BEGIN() called at t/03.collection.t line 9
	eval {...} called at t/03.collection.t line 9
[debug] Debug messages enabled
[debug] Statistics enabled
Catalyst::Controller::Atompub::Base uses NEXT, which is deprecated. Please see the Class::C3::Adopt::NEXT documentation for details. NEXT used  at /tmp/loop_over_bdir-415-b5KIJQ/Catalyst-Controller-Atompub-0.5.6-0/blib/lib/Catalyst/Controller/Atompub/Base.pm line 18.
[debug] Loaded plugins:
.----------------------------------------------------------------------------.
| Catalyst::Plugin::ConfigLoader  0.35                                       |
'----------------------------------------------------------------------------'

[debug] Loaded PSGI Middleware:
.----------------------------------------------------------------------------.
| Catalyst::Middleware::Stash                                                |
| Plack::Middleware::HTTPExceptions                                          |
| Plack::Middleware::RemoveRedundantBody  0.09                               |
| Plack::Middleware::FixMissingBodyInRedirect  0.12                          |
| Plack::Middleware::ContentLength                                           |
| Plack::Middleware::MethodOverride  0.20                                    |
| Plack::Middleware::Head                                                    |
'----------------------------------------------------------------------------'

[debug] Loaded Request Data Handlers:
.----------------------------------------------------------------------------.
| application/json                                                           |
| application/x-www-form-urlencoded                                          |
'----------------------------------------------------------------------------'

[debug] Loaded dispatcher "Catalyst::Dispatcher"
[debug] Loaded engine "Catalyst::Engine"
[debug] Found home "/tmp/loop_over_bdir-415-b5KIJQ/Catalyst-Controller-Atompub-0.5.6-0/t/lib/TestAtompub"
[debug] Loaded components:
.-----------------------------------------------------------------+----------.
| Class                                                           | Type     |
+-----------------------------------------------------------------+----------+
| TestAtompub::Controller::Collection                             | instance |
| TestAtompub::Controller::Service                                | instance |
'-----------------------------------------------------------------+----------'

Use of uninitialized value in lc at /tmp/loop_over_bdir-415-b5KIJQ/Catalyst-Controller-Atompub-0.5.6-0/blib/lib/Catalyst/Controller/Atompub/Collection.pm line 457.
Catalyst::Controller::Atompub::Collection uses NEXT, which is deprecated. Please see the Class::C3::Adopt::NEXT documentation for details. NEXT used  at /tmp/loop_over_bdir-415-b5KIJQ/Catalyst-Controller-Atompub-0.5.6-0/blib/lib/Catalyst/Controller/Atompub/Collection.pm line 467.
Use of uninitialized value in lc at /tmp/loop_over_bdir-415-b5KIJQ/Catalyst-Controller-Atompub-0.5.6-0/blib/lib/Catalyst/Controller/Atompub/Collection.pm line 457.
Use of uninitialized value in lc at /tmp/loop_over_bdir-415-b5KIJQ/Catalyst-Controller-Atompub-0.5.6-0/blib/lib/Catalyst/Controller/Atompub/Collection.pm line 457.
Use of uninitialized value in lc at /tmp/loop_over_bdir-415-b5KIJQ/Catalyst-Controller-Atompub-0.5.6-0/blib/lib/Catalyst/Controller/Atompub/Collection.pm line 457.
Use of uninitialized value in lc at /tmp/loop_over_bdir-415-b5KIJQ/Catalyst-Controller-Atompub-0.5.6-0/blib/lib/Catalyst/Controller/Atompub/Collection.pm line 457.
Use of uninitialized value in lc at /tmp/loop_over_bdir-415-b5KIJQ/Catalyst-Controller-Atompub-0.5.6-0/blib/lib/Catalyst/Controller/Atompub/Collection.pm line 457.
Use of uninitialized value in lc at /tmp/loop_over_bdir-415-b5KIJQ/Catalyst-Controller-Atompub-0.5.6-0/blib/lib/Catalyst/Controller/Atompub/Collection.pm line 457.
Use of uninitialized value in lc at /tmp/loop_over_bdir-415-b5KIJQ/Catalyst-Controller-Atompub-0.5.6-0/blib/lib/Catalyst/Controller/Atompub/Collection.pm line 457.
Attempt to use deprecated LocalRegex dispatch type.
  Use Chained methods or install the standalone
  Catalyst::DispatchType::Regex if necessary.
[debug] Loaded Private actions:
.----------------------+--------------------------------------+--------------.
| Private              | Class                                | Method       |
+----------------------+--------------------------------------+--------------+
| /collection/auto     | TestAtompub::Controller::Collection  | auto         |
| /collection/default  | TestAtompub::Controller::Collection  | default      |
| /collection/get_res- | TestAtompub::Controller::Collection  | get_resource |
| ource                |                                      |              |
| /collection/get_feed | TestAtompub::Controller::Collection  | get_feed     |
| /collection/edit_uri | TestAtompub::Controller::Collection  | edit_uri     |
| /service/default     | TestAtompub::Controller::Service     | default      |
'----------------------+--------------------------------------+--------------'

[info] AtompubServer powered by Catalyst 5.90128
[info] *** Request 1 (1.000/s) [970] [Tue Jun 22 20:58:30 2021] ***
[debug] Arguments are "collection"
[debug] "GET" request for "collection" from "127.0.0.1"
[error] Caught exception in engine "Not an ARRAY reference at /home/sand/src/perl/repoperls/installed-perls/host/k93bionic/v5.35.1/ebf1/lib/site_perl/5.35.1/HTTP/Headers.pm line 362."
Can't call method "request" on an undefined value at /home/sand/src/perl/repoperls/installed-perls/host/k93bionic/v5.35.1/ebf1/lib/site_perl/5.35.1/Plack/Test/MockHTTP.pm line 29.
# Looks like your test exited with 255 before it could output anything.
t/03.collection.t ....... 
Dubious, test returned 255 (wstat 65280, 0xff00)
Failed 14/14 subtests 
t/perlcritic.t .......... skipped: $ENV{TEST_CRITIC} must be set to enable this test
t/pod-coverage.t ........ ok
t/pod.t ................. ok

Test Summary Report
-------------------
t/01.service-default.t (Wstat: 512 Tests: 0 Failed: 0)
  Non-zero exit status: 2
  Parse errors: Bad plan.  You planned 8 tests but ran 0.
t/02.service.t        (Wstat: 512 Tests: 0 Failed: 0)
  Non-zero exit status: 2
  Parse errors: Bad plan.  You planned 18 tests but ran 0.
t/03.collection.t     (Wstat: 65280 Tests: 0 Failed: 0)
  Non-zero exit status: 255
  Parse errors: Bad plan.  You planned 14 tests but ran 0.
Files=7, Tests=9,  4 wallclock secs ( 0.02 usr  0.03 sys +  2.83 cusr  0.49 csys =  3.37 CPU)
Result: FAIL
Failed 3/7 test programs. 0/9 subtests failed.
Makefile:790: recipe for target 'test_dynamic' failed
make: *** [test_dynamic] Error 255

------------------------------
PREREQUISITES
------------------------------

Prerequisite modules loaded:

requires:

    Module                         Need  Have    
    ------------------------------ ----- --------
    Atompub                        0.003 0.3.7   
    Catalyst::Devel                0     1.42    
    Catalyst::Plugin::ConfigLoader 0     0.35    
    Catalyst::Runtime              5.7   5.90128 
    English                        0     1.11    
    File::Slurp                    0     9999.32 
    FindBin                        0     1.52    
    HTTP::Status                   0     6.32    
    MIME::Base64                   0     3.16    
    Test::More                     0     1.302185
    Test::Perl::Critic             0     1.04    
    Test::WWW::Mechanize::Catalyst 0     0.62    
    Text::CSV                      0     2.01    
    Time::HiRes                    0     1.9767  
    URI::Escape                    0     5.09    
    version                        0.74  0.9929  

build_requires:

    Module                         Need  Have    
    ------------------------------ ----- --------
    ExtUtils::MakeMaker            6.36  7.62    
    Test::More                     0     1.302185
    Test::Perl::Critic             0     1.04    
    Test::WWW::Mechanize::Catalyst 0     0.62    

configure_requires:

    Module                         Need  Have    
    ------------------------------ ----- --------
    ExtUtils::MakeMaker            6.36  7.62    


------------------------------
ENVIRONMENT AND OTHER CONTEXT
------------------------------

Environment variables:

    AUTOMATED_TESTING = 1
    LANG = en_US.utf8
    PATH = /home/sand/bin:/usr/local/bin:/usr/local/sbin:/usr/sbin:/usr/bin:/sbin:/bin:/usr/games:/usr/local/games:/snap/bin:/usr/local/perl/bin:/usr/X11/bin
    PERL = /tmp/basesmoker-reloperl-divq/bin/perl
    PERL5LIB = /tmp/loop_over_bdir-415-b5KIJQ/Debian-Packages-0.03-0/blib/arch:/tmp/loop_over_bdir-415-b5KIJQ/Debian-Packages-0.03-0/blib/lib:/tmp/loop_over_bdir-415-b5KIJQ/HTML-Menu-TreeView-1.22-0/blib/arch:/tmp/loop_over_bdir-415-b5KIJQ/HTML-Menu-TreeView-1.22-0/blib/lib:/tmp/loop_over_bdir-415-b5KIJQ/Devel-Required-0.16-0/blib/arch:/tmp/loop_over_bdir-415-b5KIJQ/Devel-Required-0.16-0/blib/lib:/tmp/loop_over_bdir-415-b5KIJQ/Lingua-YaTeA-0.626-0/blib/arch:/tmp/loop_over_bdir-415-b5KIJQ/Lingua-YaTeA-0.626-0/blib/lib
    PERL5OPT = 
    PERL5_CPANPLUS_IS_RUNNING = 430
    PERL5_CPAN_IS_RUNNING = 430
    PERL_CANARY_STABILITY_NOPROMPT = 1
    PERL_MM_USE_DEFAULT = 1
    PERL_USE_UNSAFE_INC = 1
    SHELL = /usr/bin/zsh
    TERM = screen

Perl special variables (and OS-specific diagnostics, for MSWin32):

    $^X = /tmp/basesmoker-reloperl-divq/bin/perl
    $UID/$EUID = 1005 / 1005
    $GID = 1005 1005
    $EGID = 1005 1005

Perl module toolchain versions installed:

    Module              Have    
    ------------------- --------
    CPAN                2.28    
    CPAN::Meta          2.150010
    Cwd                 3.81    
    ExtUtils::CBuilder  0.280236
    ExtUtils::Command   7.62    
    ExtUtils::Install   2.20    
    ExtUtils::MakeMaker 7.62    
    ExtUtils::Manifest  1.73    
    ExtUtils::ParseXS   3.43    
    File::Spec          3.81    
    JSON                4.03    
    JSON::PP            4.06    
    Module::Build       0.4231  
    Module::Signature   0.87    
    Parse::CPAN::Meta   2.150010
    Test::Harness       3.43    
    Test::More          1.302185
    YAML                1.30    
    YAML::Syck          1.34    
    version             0.9929  


--

Summary of my perl5 (revision 5 version 35 subversion 1) configuration:
  Commit id: 62e4bfff38e2fa09daa793c424ab1083b77c41f9
  Platform:
    osname=linux
    osvers=4.15.0-144-generic
    archname=x86_64-linux-thread-multi-ld
    uname='linux k93bionic 4.15.0-144-generic #148-ubuntu smp sat may 8 02:33:43 utc 2021 x86_64 x86_64 x86_64 gnulinux '
    config_args='-Dprefix=/home/sand/src/perl/repoperls/installed-perls/host/k93bionic/v5.35.1/ebf1 -Dmyhostname=k93bionic -Dinstallusrbinperl=n -Uversiononly -Dusedevel -des -Ui_db -Dlibswanted=cl pthread socket inet nsl gdbm dbm malloc dl ld sun m crypt sec util c cposix posix ucb BSD gdbm_compat -Duseithreads -Duselongdouble -DEBUGGING=-g'
    hint=recommended
    useposix=true
    d_sigaction=define
    useithreads=define
    usemultiplicity=define
    use64bitint=define
    use64bitall=define
    uselongdouble=define
    usemymalloc=n
    default_inc_excludes_dot=define
  Compiler:
    cc='cc'
    ccflags ='-D_REENTRANT -D_GNU_SOURCE -fwrapv -fno-strict-aliasing -pipe -fstack-protector-strong -I/usr/local/include -D_LARGEFILE_SOURCE -D_FILE_OFFSET_BITS=64'
    optimize='-O2 -g'
    cppflags='-D_REENTRANT -D_GNU_SOURCE -fwrapv -fno-strict-aliasing -pipe -fstack-protector-strong -I/usr/local/include'
    ccversion=''
    gccversion='7.5.0'
    gccosandvers=''
    intsize=4
    longsize=8
    ptrsize=8
    doublesize=8
    byteorder=12345678
    doublekind=3
    d_longlong=define
    longlongsize=8
    d_longdbl=define
    longdblsize=16
    longdblkind=3
    ivtype='long'
    ivsize=8
    nvtype='long double'
    nvsize=16
    Off_t='off_t'
    lseeksize=8
    alignbytes=16
    prototype=define
  Linker and Libraries:
    ld='cc'
    ldflags =' -fstack-protector-strong -L/usr/local/lib'
    libpth=/usr/local/lib /usr/lib/x86_64-linux-gnu /usr/lib /lib/x86_64-linux-gnu /lib
    libs=-lpthread -lnsl -ldl -lm -lcrypt -lutil -lc
    perllibs=-lpthread -lnsl -ldl -lm -lcrypt -lutil -lc
    libc=libc-2.27.so
    so=so
    useshrplib=false
    libperl=libperl.a
    gnulibc_version='2.27'
  Dynamic Linking:
    dlsrc=dl_dlopen.xs
    dlext=so
    d_dlsymun=undef
    ccdlflags='-Wl,-E'
    cccdlflags='-fPIC'
    lddlflags='-shared -O2 -g -L/usr/local/lib -fstack-protector-strong'


Characteristics of this binary (from libperl): 
  Compile-time options:
    HAS_TIMES
    MULTIPLICITY
    PERLIO_LAYERS
    PERL_COPY_ON_WRITE
    PERL_DONT_CREATE_GVSV
    PERL_MALLOC_WRAP
    PERL_OP_PARENT
    PERL_PRESERVE_IVUV
    PERL_USE_DEVEL
    USE_64_BIT_ALL
    USE_64_BIT_INT
    USE_ITHREADS
    USE_LARGE_FILES
    USE_LOCALE
    USE_LOCALE_COLLATE
    USE_LOCALE_CTYPE
    USE_LOCALE_NUMERIC
    USE_LOCALE_TIME
    USE_LONG_DOUBLE
    USE_PERLIO
    USE_PERL_ATOF
    USE_REENTRANT_API
    USE_THREAD_SAFE_LOCALE
  Built under linux
  Compiled at Jun 21 2021 14:47:54
  %ENV:
    PERL="/tmp/basesmoker-reloperl-divq/bin/perl"
    PERL5LIB="/tmp/loop_over_bdir-415-b5KIJQ/Debian-Packages-0.03-0/blib/arch:/tmp/loop_over_bdir-415-b5KIJQ/Debian-Packages-0.03-0/blib/lib:/tmp/loop_over_bdir-415-b5KIJQ/HTML-Menu-TreeView-1.22-0/blib/arch:/tmp/loop_over_bdir-415-b5KIJQ/HTML-Menu-TreeView-1.22-0/blib/lib:/tmp/loop_over_bdir-415-b5KIJQ/Devel-Required-0.16-0/blib/arch:/tmp/loop_over_bdir-415-b5KIJQ/Devel-Required-0.16-0/blib/lib:/tmp/loop_over_bdir-415-b5KIJQ/Lingua-YaTeA-0.626-0/blib/arch:/tmp/loop_over_bdir-415-b5KIJQ/Lingua-YaTeA-0.626-0/blib/lib"
    PERL5OPT=""
    PERL5_CPANPLUS_IS_RUNNING="430"
    PERL5_CPAN_IS_RUNNING="430"
    PERL_CANARY_STABILITY_NOPROMPT="1"
    PERL_MM_USE_DEFAULT="1"
    PERL_USE_UNSAFE_INC="1"
  @INC:
    /tmp/loop_over_bdir-415-b5KIJQ/Debian-Packages-0.03-0/blib/arch
    /tmp/loop_over_bdir-415-b5KIJQ/Debian-Packages-0.03-0/blib/lib
    /tmp/loop_over_bdir-415-b5KIJQ/HTML-Menu-TreeView-1.22-0/blib/arch
    /tmp/loop_over_bdir-415-b5KIJQ/HTML-Menu-TreeView-1.22-0/blib/lib
    /tmp/loop_over_bdir-415-b5KIJQ/Devel-Required-0.16-0/blib/arch
    /tmp/loop_over_bdir-415-b5KIJQ/Devel-Required-0.16-0/blib/lib
    /tmp/loop_over_bdir-415-b5KIJQ/Lingua-YaTeA-0.626-0/blib/arch
    /tmp/loop_over_bdir-415-b5KIJQ/Lingua-YaTeA-0.626-0/blib/lib
    /home/sand/src/perl/repoperls/installed-perls/host/k93bionic/v5.35.1/ebf1/lib/site_perl/5.35.1/x86_64-linux-thread-multi-ld
    /home/sand/src/perl/repoperls/installed-perls/host/k93bionic/v5.35.1/ebf1/lib/site_perl/5.35.1
    /home/sand/src/perl/repoperls/installed-perls/host/k93bionic/v5.35.1/ebf1/lib/5.35.1/x86_64-linux-thread-multi-ld
    /home/sand/src/perl/repoperls/installed-perls/host/k93bionic/v5.35.1/ebf1/lib/5.35.1
    .