Report for Catalyst-Model-HTML-FormFu-1.00001

Back
From: metabase:user:314402c4-2aae-11df-837a-5e0a49663a4f
Subject: FAIL Catalyst-Model-HTML-FormFu-1.00001 v5.18.2 GNU/Linux
Date: 2014-05-03T06:43:41Z

This distribution has been tested as part of the CPAN Testers
project, supporting the Perl programming language.  See
http://wiki.cpantesters.org/ for more information or email
questions to cpan-testers-discuss@perl.org


--
Dear Daisuke Maki,

This is a computer-generated report for Catalyst-Model-HTML-FormFu-1.00001
on perl 5.18.2, created by CPAN-Reporter-1.2011.

Thank you for uploading your work to CPAN.  However, there was a problem
testing your distribution.

If you think this report is invalid, please consult the CPAN Testers Wiki
for suggestions on how to avoid getting FAIL reports for missing library
or binary dependencies, unsupported operating systems, and so on:

http://wiki.cpantesters.org/wiki/CPANAuthorNotes

Sections of this report:

    * Tester comments
    * Program output
    * Prerequisites
    * Environment and other context

------------------------------
TESTER COMMENTS
------------------------------

Additional comments from tester:

none provided

------------------------------
PROGRAM OUTPUT
------------------------------

Output from '/usr/bin/make test':

PERL_DL_NONLAZY=1 /bbbike/ctps/51911linux/install/perl-5.18.2/bin/perl "-MExtUtils::Command::MM" "-MTest::Harness" "-e" "undef *Test::Harness::Switches; test_harness(0, 'inc', 'blib/lib', 'blib/arch')" t/01_load.t t/02_yaml.t t/99_kwalitee.t t/99_pod-coverage.t t/99_pod.t
t/01_load.t .......... ok
You must configure a default store type unless you use exactly one store plugin. at /home/eserte/var/ctps/51911linux/install/perl-5.18.2/lib/site_perl/5.18.2/Catalyst.pm line 1173.
Compilation failed in require at /home/eserte/var/ctps/51911linux/install/perl-5.18.2/lib/site_perl/5.18.2/Catalyst/Test.pm line 155.
BEGIN failed--compilation aborted at t/02_yaml.t line 5.
# Looks like your test exited with 255 before it could output anything.
t/02_yaml.t .......... 
Dubious, test returned 255 (wstat 65280, 0xff00)
Failed 4/4 subtests 
These tests should not be running unless AUTHOR_TESTING=1 and/or RELEASE_TESTING=1!

#   Failed test 'has_readme'
#   at t/99_kwalitee.t line 3.
# Error: The file "README" is missing from this distribution. The README provides some basic information to users prior to downloading and unpacking the distribution.
# Details:
# README was not found.
# Remedy: Add a README to the distribution. It should contain a quick description of your module and how to install it.

#   Failed test 'no_broken_auto_install'
#   at t/99_kwalitee.t line 3.
# Error: This distribution uses an old version of Module::Install. Versions of Module::Install prior to 0.89 does not detect correcty that CPAN/CPANPLUS shell is used.
# Details:
# This distribution uses obsolete Module::Install version 0.77
# Remedy: Upgrade the bundled version of Module::Install to at least 0.89, but preferably to the most current release. Alternatively, you can switch to another build system / installer that does not suffer from this problem. (ExtUtils::MakeMaker, Module::Build both of which have their own set of problems.)
# Looks like you failed 2 tests of 14.
t/99_kwalitee.t ...... 
Dubious, test returned 2 (wstat 512, 0x200)
Failed 2/14 subtests 
t/99_pod-coverage.t .. skipped: Enable TEST_POD environment variable to test POD
t/99_pod.t ........... skipped: Enable TEST_POD environment variable to test POD

Test Summary Report
-------------------
t/02_yaml.t        (Wstat: 65280 Tests: 0 Failed: 0)
  Non-zero exit status: 255
  Parse errors: Bad plan.  You planned 4 tests but ran 0.
t/99_kwalitee.t    (Wstat: 512 Tests: 14 Failed: 2)
  Failed tests:  7, 10
  Non-zero exit status: 2
Files=5, Tests=16,  3 wallclock secs ( 0.03 usr  0.02 sys +  1.28 cusr  0.12 csys =  1.45 CPU)
Result: FAIL
Failed 2/5 test programs. 2/16 subtests failed.
make: *** [test_dynamic] Error 255

------------------------------
PREREQUISITES
------------------------------

Prerequisite modules loaded:

requires:

    Module                  Need    Have    
    ----------------------- ------- --------
    Best                    0       0.15    
    Catalyst                0       5.90062 
    Catalyst::Test          0       0       
    Config::Any             0       0.24    
    Data::Dumper            0       2.151   
    Data::Visitor::Callback 0       0.30    
    Digest::MD5             0       2.53    
    ExtUtils::MakeMaker     6.98    6.98    
    HTML::FormFu            0.02000 2.00    
    Test::More              0       1.001003

build_requires:

    Module                  Need    Have    
    ----------------------- ------- --------
    ExtUtils::MakeMaker     0       6.98    


------------------------------
ENVIRONMENT AND OTHER CONTEXT
------------------------------

Environment variables:

    DBIC_NO_WARN_BAD_PERL = 1
    LANG = C
    PATH = /usr/local/bin:/usr/bin:/bin:/usr/local/sbin:/usr/sbin:/sbin:/home/eserte/bin/linux-gnu:/home/eserte/bin/sh:/home/eserte/bin:/usr/games:/home/eserte/devel:/home/eserte/src/cpan-testers-parallelsmoker/utils/synced
    PERL5LIB = 
    PERL5OPT = 
    PERL5_CPANPLUS_IS_RUNNING = 20885
    PERL5_CPAN_IS_RUNNING = 20885
    PERL5_CPAN_IS_RUNNING_IN_RECURSION = 22485,20885
    PERLDOC = -MPod::Perldoc::ToTextOverstrike
    PERL_BATCH = yes
    PERL_CPAN_REPORTER_CONFIG = /var/tmp/cpansmoker-1001/a7rqzdcm8V_config.ini
    PERL_CPAN_REPORTER_DIR = /home/eserte/var/ctps/51911linux/config/perl-5.18.2/cpanreporter
    PERL_EXTUTILS_AUTOINSTALL = --defaultdeps
    PERL_HTML_DISPLAY_CLASS = HTML::Display::Mozilla
    PERL_PARALLEL_SMOKER = yes
    PERL_TEST_UNPATCHED = 1
    PERL_TEST_UNPATCHED = 1
    SHELL = /usr/bin/zsh
    TERM = xterm
    TMPDIR = /var/tmp/cpansmoker-1001

Perl special variables (and OS-specific diagnostics, for MSWin32):

    $^X = /bbbike/ctps/51911linux/install/perl-5.18.2/bin/perl
    $UID/$EUID = 1001 / 1001
    $GID = 1001 109 1001
    $EGID = 1001 109 1001

Perl module toolchain versions installed:

    Module              Have    
    ------------------- --------
    CPAN                2.05    
    CPAN::Meta          2.141170
    Cwd                 3.40    
    ExtUtils::CBuilder  0.280216
    ExtUtils::Command   1.18    
    ExtUtils::Install   1.67    
    ExtUtils::MakeMaker 6.98    
    ExtUtils::Manifest  1.63    
    ExtUtils::ParseXS   3.24    
    File::Spec          3.40    
    JSON                2.90    
    JSON::PP            2.27203 
    Module::Build       0.4205  
    Module::Signature   0.73    
    Parse::CPAN::Meta   1.4414  
    Test::Harness       3.30    
    Test::More          1.001003
    YAML                0.90    
    YAML::Syck          1.27    
    version             0.9908  


--

Summary of my perl5 (revision 5 version 18 subversion 2) configuration:
   
  Platform:
    osname=linux, osvers=2.6.32-5-xen-amd64, archname=x86_64-linux
    uname='linux eserte 2.6.32-5-xen-amd64 #1 smp mon sep 23 23:29:01 utc 2013 x86_64 gnulinux '
    config_args='-ds -e -Uversiononly -Dinstallusrbinperl=n -Dusedevel -Dprefix=/home/eserte/var/ctps/51911linux/install/perl-5.18.2'
    hint=recommended, useposix=true, d_sigaction=define
    useithreads=undef, usemultiplicity=undef
    useperlio=define, d_sfio=undef, uselargefiles=define, usesocks=undef
    use64bitint=define, use64bitall=define, uselongdouble=undef
    usemymalloc=n, bincompat5005=undef
  Compiler:
    cc='cc', ccflags ='-fno-strict-aliasing -pipe -fstack-protector -I/usr/local/include -D_LARGEFILE_SOURCE -D_FILE_OFFSET_BITS=64',
    optimize='-O2',
    cppflags='-fno-strict-aliasing -pipe -fstack-protector -I/usr/local/include'
    ccversion='', gccversion='4.4.5', gccosandvers=''
    intsize=4, longsize=8, ptrsize=8, doublesize=8, byteorder=12345678
    d_longlong=define, longlongsize=8, d_longdbl=define, longdblsize=16
    ivtype='long', ivsize=8, nvtype='double', nvsize=8, Off_t='off_t', lseeksize=8
    alignbytes=8, prototype=define
  Linker and Libraries:
    ld='cc', ldflags =' -fstack-protector -L/usr/local/lib'
    libpth=/usr/local/lib /lib/../lib /usr/lib/../lib /lib /usr/lib /lib64 /usr/lib64
    libs=-lnsl -ldb -ldl -lm -lcrypt -lutil -lc
    perllibs=-lnsl -ldl -lm -lcrypt -lutil -lc
    libc=/lib/libc-2.11.3.so, so=so, useshrplib=false, libperl=libperl.a
    gnulibc_version='2.11.3'
  Dynamic Linking:
    dlsrc=dl_dlopen.xs, dlext=so, d_dlsymun=undef, ccdlflags='-Wl,-E'
    cccdlflags='-fPIC', lddlflags='-shared -O2 -L/usr/local/lib -fstack-protector'


Characteristics of this binary (from libperl): 
  Compile-time options: HAS_TIMES PERLIO_LAYERS PERL_DONT_CREATE_GVSV
                        PERL_HASH_FUNC_ONE_AT_A_TIME_HARD PERL_MALLOC_WRAP
                        PERL_PRESERVE_IVUV PERL_SAWAMPERSAND PERL_USE_DEVEL
                        USE_64_BIT_ALL USE_64_BIT_INT USE_LARGE_FILES
                        USE_LOCALE USE_LOCALE_COLLATE USE_LOCALE_CTYPE
                        USE_LOCALE_NUMERIC USE_PERLIO USE_PERL_ATOF
  Built under linux
  Compiled at Apr 26 2014 15:10:45
  %ENV:
    PERL5LIB=""
    PERL5OPT=""
    PERL5_CPANPLUS_IS_RUNNING="20885"
    PERL5_CPAN_IS_RUNNING="20885"
    PERL5_CPAN_IS_RUNNING_IN_RECURSION="22485,20885"
    PERLDOC="-MPod::Perldoc::ToTextOverstrike"
    PERL_BATCH="yes"
    PERL_CPAN_REPORTER_CONFIG="/var/tmp/cpansmoker-1001/a7rqzdcm8V_config.ini"
    PERL_CPAN_REPORTER_DIR="/home/eserte/var/ctps/51911linux/config/perl-5.18.2/cpanreporter"
    PERL_EXTUTILS_AUTOINSTALL="--defaultdeps"
    PERL_HTML_DISPLAY_CLASS="HTML::Display::Mozilla"
    PERL_PARALLEL_SMOKER="yes"
    PERL_TEST_UNPATCHED="1"
  @INC:
    /home/eserte/var/ctps/51911linux/install/perl-5.18.2/lib/site_perl/5.18.2/x86_64-linux
    /home/eserte/var/ctps/51911linux/install/perl-5.18.2/lib/site_perl/5.18.2
    /home/eserte/var/ctps/51911linux/install/perl-5.18.2/lib/5.18.2/x86_64-linux
    /home/eserte/var/ctps/51911linux/install/perl-5.18.2/lib/5.18.2
    .