Dancer v1.3500 Perl 5 v5.26.1 x86_64-linux

Status
Fail
From
Nigel Horne
Dist
Dancer v1.3500
Platform
Perl 5 v5.26.1 x86_64-linux
Date
2018-11-10 05:55:46
ID
44977366-e4ad-11e8-afbf-aec3b07506ca
This distribution has been tested as part of the CPAN Testers
project, supporting the Perl programming language.  See
http://wiki.cpantesters.org/ for more information or email
questions to cpan-testers-discuss@perl.org


--
Dear David Precious,

This is a computer-generated report for Dancer-1.3500
on perl 5.26.1, created by CPAN-Reporter-1.2018.

Thank you for uploading your work to CPAN.  However, there was a problem
testing your distribution.

If you think this report is invalid, please consult the CPAN Testers Wiki
for suggestions on how to avoid getting FAIL reports for missing library
or binary dependencies, unsupported operating systems, and so on:

http://wiki.cpantesters.org/wiki/CPANAuthorNotes

Sections of this report:

    * Tester comments
    * Program output
    * Prerequisites
    * Environment and other context

------------------------------
TESTER COMMENTS
------------------------------

Additional comments from tester:

this report is from an automated smoke testing program
and was not reviewed by a human for accuracy

------------------------------
PROGRAM OUTPUT
------------------------------

Output from '/usr/bin/make test':

PERL_DL_NONLAZY=1 "/home/njh/perl5/perlbrew/perls/perl-5.26.1-64all/bin/perl5.26.1" "-MExtUtils::Command::MM" "-MTest::Harness" "-e" "undef *Test::Harness::Switches; test_harness(0, 'blib/lib', 'blib/arch')" t/*.t t/00_base/*.t t/01_config/*.t t/02_request/*.t t/03_route_handler/*.t t/04_static_file/*.t t/05_views/*.t t/06_helpers/*.t t/07_apphandlers/*.t t/08_session/*.t t/09_cookies/*.t t/10_template/*.t t/11_logger/*.t t/12_response/*.t t/13_engines/*.t t/14_serializer/*.t t/15_plugins/*.t t/16_timer/*.t t/17_apps/*.t t/19_dancer/*.t t/20_deprecation/*.t t/21_dependents/*.t t/22_hooks/*.t t/23_dancer_tests/*.t t/24_deployment/*.t t/25_exceptions/*.t
t/00_base/000_create_fake_env.t ..................... ok
t/00_base/005_module_loader.t ....................... ok
# Testing Dancer 1.3500, Perl 5.026001, /home/njh/perl5/perlbrew/perls/perl-5.26.1-64all/bin/perl5.26.1
t/00_base/001_load.t ................................ ok
t/00_base/002_strict_and_warnings.t ................. ok
t/00_base/003_syntax.t .............................. ok
t/00_base/004_args.t ................................ ok
# 
# Versions for all modules listed in MYMETA.json (including optional ones):
# 
# === Configure Requires ===
# 
#     Module              Want Have
#     ------------------- ---- ----
#     ExtUtils::MakeMaker  any 7.34
# 
# === Configure Suggests ===
# 
#     Module      Want    Have
#     -------- ------- -------
#     JSON::PP 2.27300 2.97001
# 
# === Build Requires ===
# 
#     Module              Want Have
#     ------------------- ---- ----
#     ExtUtils::MakeMaker  any 7.34
# 
# === Test Requires ===
# 
#     Module               Want     Have
#     ------------------- ----- --------
#     Data::Dump            any     1.23
#     Devel::Hide           any   0.0010
#     Digest::MD5           any     2.55
#     ExtUtils::MakeMaker   any     7.34
#     File::Spec            any     3.74
#     HTTP::CookieJar     0.008    0.008
#     HTTP::Request         any     6.16
#     HTTP::Tiny          0.014    0.070
#     IO::Handle            any     1.39
#     IO::Socket::INET      any     1.39
#     IPC::Open3            any     1.20
#     JSON                 2.90  2.97001
#     Plack::Builder        any    undef
#     Test::More            any 1.302136
#     Test::NoWarnings      any     1.04
#     blib                 1.01     1.06
#     utf8                  any     1.19
# 
# === Test Recommends ===
# 
#     Module         Want     Have
#     ---------- -------- --------
#     CPAN::Meta 2.120900 2.150010
# 
# === Runtime Requires ===
# 
#     Module                      Want     Have
#     -------------------------- ----- --------
#     Carp                         any     1.42
#     Cwd                          any     3.74
#     Data::Dumper                 any    2.167
#     Encode                       any     2.98
#     Exporter                     any     5.72
#     Fcntl                        any     1.13
#     File::Basename               any     2.85
#     File::Copy                   any     2.32
#     File::Path                   any     2.15
#     File::Spec                   any     3.74
#     File::Spec::Functions        any     3.74
#     File::Temp                   any   0.2304
#     File::stat                   any     1.07
#     FindBin                      any     1.51
#     Getopt::Long                 any      2.5
#     HTTP::Body                   any     1.22
#     HTTP::Date                   any     6.02
#     HTTP::Headers                any     6.16
#     HTTP::Server::Simple::PSGI   any     0.16
#     HTTP::Tiny                 0.014    0.070
#     Hash::Merge::Simple          any    0.051
#     IO::File                     any     1.39
#     MIME::Types                  any     2.17
#     Module::Runtime              any    0.016
#     POSIX                        any     1.76
#     Pod::Usage                   any     1.69
#     Scalar::Util                 any     1.50
#     Test::Builder                any 1.302136
#     Test::More                   any 1.302136
#     Time::HiRes                  any   1.9758
#     Try::Tiny                    any     0.30
#     URI                          any     1.74
#     URI::Escape                  any     3.31
#     base                         any     2.26
#     bytes                        any     1.05
#     constant                     any     1.33
#     lib                          any     0.64
#     overload                     any     1.28
#     parent                       any    0.236
#     strict                       any     1.11
#     vars                         any     1.03
#     warnings                     any     1.37
# 
# === Runtime Recommends ===
# 
#     Module      Want Have
#     ----------- ---- ----
#     MIME::Types 2.17 2.17
#     YAML         any 1.26
#     YAML::XS     any 0.74
# 
t/00_base/007_load_syntax.t ......................... ok
t/00-report-prereqs.t ............................... ok
t/00_base/008_export.t .............................. ok
t/00_base/009_syntax_export.t ....................... ok
t/00_base/06_dancer_object.t ........................ ok
t/00_base/13_dancer_singleton.t ..................... ok
t/00_base/15_dependent_modules.t .................... skipped: Author tests not required for installation
t/00_base/010_export_script.t ....................... ok
t/00_base/09_load_app.t ............................. ok
t/00_base/08_pod_coverage_dancer.t .................. ok
t/00_base/17_globalwarnings_config_on.t ............. ok
t/00_base/11_file_utils.t ........................... ok
t/00_base/config.t .................................. ok
t/00_base/easymocker.t .............................. ok
t/00_base/12_utf8_charset.t ......................... ok
t/00_base/normalize_path.t .......................... ok
t/01_config/02_mime_type.t .......................... ok
t/01_config/01_settings.t ........................... ok
t/00_base/uri_for.t ................................. ok
# Test::TCP 2.19 loaded successfully
# Test::More 1.302136 loaded successfully
# JSON 2.97001 loaded successfully
# YAML 1.26 loaded successfully
# Clone 0.39 loaded successfully
# Plack 1.0047 loaded successfully
# XML::Simple is not available
# HTTP::Parser::XS is not available
t/00_base/optional-module-versions.t ................ ok
t/01_config/04_config_file.t ........................ ok
t/01_config/03_logger.t ............................. ok
t/01_config/05_serializers.t ........................ ok
t/02_request/000_create_fake_env.t .................. ok
t/01_config/yaml_dependency.t ....................... ok
t/01_config/06_stack_trace.t ........................ skipped: tests require module 'Template' to be installed
t/01_config/08_environments.t ....................... ok
t/02_request/01_load.t .............................. ok
# Testing YAML parsing with YAML::XS version 0.74
# Testing YAML parsing with YAML version 1.26
t/02_request/04_custom.t ............................ ok
t/01_config/07_strict_config.t ...................... ok
t/01_config/06_config_api.t ......................... ok
t/02_request/04_forward.t ........................... ok
t/02_request/06_init_env.t .......................... ok
t/02_request/05_cgi_pm_compat.t ..................... ok
t/02_request/08_params.t ............................ ok
t/02_request/11_accessors.t ......................... ok
t/02_request/08_param_array.t ....................... ok
t/02_request/14_uploads.t ........................... ok
# OK
t/02_request/13_ajax.t .............................. ok
t/02_request/07_raw_data.t .......................... ok
t/02_request/10_mixed_params.t ...................... ok
t/02_request/16_delete.t ............................ ok
t/02_request/12_base.t .............................. ok
t/02_request/17_uri_base.t .......................... ok
t/02_request/18_param_accessor.t .................... ok
t/02_request/15_headers.t ........................... ok
# Selected 127.0.0.11:36333
t/02_request/19_json_body.t ......................... ok

#   Failed test 'req is success'
#   at t/02_request/20_body.t line 30.

#   Failed test 'raw_data is OK'
#   at t/02_request/20_body.t line 31.
#          got: '<!DOCTYPE html PUBLIC "-//W3C//DTD HTML 4.01//EN" "http://www.w3.org/TR/html4/strict.dtd">
# <html><head>
# <meta type="copyright" content="Copyright (C) 1996-2017 The Squid Software Foundation and contributors">
# <meta http-equiv="Content-Type" CONTENT="text/html; charset=utf-8">
# <title>ERROR: The requested URL could not be retrieved</title>
# <style type="text/css"><!-- 
#  /*
#  * Copyright (C) 1996-2018 The Squid Software Foundation and contributors
#  *
#  * Squid software is distributed under GPLv2+ license and includes
#  * contributions from numerous individuals and organizations.
#  * Please see the COPYING and CONTRIBUTORS files for details.
#  */
# 
# /*
#  Stylesheet for Squid Error pages
#  Adapted from design by Free CSS Templates
#  http://www.freecsstemplates.org
#  Released for free under a Creative Commons Attribution 2.5 License
# */
# 
# /* Page basics */
# * {
# 	font-family: verdana, sans-serif;
# }
# 
# html body {
# 	margin: 0;
# 	padding: 0;
# 	background: #efefef;
# 	font-size: 12px;
# 	color: #1e1e1e;
# }
# 
# /* Page displayed title area */
# #titles {
# 	margin-left: 15px;
# 	padding: 10px;
# 	padding-left: 100px;
# 	background: url('/squid-internal-static/icons/SN.png') no-repeat left;
# }
# 
# /* initial title */
# #titles h1 {
# 	color: #000000;
# }
# #titles h2 {
# 	color: #000000;
# }
# 
# /* special event: FTP success page titles */
# #titles ftpsuccess {
# 	background-color:#00ff00;
# 	width:100%;
# }
# 
# /* Page displayed body content area */
# #content {
# 	padding: 10px;
# 	background: #ffffff;
# }
# 
# /* General text */
# p {
# }
# 
# /* error brief description */
# #error p {
# }
# 
# /* some data which may have caused the problem */
# #data {
# }
# 
# /* the error message received from the system or other software */
# #sysmsg {
# }
# 
# pre {
# }
# 
# /* special event: FTP / Gopher directory listing */
# #dirmsg {
#     font-family: courier, monospace;
#     color: black;
#     font-size: 10pt;
# }
# #dirlisting {
#     margin-left: 2%;
#     margin-right: 2%;
# }
# #dirlisting tr.entry td.icon,td.filename,td.size,td.date {
#     border-bottom: groove;
# }
# #dirlisting td.size {
#     width: 50px;
#     text-align: right;
#     padding-right: 5px;
# }
# 
# /* horizontal lines */
# hr {
# 	margin: 0;
# }
# 
# /* page displayed footer area */
# #footer {
# 	font-size: 9px;
# 	padding-left: 10px;
# }
# 
# 
# body
# :lang(fa) { direction: rtl; font-size: 100%; font-family: Tahoma, Roya, sans-serif; float: right; }
# :lang(he) { direction: rtl; }
#  --></style>
# </head><body id=ERR_CONNECT_FAIL>
# <div id="titles">
# <h1>ERROR</h1>
# <h2>The requested URL could not be retrieved</h2>
# </div>
# <hr>
# 
# <div id="content">
# <p>The following error was encountered while trying to retrieve the URL: <a href="http://127.0.0.11:36333/jsondata">http://127.0.0.11:36333/jsondata</a></p>
# 
# <blockquote id="error">
# <p><b>Connection to 127.0.0.11 failed.</b></p>
# </blockquote>
# 
# <p id="sysmsg">The system returned: <i>(111) Connection refused</i></p>
# 
# <p>The remote host or network may be down. Please try the request again.</p>
# 
# <p>Your cache administrator is <a href="mailto:webmaster?subject=CacheErrorInfo%20-%20ERR_CONNECT_FAIL&amp;body=CacheHost%3A%20zack%0D%0AErrPage%3A%20ERR_CONNECT_FAIL%0D%0AErr%3A%20(111)%20Connection%20refused%0D%0ATimeStamp%3A%20Sat,%2010%20Nov%202018%2005%3A54%3A49%20GMT%0D%0A%0D%0AClientIP%3A%20192.168.1.18%0D%0AServerIP%3A%20127.0.0.11%0D%0A%0D%0AHTTP%20Request%3A%0D%0APOST%20%2Fjsondata%20HTTP%2F1.1%0AContent-Type%3A%20application%2Fx-www-form-urlencoded%0D%0AContent-Length%3A%2015%0D%0AUser-Agent%3A%20HTTP-Tiny-NoProxy%2F1.3500%0D%0AHost%3A%20127.0.0.11%3A36333%0D%0A%0D%0A%0D%0A">webmaster</a>.</p>
# 
# <br>
# </div>
# 
# <hr>
# <div id="footer">
# <p>Generated Sat, 10 Nov 2018 05:54:49 GMT by zack (squid/4.4)</p>
# <!-- ERR_CONNECT_FAIL -->
# </div>
# </body></html>
# '
#     expected: 'foo=bar&bar=baz'
# Looks like you failed 2 tests of 2.
t/02_request/20_body.t .............................. 
Dubious, test returned 2 (wstat 512, 0x200)
Failed 2/2 subtests 
t/03_route_handler/01_http_methods.t ................ ok
t/02_request/21_dancer_response_multiple_params.t ... ok
t/03_route_handler/02_params.t ...................... ok
t/03_route_handler/04_wildcards_megasplat.t ......... ok
t/03_route_handler/04_routes_matching.t ............. ok
t/03_route_handler/05_filter.t ...................... ok
t/03_route_handler/12_response.t .................... ok
t/03_route_handler/06_redirect.t .................... ok
t/03_route_handler/05_unicode.t ..................... ok
t/03_route_handler/14_options.t ..................... ok
t/03_route_handler/16_embedded_prefixes.t ........... ok
t/03_route_handler/15_prefix.t ...................... ok
t/03_route_handler/12_response_halt.t ............... ok
t/03_route_handler/18_auto_page.t ................... ok
t/03_route_handler/21_ajax.t ........................ ok
t/03_route_handler/24_named_captures.t .............. ok
t/03_route_handler/24_multiple_params.t ............. ok
t/03_route_handler/28_plack_mount.t ................. ok
t/03_route_handler/29_redirect_immediately.t ........ ok
t/03_route_handler/29_forward.t ..................... ok
t/03_route_handler/30_forward_session.t ............. ok
t/03_route_handler/34_forward_body_post.t ........... ok
t/03_route_handler/35_no_further_routes.t ........... ok
t/03_route_handler/33_vars.t ........................ ok
t/03_route_handler/36_false_routes.t ................ ok
t/03_route_handler/99_bugs.t ........................ ok
t/04_static_file/001_base.t ......................... ok
t/04_static_file/003_mime_types_reinit.t ............ ok
t/04_static_file/01_mime_types.t .................... ok
t/03_route_handler/16_caching.t ..................... ok
t/05_views/002_view_rendering.t ..................... ok
t/04_static_file/02_dir_traversal.t ................. ok
t/06_helpers/000_create_fake_env.t .................. ok
t/05_views/03_layout.t .............................. skipped: Template is needed to run this tests
t/06_helpers/02_http_status.t ....................... ok
t/06_helpers/03_content_type.t ...................... ok
t/06_helpers/04_status.t ............................ ok
t/07_apphandlers/000_create_fake_env.t .............. ok
t/06_helpers/06_load.t .............................. ok
t/07_apphandlers/02_apache2_plack.t ................. ok
t/07_apphandlers/01_base.t .......................... ok
t/03_route_handler/23_filter_error_catching.t ....... ok
t/07_apphandlers/03_psgi_app.t ...................... ok
t/07_apphandlers/04_standalone_app.t ................ ok
t/07_apphandlers/05_middlewares.t ................... ok
t/07_apphandlers/05_psgi_api.t ...................... ok
t/07_apphandlers/06_debug.t ......................... ok
t/07_apphandlers/07_middleware_map.t ................ ok
t/07_apphandlers/08_is_text.t ....................... ok
t/08_session/000_create_fake_env.t .................. ok
t/08_session/01_load.t .............................. ok
Use of uninitialized value in subroutine entry at /tmp/build/Dancer-1.3500-2/blib/lib/Dancer/FileUtils.pm line 32.
t/08_session/02_dependency_check.t .................. ok
t/00-compile.t ...................................... ok
t/08_session/04_api.t ............................... ok
t/08_session/03_http_requests.t ..................... ok
t/08_session/06_abstract.t .......................... ok
t/08_session/05_yaml.t .............................. ok
t/06_helpers/01_send_file.t ......................... ok
t/08_session/08_simple.t ............................ ok
t/08_session/09_session.t ........................... ok
t/08_session/07_session_expires.t ................... ok
t/08_session/10_filter.t ............................ ok
t/08_session/11_session_secure.t .................... ok
t/08_session/12_session_name.t ...................... ok
t/08_session/14_session_domain.t .................... ok
t/09_cookies/01_use.t ............................... ok
t/09_cookies/000_create_fake_env.t .................. ok
t/09_cookies/02_cookie_object.t ..................... ok
t/08_session/13_session_httponly.t .................. ok
t/09_cookies/04_secure.t ............................ ok
t/10_template/000_create_fake_env.t ................. ok
t/09_cookies/06_expires.t ........................... ok
t/09_cookies/03_persistence.t ....................... ok
t/09_cookies/05_api.t ............................... ok
t/10_template/05_template_toolkit_fromdata.t ........ skipped: module Template::Provider::FromDATA required
t/10_template/05_template_toolkit.t ................. skipped: need Template to run this test
t/10_template/02_abstract_class.t ................... ok
t/10_template/03_simple.t ........................... ok
t/10_template/01_factory.t .......................... skipped: Template needed
t/11_logger/000_create_fake_env.t ................... ok
t/10_template/extension.t ........................... ok
t/11_logger/03_file.t ............................... ok
t/11_logger/02_factory.t ............................ ok
t/11_logger/04_console.t ............................ ok
t/11_logger/01_abstract.t ........................... ok
t/11_logger/05_format.t ............................. ok
t/11_logger/06_null.t ............................... ok
t/11_logger/07_diag.t ............................... ok
t/11_logger/09_capture.t ............................ ok
t/11_logger/08_serialize.t .......................... ok
t/11_logger/10_note.t ............................... ok
t/12_response/000_create_fake_env.t ................. ok
t/12_response/01_CRLF_injection.t ................... ok
t/11_logger/unicode.t ............................... ok
t/12_response/02_headers.t .......................... ok
t/12_response/03_charset.t .......................... ok
t/12_response/05_api.t .............................. ok
Wide character in print at /tmp/build/HTTP-Server-Simple-PSGI-0.16-2/blib/lib/HTTP/Server/Simple/PSGI.pm line 132, <DATA> line 16.
Wide character in print at /tmp/build/HTTP-Server-Simple-PSGI-0.16-2/blib/lib/HTTP/Server/Simple/PSGI.pm line 132, <DATA> line 16.
t/12_response/04_charset_server.t ................... ok
t/12_response/06_filter_halt_status.t ............... ok
t/10_template/template.t ............................ ok
t/12_response/07_cookies.t .......................... ok
Data exceeding 100 levels, truncating
t/12_response/10_error_dumper.t ..................... ok
t/12_response/09_headers_to_array.t ................. ok
Devel::Hide hides Clone.pm
t/12_response/08_drop_content.t ..................... ok
t/13_engines/00_load.t .............................. ok
t/12_response/10_error_dumper_without_clone.t ....... ok
t/12_response/11_CVE-2012-5572.t .................... ok
t/13_engines/02_template_init.t ..................... ok
t/14_serializer/01_helpers.t ........................ ok
t/14_serializer/02_request_json.t ................... ok
t/14_serializer/03_request_yaml.t ................... ok
t/14_serializer/04_request_xml.t .................... ok
t/14_serializer/05_request_mutable.t ................ ok
t/14_serializer/06_api.t ............................ ok
t/14_serializer/07_request_jsonp.t .................. ok
t/14_serializer/18_mutable_template_or_serialize.t .. ok
t/14_serializer/17_clear_serializer.t ............... ok
t/15_plugins/000_create_fake_env.t .................. ok
t/14_serializer/99_bugs.t ........................... ok
t/15_plugins/02_config.t ............................ ok
t/15_plugins/01_register.t .......................... ok
t/15_plugins/03_namespace.t ......................... ok
t/15_plugins/05_keywords.t .......................... ok
t/15_plugins/04_apps_and_plugins.t .................. ok
t/15_plugins/05_plugins_and_OO.t .................... ok
t/15_plugins/05b_plugins_and_c3.t ................... ok
t/17_apps/000_create_fake_env.t ..................... ok
t/15_plugins/06_hook.t .............................. ok
t/17_apps/00_base.t ................................. ok
t/03_route_handler/07_compilation_warning.t ......... ok
t/15_plugins/07_ajax_plack_builder.t ................ ok
t/17_apps/01_settings.t ............................. ok
t/17_apps/02_load_app.t ............................. ok
t/17_apps/05_api.t .................................. ok
t/17_apps/03_prefix.t ............................... ok
t/20_deprecation/01_api.t ........................... ok
t/21_dependents/Dancer-Session-Cookie.t ............. skipped: Dancer::Session::Cookie 0.14 required
t/22_hooks/00_syntax.t .............................. ok
t/19_dancer/02_script_version_from.t ................ ok
t/22_hooks/01_api.t ................................. ok
t/11_logger/11_runtime_file.t ....................... ok
t/22_hooks/02_before.t .............................. ok
t/22_hooks/03_after.t ............................... ok
t/22_hooks/05_layout.t .............................. ok
t/22_hooks/04_template.t ............................ ok
t/22_hooks/07_file.t ................................ ok
t/22_hooks/06_serializer.t .......................... ok
t/16_timer/00_base.t ................................ ok
t/19_dancer/01_script.t ............................. ok
t/23_dancer_tests/01_basic.t ........................ ok
t/23_dancer_tests/02_tests_functions.t .............. ok
t/23_dancer_tests/03_uris.t ......................... ok
t/24_deployment/01_multi_webapp.t ................... ok
t/25_exceptions/02_exceptions.t ..................... ok
t/25_exceptions/03_exceptions.t ..................... ok
t/06_helpers/05_send_error.t ........................ ok
t/author-pod-syntax.t ............................... skipped: these tests are for testing by the author
t/pod.t ............................................. skipped: Author tests not required for installation
t/release-distmeta.t ................................ skipped: these tests are for release candidate testing
t/22_hooks/10_error_in_hook.t ....................... ok
t/25_exceptions/04_exceptions_warn.t ................ ok
t/03_route_handler/03_routes_api.t .................. ok
t/22_hooks/08_error.t ............................... ok
t/03_route_handler/31_infinite_loop.t ............... ok
t/22_hooks/09_before_error_init.t ................... ok
t/25_exceptions/01_exceptions.t ..................... ok
t/22_hooks/11_error_in_hook.t ....................... ok
t/03_route_handler/08_errors.t ...................... ok

Test Summary Report
-------------------
t/02_request/20_body.t                            (Wstat: 512 Tests: 2 Failed: 2)
  Failed tests:  1-2
  Non-zero exit status: 2
Files=222, Tests=2045, 57 wallclock secs ( 0.58 usr  0.19 sys + 176.56 cusr  8.72 csys = 186.05 CPU)
Result: FAIL
Failed 1/222 test programs. 2/2045 subtests failed.
make: *** [Makefile:1300: test_dynamic] Error 255

------------------------------
PREREQUISITES
------------------------------

Prerequisite modules loaded:

requires:

    Module                     Need  Have    
    -------------------------- ----- --------
    base                       0     2.26    
    bytes                      0     1.05    
    Carp                       0     1.42    
    constant                   0     1.33    
    Cwd                        0     3.74    
    Data::Dumper               0     2.167   
    Encode                     0     2.98    
    Exporter                   0     5.72    
    Fcntl                      0     1.13    
    File::Basename             0     2.85    
    File::Copy                 0     2.32    
    File::Path                 0     2.15    
    File::Spec                 0     3.74    
    File::Spec::Functions      0     3.74    
    File::stat                 0     1.07    
    File::Temp                 0     0.2304  
    FindBin                    0     1.51    
    Getopt::Long               0     2.5     
    Hash::Merge::Simple        0     0.051   
    HTTP::Body                 0     1.22    
    HTTP::Date                 0     6.02    
    HTTP::Headers              0     6.16    
    HTTP::Server::Simple::PSGI 0     0.16    
    HTTP::Tiny                 0.014 0.070   
    IO::File                   0     1.39    
    lib                        0     0.64    
    MIME::Types                0     2.17    
    Module::Runtime            0     0.016   
    overload                   0     1.28    
    parent                     0     0.236   
    perl                       5.006 5.026001
    Pod::Usage                 0     1.69    
    POSIX                      0     1.76    
    Scalar::Util               0     1.50    
    strict                     0     1.11    
    Test::Builder              0     1.302136
    Test::More                 0     1.302136
    Time::HiRes                0     1.9758  
    Try::Tiny                  0     0.30    
    URI                        0     1.74    
    URI::Escape                0     3.31    
    vars                       0     1.03    
    warnings                   0     1.37    

build_requires:

    Module                     Need  Have    
    -------------------------- ----- --------
    blib                       1.01  1.06    
    Data::Dump                 0     1.23    
    Devel::Hide                0     0.0010  
    Digest::MD5                0     2.55    
    ExtUtils::MakeMaker        0     7.34    
    File::Spec                 0     3.74    
    HTTP::CookieJar            0.008 0.008   
    HTTP::Request              0     6.16    
    HTTP::Tiny                 0.014 0.070   
    IO::Handle                 0     1.39    
    IO::Socket::INET           0     1.39    
    IPC::Open3                 0     1.20    
    JSON                       2.90  2.97001 
    Plack::Builder             0     0       
    Test::More                 0     1.302136
    Test::NoWarnings           0     1.04    
    utf8                       0     1.19    

configure_requires:

    Module                     Need  Have    
    -------------------------- ----- --------
    ExtUtils::MakeMaker        0     7.34    


------------------------------
ENVIRONMENT AND OTHER CONTEXT
------------------------------

Environment variables:

    AUTOMATED_TESTING = 1
    HARNESS_OPTIONS = j10
    LANG = en_GB.UTF-8
    NONINTERACTIVE_TESTING = 1
    PATH = /home/njh/perl5/perlbrew/bin:/home/njh/perl5/perlbrew/perls/perl-5.26.1-64all/bin:/home/njh/src/njh/smoker/bin:/usr/bin:/bin
    PERL5LIB = /tmp/build/Plack-1.0047-2/blib/arch:/tmp/build/Plack-1.0047-2/blib/lib:/tmp/build/Test-TCP-2.19-2/blib/arch:/tmp/build/Test-TCP-2.19-2/blib/lib:/tmp/build/HTTP-Headers-Fast-0.21-2/blib/arch:/tmp/build/HTTP-Headers-Fast-0.21-2/blib/lib:/tmp/build/HTTP-Entity-Parser-0.21-2/blib/arch:/tmp/build/HTTP-Entity-Parser-0.21-2/blib/lib:/tmp/build/WWW-Form-UrlEncoded-0.25-2/blib/arch:/tmp/build/WWW-Form-UrlEncoded-0.25-2/blib/lib:/tmp/build/Stream-Buffered-0.03-2/blib/arch:/tmp/build/Stream-Buffered-0.03-2/blib/lib:/tmp/build/Hash-MultiValue-0.16-2/blib/arch:/tmp/build/Hash-MultiValue-0.16-2/blib/lib:/tmp/build/HTTP-MultiPartParser-0.02-2/blib/arch:/tmp/build/HTTP-MultiPartParser-0.02-2/blib/lib:/tmp/build/Filesys-Notify-Simple-0.13-2/blib/arch:/tmp/build/Filesys-Notify-Simple-0.13-2/blib/lib:/tmp/build/Test-SharedFork-0.35-2/blib/arch:/tmp/build/Test-SharedFork-0.35-2/blib/lib:/tmp/build/Devel-StackTrace-AsHTML-0.15-2/blib/arch:/tmp/build/Devel-StackTrace-AsHTML-0.15-2/blib/lib:/tmp/build/Cookie-Baker-0.10-2/blib/arch:/tmp/build/Cookie-Baker-0.10-2/blib/lib:/tmp/build/Test-Time-0.07-2/blib/arch:/tmp/build/Test-Time-0.07-2/blib/lib:/tmp/build/Apache-LogFormat-Compiler-0.35-2/blib/arch:/tmp/build/Apache-LogFormat-Compiler-0.35-2/blib/lib:/tmp/build/POSIX-strftime-Compiler-0.42-2/blib/arch:/tmp/build/POSIX-strftime-Compiler-0.42-2/blib/lib:/tmp/build/MIME-Types-2.17-2/blib/arch:/tmp/build/MIME-Types-2.17-2/blib/lib:/tmp/build/Hash-Merge-Simple-0.051-2/blib/arch:/tmp/build/Hash-Merge-Simple-0.051-2/blib/lib:/tmp/build/HTTP-Server-Simple-PSGI-0.16-2/blib/arch:/tmp/build/HTTP-Server-Simple-PSGI-0.16-2/blib/lib:/tmp/build/HTTP-Server-Simple-0.52-1/blib/arch:/tmp/build/HTTP-Server-Simple-0.52-1/blib/lib:/tmp/build/HTTP-CookieJar-0.008-2/blib/arch:/tmp/build/HTTP-CookieJar-0.008-2/blib/lib:/tmp/build/HTTP-Body-1.22-2/blib/arch:/tmp/build/HTTP-Body-1.22-2/blib/lib:/tmp/build/Devel-Hide-0.0010-2/blib/arch:/tmp/build/Devel-Hide-0.0010-2/blib/lib:/tmp/build/Captcha-reCAPTCHA-V2-0.3-2/blib/arch:/tmp/build/Captcha-reCAPTCHA-V2-0.3-2/blib/lib
    PERL5OPT = 
    PERL5_CPANPLUS_IS_RUNNING = 1383
    PERL5_CPAN_IS_RUNNING = 1383
    PERLBREW_HOME = /home/njh/.perlbrew
    PERLBREW_MANPATH = /home/njh/perl5/perlbrew/perls/perl-5.26.1-64all/man
    PERLBREW_PATH = /home/njh/perl5/perlbrew/bin:/home/njh/perl5/perlbrew/perls/perl-5.26.1-64all/bin
    PERLBREW_PERL = perl-5.26.1-64all
    PERLBREW_ROOT = /home/njh/perl5/perlbrew
    PERLBREW_SHELLRC_VERSION = 0.84
    PERLBREW_VERSION = 0.84
    PERL_MM_USE_DEFAULT = 1
    SHELL = /bin/sh
    TEMP = /tmp/user/1000
    TMPDIR = /tmp/user/1000/testwrapper.1368

Perl special variables (and OS-specific diagnostics, for MSWin32):

    $^X = /home/njh/perl5/perlbrew/perls/perl-5.26.1-64all/bin/perl5.26.1
    $UID/$EUID = 1000 / 1000
    $GID = 1000 4 24 25 29 30 44 46 107 112 118 996 1000
    $EGID = 1000 4 24 25 29 30 44 46 107 112 118 996 1000

Perl module toolchain versions installed:

    Module              Have    
    ------------------- --------
    CPAN                2.16    
    CPAN::Meta          2.150010
    Cwd                 3.74    
    ExtUtils::CBuilder  0.280230
    ExtUtils::Command   7.34    
    ExtUtils::Install   2.14    
    ExtUtils::MakeMaker 7.34    
    ExtUtils::Manifest  1.71    
    ExtUtils::ParseXS   3.35    
    File::Spec          3.74    
    JSON                2.97001 
    JSON::PP            2.97001 
    Module::Build       0.4224  
    Module::Signature   n/a     
    Parse::CPAN::Meta   2.150010
    Test::Harness       3.42    
    Test::More          1.302136
    YAML                1.26    
    YAML::Syck          1.30    
    version             0.9924  


--

Summary of my perl5 (revision 5 version 26 subversion 1) configuration:
   
  Platform:
    osname=linux
    osvers=4.12.0-2-amd64
    archname=x86_64-linux
    uname='linux microcenter 4.12.0-2-amd64 #1 smp debian 4.12.13-1 (2017-09-19) x86_64 gnulinux '
    config_args='-de -Dprefix=/home/njh/perl5/perlbrew/perls/perl-5.26.1-64all -Dusedevel -Duse64bitall -Accflags=-O2 -W -Wformat=2 -Wswitch -Wshadow -Wwrite-strings -Wuninitialized -Wall -pipe -fomit-frame-pointer -pedantic -D_FORTIFY_SOURCE=2 -Wpointer-arith -Wstrict-prototypes -fstack-protector -Wstack-protector -Wextra -Wbad-function-cast -Wcast-align -Wcast-qual -Wdisabled-optimization -Wendif-labels -Wfloat-equal -Wformat-nonliteral -Winline -Wmissing-declarations -Wmissing-prototypes -Wnested-externs -Wpointer-arith -Wundef -Wformat-security -ftree-vectorize -msse -mfpmath=sse -msse2 -mssse3 -msse4.1 -msse4.2 -fdiagnostics-color=auto -mtune=native -march=native -Aeval:scriptdir=/home/njh/perl5/perlbrew/perls/perl-5.26.1-64all/bin'
    hint=recommended
    useposix=true
    d_sigaction=define
    useithreads=undef
    usemultiplicity=undef
    use64bitint=define
    use64bitall=define
    uselongdouble=undef
    usemymalloc=n
    default_inc_excludes_dot=define
    bincompat5005=undef
  Compiler:
    cc='cc'
    ccflags ='-O2 -W -Wformat=2 -Wswitch -Wshadow -Wwrite-strings -Wuninitialized -Wall -pipe -fomit-frame-pointer -pedantic -D_FORTIFY_SOURCE=2 -Wpointer-arith -Wstrict-prototypes -fstack-protector -Wstack-protector -Wextra -Wbad-function-cast -Wcast-align -Wcast-qual -Wdisabled-optimization -Wendif-labels -Wfloat-equal -Wformat-nonliteral -Winline -Wmissing-declarations -Wmissing-prototypes -Wnested-externs -Wpointer-arith -Wundef -Wformat-security -ftree-vectorize -msse -mfpmath=sse -msse2 -mssse3 -msse4.1 -msse4.2 -fdiagnostics-color=auto -mtune=native -march=native -fwrapv -fno-strict-aliasing -fstack-protector-strong -I/usr/local/include -D_LARGEFILE_SOURCE -D_FILE_OFFSET_BITS=64'
    optimize='-O2'
    cppflags='-O2 -W -Wformat=2 -Wswitch -Wshadow -Wwrite-strings -Wuninitialized -Wall -pipe -fomit-frame-pointer -pedantic -D_FORTIFY_SOURCE=2 -Wpointer-arith -Wstrict-prototypes -fstack-protector -Wstack-protector -Wextra -Wbad-function-cast -Wcast-align -Wcast-qual -Wdisabled-optimization -Wendif-labels -Wfloat-equal -Wformat-nonliteral -Winline -Wmissing-declarations -Wmissing-prototypes -Wnested-externs -Wpointer-arith -Wundef -Wformat-security -ftree-vectorize -msse -mfpmath=sse -msse2 -mssse3 -msse4.1 -msse4.2 -fdiagnostics-color=auto -mtune=native -march=native -fwrapv -fno-strict-aliasing -fstack-protector-strong -I/usr/local/include'
    ccversion=''
    gccversion='7.2.0'
    gccosandvers=''
    intsize=4
    longsize=8
    ptrsize=8
    doublesize=8
    byteorder=12345678
    doublekind=3
    d_longlong=define
    longlongsize=8
    d_longdbl=define
    longdblsize=16
    longdblkind=3
    ivtype='long'
    ivsize=8
    nvtype='double'
    nvsize=8
    Off_t='off_t'
    lseeksize=8
    alignbytes=8
    prototype=define
  Linker and Libraries:
    ld='cc'
    ldflags =' -fstack-protector-strong -L/usr/local/lib'
    libpth=/usr/local/lib /usr/lib/gcc/x86_64-linux-gnu/7/include-fixed /usr/include/x86_64-linux-gnu /usr/lib /lib/x86_64-linux-gnu /lib/../lib /usr/lib/x86_64-linux-gnu /usr/lib/../lib /lib
    libs=-lpthread -lnsl -lgdbm -ldb -ldl -lm -lcrypt -lutil -lc -lgdbm_compat
    perllibs=-lpthread -lnsl -ldl -lm -lcrypt -lutil -lc
    libc=libc-2.24.so
    so=so
    useshrplib=false
    libperl=libperl.a
    gnulibc_version='2.24'
  Dynamic Linking:
    dlsrc=dl_dlopen.xs
    dlext=so
    d_dlsymun=undef
    ccdlflags='-Wl,-E'
    cccdlflags='-fPIC'
    lddlflags='-shared -O2 -L/usr/local/lib -fstack-protector-strong'


Characteristics of this binary (from libperl): 
  Compile-time options:
    HAS_TIMES
    PERLIO_LAYERS
    PERL_COPY_ON_WRITE
    PERL_DONT_CREATE_GVSV
    PERL_MALLOC_WRAP
    PERL_OP_PARENT
    PERL_PRESERVE_IVUV
    PERL_USE_DEVEL
    USE_64_BIT_ALL
    USE_64_BIT_INT
    USE_LARGE_FILES
    USE_LOCALE
    USE_LOCALE_COLLATE
    USE_LOCALE_CTYPE
    USE_LOCALE_NUMERIC
    USE_LOCALE_TIME
    USE_PERLIO
    USE_PERL_ATOF
  Built under linux
  Compiled at Sep 27 2017 12:05:26
  %ENV:
    PERL5LIB="/tmp/build/Plack-1.0047-2/blib/arch:/tmp/build/Plack-1.0047-2/blib/lib:/tmp/build/Test-TCP-2.19-2/blib/arch:/tmp/build/Test-TCP-2.19-2/blib/lib:/tmp/build/HTTP-Headers-Fast-0.21-2/blib/arch:/tmp/build/HTTP-Headers-Fast-0.21-2/blib/lib:/tmp/build/HTTP-Entity-Parser-0.21-2/blib/arch:/tmp/build/HTTP-Entity-Parser-0.21-2/blib/lib:/tmp/build/WWW-Form-UrlEncoded-0.25-2/blib/arch:/tmp/build/WWW-Form-UrlEncoded-0.25-2/blib/lib:/tmp/build/Stream-Buffered-0.03-2/blib/arch:/tmp/build/Stream-Buffered-0.03-2/blib/lib:/tmp/build/Hash-MultiValue-0.16-2/blib/arch:/tmp/build/Hash-MultiValue-0.16-2/blib/lib:/tmp/build/HTTP-MultiPartParser-0.02-2/blib/arch:/tmp/build/HTTP-MultiPartParser-0.02-2/blib/lib:/tmp/build/Filesys-Notify-Simple-0.13-2/blib/arch:/tmp/build/Filesys-Notify-Simple-0.13-2/blib/lib:/tmp/build/Test-SharedFork-0.35-2/blib/arch:/tmp/build/Test-SharedFork-0.35-2/blib/lib:/tmp/build/Devel-StackTrace-AsHTML-0.15-2/blib/arch:/tmp/build/Devel-StackTrace-AsHTML-0.15-2/blib/lib:/tmp/build/Cookie-Baker-0.10-2/blib/arch:/tmp/build/Cookie-Baker-0.10-2/blib/lib:/tmp/build/Test-Time-0.07-2/blib/arch:/tmp/build/Test-Time-0.07-2/blib/lib:/tmp/build/Apache-LogFormat-Compiler-0.35-2/blib/arch:/tmp/build/Apache-LogFormat-Compiler-0.35-2/blib/lib:/tmp/build/POSIX-strftime-Compiler-0.42-2/blib/arch:/tmp/build/POSIX-strftime-Compiler-0.42-2/blib/lib:/tmp/build/MIME-Types-2.17-2/blib/arch:/tmp/build/MIME-Types-2.17-2/blib/lib:/tmp/build/Hash-Merge-Simple-0.051-2/blib/arch:/tmp/build/Hash-Merge-Simple-0.051-2/blib/lib:/tmp/build/HTTP-Server-Simple-PSGI-0.16-2/blib/arch:/tmp/build/HTTP-Server-Simple-PSGI-0.16-2/blib/lib:/tmp/build/HTTP-Server-Simple-0.52-1/blib/arch:/tmp/build/HTTP-Server-Simple-0.52-1/blib/lib:/tmp/build/HTTP-CookieJar-0.008-2/blib/arch:/tmp/build/HTTP-CookieJar-0.008-2/blib/lib:/tmp/build/HTTP-Body-1.22-2/blib/arch:/tmp/build/HTTP-Body-1.22-2/blib/lib:/tmp/build/Devel-Hide-0.0010-2/blib/arch:/tmp/build/Devel-Hide-0.0010-2/blib/lib:/tmp/build/Captcha-reCAPTCHA-V2-0.3-2/blib/arch:/tmp/build/Captcha-reCAPTCHA-V2-0.3-2/blib/lib"
    PERL5OPT=""
    PERL5_CPANPLUS_IS_RUNNING="1383"
    PERL5_CPAN_IS_RUNNING="1383"
    PERLBREW_HOME="/home/njh/.perlbrew"
    PERLBREW_MANPATH="/home/njh/perl5/perlbrew/perls/perl-5.26.1-64all/man"
    PERLBREW_PATH="/home/njh/perl5/perlbrew/bin:/home/njh/perl5/perlbrew/perls/perl-5.26.1-64all/bin"
    PERLBREW_PERL="perl-5.26.1-64all"
    PERLBREW_ROOT="/home/njh/perl5/perlbrew"
    PERLBREW_SHELLRC_VERSION="0.84"
    PERLBREW_VERSION="0.84"
    PERL_MM_USE_DEFAULT="1"
  @INC:
    /tmp/build/Plack-1.0047-2/blib/arch
    /tmp/build/Plack-1.0047-2/blib/lib
    /tmp/build/Test-TCP-2.19-2/blib/arch
    /tmp/build/Test-TCP-2.19-2/blib/lib
    /tmp/build/HTTP-Headers-Fast-0.21-2/blib/arch
    /tmp/build/HTTP-Headers-Fast-0.21-2/blib/lib
    /tmp/build/HTTP-Entity-Parser-0.21-2/blib/arch
    /tmp/build/HTTP-Entity-Parser-0.21-2/blib/lib
    /tmp/build/WWW-Form-UrlEncoded-0.25-2/blib/arch
    /tmp/build/WWW-Form-UrlEncoded-0.25-2/blib/lib
    /tmp/build/Stream-Buffered-0.03-2/blib/arch
    /tmp/build/Stream-Buffered-0.03-2/blib/lib
    /tmp/build/Hash-MultiValue-0.16-2/blib/arch
    /tmp/build/Hash-MultiValue-0.16-2/blib/lib
    /tmp/build/HTTP-MultiPartParser-0.02-2/blib/arch
    /tmp/build/HTTP-MultiPartParser-0.02-2/blib/lib
    /tmp/build/Filesys-Notify-Simple-0.13-2/blib/arch
    /tmp/build/Filesys-Notify-Simple-0.13-2/blib/lib
    /tmp/build/Test-SharedFork-0.35-2/blib/arch
    /tmp/build/Test-SharedFork-0.35-2/blib/lib
    /tmp/build/Devel-StackTrace-AsHTML-0.15-2/blib/arch
    /tmp/build/Devel-StackTrace-AsHTML-0.15-2/blib/lib
    /tmp/build/Cookie-Baker-0.10-2/blib/arch
    /tmp/build/Cookie-Baker-0.10-2/blib/lib
    /tmp/build/Test-Time-0.07-2/blib/arch
    /tmp/build/Test-Time-0.07-2/blib/lib
    /tmp/build/Apache-LogFormat-Compiler-0.35-2/blib/arch
    /tmp/build/Apache-LogFormat-Compiler-0.35-2/blib/lib
    /tmp/build/POSIX-strftime-Compiler-0.42-2/blib/arch
    /tmp/build/POSIX-strftime-Compiler-0.42-2/blib/lib
    /tmp/build/MIME-Types-2.17-2/blib/arch
    /tmp/build/MIME-Types-2.17-2/blib/lib
    /tmp/build/Hash-Merge-Simple-0.051-2/blib/arch
    /tmp/build/Hash-Merge-Simple-0.051-2/blib/lib
    /tmp/build/HTTP-Server-Simple-PSGI-0.16-2/blib/arch
    /tmp/build/HTTP-Server-Simple-PSGI-0.16-2/blib/lib
    /tmp/build/HTTP-Server-Simple-0.52-1/blib/arch
    /tmp/build/HTTP-Server-Simple-0.52-1/blib/lib
    /tmp/build/HTTP-CookieJar-0.008-2/blib/arch
    /tmp/build/HTTP-CookieJar-0.008-2/blib/lib
    /tmp/build/HTTP-Body-1.22-2/blib/arch
    /tmp/build/HTTP-Body-1.22-2/blib/lib
    /tmp/build/Devel-Hide-0.0010-2/blib/arch
    /tmp/build/Devel-Hide-0.0010-2/blib/lib
    /tmp/build/Captcha-reCAPTCHA-V2-0.3-2/blib/arch
    /tmp/build/Captcha-reCAPTCHA-V2-0.3-2/blib/lib
    /home/njh/perl5/perlbrew/perls/perl-5.26.1-64all/lib/site_perl/5.26.1/x86_64-linux
    /home/njh/perl5/perlbrew/perls/perl-5.26.1-64all/lib/site_perl/5.26.1
    /home/njh/perl5/perlbrew/perls/perl-5.26.1-64all/lib/5.26.1/x86_64-linux
    /home/njh/perl5/perlbrew/perls/perl-5.26.1-64all/lib/5.26.1