Back
From: metabase:user:3260881c-2aae-11df-837a-5e0a49663a4f
Subject: FAIL FusionInventory-Agent-Task-Network-1.0.2 v5.16.2
Date: 2012-12-09T16:51:23Z
This distribution has been tested as part of the CPAN Testers
project, supporting the Perl programming language. See
http://wiki.cpantesters.org/ for more information or email
questions to cpan-testers-discuss@perl.org
--
Dear Guillaume Rousse,
This is a computer-generated report for FusionInventory-Agent-Task-Network-1.0.2
on perl 5.16.2, created by CPAN-Reporter-1.2006.
Thank you for uploading your work to CPAN. However, there was a problem
testing your distribution.
If you think this report is invalid, please consult the CPAN Testers Wiki
for suggestions on how to avoid getting FAIL reports for missing library
or binary dependencies, unsupported operating systems, and so on:
http://wiki.cpantesters.org/wiki/CPANAuthorNotes
Sections of this report:
* Tester comments
* Program output
* Prerequisites
* Environment and other context
------------------------------
TESTER COMMENTS
------------------------------
Additional comments from tester:
this report is from an automated smoke testing program
and was not reviewed by a human for accuracy
------------------------------
PROGRAM OUTPUT
------------------------------
Output from 'C:\strawberry_5_16_2_1\c\bin\dmake.exe test':
C:\strawberry_5_16_2_1\perl\bin\perl.exe -I/usr/local/share/fusioninventory/lib "-MExtUtils::Command::MM" "-e" "test_harness(0, 'inc', 'blib\lib', 'blib\arch')" t/01compile.t t/02critic.t t/03pod.t t/04pod-coverage.t t/05var.t t/06spelling.t t/manufacturer.t t/message.t t/nmap.t t/output.t t/apps/netdiscovery.t t/apps/netinventory.t t/snmp/live.t t/snmp/mock.t t/tools/snmp.t
# Failed test 'Compile test for lib\FusionInventory\Agent\Manufacturer.pm'
# at C:/strawberry_5_16_2_1/perl/site/lib/Test/Compile.pm line 150.
# lib\FusionInventory\Agent\Manufacturer.pm does not compile
# Failed test 'Compile test for lib\FusionInventory\Agent\SNMP.pm'
# at C:/strawberry_5_16_2_1/perl/site/lib/Test/Compile.pm line 150.
# lib\FusionInventory\Agent\SNMP.pm does not compile
# Failed test 'Compile test for lib\FusionInventory\Agent\Manufacturer\3Com.pm'
# at C:/strawberry_5_16_2_1/perl/site/lib/Test/Compile.pm line 150.
# lib\FusionInventory\Agent\Manufacturer\3Com.pm does not compile
# Failed test 'Compile test for lib\FusionInventory\Agent\Manufacturer\Cisco.pm'
# at C:/strawberry_5_16_2_1/perl/site/lib/Test/Compile.pm line 150.
# lib\FusionInventory\Agent\Manufacturer\Cisco.pm does not compile
# Failed test 'Compile test for lib\FusionInventory\Agent\Manufacturer\Nortel.pm'
# at C:/strawberry_5_16_2_1/perl/site/lib/Test/Compile.pm line 150.
# lib\FusionInventory\Agent\Manufacturer\Nortel.pm does not compile
# Failed test 'Compile test for lib\FusionInventory\Agent\SNMP\Live.pm'
# at C:/strawberry_5_16_2_1/perl/site/lib/Test/Compile.pm line 150.
# lib\FusionInventory\Agent\SNMP\Live.pm does not compile
# Failed test 'Compile test for lib\FusionInventory\Agent\SNMP\Mock.pm'
# at C:/strawberry_5_16_2_1/perl/site/lib/Test/Compile.pm line 150.
# lib\FusionInventory\Agent\SNMP\Mock.pm does not compile
# Failed test 'Compile test for lib\FusionInventory\Agent\Task\NetDiscovery.pm'
# at C:/strawberry_5_16_2_1/perl/site/lib/Test/Compile.pm line 150.
# lib\FusionInventory\Agent\Task\NetDiscovery.pm does not compile
# Failed test 'Compile test for lib\FusionInventory\Agent\Task\NetInventory.pm'
# at C:/strawberry_5_16_2_1/perl/site/lib/Test/Compile.pm line 150.
# lib\FusionInventory\Agent\Task\NetInventory.pm does not compile
# Looks like you failed 9 tests of 19.
t/01compile.t ..........
Dubious, test returned 9 (wstat 2304, 0x900)
Failed 9/19 subtests
t/02critic.t ........... skipped: Author test, set $ENV{TEST_AUTHOR} to a true value to run
t/03pod.t .............. skipped: Author test, set $ENV{TEST_AUTHOR} to a true value to run
t/04pod-coverage.t ..... skipped: Author test, set $ENV{TEST_AUTHOR} to a true value to run
t/05var.t .............. skipped: Author test, set $ENV{TEST_AUTHOR} to a true value to run
t/06spelling.t ......... skipped: Author test, set $ENV{TEST_AUTHOR} to a true value to run
Can't locate FusionInventory/Agent/Tools.pm in @INC (@INC contains: C:\strawberry_5_16_2_1\cpan\build\FusionInventory-Agent-Task-Network-1.0.2-32E6XI\inc C:\strawberry_5_16_2_1\cpan\build\FusionInventory-Agent-Task-Network-1.0.2-32E6XI\blib\lib C:\strawberry_5_16_2_1\cpan\build\FusionInventory-Agent-Task-Network-1.0.2-32E6XI\blib\arch /usr/local/share/fusioninventory/lib C:/strawberry_5_16_2_1/perl/site/lib C:/strawberry_5_16_2_1/perl/vendor/lib C:/strawberry_5_16_2_1/perl/lib .) at C:\strawberry_5_16_2_1\cpan\build\FusionInventory-Agent-Task-Network-1.0.2-32E6XI\blib\lib/FusionInventory/Agent/Task/NetDiscovery.pm line 22.
BEGIN failed--compilation aborted at C:\strawberry_5_16_2_1\cpan\build\FusionInventory-Agent-Task-Network-1.0.2-32E6XI\blib\lib/FusionInventory/Agent/Task/NetDiscovery.pm line 22.
Compilation failed in require at t/apps/netdiscovery.t line 11.
BEGIN failed--compilation aborted at t/apps/netdiscovery.t line 11.
t/apps/netdiscovery.t ..
Dubious, test returned 2 (wstat 512, 0x200)
Failed 12/12 subtests
Can't locate FusionInventory/Agent/XML/Query.pm in @INC (@INC contains: C:\strawberry_5_16_2_1\cpan\build\FusionInventory-Agent-Task-Network-1.0.2-32E6XI\inc C:\strawberry_5_16_2_1\cpan\build\FusionInventory-Agent-Task-Network-1.0.2-32E6XI\blib\lib C:\strawberry_5_16_2_1\cpan\build\FusionInventory-Agent-Task-Network-1.0.2-32E6XI\blib\arch /usr/local/share/fusioninventory/lib C:/strawberry_5_16_2_1/perl/site/lib C:/strawberry_5_16_2_1/perl/vendor/lib C:/strawberry_5_16_2_1/perl/lib .) at C:\strawberry_5_16_2_1\cpan\build\FusionInventory-Agent-Task-Network-1.0.2-32E6XI\blib\lib/FusionInventory/Agent/Task/NetInventory.pm line 18.
BEGIN failed--compilation aborted at C:\strawberry_5_16_2_1\cpan\build\FusionInventory-Agent-Task-Network-1.0.2-32E6XI\blib\lib/FusionInventory/Agent/Task/NetInventory.pm line 18.
Compilation failed in require at t/apps/netinventory.t line 12.
BEGIN failed--compilation aborted at t/apps/netinventory.t line 12.
t/apps/netinventory.t ..
Dubious, test returned 2 (wstat 512, 0x200)
Failed 15/15 subtests
Can't locate FusionInventory/Agent/Tools/Network.pm in @INC (@INC contains: C:\strawberry_5_16_2_1\cpan\build\FusionInventory-Agent-Task-Network-1.0.2-32E6XI\inc C:\strawberry_5_16_2_1\cpan\build\FusionInventory-Agent-Task-Network-1.0.2-32E6XI\blib\lib C:\strawberry_5_16_2_1\cpan\build\FusionInventory-Agent-Task-Network-1.0.2-32E6XI\blib\arch /usr/local/share/fusioninventory/lib C:/strawberry_5_16_2_1/perl/site/lib C:/strawberry_5_16_2_1/perl/vendor/lib C:/strawberry_5_16_2_1/perl/lib .) at C:\strawberry_5_16_2_1\cpan\build\FusionInventory-Agent-Task-Network-1.0.2-32E6XI\blib\lib/FusionInventory/Agent/Manufacturer.pm line 6.
BEGIN failed--compilation aborted at C:\strawberry_5_16_2_1\cpan\build\FusionInventory-Agent-Task-Network-1.0.2-32E6XI\blib\lib/FusionInventory/Agent/Manufacturer.pm line 6.
Compilation failed in require at t/manufacturer.t line 9.
BEGIN failed--compilation aborted at t/manufacturer.t line 9.
t/manufacturer.t .......
Dubious, test returned 2 (wstat 512, 0x200)
No subtests run
Can't locate FusionInventory/Agent/XML/Response.pm in @INC (@INC contains: C:\strawberry_5_16_2_1\cpan\build\FusionInventory-Agent-Task-Network-1.0.2-32E6XI\inc C:\strawberry_5_16_2_1\cpan\build\FusionInventory-Agent-Task-Network-1.0.2-32E6XI\blib\lib C:\strawberry_5_16_2_1\cpan\build\FusionInventory-Agent-Task-Network-1.0.2-32E6XI\blib\arch /usr/local/share/fusioninventory/lib C:/strawberry_5_16_2_1/perl/site/lib C:/strawberry_5_16_2_1/perl/vendor/lib C:/strawberry_5_16_2_1/perl/lib .) at t/message.t line 9.
BEGIN failed--compilation aborted at t/message.t line 9.
t/message.t ............
Dubious, test returned 2 (wstat 512, 0x200)
No subtests run
Can't locate FusionInventory/Agent/Tools.pm in @INC (@INC contains: C:\strawberry_5_16_2_1\cpan\build\FusionInventory-Agent-Task-Network-1.0.2-32E6XI\inc C:\strawberry_5_16_2_1\cpan\build\FusionInventory-Agent-Task-Network-1.0.2-32E6XI\blib\lib C:\strawberry_5_16_2_1\cpan\build\FusionInventory-Agent-Task-Network-1.0.2-32E6XI\blib\arch /usr/local/share/fusioninventory/lib C:/strawberry_5_16_2_1/perl/site/lib C:/strawberry_5_16_2_1/perl/vendor/lib C:/strawberry_5_16_2_1/perl/lib .) at C:\strawberry_5_16_2_1\cpan\build\FusionInventory-Agent-Task-Network-1.0.2-32E6XI\blib\lib/FusionInventory/Agent/Task/NetDiscovery.pm line 22.
BEGIN failed--compilation aborted at C:\strawberry_5_16_2_1\cpan\build\FusionInventory-Agent-Task-Network-1.0.2-32E6XI\blib\lib/FusionInventory/Agent/Task/NetDiscovery.pm line 22.
Compilation failed in require at t/nmap.t line 9.
BEGIN failed--compilation aborted at t/nmap.t line 9.
t/nmap.t ...............
Dubious, test returned 2 (wstat 512, 0x200)
No subtests run
Can't locate FusionInventory/Agent/XML/Query.pm in @INC (@INC contains: C:\strawberry_5_16_2_1\cpan\build\FusionInventory-Agent-Task-Network-1.0.2-32E6XI\inc C:\strawberry_5_16_2_1\cpan\build\FusionInventory-Agent-Task-Network-1.0.2-32E6XI\blib\lib C:\strawberry_5_16_2_1\cpan\build\FusionInventory-Agent-Task-Network-1.0.2-32E6XI\blib\arch /usr/local/share/fusioninventory/lib C:/strawberry_5_16_2_1/perl/site/lib C:/strawberry_5_16_2_1/perl/vendor/lib C:/strawberry_5_16_2_1/perl/lib .) at t/output.t line 7.
BEGIN failed--compilation aborted at t/output.t line 7.
t/output.t .............
Dubious, test returned 2 (wstat 512, 0x200)
No subtests run
Can't locate FusionInventory/Agent/XML/Response.pm in @INC (@INC contains: C:\strawberry_5_16_2_1\cpan\build\FusionInventory-Agent-Task-Network-1.0.2-32E6XI\inc C:\strawberry_5_16_2_1\cpan\build\FusionInventory-Agent-Task-Network-1.0.2-32E6XI\blib\lib C:\strawberry_5_16_2_1\cpan\build\FusionInventory-Agent-Task-Network-1.0.2-32E6XI\blib\arch /usr/local/share/fusioninventory/lib C:/strawberry_5_16_2_1/perl/site/lib C:/strawberry_5_16_2_1/perl/vendor/lib C:/strawberry_5_16_2_1/perl/lib .) at t/snmp/live.t line 10.
BEGIN failed--compilation aborted at t/snmp/live.t line 10.
t/snmp/live.t ..........
Dubious, test returned 2 (wstat 512, 0x200)
No subtests run
Can't locate FusionInventory/Agent/Tools.pm in @INC (@INC contains: C:\strawberry_5_16_2_1\cpan\build\FusionInventory-Agent-Task-Network-1.0.2-32E6XI\inc C:\strawberry_5_16_2_1\cpan\build\FusionInventory-Agent-Task-Network-1.0.2-32E6XI\blib\lib C:\strawberry_5_16_2_1\cpan\build\FusionInventory-Agent-Task-Network-1.0.2-32E6XI\blib\arch /usr/local/share/fusioninventory/lib C:/strawberry_5_16_2_1/perl/site/lib C:/strawberry_5_16_2_1/perl/vendor/lib C:/strawberry_5_16_2_1/perl/lib .) at C:\strawberry_5_16_2_1\cpan\build\FusionInventory-Agent-Task-Network-1.0.2-32E6XI\blib\lib/FusionInventory/Agent/SNMP.pm line 9.
BEGIN failed--compilation aborted at C:\strawberry_5_16_2_1\cpan\build\FusionInventory-Agent-Task-Network-1.0.2-32E6XI\blib\lib/FusionInventory/Agent/SNMP.pm line 9.
Compilation failed in require at (eval 5) line 2.
...propagated at C:/strawberry_5_16_2_1/perl/lib/base.pm line 84.
BEGIN failed--compilation aborted at C:\strawberry_5_16_2_1\cpan\build\FusionInventory-Agent-Task-Network-1.0.2-32E6XI\blib\lib/FusionInventory/Agent/SNMP/Mock.pm line 5.
Compilation failed in require at t/snmp/mock.t line 8.
BEGIN failed--compilation aborted at t/snmp/mock.t line 8.
t/snmp/mock.t ..........
Dubious, test returned 2 (wstat 512, 0x200)
No subtests run
t/tools/snmp.t ......... ok
Test Summary Report
-------------------
t/01compile.t (Wstat: 2304 Tests: 19 Failed: 9)
Failed tests: 1-2, 4, 7, 11, 14-17
Non-zero exit status: 9
t/apps/netdiscovery.t (Wstat: 512 Tests: 0 Failed: 0)
Non-zero exit status: 2
Parse errors: Bad plan. You planned 12 tests but ran 0.
t/apps/netinventory.t (Wstat: 512 Tests: 0 Failed: 0)
Non-zero exit status: 2
Parse errors: Bad plan. You planned 15 tests but ran 0.
t/manufacturer.t (Wstat: 512 Tests: 0 Failed: 0)
Non-zero exit status: 2
Parse errors: No plan found in TAP output
t/message.t (Wstat: 512 Tests: 0 Failed: 0)
Non-zero exit status: 2
Parse errors: No plan found in TAP output
t/nmap.t (Wstat: 512 Tests: 0 Failed: 0)
Non-zero exit status: 2
Parse errors: No plan found in TAP output
t/output.t (Wstat: 512 Tests: 0 Failed: 0)
Non-zero exit status: 2
Parse errors: No plan found in TAP output
t/snmp/live.t (Wstat: 512 Tests: 0 Failed: 0)
Non-zero exit status: 2
Parse errors: No plan found in TAP output
t/snmp/mock.t (Wstat: 512 Tests: 0 Failed: 0)
Non-zero exit status: 2
Parse errors: No plan found in TAP output
Files=15, Tests=25, 5 wallclock secs ( 0.08 usr + 0.22 sys = 0.30 CPU)
Result: FAIL
Failed 9/15 test programs. 9/25 subtests failed.
dmake.exe: Error code 255, while making 'test_dynamic'
------------------------------
PREREQUISITES
------------------------------
Prerequisite modules loaded:
requires:
Module Need Have
------------------- ----- --------
Net::IP 0 1.26
Net::SNMP 0 v6.0.1
perl 5.008 5.016002
threads 0 1.86
XML::TreePP 0.26 0.41
build_requires:
Module Need Have
------------------- ----- --------
Clone 0 0.31
ExtUtils::MakeMaker 6.59 6.63_02
Test::Compile 0 0.22
Test::Exception 0 0.31
configure_requires:
Module Need Have
------------------- ----- --------
ExtUtils::MakeMaker 6.59 6.63_02
------------------------------
ENVIRONMENT AND OTHER CONTEXT
------------------------------
Environment variables:
AUTOMATED_TESTING = 1
COMSPEC = C:\WINDOWS\system32\cmd.exe
NUMBER_OF_PROCESSORS = 1
PATH = C:\strawberry_5_16_2_1\c\bin;C:\strawberry_5_16_2_1\perl\site\bin;C:\strawberry_5_16_2_1\perl\bin;C:\WINDOWS\system32;C:\WINDOWS;C:\WINDOWS\System32\Wbem;C:\Program Files\SlikSvn\bin\;
PERL5LIB =
PERL5OPT =
PERL5_CPANPLUS_IS_RUNNING = 1688
PERL5_CPAN_IS_RUNNING = 1688
PERL5_CPAN_IS_RUNNING_IN_RECURSION = 1340,1688
PERL_CR_SMOKER_CURRENT = FusionInventory-Agent-Task-Network-1.0.2
PERL_EXTUTILS_AUTOINSTALL = --defaultdeps
PERL_JSON_BACKEND = JSON::XS
PERL_MM_USE_DEFAULT = 1
PERL_YAML_BACKEND = YAML
PROCESSOR_IDENTIFIER = x86 Family 6 Model 23 Stepping 10, GenuineIntel
TEMP = C:\DOCUME~1\GABORS~1\LOCALS~1\Temp
TERM = dumb
Perl special variables (and OS-specific diagnostics, for MSWin32):
$^X = C:\strawberry_5_16_2_1\perl\bin\perl.exe
$UID/$EUID = 0 / 0
$GID = 0
$EGID = 0
Win32::GetOSName = WinXP/.Net
Win32::GetOSVersion = Service Pack 3, 5, 1, 2600, 2, 3, 0, 768, 1
Win32::FsType = NTFS
Win32::IsAdminUser = 1
Perl module toolchain versions installed:
Module Have
------------------- --------
CPAN 1.9800
CPAN::Meta 2.120921
Cwd 3.39_02
ExtUtils::CBuilder 0.280206
ExtUtils::Command 1.17
ExtUtils::Install 1.58
ExtUtils::MakeMaker 6.63_02
ExtUtils::Manifest 1.61
ExtUtils::ParseXS 3.16
File::Spec 3.39_02
JSON 2.53
JSON::PP 2.27200
Module::Build 0.4003
Module::Signature 0.68
Parse::CPAN::Meta 1.4404
Test::Harness 3.25
Test::More 0.98
YAML 0.84
YAML::Syck 1.21
version 0.9901
--
Summary of my perl5 (revision 5 version 16 subversion 2) configuration:
Platform:
osname=MSWin32, osvers=4.0, archname=MSWin32-x86-multi-thread
uname='Win32 strawberry-perl 5.16.2.1 #1 Fri Nov 2 00:33:54 2012 i386'
config_args='undef'
hint=recommended, useposix=true, d_sigaction=undef
useithreads=define, usemultiplicity=define
useperlio=define, d_sfio=undef, uselargefiles=define, usesocks=undef
use64bitint=undef, use64bitall=undef, uselongdouble=undef
usemymalloc=n, bincompat5005=undef
Compiler:
cc='gcc', ccflags =' -s -O2 -DWIN32 -DPERL_TEXTMODE_SCRIPTS -DPERL_IMPLICIT_CONTEXT -DPERL_IMPLICIT_SYS -fno-strict-aliasing -mms-bitfields',
optimize='-s -O2',
cppflags='-DWIN32'
ccversion='', gccversion='4.6.3', gccosandvers=''
intsize=4, longsize=4, ptrsize=4, doublesize=8, byteorder=1234
d_longlong=undef, longlongsize=8, d_longdbl=define, longdblsize=12
ivtype='long', ivsize=4, nvtype='double', nvsize=8, Off_t='long long', lseeksize=8
alignbytes=8, prototype=define
Linker and Libraries:
ld='g++', ldflags ='-s -L"C:\strawberry_5_16_2_1\perl\lib\CORE" -L"C:\strawberry_5_16_2_1\c\lib"'
libpth=C:\strawberry_5_16_2_1\c\lib C:\strawberry_5_16_2_1\c\i686-w64-mingw32\lib
libs=-lmoldname -lkernel32 -luser32 -lgdi32 -lwinspool -lcomdlg32 -ladvapi32 -lshell32 -lole32 -loleaut32 -lnetapi32 -luuid -lws2_32 -lmpr -lwinmm -lversion -lodbc32 -lodbccp32 -lcomctl32
perllibs=-lmoldname -lkernel32 -luser32 -lgdi32 -lwinspool -lcomdlg32 -ladvapi32 -lshell32 -lole32 -loleaut32 -lnetapi32 -luuid -lws2_32 -lmpr -lwinmm -lversion -lodbc32 -lodbccp32 -lcomctl32
libc=, so=dll, useshrplib=true, libperl=libperl516.a
gnulibc_version=''
Dynamic Linking:
dlsrc=dl_win32.xs, dlext=dll, d_dlsymun=undef, ccdlflags=' '
cccdlflags=' ', lddlflags='-mdll -s -L"C:\strawberry_5_16_2_1\perl\lib\CORE" -L"C:\strawberry_5_16_2_1\c\lib"'
Characteristics of this binary (from libperl):
Compile-time options: HAS_TIMES HAVE_INTERP_INTERN MULTIPLICITY
PERLIO_LAYERS PERL_DONT_CREATE_GVSV
PERL_IMPLICIT_CONTEXT PERL_IMPLICIT_SYS
PERL_MALLOC_WRAP PERL_PRESERVE_IVUV PL_OP_SLAB_ALLOC
USE_ITHREADS USE_LARGE_FILES USE_LOCALE
USE_LOCALE_COLLATE USE_LOCALE_CTYPE
USE_LOCALE_NUMERIC USE_PERLIO USE_PERL_ATOF
Built under MSWin32
Compiled at Nov 2 2012 00:44:17
%ENV:
PERL5_CPANPLUS_IS_RUNNING="1688"
PERL5_CPAN_IS_RUNNING="1688"
PERL5_CPAN_IS_RUNNING_IN_RECURSION="1340,1688"
PERL_CR_SMOKER_CURRENT="FusionInventory-Agent-Task-Network-1.0.2"
PERL_EXTUTILS_AUTOINSTALL="--defaultdeps"
PERL_JSON_BACKEND="JSON::XS"
PERL_MM_USE_DEFAULT="1"
PERL_YAML_BACKEND="YAML"
@INC:
C:/strawberry_5_16_2_1/perl/site/lib
C:/strawberry_5_16_2_1/perl/vendor/lib
C:/strawberry_5_16_2_1/perl/lib
.