String-Tagged-Terminal v0.03_002 Perl 5 v5.8.9 i686-linux-thread-multi-64int

Status
Fail
From
Chris Williams (BINGOS)
Dist
String-Tagged-Terminal v0.03_002
Platform
Perl 5 v5.8.9 i686-linux-thread-multi-64int
Date
2018-09-27 02:15:56
ID
44b2b51a-c1fb-11e8-98d5-bb14e5798fec
This distribution has been tested as part of the CPAN Testers
project, supporting the Perl programming language.  See
http://wiki.cpantesters.org/ for more information or email
questions to cpan-testers-discuss@perl.org


--

Dear PEVANS,

This is a computer-generated error report created automatically by
CPANPLUS, version 0.9176. Testers personal comments may appear
at the end of this report.


Thank you for uploading your work to CPAN.  However, it appears that
there were some problems testing your distribution.

TEST RESULTS:

Below is the error stack from stage 'make test':

Bareword found where operator expected at /home/cpan/pit/rel/conf/perl-5.8.9/.cpanplus/5.8.9/build/BdELIcllQE/String-Tagged-Terminal-0.03_002/blib/lib/String/Tagged/Terminal.pm line 301, near "Prints the string to the terminal as per L</print_to_terminal"
  (Might be a runaway multi-line // string starting on line 290)
	(Do you need to predeclare Prints?)

#   Failed test 'use String::Tagged::Terminal;'
#   at t/00use.t line 8.
#     Tried to use 'String::Tagged::Terminal'.
#     Error:  Search pattern not terminated at /home/cpan/pit/rel/conf/perl-5.8.9/.cpanplus/5.8.9/build/BdELIcllQE/String-Tagged-Terminal-0.03_002/blib/lib/String/Tagged/Terminal.pm line 311.
# Compilation failed in require at t/00use.t line 8.
# BEGIN failed--compilation aborted at t/00use.t line 8.
# Looks like you failed 1 test of 1.
t/00use.t ......... 
Dubious, test returned 1 (wstat 256, 0x100)
Failed 1/1 subtests 
Bareword found where operator expected at /home/cpan/pit/rel/conf/perl-5.8.9/.cpanplus/5.8.9/build/BdELIcllQE/String-Tagged-Terminal-0.03_002/blib/lib/String/Tagged/Terminal.pm line 301, near "Prints the string to the terminal as per L</print_to_terminal"
  (Might be a runaway multi-line // string starting on line 290)
	(Do you need to predeclare Prints?)
Search pattern not terminated at /home/cpan/pit/rel/conf/perl-5.8.9/.cpanplus/5.8.9/build/BdELIcllQE/String-Tagged-Terminal-0.03_002/blib/lib/String/Tagged/Terminal.pm line 311.
Compilation failed in require at t/01build.t line 8.
BEGIN failed--compilation aborted at t/01build.t line 8.
t/01build.t ....... 
Dubious, test returned 9 (wstat 2304, 0x900)
No subtests run 
Bareword found where operator expected at /home/cpan/pit/rel/conf/perl-5.8.9/.cpanplus/5.8.9/build/BdELIcllQE/String-Tagged-Terminal-0.03_002/blib/lib/String/Tagged/Terminal.pm line 301, near "Prints the string to the terminal as per L</print_to_terminal"
  (Might be a runaway multi-line // string starting on line 290)
	(Do you need to predeclare Prints?)
Search pattern not terminated at /home/cpan/pit/rel/conf/perl-5.8.9/.cpanplus/5.8.9/build/BdELIcllQE/String-Tagged-Terminal-0.03_002/blib/lib/String/Tagged/Terminal.pm line 311.
Compilation failed in require at t/10formatting.t line 8.
BEGIN failed--compilation aborted at t/10formatting.t line 8.
t/10formatting.t .. 
Dubious, test returned 9 (wstat 2304, 0x900)
No subtests run 
Bareword found where operator expected at /home/cpan/pit/rel/conf/perl-5.8.9/.cpanplus/5.8.9/build/BdELIcllQE/String-Tagged-Terminal-0.03_002/blib/lib/String/Tagged/Terminal.pm line 301, near "Prints the string to the terminal as per L</print_to_terminal"
  (Might be a runaway multi-line // string starting on line 290)
	(Do you need to predeclare Prints?)
Search pattern not terminated at /home/cpan/pit/rel/conf/perl-5.8.9/.cpanplus/5.8.9/build/BdELIcllQE/String-Tagged-Terminal-0.03_002/blib/lib/String/Tagged/Terminal.pm line 311.
Compilation failed in require at t/20print.t line 8.
BEGIN failed--compilation aborted at t/20print.t line 8.
t/20print.t ....... 
Dubious, test returned 9 (wstat 2304, 0x900)
No subtests run 
t/99pod.t ......... skipped: Test::Pod 1.00 required for testing POD

Test Summary Report
-------------------
t/00use.t       (Wstat: 256 Tests: 1 Failed: 1)
  Failed test:  1
  Non-zero exit status: 1
t/01build.t     (Wstat: 2304 Tests: 0 Failed: 0)
  Non-zero exit status: 9
  Parse errors: No plan found in TAP output
t/10formatting.t (Wstat: 2304 Tests: 0 Failed: 0)
  Non-zero exit status: 9
  Parse errors: No plan found in TAP output
t/20print.t     (Wstat: 2304 Tests: 0 Failed: 0)
  Non-zero exit status: 9
  Parse errors: No plan found in TAP output
Files=5, Tests=1,  0 wallclock secs ( 0.02 usr  0.01 sys +  0.19 cusr  0.02 csys =  0.24 CPU)
Result: FAIL
Failed 4/5 test programs. 1/1 subtests failed.


PREREQUISITES:

Here is a list of prerequisites you specified and versions we
managed to load:

	  Module Name                        Have     Want
	  Convert::Color                     0.11        0
	  Convert::Color::XTerm              0.05        0
	  String::Tagged                     0.15        0
	  Test::More                     1.302136     0.88
	  constant                           1.17        0

Perl module toolchain versions installed:
	Module Name                        Have
	CPANPLUS                         0.9176
	CPANPLUS::Dist::Build              0.90
	Cwd                                3.74
	ExtUtils::CBuilder             0.280230
	ExtUtils::Command                  7.34
	ExtUtils::Install                  2.14
	ExtUtils::MakeMaker                7.34
	ExtUtils::Manifest                 1.71
	ExtUtils::ParseXS                  3.35
	File::Spec                         3.74
	Module::Build                    0.4224
	Pod::Parser                        1.35
	Pod::Simple                        3.35
	Test2                          1.302136
	Test::Harness                      3.42
	Test::More                     1.302136
	version                          0.9924

******************************** NOTE ********************************
The comments above are created mechanically, possibly without manual
checking by the sender.  As there are many people performing automatic
tests on each upload to CPAN, it is likely that you will receive
identical messages about the same problem.

If you believe that the message is mistaken, please reply to the first
one with correction and/or additional informations, and do not take
it personally.  We appreciate your patience. :)
**********************************************************************

Additional comments:


This report was machine-generated by CPANPLUS::Dist::YACSmoke 1.02.
Powered by minismokebox version 0.68

------------------------------
ENVIRONMENT AND OTHER CONTEXT
------------------------------

Environment variables:

    AUTOMATED_TESTING = 1
    LANG = en_GB.UTF-8
    LANGUAGE = en_GB:en
    NONINTERACTIVE_TESTING = 1
    PATH = /usr/local/bin:/usr/bin:/bin:/usr/local/games:/usr/games
    PERL5LIB = :/home/cpan/pit/rel/conf/perl-5.8.9/.cpanplus/5.8.9/build/FC6tj0zszk/List-UtilsBy-0.11/blib/lib:/home/cpan/pit/rel/conf/perl-5.8.9/.cpanplus/5.8.9/build/FC6tj0zszk/List-UtilsBy-0.11/blib/arch:/home/cpan/pit/rel/conf/perl-5.8.9/.cpanplus/5.8.9/build/1eFgAJxXad/Test-Number-Delta-1.06/blib/lib:/home/cpan/pit/rel/conf/perl-5.8.9/.cpanplus/5.8.9/build/1eFgAJxXad/Test-Number-Delta-1.06/blib/arch:/home/cpan/pit/rel/conf/perl-5.8.9/.cpanplus/5.8.9/build/QfJfpZT4Nn/Convert-Color-0.11/blib/lib:/home/cpan/pit/rel/conf/perl-5.8.9/.cpanplus/5.8.9/build/QfJfpZT4Nn/Convert-Color-0.11/blib/arch:/home/cpan/pit/rel/conf/perl-5.8.9/.cpanplus/5.8.9/build/VLXzQ0pvxV/Convert-Color-XTerm-0.05/blib/lib:/home/cpan/pit/rel/conf/perl-5.8.9/.cpanplus/5.8.9/build/VLXzQ0pvxV/Convert-Color-XTerm-0.05/blib/arch:/home/cpan/pit/rel/conf/perl-5.8.9/.cpanplus/5.8.9/build/E0hpjpymZq/Test-Identity-0.01/blib/lib:/home/cpan/pit/rel/conf/perl-5.8.9/.cpanplus/5.8.9/build/E0hpjpymZq/Test-Identity-0.01/blib/arch:/home/cpan/pit/rel/conf/perl-5.8.9/.cpanplus/5.8.9/build/RAihtpTSUW/String-Tagged-0.15/blib/lib:/home/cpan/pit/rel/conf/perl-5.8.9/.cpanplus/5.8.9/build/RAihtpTSUW/String-Tagged-0.15/blib/arch:/home/cpan/pit/rel/conf/perl-5.8.9/.cpanplus/5.8.9/build/BdELIcllQE/String-Tagged-Terminal-0.03_002/blib/lib:/home/cpan/pit/rel/conf/perl-5.8.9/.cpanplus/5.8.9/build/BdELIcllQE/String-Tagged-Terminal-0.03_002/blib/arch
    PERL5_CPANPLUS_IS_RUNNING = 17026
    PERL5_CPANPLUS_IS_VERSION = 0.9176
    PERL5_MINISMOKEBOX = 0.68
    PERL5_YACSMOKE_BASE = /home/cpan/pit/rel/conf/perl-5.8.9
    PERL_EXTUTILS_AUTOINSTALL = --defaultdeps
    PERL_MM_USE_DEFAULT = 1
    SHELL = /bin/bash
    TERM = screen

Perl special variables (and OS-specific diagnostics, for MSWin32):

    Perl: $^X = /home/cpan/pit/rel/perl-5.8.9/bin/perl
    UID:  $<  = 1001
    EUID: $>  = 1001
    GID:  $(  = 1001 1001
    EGID: $)  = 1001 1001


-------------------------------


--

Summary of my perl5 (revision 5 version 8 subversion 9) configuration:
  Platform:
    osname=linux, osvers=4.16.0-1-686, archname=i686-linux-thread-multi-64int
    uname='linux dodo 4.16.0-1-686 #1 smp debian 4.16.5-1 (2018-04-29) i686 gnulinux '
    config_args='-des -Dprefix=/home/cpan/pit/rel/perl-5.8.9 -Dusethreads -Duse64bitint'
    hint=recommended, useposix=true, d_sigaction=define
    usethreads=define use5005threads=undef useithreads=define usemultiplicity=define
    useperlio=define d_sfio=undef uselargefiles=define usesocks=undef
    use64bitint=define use64bitall=undef uselongdouble=undef
    usemymalloc=n, bincompat5005=undef
  Compiler:
    cc='cc', ccflags ='-D_REENTRANT -D_GNU_SOURCE -fno-strict-aliasing -pipe -I/usr/local/include -D_LARGEFILE_SOURCE -D_FILE_OFFSET_BITS=64',
    optimize='-O2',
    cppflags='-D_REENTRANT -D_GNU_SOURCE -fno-strict-aliasing -pipe -I/usr/local/include'
    ccversion='', gccversion='7.3.0', gccosandvers=''
    intsize=4, longsize=4, ptrsize=4, doublesize=8, byteorder=12345678
    d_longlong=define, longlongsize=8, d_longdbl=define, longdblsize=12
    ivtype='long long', ivsize=8, nvtype='double', nvsize=8, Off_t='off_t', lseeksize=8
    alignbytes=4, prototype=define
  Linker and Libraries:
    ld='cc', ldflags =' -L/usr/local/lib'
    libpth=/usr/local/lib /lib/i386-linux-gnu /lib/../lib /usr/lib/i386-linux-gnu /usr/lib/../lib /lib /usr/lib
    libs=-lnsl -lgdbm -ldl -lm -lcrypt -lutil -lpthread -lc
    perllibs=-lnsl -ldl -lm -lcrypt -lutil -lpthread -lc
    libc=libc-2.27.so, so=so, useshrplib=false, libperl=libperl.a
    gnulibc_version='2.27'
  Dynamic Linking:
    dlsrc=dl_dlopen.xs, dlext=so, d_dlsymun=undef, ccdlflags='-Wl,-E'
    cccdlflags='-fPIC', lddlflags='-shared -O2 -L/usr/local/lib'


Characteristics of this binary (from libperl): 
  Compile-time options: MULTIPLICITY PERL_IMPLICIT_CONTEXT PERL_MALLOC_WRAP
                        USE_64_BIT_INT USE_FAST_STDIO USE_ITHREADS
                        USE_LARGE_FILES USE_PERLIO USE_REENTRANT_API
  Locally applied patches:
	Devel::PatchPerl 1.48
  Built under linux
  Compiled at May 14 2018 12:53:56
  %ENV:
    PERL5LIB=":/home/cpan/pit/rel/conf/perl-5.8.9/.cpanplus/5.8.9/build/FC6tj0zszk/List-UtilsBy-0.11/blib/lib:/home/cpan/pit/rel/conf/perl-5.8.9/.cpanplus/5.8.9/build/FC6tj0zszk/List-UtilsBy-0.11/blib/arch:/home/cpan/pit/rel/conf/perl-5.8.9/.cpanplus/5.8.9/build/1eFgAJxXad/Test-Number-Delta-1.06/blib/lib:/home/cpan/pit/rel/conf/perl-5.8.9/.cpanplus/5.8.9/build/1eFgAJxXad/Test-Number-Delta-1.06/blib/arch:/home/cpan/pit/rel/conf/perl-5.8.9/.cpanplus/5.8.9/build/QfJfpZT4Nn/Convert-Color-0.11/blib/lib:/home/cpan/pit/rel/conf/perl-5.8.9/.cpanplus/5.8.9/build/QfJfpZT4Nn/Convert-Color-0.11/blib/arch:/home/cpan/pit/rel/conf/perl-5.8.9/.cpanplus/5.8.9/build/VLXzQ0pvxV/Convert-Color-XTerm-0.05/blib/lib:/home/cpan/pit/rel/conf/perl-5.8.9/.cpanplus/5.8.9/build/VLXzQ0pvxV/Convert-Color-XTerm-0.05/blib/arch:/home/cpan/pit/rel/conf/perl-5.8.9/.cpanplus/5.8.9/build/E0hpjpymZq/Test-Identity-0.01/blib/lib:/home/cpan/pit/rel/conf/perl-5.8.9/.cpanplus/5.8.9/build/E0hpjpymZq/Test-Identity-0.01/blib/arch:/home/cpan/pit/rel/conf/perl-5.8.9/.cpanplus/5.8.9/build/RAihtpTSUW/String-Tagged-0.15/blib/lib:/home/cpan/pit/rel/conf/perl-5.8.9/.cpanplus/5.8.9/build/RAihtpTSUW/String-Tagged-0.15/blib/arch:/home/cpan/pit/rel/conf/perl-5.8.9/.cpanplus/5.8.9/build/BdELIcllQE/String-Tagged-Terminal-0.03_002/blib/lib:/home/cpan/pit/rel/conf/perl-5.8.9/.cpanplus/5.8.9/build/BdELIcllQE/String-Tagged-Terminal-0.03_002/blib/arch"
    PERL5_CPANPLUS_IS_RUNNING="17026"
    PERL5_CPANPLUS_IS_VERSION="0.9176"
    PERL5_MINISMOKEBOX="0.68"
    PERL5_YACSMOKE_BASE="/home/cpan/pit/rel/conf/perl-5.8.9"
    PERL_EXTUTILS_AUTOINSTALL="--defaultdeps"
    PERL_MM_USE_DEFAULT="1"
  @INC:
    /home/cpan/pit/rel/conf/perl-5.8.9/.cpanplus/5.8.9/build/FC6tj0zszk/List-UtilsBy-0.11/blib/lib
    /home/cpan/pit/rel/conf/perl-5.8.9/.cpanplus/5.8.9/build/FC6tj0zszk/List-UtilsBy-0.11/blib/arch
    /home/cpan/pit/rel/conf/perl-5.8.9/.cpanplus/5.8.9/build/1eFgAJxXad/Test-Number-Delta-1.06/blib/lib
    /home/cpan/pit/rel/conf/perl-5.8.9/.cpanplus/5.8.9/build/1eFgAJxXad/Test-Number-Delta-1.06/blib/arch
    /home/cpan/pit/rel/conf/perl-5.8.9/.cpanplus/5.8.9/build/QfJfpZT4Nn/Convert-Color-0.11/blib/lib
    /home/cpan/pit/rel/conf/perl-5.8.9/.cpanplus/5.8.9/build/QfJfpZT4Nn/Convert-Color-0.11/blib/arch
    /home/cpan/pit/rel/conf/perl-5.8.9/.cpanplus/5.8.9/build/VLXzQ0pvxV/Convert-Color-XTerm-0.05/blib/lib
    /home/cpan/pit/rel/conf/perl-5.8.9/.cpanplus/5.8.9/build/VLXzQ0pvxV/Convert-Color-XTerm-0.05/blib/arch
    /home/cpan/pit/rel/conf/perl-5.8.9/.cpanplus/5.8.9/build/E0hpjpymZq/Test-Identity-0.01/blib/lib
    /home/cpan/pit/rel/conf/perl-5.8.9/.cpanplus/5.8.9/build/E0hpjpymZq/Test-Identity-0.01/blib/arch
    /home/cpan/pit/rel/conf/perl-5.8.9/.cpanplus/5.8.9/build/RAihtpTSUW/String-Tagged-0.15/blib/lib
    /home/cpan/pit/rel/conf/perl-5.8.9/.cpanplus/5.8.9/build/RAihtpTSUW/String-Tagged-0.15/blib/arch
    /home/cpan/pit/rel/conf/perl-5.8.9/.cpanplus/5.8.9/build/BdELIcllQE/String-Tagged-Terminal-0.03_002/blib/lib
    /home/cpan/pit/rel/conf/perl-5.8.9/.cpanplus/5.8.9/build/BdELIcllQE/String-Tagged-Terminal-0.03_002/blib/arch
    /home/cpan/pit/rel/perl-5.8.9/lib/5.8.9/i686-linux-thread-multi-64int
    /home/cpan/pit/rel/perl-5.8.9/lib/5.8.9
    /home/cpan/pit/rel/perl-5.8.9/lib/site_perl/5.8.9/i686-linux-thread-multi-64int
    /home/cpan/pit/rel/perl-5.8.9/lib/site_perl/5.8.9
    .