Report for Mojolicious-Plugin-LinkedContent-0.04

Back
From: metabase:user:d2c9f356-b46f-11df-9a90-20a83c0b7757
Subject: FAIL Mojolicious-Plugin-LinkedContent-0.04 v5.10.1 SunOS/Solaris
Date: 2011-11-15T15:27:03Z

This distribution has been tested as part of the CPAN Testers
project, supporting the Perl programming language.  See
http://wiki.cpantesters.org/ for more information or email
questions to cpan-testers-discuss@perl.org


--
Dear Yaroslav Korshak,

This is a computer-generated report for Mojolicious-Plugin-LinkedContent-0.04
on perl 5.10.1, created by CPAN-Reporter-1.2002.

Thank you for uploading your work to CPAN.  However, there was a problem
testing your distribution.

If you think this report is invalid, please consult the CPAN Testers Wiki
for suggestions on how to avoid getting FAIL reports for missing library
or binary dependencies, unsupported operating systems, and so on:

http://wiki.cpantesters.org/wiki/CPANAuthorNotes

Sections of this report:

    * Tester comments
    * Program output
    * Prerequisites
    * Environment and other context

------------------------------
TESTER COMMENTS
------------------------------

Additional comments from tester:

this report is from an automated smoke testing program
and was not reviewed by a human for accuracy

------------------------------
PROGRAM OUTPUT
------------------------------

Output from '/usr/local/bin/make test':

PERL_DL_NONLAZY=1 /export/home/cpantest/perl5/bin/perl "-MExtUtils::Command::MM" "-e" "test_harness(0, 'inc', 'blib/lib', 'blib/arch')" t/00.load.t t/linked_content.t t/perlcritic.t t/pod-coverage.t t/pod.t
# Testing Mojolicious::Plugin::LinkedContent 0.04
t/00.load.t ......... ok
t/linked_content.t .. ok

#   Failed test 'Test::Perl::Critic for "blib/lib/Mojolicious/Plugin/LinkedContent.pm"'
#   at /export/home/cpantest/perl5/lib/site_perl/5.10.1/Test/Perl/Critic.pm line 110.
# 
# Perl::Critic found these violations in "blib/lib/Mojolicious/Plugin/LinkedContent.pm":
# Private Member Data shouldn't be accessed directly at line 26, column 19.  Accessing an objects data directly breaks encapsulation and should be avoided.  Example: $object->{ some_key }.  (Severity: 5)
# Private Member Data shouldn't be accessed directly at line 26, column 43.  Accessing an objects data directly breaks encapsulation and should be avoided.  Example: $object->{ some_key }.  (Severity: 5)
# Private Member Data shouldn't be accessed directly at line 59, column 20.  Accessing an objects data directly breaks encapsulation and should be avoided.  Example: $object->{ some_key }.  (Severity: 5)
# Private Member Data shouldn't be accessed directly at line 62, column 15.  Accessing an objects data directly breaks encapsulation and should be avoided.  Example: $object->{ some_key }.  (Severity: 5)
# Private Member Data shouldn't be accessed directly at line 63, column 17.  Accessing an objects data directly breaks encapsulation and should be avoided.  Example: $object->{ some_key }.  (Severity: 5)
# Private Member Data shouldn't be accessed directly at line 65, column 9.  Accessing an objects data directly breaks encapsulation and should be avoided.  Example: $object->{ some_key }.  (Severity: 5)
# Private Member Data shouldn't be accessed directly at line 66, column 33.  Accessing an objects data directly breaks encapsulation and should be avoided.  Example: $object->{ some_key }.  (Severity: 5)
# Private Member Data shouldn't be accessed directly at line 67, column 36.  Accessing an objects data directly breaks encapsulation and should be avoided.  Example: $object->{ some_key }.  (Severity: 5)
# Private Member Data shouldn't be accessed directly at line 78, column 22.  Accessing an objects data directly breaks encapsulation and should be avoided.  Example: $object->{ some_key }.  (Severity: 5)
# Private Member Data shouldn't be accessed directly at line 80, column 12.  Accessing an objects data directly breaks encapsulation and should be avoided.  Example: $object->{ some_key }.  (Severity: 5)
# Private Member Data shouldn't be accessed directly at line 102, column 22.  Accessing an objects data directly breaks encapsulation and should be avoided.  Example: $object->{ some_key }.  (Severity: 5)
# Private Member Data shouldn't be accessed directly at line 104, column 12.  Accessing an objects data directly breaks encapsulation and should be avoided.  Example: $object->{ some_key }.  (Severity: 5)
# Looks like you failed 1 test of 1.
t/perlcritic.t ...... 
Dubious, test returned 1 (wstat 256, 0x100)
Failed 1/1 subtests 
t/pod-coverage.t .... ok
t/pod.t ............. ok

Test Summary Report
-------------------
t/perlcritic.t    (Wstat: 256 Tests: 1 Failed: 1)
  Failed test:  1
  Non-zero exit status: 1
Files=5, Tests=16,  3 wallclock secs ( 0.03 usr  0.01 sys +  1.31 cusr  0.19 csys =  1.54 CPU)
Result: FAIL
Failed 1/5 test programs. 1/16 subtests failed.
make: *** [test_dynamic] Error 255

------------------------------
PREREQUISITES
------------------------------

Prerequisite modules loaded:

requires:

    Module              Need  Have    
    ------------------- ----- --------
    Mojolicious         1.01  2.26    
    perl                5.010 5.010001
    Test::More          0     0.98    

build_requires:

    Module              Need  Have    
    ------------------- ----- --------
    ExtUtils::MakeMaker 6.62  6.62    
    Test::More          0     0.98    

configure_requires:

    Module              Need  Have    
    ------------------- ----- --------
    ExtUtils::MakeMaker 6.57  6.62    


------------------------------
ENVIRONMENT AND OTHER CONTEXT
------------------------------

Environment variables:

    AUTOMATED_TESTING = 1
    LANG = C
    LD_LIBRARY_PATH = /usr/local/lib:
    PATH = /export/home/cpantest/perl5/bin:/usr/local/bin:/usr/bin
    PERL5LIB = /export/home/cpantest/.cpan/build/Mojolicious-2.26-BWcVwR/blib/arch:/export/home/cpantest/.cpan/build/Mojolicious-2.26-BWcVwR/blib/lib
    PERL5OPT = 
    PERL5_CPANPLUS_IS_RUNNING = 19864
    PERL5_CPAN_IS_RUNNING = 19864
    PERL5_CPAN_IS_RUNNING_IN_RECURSION = 12127,19864
    PERL_CR_SMOKER_CURRENT = Mojolicious-Plugin-LinkedContent-0.04
    PERL_EXTUTILS_AUTOINSTALL = --defaultdeps
    PERL_MM_USE_DEFAULT = 1
    SHELL = /usr/bin/bash
    TERM = xterm

Perl special variables (and OS-specific diagnostics, for MSWin32):

    $^X = /export/home/cpantest/perl5/bin/perl
    $UID/$EUID = 100 / 100
    $GID = 1 1
    $EGID = 1 1

Perl module toolchain versions installed:

    Module              Have    
    ------------------- --------
    CPAN                1.9800  
    CPAN::Meta          2.112621
    Cwd                 3.33    
    ExtUtils::CBuilder  0.280202
    ExtUtils::Command   1.17    
    ExtUtils::Install   1.54    
    ExtUtils::MakeMaker 6.62    
    ExtUtils::Manifest  1.60    
    ExtUtils::ParseXS   3.05    
    File::Spec          3.33    
    JSON                2.53    
    JSON::PP            2.27200 
    Module::Build       0.3800  
    Module::Signature   n/a     
    Parse::CPAN::Meta   1.4401  
    Test::Harness       3.23    
    Test::More          0.98    
    YAML                0.77    
    YAML::Syck          1.19    
    version             0.95    


--

Summary of my perl5 (revision 5 version 10 subversion 1) configuration:
   
  Platform:
    osname=solaris, osvers=2.10, archname=i86pc-solaris-64int
    uname='sunos vmrz0046 5.10 generic_141445-09 i86pc i386 i86pc '
    config_args='-Dcc=gcc -Dprefix=~/perl5 -Duse64bitint -d'
    hint=recommended, useposix=true, d_sigaction=define
    useithreads=undef, usemultiplicity=undef
    useperlio=define, d_sfio=undef, uselargefiles=define, usesocks=undef
    use64bitint=define, use64bitall=undef, uselongdouble=undef
    usemymalloc=n, bincompat5005=undef
  Compiler:
    cc='gcc', ccflags ='-DPTR_IS_LONG -fno-strict-aliasing -pipe -I/usr/local/include -D_LARGEFILE_SOURCE -D_FILE_OFFSET_BITS=64 -DPERL_USE_SAFE_PUTENV -DPERL_USE_SAFE_PUTENV',
    optimize='-O',
    cppflags='-DPTR_IS_LONG -fno-strict-aliasing -pipe -I/usr/local/include'
    ccversion='', gccversion='3.4.6', gccosandvers='solaris2.10'
    intsize=4, longsize=4, ptrsize=4, doublesize=8, byteorder=12345678
    d_longlong=define, longlongsize=8, d_longdbl=define, longdblsize=12
    ivtype='long long', ivsize=8, nvtype='double', nvsize=8, Off_t='off_t', lseeksize=8
    alignbytes=4, prototype=define
  Linker and Libraries:
    ld='gcc', ldflags =' -L/usr/local/lib '
    libpth=/usr/local/lib /usr/lib /usr/ccs/lib
    libs=-lsocket -lnsl -ldl -lm -lc
    perllibs=-lsocket -lnsl -ldl -lm -lc
    libc=/lib/libc.so, so=so, useshrplib=false, libperl=libperl.a
    gnulibc_version=''
  Dynamic Linking:
    dlsrc=dl_dlopen.xs, dlext=so, d_dlsymun=undef, ccdlflags=' '
    cccdlflags='-fPIC', lddlflags='-G -L/usr/local/lib'


Characteristics of this binary (from libperl): 
  Compile-time options: PERL_DONT_CREATE_GVSV PERL_MALLOC_WRAP
                        PERL_USE_SAFE_PUTENV USE_64_BIT_INT USE_LARGE_FILES
                        USE_PERLIO
  Built under solaris
  Compiled at Mar  1 2011 16:15:56
  %ENV:
    PERL5LIB="/export/home/cpantest/.cpan/build/Mojolicious-2.26-BWcVwR/blib/arch:/export/home/cpantest/.cpan/build/Mojolicious-2.26-BWcVwR/blib/lib"
    PERL5OPT=""
    PERL5_CPANPLUS_IS_RUNNING="19864"
    PERL5_CPAN_IS_RUNNING="19864"
    PERL5_CPAN_IS_RUNNING_IN_RECURSION="12127,19864"
    PERL_CR_SMOKER_CURRENT="Mojolicious-Plugin-LinkedContent-0.04"
    PERL_EXTUTILS_AUTOINSTALL="--defaultdeps"
    PERL_MM_USE_DEFAULT="1"
  @INC:
    /export/home/cpantest/.cpan/build/Mojolicious-2.26-BWcVwR/blib/arch
    /export/home/cpantest/.cpan/build/Mojolicious-2.26-BWcVwR/blib/lib
    /export/home/cpantest/perl5/lib/5.10.1/i86pc-solaris-64int
    /export/home/cpantest/perl5/lib/5.10.1
    /export/home/cpantest/perl5/lib/site_perl/5.10.1/i86pc-solaris-64int
    /export/home/cpantest/perl5/lib/site_perl/5.10.1
    /export/home/cpantest/perl5/lib/site_perl/5.10.0/i86pc-solaris-64int
    /export/home/cpantest/perl5/lib/site_perl/5.10.0
    /export/home/cpantest/perl5/lib/site_perl
    .