Plack-Middleware-Debug-Redis v0.03 Perl 5 v5.31.5 x86_64-linux-thread-multi
- Status
- Fail
- From
- Andreas J. König (ANDK)
- Dist
-
Plack-Middleware-Debug-Redis v0.03
- Platform
- Perl 5 v5.31.5 x86_64-linux-thread-multi
- Date
- 2019-10-22 18:17:55
- ID
- 44f90be2-f4f8-11e9-a7ec-8e4734af9b2c
This distribution has been tested as part of the CPAN Testers
project, supporting the Perl programming language. See
http://wiki.cpantesters.org/ for more information or email
questions to cpan-testers-discuss@perl.org
--
Dear Anton Gerasimov,
This is a computer-generated report for Plack-Middleware-Debug-Redis-0.03
on perl 5.31.5, created by CPAN-Reporter-1.2018.
Thank you for uploading your work to CPAN. However, there was a problem
testing your distribution.
If you think this report is invalid, please consult the CPAN Testers Wiki
for suggestions on how to avoid getting FAIL reports for missing library
or binary dependencies, unsupported operating systems, and so on:
http://wiki.cpantesters.org/wiki/CPANAuthorNotes
Sections of this report:
* Tester comments
* Program output
* Prerequisites
* Environment and other context
------------------------------
TESTER COMMENTS
------------------------------
Additional comments from tester:
this report is from an automated smoke testing program
and was not reviewed by a human for accuracy
------------------------------
PROGRAM OUTPUT
------------------------------
Output from '/usr/bin/make test':
PERL_DL_NONLAZY=1 "/tmp/basesmoker-reloperl-SEz7/bin/perl" "-MExtUtils::Command::MM" "-MTest::Harness" "-e" "undef *Test::Harness::Switches; test_harness(0, 'blib/lib', 'blib/arch')" t/*.t
t/00-compile.t ............ ok
# Failed test 'total keys in db0'
# at t/01-panel-info.t line 48.
# '<html><body>OK<script src="/debug_toolbar/jquery.js"></script>
# <script src="/debug_toolbar/toolbar.min.js"></script>
# <style type="text/css">
# @import url(/debug_toolbar/toolbar.min.css);
# </style>
# <div id="plDebug">
# <div style="display:none;" id="plDebugToolbar">
# <ul id="plDebugPanelList">
# <li><a id="plHideToolBarButton" href="#" title="Hide Toolbar">Hide »</a></li>
# <li>
# <a href="#" title="Redis::Info" class="plDebugInfo94220065118048Panel">
# Redis::Info
# <br><small>Version: 0.1.99</small>
# </a>
# </li>
# </ul>
# </div>
# <div style="display:none;" id="plDebugToolbarHandle">
# <a title="Show Toolbar" id="plShowToolBarButton" href="#">«</a>
# </div>
# <div id="plDebugInfo94220065118048Panel" class="panelContent">
# <div class="plDebugPanelTitle">
# <a href="" class="plDebugClose">Close</a>
# <h3>Redis::Info</h3>
# </div>
# <div class="plDebugPanelContent">
# <div class="scroll">
# <table>
# <thead>
# <tr>
# <th>Key</th>
# <th>Value</th>
# </tr>
# </thead>
# <tbody>
# <tr class="plDebugOdd">
# <td>db0_expires</td>
# <td><pre>145</pre></td>
# </tr>
# <tr class="plDebugEven">
# <td>db0_keys</td>
# <td><pre>167</pre></td>
# </tr>
# <tr class="plDebugOdd">
# <td>db1_expires</td>
# <td><pre>0</pre></td>
# </tr>
# <tr class="plDebugEven">
# <td>db1_keys</td>
# <td><pre>75</pre></td>
# </tr>
# <tr class="plDebugOdd">
# <td>os</td>
# <td><pre>FreeBSD 9.0-RELEASE-p4 amd64</pre></td>
# </tr>
# <tr class="plDebugEven">
# <td>redis_version</td>
# <td><pre>0.1.99</pre></td>
# </tr>
# <tr class="plDebugOdd">
# <td>role</td>
# <td><pre>master</pre></td>
# </tr>
# <tr class="plDebugEven">
# <td>run_id</td>
# <td><pre>e7c2fdeb9b67f78ab5084e4c3f39c9bd789b4458</pre></td>
# </tr>
# <tr class="plDebugOdd">
# <td>uptime_in_seconds</td>
# <td><pre>1591647</pre></td>
# </tr>
# <tr class="plDebugEven">
# <td>used_cpu_sys</td>
# <td><pre>5.97</pre></td>
# </tr>
# <tr class="plDebugOdd">
# <td>used_cpu_user</td>
# <td><pre>7.05</pre></td>
# </tr>
# </tbody>
# </table>
#
# </div>
# </div>
# </div>
# <div id="plDebugWindow" class="panelContent"></div>
# </div>
# </body></html>'
# doesn't match '(?^m:<td>db0_keys</td>[.\s\n\r]*<td>167</td>)'
# Failed test 'expires keys in db0'
# at t/01-panel-info.t line 48.
# '<html><body>OK<script src="/debug_toolbar/jquery.js"></script>
# <script src="/debug_toolbar/toolbar.min.js"></script>
# <style type="text/css">
# @import url(/debug_toolbar/toolbar.min.css);
# </style>
# <div id="plDebug">
# <div style="display:none;" id="plDebugToolbar">
# <ul id="plDebugPanelList">
# <li><a id="plHideToolBarButton" href="#" title="Hide Toolbar">Hide »</a></li>
# <li>
# <a href="#" title="Redis::Info" class="plDebugInfo94220065118048Panel">
# Redis::Info
# <br><small>Version: 0.1.99</small>
# </a>
# </li>
# </ul>
# </div>
# <div style="display:none;" id="plDebugToolbarHandle">
# <a title="Show Toolbar" id="plShowToolBarButton" href="#">«</a>
# </div>
# <div id="plDebugInfo94220065118048Panel" class="panelContent">
# <div class="plDebugPanelTitle">
# <a href="" class="plDebugClose">Close</a>
# <h3>Redis::Info</h3>
# </div>
# <div class="plDebugPanelContent">
# <div class="scroll">
# <table>
# <thead>
# <tr>
# <th>Key</th>
# <th>Value</th>
# </tr>
# </thead>
# <tbody>
# <tr class="plDebugOdd">
# <td>db0_expires</td>
# <td><pre>145</pre></td>
# </tr>
# <tr class="plDebugEven">
# <td>db0_keys</td>
# <td><pre>167</pre></td>
# </tr>
# <tr class="plDebugOdd">
# <td>db1_expires</td>
# <td><pre>0</pre></td>
# </tr>
# <tr class="plDebugEven">
# <td>db1_keys</td>
# <td><pre>75</pre></td>
# </tr>
# <tr class="plDebugOdd">
# <td>os</td>
# <td><pre>FreeBSD 9.0-RELEASE-p4 amd64</pre></td>
# </tr>
# <tr class="plDebugEven">
# <td>redis_version</td>
# <td><pre>0.1.99</pre></td>
# </tr>
# <tr class="plDebugOdd">
# <td>role</td>
# <td><pre>master</pre></td>
# </tr>
# <tr class="plDebugEven">
# <td>run_id</td>
# <td><pre>e7c2fdeb9b67f78ab5084e4c3f39c9bd789b4458</pre></td>
# </tr>
# <tr class="plDebugOdd">
# <td>uptime_in_seconds</td>
# <td><pre>1591647</pre></td>
# </tr>
# <tr class="plDebugEven">
# <td>used_cpu_sys</td>
# <td><pre>5.97</pre></td>
# </tr>
# <tr class="plDebugOdd">
# <td>used_cpu_user</td>
# <td><pre>7.05</pre></td>
# </tr>
# </tbody>
# </table>
#
# </div>
# </div>
# </div>
# <div id="plDebugWindow" class="panelContent"></div>
# </div>
# </body></html>'
# doesn't match '(?^m:<td>db0_expires</td>[.\s\n\r]*<td>145</td>)'
# Failed test 'total keys in db1'
# at t/01-panel-info.t line 48.
# '<html><body>OK<script src="/debug_toolbar/jquery.js"></script>
# <script src="/debug_toolbar/toolbar.min.js"></script>
# <style type="text/css">
# @import url(/debug_toolbar/toolbar.min.css);
# </style>
# <div id="plDebug">
# <div style="display:none;" id="plDebugToolbar">
# <ul id="plDebugPanelList">
# <li><a id="plHideToolBarButton" href="#" title="Hide Toolbar">Hide »</a></li>
# <li>
# <a href="#" title="Redis::Info" class="plDebugInfo94220065118048Panel">
# Redis::Info
# <br><small>Version: 0.1.99</small>
# </a>
# </li>
# </ul>
# </div>
# <div style="display:none;" id="plDebugToolbarHandle">
# <a title="Show Toolbar" id="plShowToolBarButton" href="#">«</a>
# </div>
# <div id="plDebugInfo94220065118048Panel" class="panelContent">
# <div class="plDebugPanelTitle">
# <a href="" class="plDebugClose">Close</a>
# <h3>Redis::Info</h3>
# </div>
# <div class="plDebugPanelContent">
# <div class="scroll">
# <table>
# <thead>
# <tr>
# <th>Key</th>
# <th>Value</th>
# </tr>
# </thead>
# <tbody>
# <tr class="plDebugOdd">
# <td>db0_expires</td>
# <td><pre>145</pre></td>
# </tr>
# <tr class="plDebugEven">
# <td>db0_keys</td>
# <td><pre>167</pre></td>
# </tr>
# <tr class="plDebugOdd">
# <td>db1_expires</td>
# <td><pre>0</pre></td>
# </tr>
# <tr class="plDebugEven">
# <td>db1_keys</td>
# <td><pre>75</pre></td>
# </tr>
# <tr class="plDebugOdd">
# <td>os</td>
# <td><pre>FreeBSD 9.0-RELEASE-p4 amd64</pre></td>
# </tr>
# <tr class="plDebugEven">
# <td>redis_version</td>
# <td><pre>0.1.99</pre></td>
# </tr>
# <tr class="plDebugOdd">
# <td>role</td>
# <td><pre>master</pre></td>
# </tr>
# <tr class="plDebugEven">
# <td>run_id</td>
# <td><pre>e7c2fdeb9b67f78ab5084e4c3f39c9bd789b4458</pre></td>
# </tr>
# <tr class="plDebugOdd">
# <td>uptime_in_seconds</td>
# <td><pre>1591647</pre></td>
# </tr>
# <tr class="plDebugEven">
# <td>used_cpu_sys</td>
# <td><pre>5.97</pre></td>
# </tr>
# <tr class="plDebugOdd">
# <td>used_cpu_user</td>
# <td><pre>7.05</pre></td>
# </tr>
# </tbody>
# </table>
#
# </div>
# </div>
# </div>
# <div id="plDebugWindow" class="panelContent"></div>
# </div>
# </body></html>'
# doesn't match '(?^m:<td>db1_keys</td>[.\s\n\r]*<td>75</td>)'
# Failed test 'expires keys in db1'
# at t/01-panel-info.t line 48.
# '<html><body>OK<script src="/debug_toolbar/jquery.js"></script>
# <script src="/debug_toolbar/toolbar.min.js"></script>
# <style type="text/css">
# @import url(/debug_toolbar/toolbar.min.css);
# </style>
# <div id="plDebug">
# <div style="display:none;" id="plDebugToolbar">
# <ul id="plDebugPanelList">
# <li><a id="plHideToolBarButton" href="#" title="Hide Toolbar">Hide »</a></li>
# <li>
# <a href="#" title="Redis::Info" class="plDebugInfo94220065118048Panel">
# Redis::Info
# <br><small>Version: 0.1.99</small>
# </a>
# </li>
# </ul>
# </div>
# <div style="display:none;" id="plDebugToolbarHandle">
# <a title="Show Toolbar" id="plShowToolBarButton" href="#">«</a>
# </div>
# <div id="plDebugInfo94220065118048Panel" class="panelContent">
# <div class="plDebugPanelTitle">
# <a href="" class="plDebugClose">Close</a>
# <h3>Redis::Info</h3>
# </div>
# <div class="plDebugPanelContent">
# <div class="scroll">
# <table>
# <thead>
# <tr>
# <th>Key</th>
# <th>Value</th>
# </tr>
# </thead>
# <tbody>
# <tr class="plDebugOdd">
# <td>db0_expires</td>
# <td><pre>145</pre></td>
# </tr>
# <tr class="plDebugEven">
# <td>db0_keys</td>
# <td><pre>167</pre></td>
# </tr>
# <tr class="plDebugOdd">
# <td>db1_expires</td>
# <td><pre>0</pre></td>
# </tr>
# <tr class="plDebugEven">
# <td>db1_keys</td>
# <td><pre>75</pre></td>
# </tr>
# <tr class="plDebugOdd">
# <td>os</td>
# <td><pre>FreeBSD 9.0-RELEASE-p4 amd64</pre></td>
# </tr>
# <tr class="plDebugEven">
# <td>redis_version</td>
# <td><pre>0.1.99</pre></td>
# </tr>
# <tr class="plDebugOdd">
# <td>role</td>
# <td><pre>master</pre></td>
# </tr>
# <tr class="plDebugEven">
# <td>run_id</td>
# <td><pre>e7c2fdeb9b67f78ab5084e4c3f39c9bd789b4458</pre></td>
# </tr>
# <tr class="plDebugOdd">
# <td>uptime_in_seconds</td>
# <td><pre>1591647</pre></td>
# </tr>
# <tr class="plDebugEven">
# <td>used_cpu_sys</td>
# <td><pre>5.97</pre></td>
# </tr>
# <tr class="plDebugOdd">
# <td>used_cpu_user</td>
# <td><pre>7.05</pre></td>
# </tr>
# </tbody>
# </table>
#
# </div>
# </div>
# </div>
# <div id="plDebugWindow" class="panelContent"></div>
# </div>
# </body></html>'
# doesn't match '(?^m:<td>db1_expires</td>[.\s\n\r]*<td>0</td>)'
# Failed test 'redis server version'
# at t/01-panel-info.t line 48.
# '<html><body>OK<script src="/debug_toolbar/jquery.js"></script>
# <script src="/debug_toolbar/toolbar.min.js"></script>
# <style type="text/css">
# @import url(/debug_toolbar/toolbar.min.css);
# </style>
# <div id="plDebug">
# <div style="display:none;" id="plDebugToolbar">
# <ul id="plDebugPanelList">
# <li><a id="plHideToolBarButton" href="#" title="Hide Toolbar">Hide »</a></li>
# <li>
# <a href="#" title="Redis::Info" class="plDebugInfo94220065118048Panel">
# Redis::Info
# <br><small>Version: 0.1.99</small>
# </a>
# </li>
# </ul>
# </div>
# <div style="display:none;" id="plDebugToolbarHandle">
# <a title="Show Toolbar" id="plShowToolBarButton" href="#">«</a>
# </div>
# <div id="plDebugInfo94220065118048Panel" class="panelContent">
# <div class="plDebugPanelTitle">
# <a href="" class="plDebugClose">Close</a>
# <h3>Redis::Info</h3>
# </div>
# <div class="plDebugPanelContent">
# <div class="scroll">
# <table>
# <thead>
# <tr>
# <th>Key</th>
# <th>Value</th>
# </tr>
# </thead>
# <tbody>
# <tr class="plDebugOdd">
# <td>db0_expires</td>
# <td><pre>145</pre></td>
# </tr>
# <tr class="plDebugEven">
# <td>db0_keys</td>
# <td><pre>167</pre></td>
# </tr>
# <tr class="plDebugOdd">
# <td>db1_expires</td>
# <td><pre>0</pre></td>
# </tr>
# <tr class="plDebugEven">
# <td>db1_keys</td>
# <td><pre>75</pre></td>
# </tr>
# <tr class="plDebugOdd">
# <td>os</td>
# <td><pre>FreeBSD 9.0-RELEASE-p4 amd64</pre></td>
# </tr>
# <tr class="plDebugEven">
# <td>redis_version</td>
# <td><pre>0.1.99</pre></td>
# </tr>
# <tr class="plDebugOdd">
# <td>role</td>
# <td><pre>master</pre></td>
# </tr>
# <tr class="plDebugEven">
# <td>run_id</td>
# <td><pre>e7c2fdeb9b67f78ab5084e4c3f39c9bd789b4458</pre></td>
# </tr>
# <tr class="plDebugOdd">
# <td>uptime_in_seconds</td>
# <td><pre>1591647</pre></td>
# </tr>
# <tr class="plDebugEven">
# <td>used_cpu_sys</td>
# <td><pre>5.97</pre></td>
# </tr>
# <tr class="plDebugOdd">
# <td>used_cpu_user</td>
# <td><pre>7.05</pre></td>
# </tr>
# </tbody>
# </table>
#
# </div>
# </div>
# </div>
# <div id="plDebugWindow" class="panelContent"></div>
# </div>
# </body></html>'
# doesn't match '(?^m:<td>redis_version</td>[.\s\n\r]*<td>\d\.\d{1,2}\.\d{1,2}</td>)'
# Failed test 'redis server uptime'
# at t/01-panel-info.t line 48.
# '<html><body>OK<script src="/debug_toolbar/jquery.js"></script>
# <script src="/debug_toolbar/toolbar.min.js"></script>
# <style type="text/css">
# @import url(/debug_toolbar/toolbar.min.css);
# </style>
# <div id="plDebug">
# <div style="display:none;" id="plDebugToolbar">
# <ul id="plDebugPanelList">
# <li><a id="plHideToolBarButton" href="#" title="Hide Toolbar">Hide »</a></li>
# <li>
# <a href="#" title="Redis::Info" class="plDebugInfo94220065118048Panel">
# Redis::Info
# <br><small>Version: 0.1.99</small>
# </a>
# </li>
# </ul>
# </div>
# <div style="display:none;" id="plDebugToolbarHandle">
# <a title="Show Toolbar" id="plShowToolBarButton" href="#">«</a>
# </div>
# <div id="plDebugInfo94220065118048Panel" class="panelContent">
# <div class="plDebugPanelTitle">
# <a href="" class="plDebugClose">Close</a>
# <h3>Redis::Info</h3>
# </div>
# <div class="plDebugPanelContent">
# <div class="scroll">
# <table>
# <thead>
# <tr>
# <th>Key</th>
# <th>Value</th>
# </tr>
# </thead>
# <tbody>
# <tr class="plDebugOdd">
# <td>db0_expires</td>
# <td><pre>145</pre></td>
# </tr>
# <tr class="plDebugEven">
# <td>db0_keys</td>
# <td><pre>167</pre></td>
# </tr>
# <tr class="plDebugOdd">
# <td>db1_expires</td>
# <td><pre>0</pre></td>
# </tr>
# <tr class="plDebugEven">
# <td>db1_keys</td>
# <td><pre>75</pre></td>
# </tr>
# <tr class="plDebugOdd">
# <td>os</td>
# <td><pre>FreeBSD 9.0-RELEASE-p4 amd64</pre></td>
# </tr>
# <tr class="plDebugEven">
# <td>redis_version</td>
# <td><pre>0.1.99</pre></td>
# </tr>
# <tr class="plDebugOdd">
# <td>role</td>
# <td><pre>master</pre></td>
# </tr>
# <tr class="plDebugEven">
# <td>run_id</td>
# <td><pre>e7c2fdeb9b67f78ab5084e4c3f39c9bd789b4458</pre></td>
# </tr>
# <tr class="plDebugOdd">
# <td>uptime_in_seconds</td>
# <td><pre>1591647</pre></td>
# </tr>
# <tr class="plDebugEven">
# <td>used_cpu_sys</td>
# <td><pre>5.97</pre></td>
# </tr>
# <tr class="plDebugOdd">
# <td>used_cpu_user</td>
# <td><pre>7.05</pre></td>
# </tr>
# </tbody>
# </table>
#
# </div>
# </div>
# </div>
# <div id="plDebugWindow" class="panelContent"></div>
# </div>
# </body></html>'
# doesn't match '(?^m:<td>uptime_in_seconds</td>[.\s\n\r]*<td>1591647</td>)'
# Failed test 'redis server role'
# at t/01-panel-info.t line 48.
# '<html><body>OK<script src="/debug_toolbar/jquery.js"></script>
# <script src="/debug_toolbar/toolbar.min.js"></script>
# <style type="text/css">
# @import url(/debug_toolbar/toolbar.min.css);
# </style>
# <div id="plDebug">
# <div style="display:none;" id="plDebugToolbar">
# <ul id="plDebugPanelList">
# <li><a id="plHideToolBarButton" href="#" title="Hide Toolbar">Hide »</a></li>
# <li>
# <a href="#" title="Redis::Info" class="plDebugInfo94220065118048Panel">
# Redis::Info
# <br><small>Version: 0.1.99</small>
# </a>
# </li>
# </ul>
# </div>
# <div style="display:none;" id="plDebugToolbarHandle">
# <a title="Show Toolbar" id="plShowToolBarButton" href="#">«</a>
# </div>
# <div id="plDebugInfo94220065118048Panel" class="panelContent">
# <div class="plDebugPanelTitle">
# <a href="" class="plDebugClose">Close</a>
# <h3>Redis::Info</h3>
# </div>
# <div class="plDebugPanelContent">
# <div class="scroll">
# <table>
# <thead>
# <tr>
# <th>Key</th>
# <th>Value</th>
# </tr>
# </thead>
# <tbody>
# <tr class="plDebugOdd">
# <td>db0_expires</td>
# <td><pre>145</pre></td>
# </tr>
# <tr class="plDebugEven">
# <td>db0_keys</td>
# <td><pre>167</pre></td>
# </tr>
# <tr class="plDebugOdd">
# <td>db1_expires</td>
# <td><pre>0</pre></td>
# </tr>
# <tr class="plDebugEven">
# <td>db1_keys</td>
# <td><pre>75</pre></td>
# </tr>
# <tr class="plDebugOdd">
# <td>os</td>
# <td><pre>FreeBSD 9.0-RELEASE-p4 amd64</pre></td>
# </tr>
# <tr class="plDebugEven">
# <td>redis_version</td>
# <td><pre>0.1.99</pre></td>
# </tr>
# <tr class="plDebugOdd">
# <td>role</td>
# <td><pre>master</pre></td>
# </tr>
# <tr class="plDebugEven">
# <td>run_id</td>
# <td><pre>e7c2fdeb9b67f78ab5084e4c3f39c9bd789b4458</pre></td>
# </tr>
# <tr class="plDebugOdd">
# <td>uptime_in_seconds</td>
# <td><pre>1591647</pre></td>
# </tr>
# <tr class="plDebugEven">
# <td>used_cpu_sys</td>
# <td><pre>5.97</pre></td>
# </tr>
# <tr class="plDebugOdd">
# <td>used_cpu_user</td>
# <td><pre>7.05</pre></td>
# </tr>
# </tbody>
# </table>
#
# </div>
# </div>
# </div>
# <div id="plDebugWindow" class="panelContent"></div>
# </div>
# </body></html>'
# doesn't match '(?^m:<td>role</td>[.\s\n\r]*<td>master</td>)'
# Failed test 'run under os'
# at t/01-panel-info.t line 48.
# '<html><body>OK<script src="/debug_toolbar/jquery.js"></script>
# <script src="/debug_toolbar/toolbar.min.js"></script>
# <style type="text/css">
# @import url(/debug_toolbar/toolbar.min.css);
# </style>
# <div id="plDebug">
# <div style="display:none;" id="plDebugToolbar">
# <ul id="plDebugPanelList">
# <li><a id="plHideToolBarButton" href="#" title="Hide Toolbar">Hide »</a></li>
# <li>
# <a href="#" title="Redis::Info" class="plDebugInfo94220065118048Panel">
# Redis::Info
# <br><small>Version: 0.1.99</small>
# </a>
# </li>
# </ul>
# </div>
# <div style="display:none;" id="plDebugToolbarHandle">
# <a title="Show Toolbar" id="plShowToolBarButton" href="#">«</a>
# </div>
# <div id="plDebugInfo94220065118048Panel" class="panelContent">
# <div class="plDebugPanelTitle">
# <a href="" class="plDebugClose">Close</a>
# <h3>Redis::Info</h3>
# </div>
# <div class="plDebugPanelContent">
# <div class="scroll">
# <table>
# <thead>
# <tr>
# <th>Key</th>
# <th>Value</th>
# </tr>
# </thead>
# <tbody>
# <tr class="plDebugOdd">
# <td>db0_expires</td>
# <td><pre>145</pre></td>
# </tr>
# <tr class="plDebugEven">
# <td>db0_keys</td>
# <td><pre>167</pre></td>
# </tr>
# <tr class="plDebugOdd">
# <td>db1_expires</td>
# <td><pre>0</pre></td>
# </tr>
# <tr class="plDebugEven">
# <td>db1_keys</td>
# <td><pre>75</pre></td>
# </tr>
# <tr class="plDebugOdd">
# <td>os</td>
# <td><pre>FreeBSD 9.0-RELEASE-p4 amd64</pre></td>
# </tr>
# <tr class="plDebugEven">
# <td>redis_version</td>
# <td><pre>0.1.99</pre></td>
# </tr>
# <tr class="plDebugOdd">
# <td>role</td>
# <td><pre>master</pre></td>
# </tr>
# <tr class="plDebugEven">
# <td>run_id</td>
# <td><pre>e7c2fdeb9b67f78ab5084e4c3f39c9bd789b4458</pre></td>
# </tr>
# <tr class="plDebugOdd">
# <td>uptime_in_seconds</td>
# <td><pre>1591647</pre></td>
# </tr>
# <tr class="plDebugEven">
# <td>used_cpu_sys</td>
# <td><pre>5.97</pre></td>
# </tr>
# <tr class="plDebugOdd">
# <td>used_cpu_user</td>
# <td><pre>7.05</pre></td>
# </tr>
# </tbody>
# </table>
#
# </div>
# </div>
# </div>
# <div id="plDebugWindow" class="panelContent"></div>
# </div>
# </body></html>'
# doesn't match '(?^m:<td>os</td>[.\s\n\r]*<td>Free.*\d\.\d-.*</td>)'
# Failed test 'match run_id'
# at t/01-panel-info.t line 48.
# '<html><body>OK<script src="/debug_toolbar/jquery.js"></script>
# <script src="/debug_toolbar/toolbar.min.js"></script>
# <style type="text/css">
# @import url(/debug_toolbar/toolbar.min.css);
# </style>
# <div id="plDebug">
# <div style="display:none;" id="plDebugToolbar">
# <ul id="plDebugPanelList">
# <li><a id="plHideToolBarButton" href="#" title="Hide Toolbar">Hide »</a></li>
# <li>
# <a href="#" title="Redis::Info" class="plDebugInfo94220065118048Panel">
# Redis::Info
# <br><small>Version: 0.1.99</small>
# </a>
# </li>
# </ul>
# </div>
# <div style="display:none;" id="plDebugToolbarHandle">
# <a title="Show Toolbar" id="plShowToolBarButton" href="#">«</a>
# </div>
# <div id="plDebugInfo94220065118048Panel" class="panelContent">
# <div class="plDebugPanelTitle">
# <a href="" class="plDebugClose">Close</a>
# <h3>Redis::Info</h3>
# </div>
# <div class="plDebugPanelContent">
# <div class="scroll">
# <table>
# <thead>
# <tr>
# <th>Key</th>
# <th>Value</th>
# </tr>
# </thead>
# <tbody>
# <tr class="plDebugOdd">
# <td>db0_expires</td>
# <td><pre>145</pre></td>
# </tr>
# <tr class="plDebugEven">
# <td>db0_keys</td>
# <td><pre>167</pre></td>
# </tr>
# <tr class="plDebugOdd">
# <td>db1_expires</td>
# <td><pre>0</pre></td>
# </tr>
# <tr class="plDebugEven">
# <td>db1_keys</td>
# <td><pre>75</pre></td>
# </tr>
# <tr class="plDebugOdd">
# <td>os</td>
# <td><pre>FreeBSD 9.0-RELEASE-p4 amd64</pre></td>
# </tr>
# <tr class="plDebugEven">
# <td>redis_version</td>
# <td><pre>0.1.99</pre></td>
# </tr>
# <tr class="plDebugOdd">
# <td>role</td>
# <td><pre>master</pre></td>
# </tr>
# <tr class="plDebugEven">
# <td>run_id</td>
# <td><pre>e7c2fdeb9b67f78ab5084e4c3f39c9bd789b4458</pre></td>
# </tr>
# <tr class="plDebugOdd">
# <td>uptime_in_seconds</td>
# <td><pre>1591647</pre></td>
# </tr>
# <tr class="plDebugEven">
# <td>used_cpu_sys</td>
# <td><pre>5.97</pre></td>
# </tr>
# <tr class="plDebugOdd">
# <td>used_cpu_user</td>
# <td><pre>7.05</pre></td>
# </tr>
# </tbody>
# </table>
#
# </div>
# </div>
# </div>
# <div id="plDebugWindow" class="panelContent"></div>
# </div>
# </body></html>'
# doesn't match '(?^m:<td>run_id</td>[.\s\n\r]*<td>[a-f0-9]{40}</td>)'
# Failed test 'match sys cpu usage'
# at t/01-panel-info.t line 48.
# '<html><body>OK<script src="/debug_toolbar/jquery.js"></script>
# <script src="/debug_toolbar/toolbar.min.js"></script>
# <style type="text/css">
# @import url(/debug_toolbar/toolbar.min.css);
# </style>
# <div id="plDebug">
# <div style="display:none;" id="plDebugToolbar">
# <ul id="plDebugPanelList">
# <li><a id="plHideToolBarButton" href="#" title="Hide Toolbar">Hide »</a></li>
# <li>
# <a href="#" title="Redis::Info" class="plDebugInfo94220065118048Panel">
# Redis::Info
# <br><small>Version: 0.1.99</small>
# </a>
# </li>
# </ul>
# </div>
# <div style="display:none;" id="plDebugToolbarHandle">
# <a title="Show Toolbar" id="plShowToolBarButton" href="#">«</a>
# </div>
# <div id="plDebugInfo94220065118048Panel" class="panelContent">
# <div class="plDebugPanelTitle">
# <a href="" class="plDebugClose">Close</a>
# <h3>Redis::Info</h3>
# </div>
# <div class="plDebugPanelContent">
# <div class="scroll">
# <table>
# <thead>
# <tr>
# <th>Key</th>
# <th>Value</th>
# </tr>
# </thead>
# <tbody>
# <tr class="plDebugOdd">
# <td>db0_expires</td>
# <td><pre>145</pre></td>
# </tr>
# <tr class="plDebugEven">
# <td>db0_keys</td>
# <td><pre>167</pre></td>
# </tr>
# <tr class="plDebugOdd">
# <td>db1_expires</td>
# <td><pre>0</pre></td>
# </tr>
# <tr class="plDebugEven">
# <td>db1_keys</td>
# <td><pre>75</pre></td>
# </tr>
# <tr class="plDebugOdd">
# <td>os</td>
# <td><pre>FreeBSD 9.0-RELEASE-p4 amd64</pre></td>
# </tr>
# <tr class="plDebugEven">
# <td>redis_version</td>
# <td><pre>0.1.99</pre></td>
# </tr>
# <tr class="plDebugOdd">
# <td>role</td>
# <td><pre>master</pre></td>
# </tr>
# <tr class="plDebugEven">
# <td>run_id</td>
# <td><pre>e7c2fdeb9b67f78ab5084e4c3f39c9bd789b4458</pre></td>
# </tr>
# <tr class="plDebugOdd">
# <td>uptime_in_seconds</td>
# <td><pre>1591647</pre></td>
# </tr>
# <tr class="plDebugEven">
# <td>used_cpu_sys</td>
# <td><pre>5.97</pre></td>
# </tr>
# <tr class="plDebugOdd">
# <td>used_cpu_user</td>
# <td><pre>7.05</pre></td>
# </tr>
# </tbody>
# </table>
#
# </div>
# </div>
# </div>
# <div id="plDebugWindow" class="panelContent"></div>
# </div>
# </body></html>'
# doesn't match '(?^m:<td>used_cpu_sys</td>[.\s\n\r]*<td>\d\.\d{2}</td>)'
# Failed test 'match user cpu usage'
# at t/01-panel-info.t line 48.
# '<html><body>OK<script src="/debug_toolbar/jquery.js"></script>
# <script src="/debug_toolbar/toolbar.min.js"></script>
# <style type="text/css">
# @import url(/debug_toolbar/toolbar.min.css);
# </style>
# <div id="plDebug">
# <div style="display:none;" id="plDebugToolbar">
# <ul id="plDebugPanelList">
# <li><a id="plHideToolBarButton" href="#" title="Hide Toolbar">Hide »</a></li>
# <li>
# <a href="#" title="Redis::Info" class="plDebugInfo94220065118048Panel">
# Redis::Info
# <br><small>Version: 0.1.99</small>
# </a>
# </li>
# </ul>
# </div>
# <div style="display:none;" id="plDebugToolbarHandle">
# <a title="Show Toolbar" id="plShowToolBarButton" href="#">«</a>
# </div>
# <div id="plDebugInfo94220065118048Panel" class="panelContent">
# <div class="plDebugPanelTitle">
# <a href="" class="plDebugClose">Close</a>
# <h3>Redis::Info</h3>
# </div>
# <div class="plDebugPanelContent">
# <div class="scroll">
# <table>
# <thead>
# <tr>
# <th>Key</th>
# <th>Value</th>
# </tr>
# </thead>
# <tbody>
# <tr class="plDebugOdd">
# <td>db0_expires</td>
# <td><pre>145</pre></td>
# </tr>
# <tr class="plDebugEven">
# <td>db0_keys</td>
# <td><pre>167</pre></td>
# </tr>
# <tr class="plDebugOdd">
# <td>db1_expires</td>
# <td><pre>0</pre></td>
# </tr>
# <tr class="plDebugEven">
# <td>db1_keys</td>
# <td><pre>75</pre></td>
# </tr>
# <tr class="plDebugOdd">
# <td>os</td>
# <td><pre>FreeBSD 9.0-RELEASE-p4 amd64</pre></td>
# </tr>
# <tr class="plDebugEven">
# <td>redis_version</td>
# <td><pre>0.1.99</pre></td>
# </tr>
# <tr class="plDebugOdd">
# <td>role</td>
# <td><pre>master</pre></td>
# </tr>
# <tr class="plDebugEven">
# <td>run_id</td>
# <td><pre>e7c2fdeb9b67f78ab5084e4c3f39c9bd789b4458</pre></td>
# </tr>
# <tr class="plDebugOdd">
# <td>uptime_in_seconds</td>
# <td><pre>1591647</pre></td>
# </tr>
# <tr class="plDebugEven">
# <td>used_cpu_sys</td>
# <td><pre>5.97</pre></td>
# </tr>
# <tr class="plDebugOdd">
# <td>used_cpu_user</td>
# <td><pre>7.05</pre></td>
# </tr>
# </tbody>
# </table>
#
# </div>
# </div>
# </div>
# <div id="plDebugWindow" class="panelContent"></div>
# </div>
# </body></html>'
# doesn't match '(?^m:<td>used_cpu_user</td>[.\s\n\r]*<td>\d\.\d{2}</td>)'
# Looks like you failed 11 tests of 14.
t/01-panel-info.t .........
Dubious, test returned 11 (wstat 2816, 0xb00)
Failed 11/14 subtests
# Failed test 'string key found'
# at t/02-panel-keys.t line 42.
# '<html><body>OK<script src="/debug_toolbar/jquery.js"></script>
# <script src="/debug_toolbar/toolbar.min.js"></script>
# <style type="text/css">
# @import url(/debug_toolbar/toolbar.min.css);
# </style>
# <div id="plDebug">
# <div style="display:none;" id="plDebugToolbar">
# <ul id="plDebugPanelList">
# <li><a id="plHideToolBarButton" href="#" title="Hide Toolbar">Hide »</a></li>
# <li>
# <a href="#" title="Redis::Keys" class="plDebugKeys94221167782728Panel">
# Redis::Keys
# <br><small>DB #0 (5)</small>
# </a>
# </li>
# </ul>
# </div>
# <div style="display:none;" id="plDebugToolbarHandle">
# <a title="Show Toolbar" id="plShowToolBarButton" href="#">«</a>
# </div>
# <div id="plDebugKeys94221167782728Panel" class="panelContent">
# <div class="plDebugPanelTitle">
# <a href="" class="plDebugClose">Close</a>
# <h3>Redis::Keys</h3>
# </div>
# <div class="plDebugPanelContent">
# <div class="scroll">
# <table>
# <thead>
# <tr>
# <th>Key</th>
# <th>Value</th>
# </tr>
# </thead>
# <tbody>
# <tr class="plDebugOdd">
# <td>coy:knows:pseudonoise:codes</td>
# <td><pre>STRING (9000)</pre></td>
# </tr>
# <tr class="plDebugEven">
# <td>eleven:benevolent:elephants</td>
# <td><pre>HASH (17)</pre></td>
# </tr>
# <tr class="plDebugOdd">
# <td>six:slimy:snails:sailed:silently</td>
# <td><pre>LIST (35)</pre></td>
# </tr>
# <tr class="plDebugEven">
# <td>tie:twine:to:three:tree:twigs</td>
# <td><pre>ZSET (66)</pre></td>
# </tr>
# <tr class="plDebugOdd">
# <td>two:tried:and:true:tridents</td>
# <td><pre>SET (101)</pre></td>
# </tr>
# </tbody>
# </table>
#
# </div>
# </div>
# </div>
# <div id="plDebugWindow" class="panelContent"></div>
# </div>
# </body></html>'
# doesn't match '(?^m:<td>coy:.*</td>[.\s\n\r]*<td>STRING \(9000\)</td>)'
# Failed test 'list key found'
# at t/02-panel-keys.t line 42.
# '<html><body>OK<script src="/debug_toolbar/jquery.js"></script>
# <script src="/debug_toolbar/toolbar.min.js"></script>
# <style type="text/css">
# @import url(/debug_toolbar/toolbar.min.css);
# </style>
# <div id="plDebug">
# <div style="display:none;" id="plDebugToolbar">
# <ul id="plDebugPanelList">
# <li><a id="plHideToolBarButton" href="#" title="Hide Toolbar">Hide »</a></li>
# <li>
# <a href="#" title="Redis::Keys" class="plDebugKeys94221167782728Panel">
# Redis::Keys
# <br><small>DB #0 (5)</small>
# </a>
# </li>
# </ul>
# </div>
# <div style="display:none;" id="plDebugToolbarHandle">
# <a title="Show Toolbar" id="plShowToolBarButton" href="#">«</a>
# </div>
# <div id="plDebugKeys94221167782728Panel" class="panelContent">
# <div class="plDebugPanelTitle">
# <a href="" class="plDebugClose">Close</a>
# <h3>Redis::Keys</h3>
# </div>
# <div class="plDebugPanelContent">
# <div class="scroll">
# <table>
# <thead>
# <tr>
# <th>Key</th>
# <th>Value</th>
# </tr>
# </thead>
# <tbody>
# <tr class="plDebugOdd">
# <td>coy:knows:pseudonoise:codes</td>
# <td><pre>STRING (9000)</pre></td>
# </tr>
# <tr class="plDebugEven">
# <td>eleven:benevolent:elephants</td>
# <td><pre>HASH (17)</pre></td>
# </tr>
# <tr class="plDebugOdd">
# <td>six:slimy:snails:sailed:silently</td>
# <td><pre>LIST (35)</pre></td>
# </tr>
# <tr class="plDebugEven">
# <td>tie:twine:to:three:tree:twigs</td>
# <td><pre>ZSET (66)</pre></td>
# </tr>
# <tr class="plDebugOdd">
# <td>two:tried:and:true:tridents</td>
# <td><pre>SET (101)</pre></td>
# </tr>
# </tbody>
# </table>
#
# </div>
# </div>
# </div>
# <div id="plDebugWindow" class="panelContent"></div>
# </div>
# </body></html>'
# doesn't match '(?^m:<td>six:.*</td>[.\s\n\r]*<td>LIST \(35\)</td>)'
# Failed test 'hash key found'
# at t/02-panel-keys.t line 42.
# '<html><body>OK<script src="/debug_toolbar/jquery.js"></script>
# <script src="/debug_toolbar/toolbar.min.js"></script>
# <style type="text/css">
# @import url(/debug_toolbar/toolbar.min.css);
# </style>
# <div id="plDebug">
# <div style="display:none;" id="plDebugToolbar">
# <ul id="plDebugPanelList">
# <li><a id="plHideToolBarButton" href="#" title="Hide Toolbar">Hide »</a></li>
# <li>
# <a href="#" title="Redis::Keys" class="plDebugKeys94221167782728Panel">
# Redis::Keys
# <br><small>DB #0 (5)</small>
# </a>
# </li>
# </ul>
# </div>
# <div style="display:none;" id="plDebugToolbarHandle">
# <a title="Show Toolbar" id="plShowToolBarButton" href="#">«</a>
# </div>
# <div id="plDebugKeys94221167782728Panel" class="panelContent">
# <div class="plDebugPanelTitle">
# <a href="" class="plDebugClose">Close</a>
# <h3>Redis::Keys</h3>
# </div>
# <div class="plDebugPanelContent">
# <div class="scroll">
# <table>
# <thead>
# <tr>
# <th>Key</th>
# <th>Value</th>
# </tr>
# </thead>
# <tbody>
# <tr class="plDebugOdd">
# <td>coy:knows:pseudonoise:codes</td>
# <td><pre>STRING (9000)</pre></td>
# </tr>
# <tr class="plDebugEven">
# <td>eleven:benevolent:elephants</td>
# <td><pre>HASH (17)</pre></td>
# </tr>
# <tr class="plDebugOdd">
# <td>six:slimy:snails:sailed:silently</td>
# <td><pre>LIST (35)</pre></td>
# </tr>
# <tr class="plDebugEven">
# <td>tie:twine:to:three:tree:twigs</td>
# <td><pre>ZSET (66)</pre></td>
# </tr>
# <tr class="plDebugOdd">
# <td>two:tried:and:true:tridents</td>
# <td><pre>SET (101)</pre></td>
# </tr>
# </tbody>
# </table>
#
# </div>
# </div>
# </div>
# <div id="plDebugWindow" class="panelContent"></div>
# </div>
# </body></html>'
# doesn't match '(?^m:<td>eleven:.*</td>[.\s\n\r]*<td>HASH \(17\)</td>)'
# Failed test 'set key found'
# at t/02-panel-keys.t line 42.
# '<html><body>OK<script src="/debug_toolbar/jquery.js"></script>
# <script src="/debug_toolbar/toolbar.min.js"></script>
# <style type="text/css">
# @import url(/debug_toolbar/toolbar.min.css);
# </style>
# <div id="plDebug">
# <div style="display:none;" id="plDebugToolbar">
# <ul id="plDebugPanelList">
# <li><a id="plHideToolBarButton" href="#" title="Hide Toolbar">Hide »</a></li>
# <li>
# <a href="#" title="Redis::Keys" class="plDebugKeys94221167782728Panel">
# Redis::Keys
# <br><small>DB #0 (5)</small>
# </a>
# </li>
# </ul>
# </div>
# <div style="display:none;" id="plDebugToolbarHandle">
# <a title="Show Toolbar" id="plShowToolBarButton" href="#">«</a>
# </div>
# <div id="plDebugKeys94221167782728Panel" class="panelContent">
# <div class="plDebugPanelTitle">
# <a href="" class="plDebugClose">Close</a>
# <h3>Redis::Keys</h3>
# </div>
# <div class="plDebugPanelContent">
# <div class="scroll">
# <table>
# <thead>
# <tr>
# <th>Key</th>
# <th>Value</th>
# </tr>
# </thead>
# <tbody>
# <tr class="plDebugOdd">
# <td>coy:knows:pseudonoise:codes</td>
# <td><pre>STRING (9000)</pre></td>
# </tr>
# <tr class="plDebugEven">
# <td>eleven:benevolent:elephants</td>
# <td><pre>HASH (17)</pre></td>
# </tr>
# <tr class="plDebugOdd">
# <td>six:slimy:snails:sailed:silently</td>
# <td><pre>LIST (35)</pre></td>
# </tr>
# <tr class="plDebugEven">
# <td>tie:twine:to:three:tree:twigs</td>
# <td><pre>ZSET (66)</pre></td>
# </tr>
# <tr class="plDebugOdd">
# <td>two:tried:and:true:tridents</td>
# <td><pre>SET (101)</pre></td>
# </tr>
# </tbody>
# </table>
#
# </div>
# </div>
# </div>
# <div id="plDebugWindow" class="panelContent"></div>
# </div>
# </body></html>'
# doesn't match '(?^m:<td>two:.*</td>[.\s\n\r]*<td>SET \(101\)</td>)'
# Failed test 'zset key found'
# at t/02-panel-keys.t line 42.
# '<html><body>OK<script src="/debug_toolbar/jquery.js"></script>
# <script src="/debug_toolbar/toolbar.min.js"></script>
# <style type="text/css">
# @import url(/debug_toolbar/toolbar.min.css);
# </style>
# <div id="plDebug">
# <div style="display:none;" id="plDebugToolbar">
# <ul id="plDebugPanelList">
# <li><a id="plHideToolBarButton" href="#" title="Hide Toolbar">Hide »</a></li>
# <li>
# <a href="#" title="Redis::Keys" class="plDebugKeys94221167782728Panel">
# Redis::Keys
# <br><small>DB #0 (5)</small>
# </a>
# </li>
# </ul>
# </div>
# <div style="display:none;" id="plDebugToolbarHandle">
# <a title="Show Toolbar" id="plShowToolBarButton" href="#">«</a>
# </div>
# <div id="plDebugKeys94221167782728Panel" class="panelContent">
# <div class="plDebugPanelTitle">
# <a href="" class="plDebugClose">Close</a>
# <h3>Redis::Keys</h3>
# </div>
# <div class="plDebugPanelContent">
# <div class="scroll">
# <table>
# <thead>
# <tr>
# <th>Key</th>
# <th>Value</th>
# </tr>
# </thead>
# <tbody>
# <tr class="plDebugOdd">
# <td>coy:knows:pseudonoise:codes</td>
# <td><pre>STRING (9000)</pre></td>
# </tr>
# <tr class="plDebugEven">
# <td>eleven:benevolent:elephants</td>
# <td><pre>HASH (17)</pre></td>
# </tr>
# <tr class="plDebugOdd">
# <td>six:slimy:snails:sailed:silently</td>
# <td><pre>LIST (35)</pre></td>
# </tr>
# <tr class="plDebugEven">
# <td>tie:twine:to:three:tree:twigs</td>
# <td><pre>ZSET (66)</pre></td>
# </tr>
# <tr class="plDebugOdd">
# <td>two:tried:and:true:tridents</td>
# <td><pre>SET (101)</pre></td>
# </tr>
# </tbody>
# </table>
#
# </div>
# </div>
# </div>
# <div id="plDebugWindow" class="panelContent"></div>
# </div>
# </body></html>'
# doesn't match '(?^m:<td>tie:.*</td>[.\s\n\r]*<td>ZSET \(66\)</td>)'
# Looks like you failed 5 tests of 8.
t/02-panel-keys.t .........
Dubious, test returned 5 (wstat 1280, 0x500)
Failed 5/8 subtests
t/release-distmeta.t ...... skipped: these tests are for release candidate testing
t/release-kwalitee.t ...... skipped: these tests are for release candidate testing
t/release-pod-coverage.t .. skipped: these tests are for release candidate testing
t/release-pod-syntax.t .... skipped: these tests are for release candidate testing
t/release-test-version.t .. skipped: these tests are for release candidate testing
Test Summary Report
-------------------
t/01-panel-info.t (Wstat: 2816 Tests: 14 Failed: 11)
Failed tests: 4-14
Non-zero exit status: 11
t/02-panel-keys.t (Wstat: 1280 Tests: 8 Failed: 5)
Failed tests: 4-8
Non-zero exit status: 5
Files=8, Tests=25, 0 wallclock secs ( 0.02 usr 0.04 sys + 0.58 cusr 0.22 csys = 0.86 CPU)
Result: FAIL
Failed 2/8 test programs. 16/25 subtests failed.
Makefile:874: recipe for target 'test_dynamic' failed
make: *** [test_dynamic] Error 255
------------------------------
PREREQUISITES
------------------------------
Prerequisite modules loaded:
requires:
Module Need Have
------------------------ ------ ----------
Carp 0 1.50
parent 0 0.237
Plack 0.9979 1.0047
Plack::Middleware::Debug 0 0.17
Redis 1.955 1.995
strict 0 1.11
warnings 0 1.45
build_requires:
Module Need Have
------------------------ ------ ----------
HTTP::Message 0 6.18
Plack 0.9979 1.0047
Test::MockObject 0 1.20191002
Test::More 0.98 1.302168
Test::Pod 1.22 1.52
configure_requires:
Module Need Have
------------------------ ------ ----------
ExtUtils::MakeMaker 6.30 7.38
------------------------------
ENVIRONMENT AND OTHER CONTEXT
------------------------------
Environment variables:
AUTOMATED_TESTING = 1
LANG = en_US.UTF-8
PATH = /home/sand/bin:/usr/local/bin:/usr/local/sbin:/usr/sbin:/usr/bin:/sbin:/bin:/usr/games:/usr/local/games:/usr/local/perl/bin:/usr/X11/bin
PERL = /tmp/basesmoker-reloperl-SEz7/bin/perl
PERL5LIB = /tmp/loop_over_bdir-23088-fcttiq/DBIx-Migration-Directories-0.12-0/blib/arch:/tmp/loop_over_bdir-23088-fcttiq/DBIx-Migration-Directories-0.12-0/blib/lib
PERL5OPT =
PERL5_CPANPLUS_IS_RUNNING = 23096
PERL5_CPAN_IS_RUNNING = 23096
PERL_CANARY_STABILITY_NOPROMPT = 1
PERL_MM_USE_DEFAULT = 1
PERL_USE_UNSAFE_INC = 1
SHELL = /usr/bin/zsh
TERM = screen
Perl special variables (and OS-specific diagnostics, for MSWin32):
$^X = /tmp/basesmoker-reloperl-SEz7/bin/perl
$UID/$EUID = 1005 / 1005
$GID = 1005 1005
$EGID = 1005 1005
Perl module toolchain versions installed:
Module Have
------------------- --------
CPAN 2.27
CPAN::Meta 2.150010
Cwd 3.78
ExtUtils::CBuilder 0.280233
ExtUtils::Command 7.38
ExtUtils::Install 2.14
ExtUtils::MakeMaker 7.38
ExtUtils::Manifest 1.72
ExtUtils::ParseXS 3.40
File::Spec 3.78
JSON 4.02
JSON::PP 4.04
Module::Build 0.4229
Module::Signature 0.83
Parse::CPAN::Meta 2.150010
Test::Harness 3.42
Test::More 1.302168
YAML 1.29
YAML::Syck 1.31
version 0.9924
--
Summary of my perl5 (revision 5 version 31 subversion 5) configuration:
Commit id: 855bce9a38fe83707e88a27f961aa4a070555df7
Platform:
osname=linux
osvers=4.15.0-65-generic
archname=x86_64-linux-thread-multi
uname='linux k93bionic 4.15.0-65-generic #74-ubuntu smp tue sep 17 17:06:04 utc 2019 x86_64 x86_64 x86_64 gnulinux '
config_args='-Dprefix=/home/sand/src/perl/repoperls/installed-perls/host/k93bionic/v5.31.5/7ee9 -Dmyhostname=k93bionic -Dinstallusrbinperl=n -Uversiononly -Dusedevel -des -Ui_db -Dlibswanted=cl pthread socket inet nsl gdbm dbm malloc dl ld sun m crypt sec util c cposix posix ucb BSD gdbm_compat -Duseithreads -Uuselongdouble -DEBUGGING=-g'
hint=recommended
useposix=true
d_sigaction=define
useithreads=define
usemultiplicity=define
use64bitint=define
use64bitall=define
uselongdouble=undef
usemymalloc=n
default_inc_excludes_dot=define
bincompat5005=undef
Compiler:
cc='cc'
ccflags ='-D_REENTRANT -D_GNU_SOURCE -fwrapv -fno-strict-aliasing -pipe -fstack-protector-strong -I/usr/local/include -D_LARGEFILE_SOURCE -D_FILE_OFFSET_BITS=64'
optimize='-O2 -g'
cppflags='-D_REENTRANT -D_GNU_SOURCE -fwrapv -fno-strict-aliasing -pipe -fstack-protector-strong -I/usr/local/include'
ccversion=''
gccversion='7.4.0'
gccosandvers=''
intsize=4
longsize=8
ptrsize=8
doublesize=8
byteorder=12345678
doublekind=3
d_longlong=define
longlongsize=8
d_longdbl=define
longdblsize=16
longdblkind=3
ivtype='long'
ivsize=8
nvtype='double'
nvsize=8
Off_t='off_t'
lseeksize=8
alignbytes=8
prototype=define
Linker and Libraries:
ld='cc'
ldflags =' -fstack-protector-strong -L/usr/local/lib'
libpth=/usr/local/lib /usr/lib/gcc/x86_64-linux-gnu/7/include-fixed /usr/include/x86_64-linux-gnu /usr/lib /lib/x86_64-linux-gnu /lib/../lib /usr/lib/x86_64-linux-gnu /usr/lib/../lib /lib
libs=-lpthread -lnsl -ldl -lm -lcrypt -lutil -lc
perllibs=-lpthread -lnsl -ldl -lm -lcrypt -lutil -lc
libc=libc-2.27.so
so=so
useshrplib=false
libperl=libperl.a
gnulibc_version='2.27'
Dynamic Linking:
dlsrc=dl_dlopen.xs
dlext=so
d_dlsymun=undef
ccdlflags='-Wl,-E'
cccdlflags='-fPIC'
lddlflags='-shared -O2 -g -L/usr/local/lib -fstack-protector-strong'
Characteristics of this binary (from libperl):
Compile-time options:
HAS_TIMES
MULTIPLICITY
PERLIO_LAYERS
PERL_COPY_ON_WRITE
PERL_DONT_CREATE_GVSV
PERL_IMPLICIT_CONTEXT
PERL_MALLOC_WRAP
PERL_OP_PARENT
PERL_PRESERVE_IVUV
PERL_USE_DEVEL
USE_64_BIT_ALL
USE_64_BIT_INT
USE_ITHREADS
USE_LARGE_FILES
USE_LOCALE
USE_LOCALE_COLLATE
USE_LOCALE_CTYPE
USE_LOCALE_NUMERIC
USE_LOCALE_TIME
USE_PERLIO
USE_PERL_ATOF
USE_REENTRANT_API
USE_THREAD_SAFE_LOCALE
Built under linux
Compiled at Oct 21 2019 04:39:29
%ENV:
PERL="/tmp/basesmoker-reloperl-SEz7/bin/perl"
PERL5LIB="/tmp/loop_over_bdir-23088-fcttiq/DBIx-Migration-Directories-0.12-0/blib/arch:/tmp/loop_over_bdir-23088-fcttiq/DBIx-Migration-Directories-0.12-0/blib/lib"
PERL5OPT=""
PERL5_CPANPLUS_IS_RUNNING="23096"
PERL5_CPAN_IS_RUNNING="23096"
PERL_CANARY_STABILITY_NOPROMPT="1"
PERL_MM_USE_DEFAULT="1"
PERL_USE_UNSAFE_INC="1"
@INC:
/tmp/loop_over_bdir-23088-fcttiq/DBIx-Migration-Directories-0.12-0/blib/arch
/tmp/loop_over_bdir-23088-fcttiq/DBIx-Migration-Directories-0.12-0/blib/lib
/home/sand/src/perl/repoperls/installed-perls/host/k93bionic/v5.31.5/7ee9/lib/site_perl/5.31.5/x86_64-linux-thread-multi
/home/sand/src/perl/repoperls/installed-perls/host/k93bionic/v5.31.5/7ee9/lib/site_perl/5.31.5
/home/sand/src/perl/repoperls/installed-perls/host/k93bionic/v5.31.5/7ee9/lib/5.31.5/x86_64-linux-thread-multi
/home/sand/src/perl/repoperls/installed-perls/host/k93bionic/v5.31.5/7ee9/lib/5.31.5
.