Report for Spreadsheet-XLSX-Reader-LibXML-v0.44.6

Back
From: metabase:user:d49cdc72-1559-11e3-9efd-e82414baadac
Subject: FAIL Spreadsheet-XLSX-Reader-LibXML-v0.44.6 v5.22.3 RC2 GNU/Linux
Date: 2016-07-29T12:45:04Z

This distribution has been tested as part of the CPAN Testers
project, supporting the Perl programming language.  See
http://wiki.cpantesters.org/ for more information or email
questions to cpan-testers-discuss@perl.org


--
Dear JANDREW,

This is a computer-generated report for Spreadsheet-XLSX-Reader-LibXML-v0.44.6
on perl 5.22.3, created by App::cpanminus::reporter 0.17 (1.7042).

Thank you for uploading your work to CPAN.  However, there was a problem
testing your distribution.

If you think this report is invalid, please consult the CPAN Testers Wiki
for suggestions on how to avoid getting FAIL reports for missing library
or binary dependencies, unsupported operating systems, and so on:

http://wiki.cpantesters.org/wiki/CPANAuthorNotes

Sections of this report:

    * Tester comments
    * Program output
    * Prerequisites
    * Environment and other context

------------------------------
TESTER COMMENTS
------------------------------

Additional comments from tester:

none provided

------------------------------
PROGRAM OUTPUT
------------------------------

Output from '':

Building and testing Spreadsheet-XLSX-Reader-LibXML-v0.44.6
cp lib/Spreadsheet/XLSX/Reader/LibXML/Worksheet.pm blib/lib/Spreadsheet/XLSX/Reader/LibXML/Worksheet.pm
cp lib/Spreadsheet/XLSX/Reader/LibXML/WorkbookFileInterface.pm blib/lib/Spreadsheet/XLSX/Reader/LibXML/WorkbookFileInterface.pm
cp lib/Spreadsheet/XLSX/Reader/LibXML/WorksheetToRow.pm blib/lib/Spreadsheet/XLSX/Reader/LibXML/WorksheetToRow.pm
cp lib/Spreadsheet/XLSX/Reader/LibXML/WorkbookRelsInterface.pm blib/lib/Spreadsheet/XLSX/Reader/LibXML/WorkbookRelsInterface.pm
cp lib/Spreadsheet/XLSX/Reader/LibXML/XMLReader/NamedStyles.pm blib/lib/Spreadsheet/XLSX/Reader/LibXML/XMLReader/NamedStyles.pm
cp lib/Spreadsheet/XLSX/Reader/LibXML/Row.pm blib/lib/Spreadsheet/XLSX/Reader/LibXML/Row.pm
cp lib/Spreadsheet/XLSX/Reader/LibXML/XMLReader/ExtractFile.pm blib/lib/Spreadsheet/XLSX/Reader/LibXML/XMLReader/ExtractFile.pm
cp README.pod blib/lib/Spreadsheet/XLSX/Reader/README.pod
cp lib/Spreadsheet/XLSX/Reader/LibXML/Types.pm blib/lib/Spreadsheet/XLSX/Reader/LibXML/Types.pm
cp lib/Spreadsheet/XLSX/Reader/LibXML/ParseExcelFormatStrings.pm blib/lib/Spreadsheet/XLSX/Reader/LibXML/ParseExcelFormatStrings.pm
cp lib/Spreadsheet/XLSX/Reader/LibXML/FmtDefault.pm blib/lib/Spreadsheet/XLSX/Reader/LibXML/FmtDefault.pm
cp lib/Spreadsheet/XLSX/Reader/LibXML/WorkbookPropsInterface.pm blib/lib/Spreadsheet/XLSX/Reader/LibXML/WorkbookPropsInterface.pm
cp lib/Spreadsheet/XLSX/Reader/LibXML/XMLReader.pm blib/lib/Spreadsheet/XLSX/Reader/LibXML/XMLReader.pm
cp lib/Spreadsheet/XLSX/Reader/LibXML/SharedStrings.pm blib/lib/Spreadsheet/XLSX/Reader/LibXML/SharedStrings.pm
cp lib/Spreadsheet/XLSX/Reader/LibXML/Chartsheet.pm blib/lib/Spreadsheet/XLSX/Reader/LibXML/Chartsheet.pm
cp lib/Spreadsheet/XLSX/Reader/LibXML/Error.pm blib/lib/Spreadsheet/XLSX/Reader/LibXML/Error.pm
cp lib/Spreadsheet/XLSX/Reader/LibXML.pm blib/lib/Spreadsheet/XLSX/Reader/LibXML.pm
cp lib/Spreadsheet/XLSX/Reader/LibXML/WorkbookMetaInterface.pm blib/lib/Spreadsheet/XLSX/Reader/LibXML/WorkbookMetaInterface.pm
cp lib/Spreadsheet/XLSX/Reader/LibXML/FormatInterface.pm blib/lib/Spreadsheet/XLSX/Reader/LibXML/FormatInterface.pm
cp lib/Spreadsheet/XLSX/Reader/LibXML/Styles.pm blib/lib/Spreadsheet/XLSX/Reader/LibXML/Styles.pm
cp lib/Spreadsheet/XLSX/Reader/LibXML/XMLReader/NamedSharedStrings.pm blib/lib/Spreadsheet/XLSX/Reader/LibXML/XMLReader/NamedSharedStrings.pm
cp lib/Spreadsheet/XLSX/Reader/LibXML/Cell.pm blib/lib/Spreadsheet/XLSX/Reader/LibXML/Cell.pm
cp lib/Spreadsheet/XLSX/Reader/LibXML/CellToColumnRow.pm blib/lib/Spreadsheet/XLSX/Reader/LibXML/CellToColumnRow.pm
cp lib/Spreadsheet/XLSX/Reader/LibXML/ZipReader/ExtractFile.pm blib/lib/Spreadsheet/XLSX/Reader/LibXML/ZipReader/ExtractFile.pm
cp lib/Spreadsheet/XLSX/Reader/LibXML/XMLReader/WorkbookMeta.pm blib/lib/Spreadsheet/XLSX/Reader/LibXML/XMLReader/WorkbookMeta.pm
cp lib/Spreadsheet/XLSX/Reader/LibXML/XMLToPerlData.pm blib/lib/Spreadsheet/XLSX/Reader/LibXML/XMLToPerlData.pm
cp lib/Spreadsheet/XLSX/Reader/LibXML/ZipReader/Worksheet.pm blib/lib/Spreadsheet/XLSX/Reader/LibXML/ZipReader/Worksheet.pm
cp lib/Spreadsheet/XLSX/Reader/LibXML/ZipReader/WorkbookRels.pm blib/lib/Spreadsheet/XLSX/Reader/LibXML/ZipReader/WorkbookRels.pm
cp lib/Spreadsheet/XLSX/Reader/LibXML/XMLReader/PositionStyles.pm blib/lib/Spreadsheet/XLSX/Reader/LibXML/XMLReader/PositionStyles.pm
cp lib/Spreadsheet/XLSX/Reader/LibXML/XMLReader/WorkbookRels.pm blib/lib/Spreadsheet/XLSX/Reader/LibXML/XMLReader/WorkbookRels.pm
cp lib/Spreadsheet/XLSX/Reader/LibXML/ZipReader.pm blib/lib/Spreadsheet/XLSX/Reader/LibXML/ZipReader.pm
cp lib/Spreadsheet/XLSX/Reader/LibXML/XMLReader/PositionSharedStrings.pm blib/lib/Spreadsheet/XLSX/Reader/LibXML/XMLReader/PositionSharedStrings.pm
cp lib/Spreadsheet/XLSX/Reader/LibXML/ZipReader/WorkbookMeta.pm blib/lib/Spreadsheet/XLSX/Reader/LibXML/ZipReader/WorkbookMeta.pm
cp lib/Spreadsheet/XLSX/Reader/LibXML/XMLReader/Worksheet.pm blib/lib/Spreadsheet/XLSX/Reader/LibXML/XMLReader/Worksheet.pm
PERL_DL_NONLAZY=1 "/home/kent/perl5/perlbrew/perls/5.22.3-RC2-nossp-sdbm-nopmc/bin/perl" "-MExtUtils::Command::MM" "-MTest::Harness" "-e" "undef *Test::Harness::Switches; test_harness(0, 'blib/lib', 'blib/arch')" t/Spreadsheet/XLSX/Reader/*.t t/Spreadsheet/XLSX/Reader/LibXML/*.t t/Spreadsheet/XLSX/Reader/LibXML/XMLReader/*.t
t/Spreadsheet/XLSX/Reader/06-stacked_flags.t .................... ok

#   Failed test 'Write any error messages from the file load'
#   at t/Spreadsheet/XLSX/Reader/09-open_MySQL_data.t line 176.
#                   undef
#     doesn't match '(?^:No \'Styles\' element with content found)'
t/Spreadsheet/XLSX/Reader/04-no_pivot_bug.t ..................... 
All 6 subtests passed 
t/Spreadsheet/XLSX/Reader/05-chart_bug.t ........................ 
All 30 subtests passed 
t/Spreadsheet/XLSX/Reader/03-temp_dir_bug.t ..................... 
Failed 1/3 subtests 
t/Spreadsheet/XLSX/Reader/49-shared_strings_bug.t ............... 
All 29 subtests passed 
t/Spreadsheet/XLSX/Reader/02-open_by_worksheet_bug.t ............ 
All 23 subtests passed 
t/Spreadsheet/XLSX/Reader/07-losing_is_hidden_bug.t ............. 
All 4 subtests passed 
t/Spreadsheet/XLSX/Reader/01-libxml.t ........................... 
All 103 subtests passed 
t/Spreadsheet/XLSX/Reader/LibXML/01-types.t ..................... ok
t/Spreadsheet/XLSX/Reader/08-open_spreadsheet_ml_files.t ........ 
All 75 subtests passed 
# Looks like you failed 1 test of 36.
t/Spreadsheet/XLSX/Reader/09-open_MySQL_data.t .................. 
Failed 1/36 subtests 
t/Spreadsheet/XLSX/Reader/LibXML/02-error.t ..................... ok
t/Spreadsheet/XLSX/Reader/LibXML/05-cell_to_column_row.t ........ ok
t/Spreadsheet/XLSX/Reader/LibXML/07-fmt_default.t ............... ok
t/Spreadsheet/XLSX/Reader/LibXML/04-xml_reader.t ................ ok
t/Spreadsheet/XLSX/Reader/LibXML/09-cell.t ...................... ok
t/Spreadsheet/XLSX/Reader/51-percent_file_bug.t ................. ok
t/Spreadsheet/XLSX/Reader/LibXML/11-xml_to_perl_data.t .......... ok
t/Spreadsheet/XLSX/Reader/LibXML/08-parse_excel_fmt_string.t .... ok
t/Spreadsheet/XLSX/Reader/LibXML/13-sharedstrings_interface.t ... 
Failed 18/66 subtests 
t/Spreadsheet/XLSX/Reader/60-hidden_formatting_bug.t ............ 
All 88 subtests passed 
t/Spreadsheet/XLSX/Reader/68-read_xlsm_feature.t ................ 
All 5 subtests passed 

#   Failed test 'Check row -2- and column -7- (end of row position) should return undef'
#   at t/Spreadsheet/XLSX/Reader/LibXML/10-worksheet.t line 575.
#          got: 'EOR'
#     expected: undef

#   Failed test 'Check row -14- and -0- (end of file position) should return undef'
#   at t/Spreadsheet/XLSX/Reader/LibXML/10-worksheet.t line 577.
#          got: 'EOF'
#     expected: undef

#   Failed test 'Check that the excel number coercion at format position 2 is named: Excel_date_164'
#   at t/Spreadsheet/XLSX/Reader/LibXML/15-styles_interface.t line 255.
#          got: 'DATESTRING_0'
#     expected: 'Excel_date_164'

#   Failed test 'Checking the method -value- value at position -4- is: 69'
#   at t/Spreadsheet/XLSX/Reader/LibXML/10-worksheet.t line 626.
#          got: undef
#     expected: '69'

#   Failed test 'Checking the method -cell_id- value at position -4- is: B7'
#   at t/Spreadsheet/XLSX/Reader/LibXML/10-worksheet.t line 626.
#          got: 'B6'
#     expected: 'B7'

#   Failed test 'Checking the method -unformatted- value at position -4- is: 69'
#   at t/Spreadsheet/XLSX/Reader/LibXML/10-worksheet.t line 626.
#          got: undef
#     expected: '69'

#   Failed test 'Checking the method -type- value at position -4- is: Numeric'
#   at t/Spreadsheet/XLSX/Reader/LibXML/10-worksheet.t line 626.
#          got: 'Text'
#     expected: 'Numeric'

#   Failed test 'Checking the method -row- value at position -4- is: 6'
#   at t/Spreadsheet/XLSX/Reader/LibXML/10-worksheet.t line 626.
#          got: '5'
#     expected: '6'

#   Failed test 'Checking the method -value- value at position -5- is: 27'
#   at t/Spreadsheet/XLSX/Reader/LibXML/10-worksheet.t line 626.
#          got: '69'
#     expected: '27'

#   Failed test 'Checking the method -cell_id- value at position -5- is: B8'
#   at t/Spreadsheet/XLSX/Reader/LibXML/10-worksheet.t line 626.
#          got: 'B7'
#     expected: 'B8'

#   Failed test 'Checking the method -unformatted- value at position -5- is: 27'
#   at t/Spreadsheet/XLSX/Reader/LibXML/10-worksheet.t line 626.
#          got: '69'
#     expected: '27'

#   Failed test 'Checking the method -row- value at position -5- is: 7'
#   at t/Spreadsheet/XLSX/Reader/LibXML/10-worksheet.t line 626.
#          got: '6'
#     expected: '7'
# Looks like you failed 1 test of 17.
t/Spreadsheet/XLSX/Reader/LibXML/15-styles_interface.t .......... 
Dubious, test returned 1 (wstat 256, 0x100)
Failed 1/17 subtests 

#   Failed test 'Checking the method -col- value at position -6- is: 4'
#   at t/Spreadsheet/XLSX/Reader/LibXML/10-worksheet.t line 626.
#          got: '1'
#     expected: '4'

#   Failed test 'Checking the method -type- value at position -6- is: Date'
#   at t/Spreadsheet/XLSX/Reader/LibXML/10-worksheet.t line 626.
#          got: 'Numeric'
#     expected: 'Date'

#   Failed test 'Checking the method -unformatted- value at position -6- is: 37145'
#   at t/Spreadsheet/XLSX/Reader/LibXML/10-worksheet.t line 626.
#          got: '27'
#     expected: '37145'
Cannot delegate coercion_name to display_name because the value of cell_coercion is not defined at /home/kent/perl5/perlbrew/perls/5.22.3-RC2-nossp-sdbm-nopmc/lib/site_perl/5.22.3/x86_64-linux/Moose/Meta/Method/Delegation.pm line 95
	Spreadsheet::XLSX::Reader::LibXML::Cell::coercion_name('Spreadsheet::XLSX::Reader::LibXML::Cell=HASH(0x55772e8)') called at t/Spreadsheet/XLSX/Reader/LibXML/10-worksheet.t line 626
t/Spreadsheet/XLSX/Reader/LibXML/10-worksheet.t ................. 
Failed 384/784 subtests 
t/Spreadsheet/XLSX/Reader/LibXML/12-format_interface.t .......... ok
t/Spreadsheet/XLSX/Reader/LibXML/20-empty_sharedstrings_bug.t ... ok
t/Spreadsheet/XLSX/Reader/LibXML/XMLReader/01-extract_file.t .... ok
t/Spreadsheet/XLSX/Reader/LibXML/16-worksheet_to_row.t .......... 
Failed 691/1185 subtests 
t/Spreadsheet/XLSX/Reader/LibXML/91-quote_in_style_line_bug.t ... ok
t/Spreadsheet/XLSX/Reader/LibXML/81-text_in_worksheet_bug.t ..... ok
t/Spreadsheet/XLSX/Reader/LibXML/52-merge_function_alignment.t .. 
All 38 subtests passed 

Test Summary Report
-------------------
t/Spreadsheet/XLSX/Reader/04-no_pivot_bug.t                   (Wstat: 134 Tests: 6 Failed: 0)
  Non-zero wait status: 134
t/Spreadsheet/XLSX/Reader/05-chart_bug.t                      (Wstat: 139 Tests: 30 Failed: 0)
  Non-zero wait status: 139
t/Spreadsheet/XLSX/Reader/03-temp_dir_bug.t                   (Wstat: 139 Tests: 2 Failed: 0)
  Non-zero wait status: 139
  Parse errors: Bad plan.  You planned 3 tests but ran 2.
t/Spreadsheet/XLSX/Reader/49-shared_strings_bug.t             (Wstat: 134 Tests: 29 Failed: 0)
  Non-zero wait status: 134
t/Spreadsheet/XLSX/Reader/02-open_by_worksheet_bug.t          (Wstat: 134 Tests: 23 Failed: 0)
  Non-zero wait status: 134
t/Spreadsheet/XLSX/Reader/07-losing_is_hidden_bug.t           (Wstat: 134 Tests: 4 Failed: 0)
  Non-zero wait status: 134
t/Spreadsheet/XLSX/Reader/01-libxml.t                         (Wstat: 139 Tests: 103 Failed: 0)
  Non-zero wait status: 139
  Parse errors: No plan found in TAP output
t/Spreadsheet/XLSX/Reader/08-open_spreadsheet_ml_files.t      (Wstat: 139 Tests: 75 Failed: 0)
  Non-zero wait status: 139
t/Spreadsheet/XLSX/Reader/09-open_MySQL_data.t                (Wstat: 134 Tests: 36 Failed: 1)
  Failed test:  2
  Non-zero wait status: 134
t/Spreadsheet/XLSX/Reader/LibXML/13-sharedstrings_interface.t (Wstat: 134 Tests: 48 Failed: 0)
  Non-zero wait status: 134
  Parse errors: Bad plan.  You planned 66 tests but ran 48.
t/Spreadsheet/XLSX/Reader/60-hidden_formatting_bug.t          (Wstat: 134 Tests: 88 Failed: 0)
  Non-zero wait status: 134
t/Spreadsheet/XLSX/Reader/68-read_xlsm_feature.t              (Wstat: 139 Tests: 5 Failed: 0)
  Non-zero wait status: 139
t/Spreadsheet/XLSX/Reader/LibXML/15-styles_interface.t        (Wstat: 256 Tests: 17 Failed: 1)
  Failed test:  14
  Non-zero exit status: 1
t/Spreadsheet/XLSX/Reader/LibXML/10-worksheet.t               (Wstat: 134 Tests: 414 Failed: 14)
  Failed tests:  363-364, 398-402, 405-407, 409, 412-414
  Non-zero wait status: 134
  Parse errors: Bad plan.  You planned 784 tests but ran 414.
t/Spreadsheet/XLSX/Reader/LibXML/16-worksheet_to_row.t        (Wstat: 139 Tests: 494 Failed: 0)
  Non-zero wait status: 139
  Parse errors: Bad plan.  You planned 1185 tests but ran 494.
t/Spreadsheet/XLSX/Reader/LibXML/52-merge_function_alignment.t (Wstat: 139 Tests: 38 Failed: 0)
  Non-zero wait status: 139
Files=31, Tests=3399, 29 wallclock secs ( 1.20 usr  0.22 sys + 77.11 cusr  6.32 csys = 84.85 CPU)
Result: FAIL

------------------------------
PREREQUISITES
------------------------------

Prerequisite modules loaded:

    No requirements found

------------------------------
ENVIRONMENT AND OTHER CONTEXT
------------------------------

Environment variables:

    HARNESS_OPTIONS = j10:c
    LANG = en_NZ.UTF8
    LC_CTYPE = en_NZ.UTF8
    LC_TIME = en_NZ.UTF8
    PATH = /home/kent/perl5/perlbrew/bin:/home/kent/perl5/perlbrew/perls/5.22.3-RC2-nossp-sdbm-nopmc/bin:/home/kent/.perl6/2013.04/bin:/home/kent/.gem/ruby/1.8/bin/:/home/kent/.rvm/gems/ruby-2.1.2/bin:/home/kent/.rvm/gems/ruby-2.1.2@global/bin:/home/kent/.rvm/rubies/ruby-2.1.2/bin:/usr/local/bin:/usr/bin:/bin:/opt/bin:/usr/x86_64-pc-linux-gnu/gcc-bin/5.4.0:/usr/games/bin:/home/kent/.rvm/bin:/home/kent/.rvm/bin
    PERLBREW_BASHRC_VERSION = 0.74
    PERLBREW_HOME = /home/kent/.perlbrew
    PERLBREW_MANPATH = /home/kent/perl5/perlbrew/perls/5.22.3-RC2-nossp-sdbm-nopmc/man
    PERLBREW_PATH = /home/kent/perl5/perlbrew/bin:/home/kent/perl5/perlbrew/perls/5.22.3-RC2-nossp-sdbm-nopmc/bin
    PERLBREW_PERL = 5.22.3-RC2-nossp-sdbm-nopmc
    PERLBREW_ROOT = /home/kent/perl5/perlbrew
    PERLBREW_VERSION = 0.74
    PERL_CPANM_OPT =  --prompt --reinstall --interactive --with-recommends --with-suggests --with-develop --verify --mirror http://cpan.metacpan.org/ --no-lwp
    PERL_MM_OPT =  INSTALLDIRS=site
    SHELL = /bin/bash
    TERM = rxvt-unicode-256color

Perl special variables (and OS-specific diagnostics, for MSWin32):

    EGID = 1000 4 6 10 16 18 19 27 35 78 80 85 100 102 103 104 105 114 115 116 117 118 250 965 968 974 976 994 1000
    EUID = 1000
    EXECUTABLE_NAME = /home/kent/perl5/perlbrew/perls/5.22.3-RC2-nossp-sdbm-nopmc/bin/perl
    GID = 1000 4 6 10 16 18 19 27 35 78 80 85 100 102 103 104 105 114 115 116 117 118 250 965 968 974 976 994 1000
    UID = 1000

Perl module toolchain versions installed:

    Module              Have    
    ------------------- --------
    CPAN                2.14    
    CPAN::Meta          2.150005
    Cwd                 3.62    
    ExtUtils::CBuilder  0.280224
    ExtUtils::Command   7.18    
    ExtUtils::Install   2.04    
    ExtUtils::MakeMaker 7.18    
    ExtUtils::Manifest  1.70    
    ExtUtils::ParseXS   3.30    
    File::Spec          3.62    
    JSON                2.90    
    JSON::PP            2.27400 
    Module::Build       0.4218  
    Module::Signature   0.80    
    Parse::CPAN::Meta   1.4422  
    Test::Harness       3.36    
    Test::More          1.302049
    YAML                1.18    
    YAML::Syck          1.29    
    version             0.9917  


--

Summary of my perl5 (revision 5 version 22 subversion 3) configuration:
   
  Platform:
    osname=linux, osvers=4.6.0-gentoo, archname=x86_64-linux
    uname='linux katipo2 4.6.0-gentoo #37 smp preempt wed jun 1 15:52:28 nzst 2016 x86_64 intel(r) core(tm) i5-2410m cpu @ 2.30ghz genuineintel gnulinux '
    config_args='-de -Dprefix=/home/kent/perl5/perlbrew/perls/5.22.3-RC2-nossp-sdbm-nopmc -Doptimize= -fstack-protector-strong -fno-stack-protector -O3 -march=native -mtune=native -Dman1dir=none -Dman3dir=none -Accflags= -fstack-protector-strong -fno-stack-protector -DPERL_HASH_FUNC_SDBM -DPERL_DISABLE_PMC -Aldflags= -fstack-protector-strong -fno-stack-protector -Aeval:scriptdir=/home/kent/perl5/perlbrew/perls/5.22.3-RC2-nossp-sdbm-nopmc/bin'
    hint=recommended, useposix=true, d_sigaction=define
    useithreads=undef, usemultiplicity=undef
    use64bitint=define, use64bitall=define, uselongdouble=undef
    usemymalloc=n, bincompat5005=undef
  Compiler:
    cc='cc', ccflags ='-fstack-protector-strong -fno-stack-protector -DPERL_HASH_FUNC_SDBM -DPERL_DISABLE_PMC -fwrapv -fno-strict-aliasing -pipe -D_LARGEFILE_SOURCE -D_FILE_OFFSET_BITS=64',
    optimize=' -fstack-protector-strong -fno-stack-protector -O3 -march=native -mtune=native',
    cppflags='-fstack-protector-strong -fno-stack-protector -DPERL_HASH_FUNC_SDBM -DPERL_DISABLE_PMC -fwrapv -fno-strict-aliasing -pipe'
    ccversion='', gccversion='5.4.0', gccosandvers=''
    intsize=4, longsize=8, ptrsize=8, doublesize=8, byteorder=12345678, doublekind=3
    d_longlong=define, longlongsize=8, d_longdbl=define, longdblsize=16, longdblkind=3
    ivtype='long', ivsize=8, nvtype='double', nvsize=8, Off_t='off_t', lseeksize=8
    alignbytes=8, prototype=define
  Linker and Libraries:
    ld='cc', ldflags ='  -fstack-protector-strong -fno-stack-protector -L/usr/local/lib'
    libpth=/usr/lib/gcc/x86_64-pc-linux-gnu/5.4.0/include-fixed /usr/lib /usr/local/lib /lib/../lib64 /usr/lib/../lib64 /lib /lib64 /usr/lib64 /usr/local/lib64
    libs=-lpthread -lnsl -lgdbm -ldb -ldl -lm -lcrypt -lutil -lc -lgdbm_compat
    perllibs=-lpthread -lnsl -ldl -lm -lcrypt -lutil -lc
    libc=libc-2.23.so, so=so, useshrplib=false, libperl=libperl.a
    gnulibc_version='2.23'
  Dynamic Linking:
    dlsrc=dl_dlopen.xs, dlext=so, d_dlsymun=undef, ccdlflags='-Wl,-E'
    cccdlflags='-fPIC', lddlflags='-shared  -fstack-protector-strong -fno-stack-protector -O3 -march=native -mtune=native -L/usr/local/lib'


Characteristics of this binary (from libperl): 
  Compile-time options: HAS_TIMES PERLIO_LAYERS PERL_DISABLE_PMC
                        PERL_DONT_CREATE_GVSV PERL_HASH_FUNC_SDBM
                        PERL_MALLOC_WRAP PERL_NEW_COPY_ON_WRITE
                        PERL_PRESERVE_IVUV USE_64_BIT_ALL USE_64_BIT_INT
                        USE_LARGE_FILES USE_LOCALE USE_LOCALE_COLLATE
                        USE_LOCALE_CTYPE USE_LOCALE_NUMERIC USE_LOCALE_TIME
                        USE_PERLIO USE_PERL_ATOF
  Locally applied patches:
	RC2
  Built under linux
  Compiled at Jul 29 2016 11:58:58
  %ENV:
    PERLBREW_BASHRC_VERSION="0.74"
    PERLBREW_HOME="/home/kent/.perlbrew"
    PERLBREW_MANPATH="/home/kent/perl5/perlbrew/perls/5.22.3-RC2-nossp-sdbm-nopmc/man"
    PERLBREW_PATH="/home/kent/perl5/perlbrew/bin:/home/kent/perl5/perlbrew/perls/5.22.3-RC2-nossp-sdbm-nopmc/bin"
    PERLBREW_PERL="5.22.3-RC2-nossp-sdbm-nopmc"
    PERLBREW_ROOT="/home/kent/perl5/perlbrew"
    PERLBREW_VERSION="0.74"
    PERL_CPANM_OPT=" --prompt --reinstall --interactive --with-recommends --with-suggests --with-develop --verify --mirror http://cpan.metacpan.org/ --no-lwp"
    PERL_MM_OPT=" INSTALLDIRS=site"
  @INC:
    /home/kent/perl5/perlbrew/perls/5.22.3-RC2-nossp-sdbm-nopmc/lib/site_perl/5.22.3/x86_64-linux
    /home/kent/perl5/perlbrew/perls/5.22.3-RC2-nossp-sdbm-nopmc/lib/site_perl/5.22.3
    /home/kent/perl5/perlbrew/perls/5.22.3-RC2-nossp-sdbm-nopmc/lib/5.22.3/x86_64-linux
    /home/kent/perl5/perlbrew/perls/5.22.3-RC2-nossp-sdbm-nopmc/lib/5.22.3
    .