POE v1.370 Perl 5 v5.36.0 darwin-2level

Status
Fail
From
Dist
POE v1.370
Platform
Perl 5 v5.36.0 darwin-2level
Date
2023-03-22 22:24:12
ID
45f1accc-c900-11ed-9b2b-0c52f82d1e0f
This distribution has been tested as part of the CPAN Testers
project, supporting the Perl programming language.  See
http://wiki.cpantesters.org/ for more information or email
questions to cpan-testers-discuss@perl.org


--
Dear BINGOS,

This is a computer-generated report for POE-1.370
on perl 5.36.0, created by App::cpanminus::reporter 0.18 (1.7046).

Thank you for uploading your work to CPAN.  However, there was a problem
testing your distribution.

If you think this report is invalid, please consult the CPAN Testers Wiki
for suggestions on how to avoid getting FAIL reports for missing library
or binary dependencies, unsupported operating systems, and so on:

http://wiki.cpantesters.org/wiki/CPANAuthorNotes

Sections of this report:

    * Tester comments
    * Program output
    * Prerequisites
    * Environment and other context

------------------------------
TESTER COMMENTS
------------------------------

Additional comments from tester:

none provided

------------------------------
PROGRAM OUTPUT
------------------------------

Output from '':

Building and testing POE-1.370
"/Users/mjg/.asdf/installs/perl/5.36.0/bin/perl" mylib/gen-tests.perl lib/POE.pm 
cp lib/POE/Driver.pm blib/lib/POE/Driver.pm
cp lib/POE/Wheel/ListenAccept.pm blib/lib/POE/Wheel/ListenAccept.pm
cp lib/POE/Filter/Stream.pm blib/lib/POE/Filter/Stream.pm
cp lib/POE/Pipe.pm blib/lib/POE/Pipe.pm
cp lib/POE/Resource/Extrefs.pm blib/lib/POE/Resource/Extrefs.pm
cp lib/POE/Pipe/TwoWay.pm blib/lib/POE/Pipe/TwoWay.pm
cp lib/POE/Wheel.pm blib/lib/POE/Wheel.pm
cp lib/POE/Component.pm blib/lib/POE/Component.pm
cp lib/POE/Loop/PerlSignals.pm blib/lib/POE/Loop/PerlSignals.pm
cp lib/POE/Filter/Reference.pm blib/lib/POE/Filter/Reference.pm
cp lib/POE/Resource/Sessions.pm blib/lib/POE/Resource/Sessions.pm
cp lib/POE/Filter/HTTPD.pm blib/lib/POE/Filter/HTTPD.pm
cp lib/POE/Resource.pm blib/lib/POE/Resource.pm
cp lib/POE/Wheel/SocketFactory.pm blib/lib/POE/Wheel/SocketFactory.pm
cp lib/POE/Filter.pm blib/lib/POE/Filter.pm
cp lib/POE/Wheel/ReadWrite.pm blib/lib/POE/Wheel/ReadWrite.pm
cp lib/POE/Wheel/FollowTail.pm blib/lib/POE/Wheel/FollowTail.pm
cp lib/POE/Test/Sequence.pm blib/lib/POE/Test/Sequence.pm
cp lib/POE/Resources.pm blib/lib/POE/Resources.pm
cp lib/POE/Resource/Signals.pm blib/lib/POE/Resource/Signals.pm
cp lib/POE/Component/Server/TCP.pm blib/lib/POE/Component/Server/TCP.pm
cp lib/POE/Wheel/Run.pm blib/lib/POE/Wheel/Run.pm
cp lib/POE/Loop.pm blib/lib/POE/Loop.pm
cp lib/POE/Resource/Events.pm blib/lib/POE/Resource/Events.pm
cp lib/POE/Queue.pm blib/lib/POE/Queue.pm
cp lib/POE/Resource/Aliases.pm blib/lib/POE/Resource/Aliases.pm
cp lib/POE/Filter/Stackable.pm blib/lib/POE/Filter/Stackable.pm
cp lib/POE/Resource/FileHandles.pm blib/lib/POE/Resource/FileHandles.pm
cp lib/POE/Filter/Block.pm blib/lib/POE/Filter/Block.pm
cp lib/POE/Filter/RecordBlock.pm blib/lib/POE/Filter/RecordBlock.pm
cp lib/POE/Pipe/OneWay.pm blib/lib/POE/Pipe/OneWay.pm
cp lib/POE/Queue/Array.pm blib/lib/POE/Queue/Array.pm
cp lib/POE/Loop/Select.pm blib/lib/POE/Loop/Select.pm
cp lib/POE/Session.pm blib/lib/POE/Session.pm
cp lib/POE/Filter/Grep.pm blib/lib/POE/Filter/Grep.pm
cp lib/POE/Wheel/ReadLine.pm blib/lib/POE/Wheel/ReadLine.pm
cp lib/POE/NFA.pm blib/lib/POE/NFA.pm
cp lib/POE/Driver/SysRW.pm blib/lib/POE/Driver/SysRW.pm
cp lib/POE/Wheel/Curses.pm blib/lib/POE/Wheel/Curses.pm
cp lib/POE/Filter/Line.pm blib/lib/POE/Filter/Line.pm
cp lib/POE/Resource/SIDs.pm blib/lib/POE/Resource/SIDs.pm
cp lib/POE/Filter/Map.pm blib/lib/POE/Filter/Map.pm
cp lib/POE.pm blib/lib/POE.pm
cp lib/POE/Loop/IO_Poll.pm blib/lib/POE/Loop/IO_Poll.pm
cp lib/POE/Kernel.pm blib/lib/POE/Kernel.pm
cp lib/POE/Component/Client/TCP.pm blib/lib/POE/Component/Client/TCP.pm
cp lib/POE/Resource/Clock.pm blib/lib/POE/Resource/Clock.pm
"/Users/mjg/.asdf/installs/perl/5.36.0/bin/perl" mylib/gen-tests.perl lib/POE.pm 
PERL_DL_NONLAZY=1 "/Users/mjg/.asdf/installs/perl/5.36.0/bin/perl" "-MExtUtils::Command::MM" "-MTest::Harness" "-e" "undef *Test::Harness::Switches; test_harness(0, 'blib/lib', 'blib/arch')" t/*.t t/*/*.t t/*/*/*.t
# Testing POE 1.370, POE::Test::Loops 1.360, Perl 5.036000, /Users/mjg/.asdf/installs/perl/5.36.0/bin/perl on darwin
# pogomips: 77387828
t/00_info.t ........................................ ok
t/10_units/01_pod/01_pod.t ......................... skipped: enable by setting RELEASE_TESTING
t/10_units/01_pod/02_pod_coverage.t ................ skipped: enable by setting RELEASE_TESTING
t/10_units/01_pod/03_pod_no404s.t .................. skipped: enable by setting RELEASE_TESTING
t/10_units/01_pod/04_pod_linkcheck.t ............... skipped: enable by setting RELEASE_TESTING
t/10_units/02_pipes/01_base.t ...................... skipped: not implemented yet
t/10_units/02_pipes/02_oneway.t .................... ok
t/10_units/02_pipes/03_twoway.t .................... ok
t/10_units/03_base/01_poe.t ........................ ok
t/10_units/03_base/03_component.t .................. ok
t/10_units/03_base/04_driver.t ..................... ok
t/10_units/03_base/05_filter.t ..................... ok
t/10_units/03_base/06_loop.t ....................... ok
t/10_units/03_base/07_queue.t ...................... ok
t/10_units/03_base/08_resource.t ................... ok
t/10_units/03_base/09_resources.t .................. ok
t/10_units/03_base/10_wheel.t ...................... ok
t/10_units/03_base/11_assert_usage.t ............... ok
t/10_units/03_base/12_assert_retval.t .............. ok
t/10_units/03_base/13_assert_data.t ................ ok
t/10_units/03_base/14_kernel.t ..................... ok
t/10_units/03_base/15_kernel_internal.t ............ ok
t/10_units/03_base/16_nfa_usage.t .................. ok
t/10_units/03_base/17_detach_start.t ............... ok
t/10_units/04_drivers/01_sysrw.t ................... ok
t/10_units/05_filters/01_block.t ................... ok
t/10_units/05_filters/02_grep.t .................... ok
Downgrading wide characters in HTTP header. Consider installing Email::MIME::RFC2047::Encoder at /Users/mjg/.cpanm/work/1679523769.63310/POE-1.370/blib/lib/POE/Filter/HTTPD.pm line 73.
	POE::Filter::HTTPD::__ANON__("En \x{e9}t\x{e9}") called at /Users/mjg/.cpanm/work/1679523769.63310/POE-1.370/blib/lib/POE/Filter/HTTPD.pm line 449
	POE::Filter::HTTPD::headers_as_strings(POE::Filter::HTTPD=ARRAY(0x148129ec8), HTTP::Headers=HASH(0x14811fd18), "\x{d}\x{a}") called at /Users/mjg/.cpanm/work/1679523769.63310/POE-1.370/blib/lib/POE/Filter/HTTPD.pm line 411
	POE::Filter::HTTPD::put(POE::Filter::HTTPD=ARRAY(0x148129ec8), ARRAY(0x1480c3b60)) called at t/10_units/05_filters/03_http.t line 426
t/10_units/05_filters/03_http.t .................... ok
t/10_units/05_filters/04_line.t .................... ok
t/10_units/05_filters/05_map.t ..................... ok
t/10_units/05_filters/06_recordblock.t ............. ok
t/10_units/05_filters/07_reference.t ............... ok
t/10_units/05_filters/08_stream.t .................. ok
t/10_units/05_filters/50_stackable.t ............... ok
t/10_units/05_filters/51_reference_die.t ........... ok
t/10_units/05_filters/99_filterchange.t ............ ok
t/10_units/06_queues/01_array.t .................... ok
t/10_units/07_exceptions/01_normal.t ............... ok
t/10_units/07_exceptions/02_turn_off.t ............. ok
t/10_units/07_exceptions/03_not_handled.t .......... ok
t/10_units/08_loops/01_explicit_loop.t ............. ok
t/10_units/08_loops/02_explicit_loop_fail.t ........ ok
t/10_units/08_loops/03_explicit_loop_poll.t ........ ok
t/10_units/08_loops/04_explicit_loop_envvar.t ...... ok
t/10_units/08_loops/05_kernel_loop.t ............... ok
t/10_units/08_loops/06_kernel_loop_poll.t .......... ok
t/10_units/08_loops/07_kernel_loop_fail.t .......... ok
t/10_units/08_loops/08_kernel_loop_search_poll.t ... ok
t/10_units/08_loops/09_naive_loop_load.t ........... ok
t/10_units/08_loops/10_naive_loop_load_poll.t ...... ok
t/10_units/08_loops/11_double_loop.t ............... ok
t/20_resources/10_perl/aliases.t ................... ok
t/20_resources/10_perl/caller_state.t .............. ok
t/20_resources/10_perl/events.t .................... ok
t/20_resources/10_perl/extrefs.t ................... ok
t/20_resources/10_perl/extrefs_gc.t ................ ok
t/20_resources/10_perl/filehandles.t ............... ok
t/20_resources/10_perl/sessions.t .................. ok
t/20_resources/10_perl/sids.t ...................... ok
t/20_resources/10_perl/signals.t ................... ok
# Testing POE 1.370, POE::Test::Loops 1.360, Using Loop(POE::Loop::IO_Poll), Perl 5.036000, /Users/mjg/.asdf/installs/perl/5.36.0/bin/perl on darwin
t/30_loops/io_poll/00_info.t ....................... ok
t/30_loops/io_poll/all_errors.t .................... skipped: most of these should move into other test files
t/30_loops/io_poll/comp_tcp.t ...................... ok
# You might see a 'disconnect' error during this test.
# It may be ignored.
t/30_loops/io_poll/comp_tcp_concurrent.t ........... ok
t/30_loops/io_poll/connect_errors.t ................ ok
t/30_loops/io_poll/k_alarms.t ...................... ok
t/30_loops/io_poll/k_aliases.t ..................... ok
t/30_loops/io_poll/k_detach.t ...................... ok
t/30_loops/io_poll/k_run_returns.t ................. ok
t/30_loops/io_poll/k_selects.t ..................... ok
t/30_loops/io_poll/k_sig_child.t ................... ok
t/30_loops/io_poll/k_signals.t ..................... ok
t/30_loops/io_poll/k_signals_rerun.t ............... ok
t/30_loops/io_poll/sbk_signal_init.t ............... ok
t/30_loops/io_poll/ses_nfa.t ....................... ok
# This test generates some STDERR during trace testing.
=== 63761 === 23 -> _start (from /Users/mjg/.cpanm/work/1679523769.63310/POE-1.370/blib/lib/POE/Kernel.pm at 1498)
=== 63761 === 23 -> woot (from /Users/mjg/.asdf/installs/perl/5.36.0/lib/site_perl/5.36.0/POE/Test/Loops/ses_session.pm at 691)
=== 63761 === 23 -> narf (from /Users/mjg/.asdf/installs/perl/5.36.0/lib/site_perl/5.36.0/POE/Test/Loops/ses_session.pm at 692)
=== 63761 === 23 -> _stop (from /Users/mjg/.cpanm/work/1679523769.63310/POE-1.370/blib/lib/POE/Resource/Sessions.pm at 571)
t/30_loops/io_poll/ses_session.t ................... ok
t/30_loops/io_poll/wheel_accept.t .................. ok
t/30_loops/io_poll/wheel_curses.t .................. skipped: Curses not available
t/30_loops/io_poll/wheel_readline.t ................ ok
t/30_loops/io_poll/wheel_readwrite.t ............... ok
t/30_loops/io_poll/wheel_run.t ..................... ok
t/30_loops/io_poll/wheel_run_size.t ................ skipped: This test requires Term::Size
t/30_loops/io_poll/wheel_sf_ipv6.t ................. skipped: Socket::GetAddrInfo is needed for IPv6 tests
t/30_loops/io_poll/wheel_sf_tcp.t .................. ok
t/30_loops/io_poll/wheel_sf_udp.t .................. ok
t/30_loops/io_poll/wheel_sf_unix.t ................. ok
t/30_loops/io_poll/wheel_tail.t .................... ok
t/30_loops/io_poll/z_kogman_sig_order.t ............ ok
t/30_loops/io_poll/z_leolo_wheel_run.t ............. ok
# Using '/usr/bin/true' as our thing to run under system()
t/30_loops/io_poll/z_merijn_sigchld_system.t ....... ok
t/30_loops/io_poll/z_rt39872_sigchld.t ............. ok
# Parent 63810 waiting 3sec for slow systems to settle.
# sending sigusr1
# sent sigusr1
t/30_loops/io_poll/z_rt39872_sigchld_stop.t ........ ok
t/30_loops/io_poll/z_rt53302_fh_watchers.t ......... ok
t/30_loops/io_poll/z_rt54319_bazerka_followtail.t .. ok
t/30_loops/io_poll/z_steinert_signal_integrity.t ... ok
# Testing POE 1.370, POE::Test::Loops 1.360, Using Loop(POE::Loop::Select), Perl 5.036000, /Users/mjg/.asdf/installs/perl/5.36.0/bin/perl on darwin
t/30_loops/select/00_info.t ........................ ok
t/30_loops/select/all_errors.t ..................... skipped: most of these should move into other test files
t/30_loops/select/comp_tcp.t ....................... ok
# You might see a 'disconnect' error during this test.
# It may be ignored.
t/30_loops/select/comp_tcp_concurrent.t ............ ok
t/30_loops/select/connect_errors.t ................. ok
t/30_loops/select/k_alarms.t ....................... ok
t/30_loops/select/k_aliases.t ...................... ok
t/30_loops/select/k_detach.t ....................... ok
t/30_loops/select/k_run_returns.t .................. ok
t/30_loops/select/k_selects.t ...................... ok
t/30_loops/select/k_sig_child.t .................... ok
t/30_loops/select/k_signals.t ...................... ok
t/30_loops/select/k_signals_rerun.t ................ ok
t/30_loops/select/sbk_signal_init.t ................ ok
t/30_loops/select/ses_nfa.t ........................ ok
# This test generates some STDERR during trace testing.
=== 63876 === 23 -> _start (from /Users/mjg/.cpanm/work/1679523769.63310/POE-1.370/blib/lib/POE/Kernel.pm at 1498)
=== 63876 === 23 -> woot (from /Users/mjg/.asdf/installs/perl/5.36.0/lib/site_perl/5.36.0/POE/Test/Loops/ses_session.pm at 691)
=== 63876 === 23 -> narf (from /Users/mjg/.asdf/installs/perl/5.36.0/lib/site_perl/5.36.0/POE/Test/Loops/ses_session.pm at 692)
=== 63876 === 23 -> _stop (from /Users/mjg/.cpanm/work/1679523769.63310/POE-1.370/blib/lib/POE/Resource/Sessions.pm at 571)
t/30_loops/select/ses_session.t .................... ok
t/30_loops/select/wheel_accept.t ................... ok
t/30_loops/select/wheel_curses.t ................... skipped: Curses not available
t/30_loops/select/wheel_readline.t ................. ok
t/30_loops/select/wheel_readwrite.t ................ ok
t/30_loops/select/wheel_run.t ...................... ok
t/30_loops/select/wheel_run_size.t ................. skipped: This test requires Term::Size
t/30_loops/select/wheel_sf_ipv6.t .................. skipped: Socket::GetAddrInfo is needed for IPv6 tests
t/30_loops/select/wheel_sf_tcp.t ................... ok
t/30_loops/select/wheel_sf_udp.t ................... ok
t/30_loops/select/wheel_sf_unix.t .................. ok
t/30_loops/select/wheel_tail.t ..................... ok
t/30_loops/select/z_kogman_sig_order.t ............. ok
t/30_loops/select/z_leolo_wheel_run.t .............. ok
# Using '/usr/bin/true' as our thing to run under system()
t/30_loops/select/z_merijn_sigchld_system.t ........ ok
t/30_loops/select/z_rt39872_sigchld.t .............. ok
# Parent 63929 waiting 3sec for slow systems to settle.
# sending sigusr1
# sent sigusr1
t/30_loops/select/z_rt39872_sigchld_stop.t ......... ok
t/30_loops/select/z_rt53302_fh_watchers.t .......... ok
t/30_loops/select/z_rt54319_bazerka_followtail.t ... ok
t/30_loops/select/z_steinert_signal_integrity.t .... ok
t/90_regression/agaran-filter-httpd.t .............. ok
t/90_regression/averell-callback-ret.t ............. ok
t/90_regression/bingos-followtail.t ................ ok
t/90_regression/broeren-win32-nbio.t ............... skipped: This test examines ActiveState Perl behavior.
t/90_regression/cfedde-filter-httpd.t .............. ok
t/90_regression/ferrari-server-unix.t .............. ok
t/90_regression/grinnz-die-in-die.t ................ ok
Died at t/90_regression/hinrik-wheel-run-die.t line 21.
t/90_regression/hinrik-wheel-run-die.t ............. ok
# This test can take up to 10 seconds
t/90_regression/kjeldahl-stop-start-polling.t ...... ok
# This test can take up to 10 seconds
t/90_regression/kjeldahl-stop-start-sig-nopipe.t ... ok
# This test can take up to 10 seconds
t/90_regression/kjeldahl-stop-start-sig-pipe.t ..... ok
t/90_regression/leolo-sig-die.t .................... ok
t/90_regression/meh-startstop-return.t ............. ok
t/90_regression/neyuki_detach.t .................... ok
t/90_regression/pipe-followtail.t .................. ok
t/90_regression/prumike-win32-stat.t ............... skipped: This test examines Strawberry/ActiveState Perl behavior.
t/90_regression/rt14444-arg1.t ..................... ok
t/90_regression/rt1648-tied-stderr.t ............... ok
t/90_regression/rt19908-merlyn-stop.t .............. ok
t/90_regression/rt23181-sigchld-rc.t ............... ok
t/90_regression/rt47966-sigchld.t .................. skipped: enable by setting RELEASE_TESTING
t/90_regression/rt56417-wheel-run.t ................ ok
t/90_regression/rt65460-forking.t .................. skipped: enable by setting (AUTOMATED|RELEASE)_TESTING
t/90_regression/socketfactory-timeout.t ............ ok

#   Failed test 'client connected to server'
#   at t/90_regression/somni-poco-server-tcp.t line 105.
#          got: 'client connected'
#     expected: 'client connected to server'

#   Failed test 'client flushed'
#   at t/90_regression/somni-poco-server-tcp.t line 105.
#          got: 'client connected to server'
#     expected: 'client flushed'

#   Failed test 'received from server: Go away.'
#   at t/90_regression/somni-poco-server-tcp.t line 105.
#          got: 'client connected to server'
#     expected: 'received from server: Go away.'

#   Failed test 'client disconnected'
#   at t/90_regression/somni-poco-server-tcp.t line 105.
#          got: 'client connected to server'
#     expected: 'client disconnected'

#   Failed test 'state is empty'
#   at t/90_regression/somni-poco-server-tcp.t line 101.
# Looks like you failed 5 tests of 43.
t/90_regression/somni-poco-server-tcp.t ............ 
Dubious, test returned 5 (wstat 1280, 0x500)
Failed 5/43 subtests 
t/90_regression/steinert-passed-wheel.t ............ ok
t/90_regression/suzman_windows.t ................... ok
t/90_regression/ton-stop-corruption.t .............. ok
t/90_regression/tracing-sane-exit.t ................ ok
t/90_regression/whelan-dieprop.t ................... ok
t/90_regression/whjackson-followtail.t ............. ok

Test Summary Report
-------------------
t/10_units/05_filters/03_http.t                  (Wstat: 0 Tests: 137 Failed: 0)
  TODO passed:   85
t/90_regression/somni-poco-server-tcp.t          (Wstat: 1280 (exited 5) Tests: 43 Failed: 5)
  Failed tests:  3, 5, 8-10
  Non-zero exit status: 5
Files=161, Tests=4221, 67 wallclock secs ( 0.31 usr  0.24 sys +  7.47 cusr  1.49 csys =  9.51 CPU)
Result: FAIL

------------------------------
PREREQUISITES
------------------------------

Prerequisite modules loaded:

runtime:

    Module           Need  Have  
    ---------------- ----- ------
    Carp             0     1.52  
    Errno            1.09  1.36  
    Exporter         0     5.77  
    File::Spec       0.87  3.84  
    IO               1.24  1.51  
    IO::Handle       1.27  1.51  
    IO::Pipely       0.005 0.006 
    IO::Tty          1.08  1.17  
    POE::Test::Loops 1.360 1.360 
    POSIX            1.02  2.03  
    Socket           1.7   2.036 
    Storable         2.16  3.26  
    Test::Harness    2.26  3.44  
    Time::HiRes      1.59  1.9770

build:

    Module           Need  Have  
    ---------------- ----- ------
    POE::Test::Loops 1.360 1.360 

configure:

    Module           Need  Have  
    ---------------- ----- ------
    POE::Test::Loops 1.360 1.360 


------------------------------
ENVIRONMENT AND OTHER CONTEXT
------------------------------

Environment variables:

    LANG = en_US.UTF-8
    LC_TERMINAL = iTerm2
    LC_TERMINAL_VERSION = 3.4.19
    PATH = /Users/mjg/.asdf/installs/perl/5.36.0/bin:/Users/mjg/.asdf/shims:/opt/homebrew/opt/asdf/libexec/bin:/opt/homebrew/bin:/opt/homebrew/sbin:/usr/local/bin:/System/Cryptexes/App/usr/bin:/usr/bin:/bin:/usr/sbin:/sbin:/Library/Apple/usr/bin
    SHELL = /opt/homebrew/bin/zsh
    TERM = xterm-256color
    TMPDIR = /var/folders/5f/2qvz49dd6ng1m0xnkwf25s7r0000gn/T/

Perl special variables (and OS-specific diagnostics, for MSWin32):

    EGID = 20 20 12 61 79 80 81 98 33 100 204 250 395 398 399 400 701
    EUID = 501
    EXECUTABLE_NAME = /Users/mjg/.asdf/installs/perl/5.36.0/bin/perl
    GID = 20 20 12 61 79 80 81 98 33 100 204 250 395 398 399 400 701
    UID = 501

Perl module toolchain versions installed:

    Module              Have    
    ------------------- --------
    CPAN                2.34    
    CPAN::Meta          2.150010
    Cwd                 3.84    
    ExtUtils::CBuilder  0.280236
    ExtUtils::Command   7.68    
    ExtUtils::Install   2.22    
    ExtUtils::MakeMaker 7.68    
    ExtUtils::Manifest  1.73    
    ExtUtils::ParseXS   3.45    
    File::Spec          3.84    
    JSON                4.10    
    JSON::PP            4.16    
    Module::Build       0.4232  
    Module::Signature   0.88    
    Parse::CPAN::Meta   2.150010
    Test::Harness       3.44    
    Test::More          1.302194
    YAML                1.30    
    YAML::Syck          1.34    
    version             0.9929  


--

Summary of my perl5 (revision 5 version 36 subversion 0) configuration:
   
  Platform:
    osname=darwin
    osvers=22.3.0
    archname=darwin-2level
    uname='darwin mjg-energynet-mbp-2023.local 22.3.0 darwin kernel version 22.3.0: mon jan 30 20:39:46 pst 2023; root:xnu-8792.81.3~2release_arm64_t6020 arm64 '
    config_args='-des -Dprefix=/Users/mjg/.asdf/installs/perl/5.36.0 -Dscriptdir=/Users/mjg/.asdf/installs/perl/5.36.0/bin -Dman1dir=none -Dman3dir=none'
    hint=recommended
    useposix=true
    d_sigaction=define
    useithreads=undef
    usemultiplicity=undef
    use64bitint=define
    use64bitall=define
    uselongdouble=undef
    usemymalloc=n
    default_inc_excludes_dot=define
  Compiler:
    cc='cc'
    ccflags ='-fno-common -DPERL_DARWIN -mmacosx-version-min=13.2 -fno-strict-aliasing -pipe -fstack-protector-strong -DPERL_USE_SAFE_PUTENV'
    optimize='-O3'
    cppflags='-fno-common -DPERL_DARWIN -mmacosx-version-min=13.2 -fno-strict-aliasing -pipe -fstack-protector-strong'
    ccversion=''
    gccversion='Apple LLVM 14.0.0 (clang-1400.0.29.202)'
    gccosandvers=''
    intsize=4
    longsize=8
    ptrsize=8
    doublesize=8
    byteorder=12345678
    doublekind=3
    d_longlong=define
    longlongsize=8
    d_longdbl=define
    longdblsize=8
    longdblkind=0
    ivtype='long'
    ivsize=8
    nvtype='double'
    nvsize=8
    Off_t='off_t'
    lseeksize=8
    alignbytes=8
    prototype=define
  Linker and Libraries:
    ld='cc'
    ldflags =' -mmacosx-version-min=13.2 -fstack-protector-strong'
    libpth=/Library/Developer/CommandLineTools/usr/lib/clang/14.0.0/lib /Library/Developer/CommandLineTools/SDKs/MacOSX13.1.sdk/usr/lib /Library/Developer/CommandLineTools/usr/lib /usr/lib
    libs= 
    perllibs=
    libc=
    so=dylib
    useshrplib=false
    libperl=libperl.a
    gnulibc_version=''
  Dynamic Linking:
    dlsrc=dl_dlopen.xs
    dlext=bundle
    d_dlsymun=undef
    ccdlflags=' '
    cccdlflags=' '
    lddlflags=' -mmacosx-version-min=13.2 -bundle -undefined dynamic_lookup -fstack-protector-strong'


Characteristics of this binary (from libperl): 
  Compile-time options:
    HAS_TIMES
    PERLIO_LAYERS
    PERL_COPY_ON_WRITE
    PERL_DONT_CREATE_GVSV
    PERL_MALLOC_WRAP
    PERL_OP_PARENT
    PERL_PRESERVE_IVUV
    PERL_USE_SAFE_PUTENV
    USE_64_BIT_ALL
    USE_64_BIT_INT
    USE_LARGE_FILES
    USE_LOCALE
    USE_LOCALE_COLLATE
    USE_LOCALE_CTYPE
    USE_LOCALE_NUMERIC
    USE_LOCALE_TIME
    USE_PERLIO
    USE_PERL_ATOF
  Built under darwin
  Compiled at Mar 22 2023 11:06:23
  @INC:
    /Users/mjg/.asdf/installs/perl/5.36.0/lib/site_perl/5.36.0/darwin-2level
    /Users/mjg/.asdf/installs/perl/5.36.0/lib/site_perl/5.36.0
    /Users/mjg/.asdf/installs/perl/5.36.0/lib/5.36.0/darwin-2level
    /Users/mjg/.asdf/installs/perl/5.36.0/lib/5.36.0